[INFO] fetching crate mdcr 0.5.2...
[INFO] testing mdcr-0.5.2 against 1.100.0-beta.1+cargoflags=--release for beta-release-1.100-2
[INFO] extracting crate mdcr 0.5.2 into /workspace/builds/worker-7-tc2/source
[INFO] started tweaking crates.io crate mdcr 0.5.2
[INFO] removed 0 missing tests
[INFO] finished tweaking crates.io crate mdcr 0.5.2
[INFO] tweaked toml for crates.io crate mdcr 0.5.2 written to /workspace/builds/worker-7-tc2/source/Cargo.toml
[INFO] validating manifest of crates.io crate mdcr 0.5.2 on toolchain 1.100.0-beta.1
[INFO] running `Command { std: CARGO_HOME="/workspace/cargo-home" RUSTUP_HOME="/workspace/rustup-home" "/workspace/cargo-home/bin/cargo" "+1.100.0-beta.1" "metadata" "--manifest-path" "Cargo.toml" "--no-deps", kill_on_drop: false }`
[INFO] crate crates.io crate mdcr 0.5.2 already has a lockfile, it will not be regenerated
[INFO] running `Command { std: CARGO_HOME="/workspace/cargo-home" RUSTUP_HOME="/workspace/rustup-home" "/workspace/cargo-home/bin/cargo" "+1.100.0-beta.1" "fetch" "--manifest-path" "Cargo.toml", kill_on_drop: false }`
[INFO] running `Command { std: "docker" "create" "-v" "/var/lib/crater-agent-workspace/builds/worker-7-tc2/source:/opt/rustwide/workdir:ro,Z" "-v" "/var/lib/crater-agent-workspace/builds/worker-7-tc2/target:/opt/rustwide/target:rw,Z" "-v" "/var/lib/crater-agent-workspace/cargo-home:/opt/rustwide/cargo-home:ro,Z" "-v" "/var/lib/crater-agent-workspace/rustup-home:/opt/rustwide/rustup-home:ro,Z" "-m" "1610612736" "--network" "none" "ghcr.io/rust-lang/crates-build-env/linux@sha256:77db811e55d90add9212f6832c23229e3de5f1c1f9905e8cb07319ea15df73ac" "sleep" "infinity", kill_on_drop: false }`
[INFO] [stdout] 8d684ee4be97336bad57b25d863ea81d5c561a6430382c1dd17de92a6fa7c176
[INFO] running `Command { std: "docker" "start" "8d684ee4be97336bad57b25d863ea81d5c561a6430382c1dd17de92a6fa7c176", kill_on_drop: false }`
[INFO] running `Command { std: "docker" "inspect" "8d684ee4be97336bad57b25d863ea81d5c561a6430382c1dd17de92a6fa7c176", kill_on_drop: false }`
[INFO] running `Command { std: "docker" "exec" "-e" "SOURCE_DIR=/opt/rustwide/workdir" "-e" "CARGO_HOME=/opt/rustwide/cargo-home" "-e" "RUSTUP_HOME=/opt/rustwide/rustup-home" "-e" "CARGO_TARGET_DIR=/opt/rustwide/target" "-w" "/opt/rustwide/workdir" "--user" "0:0" "8d684ee4be97336bad57b25d863ea81d5c561a6430382c1dd17de92a6fa7c176" "/opt/rustwide/cargo-home/bin/cargo" "+1.100.0-beta.1" "metadata" "--no-deps" "--format-version=1", kill_on_drop: false }`
[INFO] running `Command { std: "docker" "inspect" "8d684ee4be97336bad57b25d863ea81d5c561a6430382c1dd17de92a6fa7c176", kill_on_drop: false }`
[INFO] running `Command { std: "docker" "exec" "-e" "SOURCE_DIR=/opt/rustwide/workdir" "-e" "CARGO_HOME=/opt/rustwide/cargo-home" "-e" "RUSTUP_HOME=/opt/rustwide/rustup-home" "-e" "CARGO_TARGET_DIR=/opt/rustwide/target" "-e" "CARGO_INCREMENTAL=0" "-e" "RUST_BACKTRACE=full" "-e" "RUSTFLAGS=--cap-lints=warn" "-e" "RUSTDOCFLAGS=--cap-lints=warn" "-w" "/opt/rustwide/workdir" "--user" "0:0" "8d684ee4be97336bad57b25d863ea81d5c561a6430382c1dd17de92a6fa7c176" "/opt/rustwide/cargo-home/bin/cargo" "+1.100.0-beta.1" "build" "--frozen" "--message-format=json" "--release", kill_on_drop: false }`
[INFO] [stderr]    Compiling proc-macro2 v1.0.107
[INFO] [stderr]    Compiling memchr v2.8.3
[INFO] [stderr]    Compiling quote v1.0.47
[INFO] [stderr]    Compiling unicode-ident v1.0.24
[INFO] [stderr]    Compiling serde_core v1.0.229
[INFO] [stderr]    Compiling crossbeam-utils v0.8.22
[INFO] [stderr]    Compiling utf8parse v0.2.2
[INFO] [stderr]    Compiling crossbeam-epoch v0.9.20
[INFO] [stderr]    Compiling anstyle-query v1.1.5
[INFO] [stderr]    Compiling libc v0.2.189
[INFO] [stderr]    Compiling regex-syntax v0.8.11
[INFO] [stderr]    Compiling is_terminal_polyfill v1.70.2
[INFO] [stderr]    Compiling bitflags v2.13.1
[INFO] [stderr]    Compiling crossbeam-deque v0.8.7
[INFO] [stderr]    Compiling colorchoice v1.0.5
[INFO] [stderr]    Compiling anstyle v1.0.14
[INFO] [stderr]    Compiling anstyle-parse v1.0.0
[INFO] [stderr]    Compiling pulldown-cmark v0.13.4
[INFO] [stderr]    Compiling getrandom v0.4.3
[INFO] [stderr]    Compiling rustix v1.1.4
[INFO] [stderr]    Compiling rayon-core v1.13.0
[INFO] [stderr]    Compiling strsim v0.11.1
[INFO] [stderr]    Compiling linux-raw-sys v0.12.1
[INFO] [stderr]    Compiling jiff-core v0.1.0
[INFO] [stderr]    Compiling winnow v1.0.4
[INFO] [stderr]    Compiling anyhow v1.0.104
[INFO] [stderr]    Compiling clap_lex v1.1.0
[INFO] [stderr]    Compiling serde v1.0.229
[INFO] [stderr]    Compiling heck v0.5.0
[INFO] [stderr]    Compiling anstream v1.0.0
[INFO] [stderr]    Compiling unicase v2.9.0
[INFO] [stderr]    Compiling cfg-if v1.0.4
[INFO] [stderr]    Compiling log v0.4.33
[INFO] [stderr]    Compiling toml_writer v1.1.2+spec-1.1.0
[INFO] [stderr]    Compiling either v1.16.0
[INFO] [stderr]    Compiling once_cell v1.21.4
[INFO] [stderr]    Compiling clap_builder v4.6.2
[INFO] [stderr]    Compiling aho-corasick v1.1.4
[INFO] [stderr]    Compiling toml_parser v1.1.2+spec-1.1.0
[INFO] [stderr]    Compiling same-file v1.0.6
[INFO] [stderr]    Compiling fastrand v2.5.0
[INFO] [stderr]    Compiling walkdir v2.5.0
[INFO] [stderr]    Compiling syn v3.0.3
[INFO] [stderr]    Compiling rayon v1.12.0
[INFO] [stderr]    Compiling jiff v0.2.34
[INFO] [stderr]    Compiling pulldown-cmark-codeblock v0.1.0
[INFO] [stderr]    Compiling tempfile v3.27.0
[INFO] [stderr]    Compiling regex-automata v0.4.16
[INFO] [stderr]    Compiling clap_derive v4.6.4
[INFO] [stderr]    Compiling serde_derive v1.0.229
[INFO] [stderr]    Compiling serde_spanned v1.1.1
[INFO] [stderr]    Compiling toml_datetime v1.1.1+spec-1.1.0
[INFO] [stderr]    Compiling toml v1.1.3+spec-1.1.0
[INFO] [stderr]    Compiling clap v4.6.4
[INFO] [stderr]    Compiling regex v1.13.1
[INFO] [stderr]    Compiling env_filter v2.0.0
[INFO] [stderr]    Compiling env_logger v0.11.11
[INFO] [stderr]    Compiling mdcr v0.5.2 (/opt/rustwide/workdir)
[INFO] [stderr]     Finished `release` profile [optimized] target(s) in 58.61s
[INFO] running `Command { std: "docker" "inspect" "8d684ee4be97336bad57b25d863ea81d5c561a6430382c1dd17de92a6fa7c176", kill_on_drop: false }`
[INFO] running `Command { std: "docker" "exec" "-e" "SOURCE_DIR=/opt/rustwide/workdir" "-e" "CARGO_HOME=/opt/rustwide/cargo-home" "-e" "RUSTUP_HOME=/opt/rustwide/rustup-home" "-e" "CARGO_TARGET_DIR=/opt/rustwide/target" "-e" "CARGO_INCREMENTAL=0" "-e" "RUST_BACKTRACE=full" "-e" "RUSTFLAGS=--cap-lints=warn" "-e" "RUSTDOCFLAGS=--cap-lints=warn" "-w" "/opt/rustwide/workdir" "--user" "0:0" "8d684ee4be97336bad57b25d863ea81d5c561a6430382c1dd17de92a6fa7c176" "/opt/rustwide/cargo-home/bin/cargo" "+1.100.0-beta.1" "test" "--frozen" "--no-run" "--message-format=json" "--release", kill_on_drop: false }`
[INFO] [stderr]    Compiling mdcr v0.5.2 (/opt/rustwide/workdir)
[INFO] [stderr]     Finished `release` profile [optimized] target(s) in 1.41s
[INFO] running `Command { std: "docker" "inspect" "8d684ee4be97336bad57b25d863ea81d5c561a6430382c1dd17de92a6fa7c176", kill_on_drop: false }`
[INFO] running `Command { std: "docker" "exec" "-e" "SOURCE_DIR=/opt/rustwide/workdir" "-e" "CARGO_HOME=/opt/rustwide/cargo-home" "-e" "RUSTUP_HOME=/opt/rustwide/rustup-home" "-e" "CARGO_TARGET_DIR=/opt/rustwide/target" "-e" "CARGO_INCREMENTAL=0" "-e" "RUST_BACKTRACE=full" "-e" "RUSTFLAGS=--cap-lints=warn" "-e" "RUSTDOCFLAGS=--cap-lints=warn" "-w" "/opt/rustwide/workdir" "--user" "0:0" "8d684ee4be97336bad57b25d863ea81d5c561a6430382c1dd17de92a6fa7c176" "/opt/rustwide/cargo-home/bin/cargo" "+1.100.0-beta.1" "test" "--frozen" "--release", kill_on_drop: false }`
[INFO] [stderr]     Finished `release` profile [optimized] target(s) in 0.10s
[INFO] [stderr]      Running unittests src/main.rs (/opt/rustwide/target/release/build/mdcr/8c49a4d542c11d91/out/mdcr-8c49a4d542c11d91)
[INFO] [stdout] 
[INFO] [stdout] running 1 test
[INFO] [stdout] test codeblock::tests::mdcr_parser_filters_skip_blocks ... ok
[INFO] [stdout] 
[INFO] [stdout] test result: ok. 1 passed; 0 failed; 0 ignored; 0 measured; 0 filtered out; finished in 0.00s
[INFO] [stdout] 
[INFO] [stderr]      Running tests/scenarios.rs (/opt/rustwide/target/release/build/mdcr/dd011e9924f83db3/out/scenarios-dd011e9924f83db3)
[INFO] [stdout] 
[INFO] [stdout] running 1 test
[INFO] [stdout] test test_all_scenarios_with_input_reset_and_cleanup ... FAILED
[INFO] [stderr] error: test failed, to rerun pass `--test scenarios`
[INFO] [stdout] 
[INFO] [stdout] failures:
[INFO] [stdout] 
[INFO] [stdout] ---- test_all_scenarios_with_input_reset_and_cleanup stdout ----
[INFO] [stdout] 
[INFO] [stdout] thread 'test_all_scenarios_with_input_reset_and_cleanup' (1502) panicked at tests/scenarios.rs:25:33:
[INFO] [stdout] Failed to copy test.input.md -> test.md: Os { code: 30, kind: ReadOnlyFilesystem, message: "Read-only file system" }
[INFO] [stdout] stack backtrace:
[INFO] [stdout]    0:     0x5899ef7be4a1 - <unknown>
[INFO] [stdout]    1:     0x5899ef7d273a - <unknown>
[INFO] [stdout]    2:     0x5899ef7c298c - <unknown>
[INFO] [stdout]    3:     0x5899ef7990c6 - <unknown>
[INFO] [stdout]    4:     0x5899ef7b5819 - <unknown>
[INFO] [stdout]    5:     0x5899ef7512a0 - <unknown>
[INFO] [stdout]    6:     0x5899ef7b59d2 - <unknown>
[INFO] [stdout]    7:     0x5899ef799172 - <unknown>
[INFO] [stdout]    8:     0x5899ef791ba9 - <unknown>
[INFO] [stdout]    9:     0x5899ef799d7d - <unknown>
[INFO] [stdout]   10:     0x5899ef7d2e6c - <unknown>
[INFO] [stdout]   11:     0x5899ef7d2c42 - <unknown>
[INFO] [stdout]   12:     0x5899ef74406d - <unknown>
[INFO] [stdout]   13:     0x5899ef7446eb - <unknown>
[INFO] [stdout]   14:     0x5899ef7518c5 - <unknown>
[INFO] [stdout]   15:     0x5899ef74b1b4 - <unknown>
[INFO] [stdout]   16:     0x5899ef754952 - <unknown>
[INFO] [stdout]   17:     0x5899ef7bd8df - <unknown>
[INFO] [stdout]   18:     0x72ce82a4ddfa - <unknown>
[INFO] [stdout]   19:     0x72ce82ae13d4 - clone
[INFO] [stdout]   20:                0x0 - <unknown>
[INFO] [stdout] 
[INFO] [stdout] 
[INFO] [stdout] failures:
[INFO] [stdout]     test_all_scenarios_with_input_reset_and_cleanup
[INFO] [stdout] 
[INFO] [stdout] test result: FAILED. 0 passed; 1 failed; 0 ignored; 0 measured; 0 filtered out; finished in 0.01s
[INFO] [stdout] 
[INFO] running `Command { std: "docker" "inspect" "8d684ee4be97336bad57b25d863ea81d5c561a6430382c1dd17de92a6fa7c176", kill_on_drop: false }`
[INFO] running `Command { std: "docker" "rm" "-f" "8d684ee4be97336bad57b25d863ea81d5c561a6430382c1dd17de92a6fa7c176", kill_on_drop: false }`
[INFO] [stdout] 8d684ee4be97336bad57b25d863ea81d5c561a6430382c1dd17de92a6fa7c176
