[INFO] fetching crate mdbook_lad_preprocessor 0.23.0...
[INFO] testing mdbook_lad_preprocessor-0.23.0 against 1.99.0-beta.8+cargoflags=--release for beta-release-1.100-2
[INFO] extracting crate mdbook_lad_preprocessor 0.23.0 into /workspace/builds/worker-6-tc1/source
[INFO] started tweaking crates.io crate mdbook_lad_preprocessor 0.23.0
[INFO] removed 0 missing tests
[INFO] finished tweaking crates.io crate mdbook_lad_preprocessor 0.23.0
[INFO] tweaked toml for crates.io crate mdbook_lad_preprocessor 0.23.0 written to /workspace/builds/worker-6-tc1/source/Cargo.toml
[INFO] validating manifest of crates.io crate mdbook_lad_preprocessor 0.23.0 on toolchain 1.99.0-beta.8
[INFO] running `Command { std: CARGO_HOME="/workspace/cargo-home" RUSTUP_HOME="/workspace/rustup-home" "/workspace/cargo-home/bin/cargo" "+1.99.0-beta.8" "metadata" "--manifest-path" "Cargo.toml" "--no-deps", kill_on_drop: false }`
[INFO] crate crates.io crate mdbook_lad_preprocessor 0.23.0 already has a lockfile, it will not be regenerated
[INFO] running `Command { std: CARGO_HOME="/workspace/cargo-home" RUSTUP_HOME="/workspace/rustup-home" "/workspace/cargo-home/bin/cargo" "+1.99.0-beta.8" "fetch" "--manifest-path" "Cargo.toml", kill_on_drop: false }`
[INFO] [stderr]     Updating crates.io index
[INFO] [stderr]  Downloading crates ...
[INFO] [stderr]   Downloaded toml_writer v1.1.3+spec-1.1.0
[INFO] [stderr]   Downloaded mdbook-preprocessor v0.5.4
[INFO] [stderr]   Downloaded serde_spanned v1.1.2
[INFO] [stderr]   Downloaded toml v1.1.8+spec-1.1.0
[INFO] [stderr]   Downloaded mdbook-core v0.5.4
[INFO] [stderr]   Downloaded bevy_mod_scripting_bindings_domain v0.23.0
[INFO] [stderr]   Downloaded bevy_utils v0.20.0
[INFO] [stderr]   Downloaded bevy_log v0.20.0
[INFO] [stderr]   Downloaded tracing-oslog v0.3.0
[INFO] [stderr]   Downloaded ladfile v0.23.0
[INFO] [stderr]   Downloaded disqualified v1.1.0
[INFO] [stderr]   Downloaded bevy_macro_utils v0.20.0
[INFO] [stderr]   Downloaded bevy_mod_scripting_world v0.23.0
[INFO] [stderr]   Downloaded bevy_ecs_macro_logic v0.20.0
[INFO] [stderr]   Downloaded bevy_mod_scripting_display v0.23.0
[INFO] [stderr]   Downloaded spin v0.12.3
[INFO] [stderr]   Downloaded bevy_platform v0.20.0
[INFO] [stderr]   Downloaded bevy_ptr v0.20.0
[INFO] [stderr]   Downloaded bevy_derive v0.20.0
[INFO] [stderr]   Downloaded bevy_reflect_derive v0.20.0
[INFO] [stderr]   Downloaded bevy_tasks v0.20.0
[INFO] [stderr]   Downloaded bevy_ecs_macros v0.20.0
[INFO] [stderr]   Downloaded stackfuture v0.3.1
[INFO] [stderr]   Downloaded bevy_app v0.20.0
[INFO] [stderr]   Downloaded bevy_asset_macros v0.20.0
[INFO] [stderr]   Downloaded bevy_time v0.20.0
[INFO] [stderr]   Downloaded const_panic v0.2.17
[INFO] [stderr]   Downloaded bevy_diagnostic v0.20.0
[INFO] [stderr]   Downloaded bevy_android v0.20.0
[INFO] [stderr]   Downloaded atomicow v1.2.0
[INFO] [stderr]   Downloaded bevy_reflect v0.20.0
[INFO] [stderr]   Downloaded ron v0.12.2
[INFO] [stderr]   Downloaded bevy_asset v0.20.0
[INFO] [stderr]   Downloaded bevy_mod_scripting_derive v0.23.0
[INFO] [stderr]   Downloaded bevy_ecs v0.20.0
[INFO] running `Command { std: "docker" "create" "-v" "/var/lib/crater-agent-workspace/builds/worker-6-tc1/source:/opt/rustwide/workdir:ro,Z" "-v" "/var/lib/crater-agent-workspace/builds/worker-6-tc1/target:/opt/rustwide/target:rw,Z" "-v" "/var/lib/crater-agent-workspace/cargo-home:/opt/rustwide/cargo-home:ro,Z" "-v" "/var/lib/crater-agent-workspace/rustup-home:/opt/rustwide/rustup-home:ro,Z" "-m" "1610612736" "--network" "none" "ghcr.io/rust-lang/crates-build-env/linux@sha256:77db811e55d90add9212f6832c23229e3de5f1c1f9905e8cb07319ea15df73ac" "sleep" "infinity", kill_on_drop: false }`
[INFO] [stdout] 6d1daeabbc55487aa6f5d69e4e6e4e43f0da2d333c20b94d8fd0310ea8da8a70
[INFO] running `Command { std: "docker" "start" "6d1daeabbc55487aa6f5d69e4e6e4e43f0da2d333c20b94d8fd0310ea8da8a70", kill_on_drop: false }`
[INFO] running `Command { std: "docker" "inspect" "6d1daeabbc55487aa6f5d69e4e6e4e43f0da2d333c20b94d8fd0310ea8da8a70", kill_on_drop: false }`
[INFO] running `Command { std: "docker" "exec" "-e" "SOURCE_DIR=/opt/rustwide/workdir" "-e" "CARGO_HOME=/opt/rustwide/cargo-home" "-e" "RUSTUP_HOME=/opt/rustwide/rustup-home" "-e" "CARGO_TARGET_DIR=/opt/rustwide/target" "-w" "/opt/rustwide/workdir" "--user" "0:0" "6d1daeabbc55487aa6f5d69e4e6e4e43f0da2d333c20b94d8fd0310ea8da8a70" "/opt/rustwide/cargo-home/bin/cargo" "+1.99.0-beta.8" "metadata" "--no-deps" "--format-version=1", kill_on_drop: false }`
[INFO] running `Command { std: "docker" "inspect" "6d1daeabbc55487aa6f5d69e4e6e4e43f0da2d333c20b94d8fd0310ea8da8a70", kill_on_drop: false }`
[INFO] running `Command { std: "docker" "exec" "-e" "SOURCE_DIR=/opt/rustwide/workdir" "-e" "CARGO_HOME=/opt/rustwide/cargo-home" "-e" "RUSTUP_HOME=/opt/rustwide/rustup-home" "-e" "CARGO_TARGET_DIR=/opt/rustwide/target" "-e" "CARGO_INCREMENTAL=0" "-e" "RUST_BACKTRACE=full" "-e" "RUSTFLAGS=--cap-lints=warn" "-e" "RUSTDOCFLAGS=--cap-lints=warn" "-w" "/opt/rustwide/workdir" "--user" "0:0" "6d1daeabbc55487aa6f5d69e4e6e4e43f0da2d333c20b94d8fd0310ea8da8a70" "/opt/rustwide/cargo-home/bin/cargo" "+1.99.0-beta.8" "build" "--frozen" "--message-format=json" "--release", kill_on_drop: false }`
[INFO] [stderr]    Compiling proc-macro2 v1.0.107
[INFO] [stderr]    Compiling libc v0.2.190
[INFO] [stderr]    Compiling toml_parser v1.1.5+spec-1.1.0
[INFO] [stderr]    Compiling toml_datetime v1.1.2+spec-1.1.0
[INFO] [stderr]    Compiling convert_case v0.10.0
[INFO] [stderr]    Compiling foldhash v0.2.0
[INFO] [stderr]    Compiling smallvec v1.16.3
[INFO] [stderr]    Compiling spin v0.12.3
[INFO] [stderr]    Compiling concurrent-queue v2.5.0
[INFO] [stderr]    Compiling bitflags v2.13.2
[INFO] [stderr]    Compiling hashbrown v0.16.1
[INFO] [stderr]    Compiling rustc-hash v2.1.3
[INFO] [stderr]    Compiling nix v0.31.3
[INFO] [stderr]    Compiling indexmap v2.14.2
[INFO] [stderr]    Compiling disqualified v1.1.0
[INFO] [stderr]    Compiling erased-serde v0.4.10
[INFO] [stderr]    Compiling aho-corasick v1.1.5
[INFO] [stderr]    Compiling crossbeam-queue v0.3.14
[INFO] [stderr]    Compiling bevy_ptr v0.20.0
[INFO] [stderr]    Compiling downcast-rs v2.0.2
[INFO] [stderr]    Compiling arrayvec v0.7.8
[INFO] [stderr]    Compiling bumpalo v3.20.3
[INFO] [stderr]    Compiling async-channel v2.5.0
[INFO] [stderr]    Compiling async-executor v1.14.0
[INFO] [stderr]    Compiling nonmax v0.5.5
[INFO] [stderr]    Compiling fixedbitset v0.5.7
[INFO] [stderr]    Compiling rustix v1.1.5
[INFO] [stderr]    Compiling linux-raw-sys v0.12.1
[INFO] [stderr]    Compiling toml_edit v0.25.17+spec-1.1.0
[INFO] [stderr]    Compiling blake3 v1.8.7
[INFO] [stderr]    Compiling tracing-log v0.2.0
[INFO] [stderr]    Compiling typewit v1.15.2
[INFO] [stderr]    Compiling blocking v1.7.0
[INFO] [stderr]    Compiling const-fnv1a-hash v1.1.0
[INFO] [stderr]    Compiling futures-task v0.3.34
[INFO] [stderr]    Compiling async-broadcast v0.7.2
[INFO] [stderr]    Compiling const_panic v0.2.17
[INFO] [stderr]    Compiling quote v1.0.47
[INFO] [stderr]    Compiling unsynn v0.3.0
[INFO] [stderr]    Compiling async-fs v2.2.0
[INFO] [stderr]    Compiling crossbeam-channel v0.5.17
[INFO] [stderr]    Compiling either v1.19.0
[INFO] [stderr]    Compiling syn v2.0.119
[INFO] [stderr]    Compiling syn v3.0.9
[INFO] [stderr]    Compiling atomicow v1.2.0
[INFO] [stderr]    Compiling serde_spanned v1.1.2
[INFO] [stderr]    Compiling toml_writer v1.1.3+spec-1.1.0
[INFO] [stderr]    Compiling clap_lex v1.1.1
[INFO] [stderr]    Compiling env_filter v2.0.0
[INFO] [stderr]    Compiling clap_builder v4.6.7
[INFO] [stderr]    Compiling stackfuture v0.3.1
[INFO] [stderr]    Compiling env_logger v0.11.11
[INFO] [stderr]    Compiling toml v1.1.8+spec-1.1.0
[INFO] [stderr]    Compiling regex-automata v0.4.18
[INFO] [stderr]    Compiling variadics_please v2.0.0
[INFO] [stderr]    Compiling getrandom v0.4.3
[INFO] [stderr]    Compiling parking_lot_core v0.9.12
[INFO] [stderr]    Compiling uuid v1.28.0
[INFO] [stderr]    Compiling parking_lot v0.12.5
[INFO] [stderr]    Compiling ctrlc v3.5.2
[INFO] [stderr]    Compiling clap v4.6.7
[INFO] [stderr]    Compiling serde_derive v1.0.229
[INFO] [stderr]    Compiling thiserror-impl v2.0.21
[INFO] [stderr]    Compiling futures-macro v0.3.34
[INFO] [stderr]    Compiling futures-util v0.3.34
[INFO] [stderr]    Compiling bevy_macro_utils v0.20.0
[INFO] [stderr]    Compiling thiserror v2.0.21
[INFO] [stderr]    Compiling bevy_ecs_macro_logic v0.20.0
[INFO] [stderr]    Compiling derive_more-impl v2.1.1
[INFO] [stderr]    Compiling bevy_reflect_derive v0.20.0
[INFO] [stderr]    Compiling assert_type_match v0.1.1
[INFO] [stderr]    Compiling tracing-attributes v0.1.31
[INFO] [stderr]    Compiling bevy_derive v0.20.0
[INFO] [stderr]    Compiling profiling-procmacros v1.0.18
[INFO] [stderr]    Compiling bevy_asset_macros v0.20.0
[INFO] [stderr]    Compiling bevy_mod_scripting_derive v0.23.0
[INFO] [stderr]    Compiling bevy_ecs_macros v0.20.0
[INFO] [stderr]    Compiling profiling v1.0.18
[INFO] [stderr]    Compiling matchers v0.2.0
[INFO] [stderr]    Compiling regex v1.13.1
[INFO] [stderr]    Compiling tracing v0.1.44
[INFO] [stderr]    Compiling serde v1.0.229
[INFO] [stderr]    Compiling tracing-subscriber v0.3.23
[INFO] [stderr]    Compiling bevy_platform v0.20.0
[INFO] [stderr]    Compiling polling v3.11.0
[INFO] [stderr]    Compiling ron v0.12.2
[INFO] [stderr]    Compiling bevy_utils v0.20.0
[INFO] [stderr]    Compiling mdbook-core v0.5.4
[INFO] [stderr]    Compiling async-io v2.6.0
[INFO] [stderr]    Compiling derive_more v2.1.1
[INFO] [stderr]    Compiling bevy_tasks v0.20.0
[INFO] [stderr]    Compiling bevy_reflect v0.20.0
[INFO] [stderr]    Compiling mdbook-preprocessor v0.5.4
[INFO] [stderr]    Compiling bevy_ecs v0.20.0
[INFO] [stderr]    Compiling bevy_app v0.20.0
[INFO] [stderr]    Compiling bevy_time v0.20.0
[INFO] [stderr]    Compiling bevy_log v0.20.0
[INFO] [stderr]    Compiling bevy_diagnostic v0.20.0
[INFO] [stderr]    Compiling bevy_mod_scripting_world v0.23.0
[INFO] [stderr]    Compiling bevy_asset v0.20.0
[INFO] [stderr]    Compiling bevy_mod_scripting_display v0.23.0
[INFO] [stderr]    Compiling bevy_mod_scripting_bindings_domain v0.23.0
[INFO] [stderr]    Compiling ladfile v0.23.0
[INFO] [stderr]    Compiling mdbook_lad_preprocessor v0.23.0 (/opt/rustwide/workdir)
[INFO] [stderr]     Finished `release` profile [optimized] target(s) in 2m 31s
[INFO] running `Command { std: "docker" "inspect" "6d1daeabbc55487aa6f5d69e4e6e4e43f0da2d333c20b94d8fd0310ea8da8a70", kill_on_drop: false }`
[INFO] running `Command { std: "docker" "exec" "-e" "SOURCE_DIR=/opt/rustwide/workdir" "-e" "CARGO_HOME=/opt/rustwide/cargo-home" "-e" "RUSTUP_HOME=/opt/rustwide/rustup-home" "-e" "CARGO_TARGET_DIR=/opt/rustwide/target" "-e" "CARGO_INCREMENTAL=0" "-e" "RUST_BACKTRACE=full" "-e" "RUSTFLAGS=--cap-lints=warn" "-e" "RUSTDOCFLAGS=--cap-lints=warn" "-w" "/opt/rustwide/workdir" "--user" "0:0" "6d1daeabbc55487aa6f5d69e4e6e4e43f0da2d333c20b94d8fd0310ea8da8a70" "/opt/rustwide/cargo-home/bin/cargo" "+1.99.0-beta.8" "test" "--frozen" "--no-run" "--message-format=json" "--release", kill_on_drop: false }`
[INFO] [stderr]    Compiling predicates-core v1.0.10
[INFO] [stderr]    Compiling termtree v0.5.1
[INFO] [stderr]    Compiling assert_cmd v2.2.2
[INFO] [stderr]    Compiling bstr v1.13.1
[INFO] [stderr]    Compiling wait-timeout v0.2.1
[INFO] [stderr]    Compiling yansi v1.0.1
[INFO] [stderr]    Compiling diff v0.1.13
[INFO] [stderr]    Compiling predicates v3.1.4
[INFO] [stderr]    Compiling predicates-tree v1.0.13
[INFO] [stderr]    Compiling pretty_assertions v1.4.1
[INFO] [stderr]    Compiling mdbook_lad_preprocessor v0.23.0 (/opt/rustwide/workdir)
[INFO] [stderr]     Finished `release` profile [optimized] target(s) in 6.83s
[INFO] running `Command { std: "docker" "inspect" "6d1daeabbc55487aa6f5d69e4e6e4e43f0da2d333c20b94d8fd0310ea8da8a70", kill_on_drop: false }`
[INFO] running `Command { std: "docker" "exec" "-e" "SOURCE_DIR=/opt/rustwide/workdir" "-e" "CARGO_HOME=/opt/rustwide/cargo-home" "-e" "RUSTUP_HOME=/opt/rustwide/rustup-home" "-e" "CARGO_TARGET_DIR=/opt/rustwide/target" "-e" "CARGO_INCREMENTAL=0" "-e" "RUST_BACKTRACE=full" "-e" "RUSTFLAGS=--cap-lints=warn" "-e" "RUSTDOCFLAGS=--cap-lints=warn" "-w" "/opt/rustwide/workdir" "--user" "0:0" "6d1daeabbc55487aa6f5d69e4e6e4e43f0da2d333c20b94d8fd0310ea8da8a70" "/opt/rustwide/cargo-home/bin/cargo" "+1.99.0-beta.8" "test" "--frozen" "--release", kill_on_drop: false }`
[INFO] [stderr]     Finished `release` profile [optimized] target(s) in 0.21s
[INFO] [stderr]      Running unittests src/lib.rs (/opt/rustwide/target/release/deps/mdbook_lad_preprocessor-46a1179eb977d2d4)
[INFO] [stdout] 
[INFO] [stdout] running 14 tests
[INFO] [stdout] test argument_visitor::test::test_visit_option ... ok
[INFO] [stdout] test argument_visitor::test::test_visit_mut ... ok
[INFO] [stdout] test argument_visitor::test::test_visit_array ... ok
[INFO] [stdout] test argument_visitor::test::test_visit_ref ... ok
[INFO] [stdout] test argument_visitor::test::test_visit_type_id ... ok
[INFO] [stdout] test argument_visitor::test::test_visit_tuple ... ok
[INFO] [stdout] test argument_visitor::test::test_visit_vec ... ok
[INFO] [stdout] test argument_visitor::test::test_visit_val ... ok
[INFO] [stdout] test argument_visitor::test::test_visit_hash_map ... ok
[INFO] [stdout] test argument_visitor::test::test_visit_nested_hash_map ... ok
[INFO] [stdout] test argument_visitor::test::test_visit_unknown ... ok
[INFO] [stderr]      Running unittests src/main.rs (/opt/rustwide/target/release/deps/mdbook_lad_preprocessor-2478b64007327456)
[INFO] [stdout] test argument_visitor::test::test_linkifier_visitor_creates_links ... ok
[INFO] [stdout] test markdown::tests::test_markdown_substring_works ... ok
[INFO] [stdout] test markdown::tests::test_markdown_builder ... ok
[INFO] [stdout] 
[INFO] [stdout] test result: ok. 14 passed; 0 failed; 0 ignored; 0 measured; 0 filtered out; finished in 0.01s
[INFO] [stdout] 
[INFO] [stdout] 
[INFO] [stdout] running 0 tests
[INFO] [stdout] 
[INFO] [stderr]      Running tests/book_integration_tests.rs (/opt/rustwide/target/release/deps/book_integration_tests-444da9305ef57d9f)
[INFO] [stdout] test result: ok. 0 passed; 0 failed; 0 ignored; 0 measured; 0 filtered out; finished in 0.00s
[INFO] [stdout] 
[INFO] [stdout] 
[INFO] [stdout] running 1 test
[INFO] [stdout] test test_on_example_ladfile ... FAILED
[INFO] [stdout] 
[INFO] [stdout] failures:
[INFO] [stderr] error: test failed, to rerun pass `--test book_integration_tests`
[INFO] [stdout] 
[INFO] [stdout] ---- test_on_example_ladfile stdout ----
[INFO] [stdout] 
[INFO] [stdout] thread 'test_on_example_ladfile' (2394) panicked at tests/book_integration_tests.rs:35:48:
[INFO] [stdout] failed to copy LAD file: Os { code: 30, kind: ReadOnlyFilesystem, message: "Read-only file system" }
[INFO] [stdout] stack backtrace:
[INFO] [stdout]    0:     0x5caab565cd91 - <<std[70759c8f55707aa4]::sys::backtrace::BacktraceLock>::print::DisplayBacktrace as core[df12db4294e9bfd3]::fmt::Display>::fmt
[INFO] [stdout]    1:     0x5caab567331a - core[df12db4294e9bfd3]::fmt::write
[INFO] [stdout]    2:     0x5caab56629ac - <alloc[2182bb758b4b3781]::vec::Vec<u8> as core[df12db4294e9bfd3]::io::write::Write>::write_fmt
[INFO] [stdout]    3:     0x5caab5637f66 - std[70759c8f55707aa4]::panicking::default_hook::{closure#0}
[INFO] [stdout]    4:     0x5caab5654b49 - std[70759c8f55707aa4]::panicking::default_hook
[INFO] [stdout]    5:     0x5caab55e4cb0 - test[9d35eded1c95d3be]::test_main_inner::<test[9d35eded1c95d3be]::test_main_static::{closure#0}>::{closure#0}
[INFO] [stdout]    6:     0x5caab5654d02 - std[70759c8f55707aa4]::panicking::panic_with_hook
[INFO] [stdout]    7:     0x5caab5638012 - std[70759c8f55707aa4]::panicking::panic_handler::{closure#0}
[INFO] [stdout]    8:     0x5caab5630929 - std[70759c8f55707aa4]::sys::backtrace::__rust_end_short_backtrace::<std[70759c8f55707aa4]::panicking::panic_handler::{closure#0}, !>
[INFO] [stdout]    9:     0x5caab5638cad - __rustc[8fa7c3cbc660c2b3]::rust_begin_unwind
[INFO] [stdout]   10:     0x5caab5673acc - core[df12db4294e9bfd3]::panicking::panic_fmt
[INFO] [stdout]   11:     0x5caab56738a2 - core[df12db4294e9bfd3]::result::unwrap_failed
[INFO] [stdout]   12:     0x5caab55d1dc0 - <book_integration_tests[5ee39851798f6e3e]::test_on_example_ladfile::{closure#0} as core[df12db4294e9bfd3]::ops::function::FnOnce<()>>::call_once
[INFO] [stdout]   13:     0x5caab55d7f9b - test[9d35eded1c95d3be]::__rust_begin_short_backtrace::<core[df12db4294e9bfd3]::result::Result<(), alloc[2182bb758b4b3781]::string::String>, fn() -> core[df12db4294e9bfd3]::result::Result<(), alloc[2182bb758b4b3781]::string::String>>
[INFO] [stdout]   14:     0x5caab55e5605 - test[9d35eded1c95d3be]::run_test::{closure#0}
[INFO] [stdout]   15:     0x5caab55deec4 - std[70759c8f55707aa4]::sys::backtrace::__rust_begin_short_backtrace::<test[9d35eded1c95d3be]::run_test::{closure#1}, ()>
[INFO] [stdout]   16:     0x5caab55e8762 - <std[70759c8f55707aa4]::thread::lifecycle::spawn_unchecked<test[9d35eded1c95d3be]::run_test::{closure#1}, ()>::{closure#1} as core[df12db4294e9bfd3]::ops::function::FnOnce<()>>::call_once::{shim:vtable#0}
[INFO] [stdout]   17:     0x5caab565c089 - <std[70759c8f55707aa4]::sys::thread::unix::Thread>::new::thread_start
[INFO] [stdout]   18:     0x716e41084dfa - <unknown>
[INFO] [stdout]   19:     0x716e411183d4 - clone
[INFO] [stdout]   20:                0x0 - <unknown>
[INFO] [stdout] 
[INFO] [stdout] 
[INFO] [stdout] failures:
[INFO] [stdout]     test_on_example_ladfile
[INFO] [stdout] 
[INFO] [stdout] test result: FAILED. 0 passed; 1 failed; 0 ignored; 0 measured; 0 filtered out; finished in 0.00s
[INFO] [stdout] 
[INFO] running `Command { std: "docker" "inspect" "6d1daeabbc55487aa6f5d69e4e6e4e43f0da2d333c20b94d8fd0310ea8da8a70", kill_on_drop: false }`
[INFO] running `Command { std: "docker" "rm" "-f" "6d1daeabbc55487aa6f5d69e4e6e4e43f0da2d333c20b94d8fd0310ea8da8a70", kill_on_drop: false }`
[INFO] [stdout] 6d1daeabbc55487aa6f5d69e4e6e4e43f0da2d333c20b94d8fd0310ea8da8a70
