[INFO] fetching crate mdbook-angular 0.5.1...
[INFO] testing mdbook-angular-0.5.1 against 1.99.0-beta.8+cargoflags=--release for beta-release-1.100-2
[INFO] extracting crate mdbook-angular 0.5.1 into /workspace/builds/worker-5-tc1/source
[INFO] started tweaking crates.io crate mdbook-angular 0.5.1
[INFO] removed 0 missing tests
[INFO] finished tweaking crates.io crate mdbook-angular 0.5.1
[INFO] tweaked toml for crates.io crate mdbook-angular 0.5.1 written to /workspace/builds/worker-5-tc1/source/Cargo.toml
[INFO] validating manifest of crates.io crate mdbook-angular 0.5.1 on toolchain 1.99.0-beta.8
[INFO] running `Command { std: CARGO_HOME="/workspace/cargo-home" RUSTUP_HOME="/workspace/rustup-home" "/workspace/cargo-home/bin/cargo" "+1.99.0-beta.8" "metadata" "--manifest-path" "Cargo.toml" "--no-deps", kill_on_drop: false }`
[INFO] crate crates.io crate mdbook-angular 0.5.1 already has a lockfile, it will not be regenerated
[INFO] running `Command { std: CARGO_HOME="/workspace/cargo-home" RUSTUP_HOME="/workspace/rustup-home" "/workspace/cargo-home/bin/cargo" "+1.99.0-beta.8" "fetch" "--manifest-path" "Cargo.toml", kill_on_drop: false }`
[INFO] [stderr]     Updating crates.io index
[INFO] [stderr]  Downloading crates ...
[INFO] [stderr]   Downloaded vergen v9.1.0
[INFO] [stderr]   Downloaded vergen-lib v9.1.0
[INFO] [stderr]   Downloaded swc_core v59.0.1
[INFO] [stderr]   Downloaded select v0.6.1
[INFO] [stderr]   Downloaded swc_atoms v9.0.0
[INFO] [stderr]   Downloaded mdbook-renderer v0.5.2
[INFO] [stderr]   Downloaded from_variant v3.0.0
[INFO] [stderr]   Downloaded ast_node v5.0.0
[INFO] [stderr]   Downloaded swc_allocator v4.0.1
[INFO] [stderr]   Downloaded par-core v2.0.0
[INFO] [stderr]   Downloaded mdbook-markdown v0.5.2
[INFO] [stderr]   Downloaded swc_ecma_transforms_base v39.0.0
[INFO] [stderr]   Downloaded mdbook-core v0.5.2
[INFO] [stderr]   Downloaded markup5ever v0.36.1
[INFO] [stderr]   Downloaded markup5ever v0.11.0
[INFO] [stderr]   Downloaded ego-tree v0.10.0
[INFO] [stderr]   Downloaded swc_ecma_utils v27.0.0
[INFO] [stderr]   Downloaded hstr v3.0.4
[INFO] [stderr]   Downloaded dragonbox_ecma v0.1.0
[INFO] [stderr]   Downloaded swc_ecma_ast v21.0.0
[INFO] [stderr]   Downloaded xml5ever v0.17.0
[INFO] [stderr]   Downloaded html5ever v0.26.0
[INFO] [stderr]   Downloaded mdbook-summary v0.5.2
[INFO] [stderr]   Downloaded mdbook-preprocessor v0.5.2
[INFO] [stderr]   Downloaded html5ever v0.36.1
[INFO] [stderr]   Downloaded opener v0.8.4
[INFO] [stderr]   Downloaded normpath v1.5.0
[INFO] [stderr]   Downloaded elasticlunr-rs v3.0.2
[INFO] [stderr]   Downloaded mdbook-driver v0.5.2
[INFO] [stderr]   Downloaded swc_common v19.0.0
[INFO] [stderr]   Downloaded handlebars v6.4.0
[INFO] [stderr]   Downloaded mdbook v0.5.2
[INFO] [stderr]   Downloaded swc_ecma_parser v36.0.0
[INFO] [stderr]   Downloaded clap_complete v4.5.65
[INFO] [stderr]   Downloaded markup5ever_rcdom v0.2.0
[INFO] [stderr]   Downloaded swc_ecma_visit v21.0.0
[INFO] [stderr]   Downloaded font-awesome-as-a-crate v0.3.0
[INFO] [stderr]   Downloaded mdbook-html v0.5.2
[INFO] [stderr]   Downloaded copy_dir v0.1.3
[INFO] running `Command { std: "docker" "create" "-v" "/var/lib/crater-agent-workspace/builds/worker-5-tc1/source:/opt/rustwide/workdir:ro,Z" "-v" "/var/lib/crater-agent-workspace/builds/worker-5-tc1/target:/opt/rustwide/target:rw,Z" "-v" "/var/lib/crater-agent-workspace/cargo-home:/opt/rustwide/cargo-home:ro,Z" "-v" "/var/lib/crater-agent-workspace/rustup-home:/opt/rustwide/rustup-home:ro,Z" "-m" "1610612736" "--network" "none" "ghcr.io/rust-lang/crates-build-env/linux@sha256:77db811e55d90add9212f6832c23229e3de5f1c1f9905e8cb07319ea15df73ac" "sleep" "infinity", kill_on_drop: false }`
[INFO] [stdout] 22c2c338565f51598647c937707c79b9378bbeb5947555a8fff82286f38106af
[INFO] running `Command { std: "docker" "start" "22c2c338565f51598647c937707c79b9378bbeb5947555a8fff82286f38106af", kill_on_drop: false }`
[INFO] running `Command { std: "docker" "inspect" "22c2c338565f51598647c937707c79b9378bbeb5947555a8fff82286f38106af", kill_on_drop: false }`
[INFO] running `Command { std: "docker" "exec" "-e" "SOURCE_DIR=/opt/rustwide/workdir" "-e" "CARGO_HOME=/opt/rustwide/cargo-home" "-e" "RUSTUP_HOME=/opt/rustwide/rustup-home" "-e" "CARGO_TARGET_DIR=/opt/rustwide/target" "-w" "/opt/rustwide/workdir" "--user" "0:0" "22c2c338565f51598647c937707c79b9378bbeb5947555a8fff82286f38106af" "/opt/rustwide/cargo-home/bin/cargo" "+1.99.0-beta.8" "metadata" "--no-deps" "--format-version=1", kill_on_drop: false }`
[INFO] running `Command { std: "docker" "inspect" "22c2c338565f51598647c937707c79b9378bbeb5947555a8fff82286f38106af", kill_on_drop: false }`
[INFO] running `Command { std: "docker" "exec" "-e" "SOURCE_DIR=/opt/rustwide/workdir" "-e" "CARGO_HOME=/opt/rustwide/cargo-home" "-e" "RUSTUP_HOME=/opt/rustwide/rustup-home" "-e" "CARGO_TARGET_DIR=/opt/rustwide/target" "-e" "CARGO_INCREMENTAL=0" "-e" "RUST_BACKTRACE=full" "-e" "RUSTFLAGS=--cap-lints=warn" "-e" "RUSTDOCFLAGS=--cap-lints=warn" "-w" "/opt/rustwide/workdir" "--user" "0:0" "22c2c338565f51598647c937707c79b9378bbeb5947555a8fff82286f38106af" "/opt/rustwide/cargo-home/bin/cargo" "+1.99.0-beta.8" "build" "--frozen" "--message-format=json" "--release", kill_on_drop: false }`
[INFO] [stderr]    Compiling siphasher v1.0.1
[INFO] [stderr]    Compiling serde v1.0.228
[INFO] [stderr]    Compiling zerocopy v0.8.34
[INFO] [stderr]    Compiling darling_core v0.20.11
[INFO] [stderr]    Compiling serde_core v1.0.228
[INFO] [stderr]    Compiling swc_macros_common v1.0.1
[INFO] [stderr]    Compiling fastrand v2.3.0
[INFO] [stderr]    Compiling icu_normalizer v2.1.1
[INFO] [stderr]    Compiling rand v0.8.5
[INFO] [stderr]    Compiling better_scoped_tls v1.0.1
[INFO] [stderr]    Compiling swc_visit v2.0.1
[INFO] [stderr]    Compiling zmij v1.0.17
[INFO] [stderr]    Compiling swc_eq_ignore_macros v1.0.1
[INFO] [stderr]    Compiling siphasher v0.3.11
[INFO] [stderr]    Compiling serde_json v1.0.149
[INFO] [stderr]    Compiling camino v1.2.2
[INFO] [stderr]    Compiling is-macro v0.3.7
[INFO] [stderr]    Compiling parking_lot_core v0.9.12
[INFO] [stderr]    Compiling vergen-lib v9.1.0
[INFO] [stderr]    Compiling phf_shared v0.13.1
[INFO] [stderr]    Compiling phf_shared v0.11.3
[INFO] [stderr]    Compiling thiserror v2.0.18
[INFO] [stderr]    Compiling aho-corasick v1.1.4
[INFO] [stderr]    Compiling unicode-id-start v1.4.0
[INFO] [stderr]    Compiling regex-syntax v0.8.8
[INFO] [stderr]    Compiling pest v2.8.5
[INFO] [stderr]    Compiling idna_adapter v1.2.1
[INFO] [stderr]    Compiling triomphe v0.1.15
[INFO] [stderr]    Compiling idna v1.1.0
[INFO] [stderr]    Compiling phf_generator v0.13.1
[INFO] [stderr]    Compiling bytes-str v0.2.7
[INFO] [stderr]    Compiling num-bigint v0.4.6
[INFO] [stderr]    Compiling phf_generator v0.11.3
[INFO] [stderr]    Compiling parking_lot v0.12.5
[INFO] [stderr]    Compiling phf_codegen v0.13.1
[INFO] [stderr]    Compiling from_variant v3.0.0
[INFO] [stderr]    Compiling ast_node v5.0.0
[INFO] [stderr]    Compiling phf_macros v0.11.3
[INFO] [stderr]    Compiling string_enum v1.0.2
[INFO] [stderr]    Compiling string_cache_codegen v0.6.1
[INFO] [stderr]    Compiling vergen v9.1.0
[INFO] [stderr]    Compiling url v2.5.8
[INFO] [stderr]    Compiling phf v0.11.3
[INFO] [stderr]    Compiling web_atoms v0.2.3
[INFO] [stderr]    Compiling smartstring v1.0.1
[INFO] [stderr]    Compiling mac v0.1.1
[INFO] [stderr]    Compiling pulldown-cmark v0.13.3
[INFO] [stderr]    Compiling precomputed-hash v0.1.1
[INFO] [stderr]    Compiling dragonbox_ecma v0.1.0
[INFO] [stderr]    Compiling string_cache v0.9.0
[INFO] [stderr]    Compiling toml_parser v1.1.0+spec-1.1.0
[INFO] [stderr]    Compiling futf v0.1.5
[INFO] [stderr]    Compiling phf v0.13.1
[INFO] [stderr]    Compiling serde_spanned v1.1.0
[INFO] [stderr]    Compiling toml_datetime v0.7.5+spec-1.1.0
[INFO] [stderr]    Compiling pest_meta v2.8.5
[INFO] [stderr]    Compiling pulldown-cmark-escape v0.11.0
[INFO] [stderr]    Compiling tendril v0.4.3
[INFO] [stderr]    Compiling toml v0.9.12+spec-1.1.0
[INFO] [stderr]    Compiling num_cpus v1.17.0
[INFO] [stderr]    Compiling par-core v2.0.0
[INFO] [stderr]    Compiling num-modular v0.6.1
[INFO] [stderr]    Compiling semver v1.0.27
[INFO] [stderr]    Compiling cargo-platform v0.3.2
[INFO] [stderr]    Compiling darling_macro v0.20.11
[INFO] [stderr]    Compiling regex-automata v0.4.13
[INFO] [stderr]    Compiling pest_generator v2.8.5
[INFO] [stderr]    Compiling num-order v1.2.0
[INFO] [stderr]    Compiling markup5ever v0.36.1
[INFO] [stderr]    Compiling mdbook-core v0.5.2
[INFO] [stderr]    Compiling bumpalo v3.19.1
[INFO] [stderr]    Compiling darling v0.20.11
[INFO] [stderr]    Compiling derive_builder_core v0.20.2
[INFO] [stderr]    Compiling html5ever v0.36.1
[INFO] [stderr]    Compiling swc_allocator v4.0.1
[INFO] [stderr]    Compiling mdbook-markdown v0.5.2
[INFO] [stderr]    Compiling elasticlunr-rs v3.0.2
[INFO] [stderr]    Compiling env_filter v0.1.4
[INFO] [stderr]    Compiling ego-tree v0.10.0
[INFO] [stderr]    Compiling ahash v0.8.12
[INFO] [stderr]    Compiling font-awesome-as-a-crate v0.3.0
[INFO] [stderr]    Compiling chrono v0.4.43
[INFO] [stderr]    Compiling hashbrown v0.14.5
[INFO] [stderr]    Compiling cargo_metadata v0.23.1
[INFO] [stderr]    Compiling pest_derive v2.8.5
[INFO] [stderr]    Compiling env_logger v0.11.8
[INFO] [stderr]    Compiling pulldown-cmark-to-cmark v22.0.0
[INFO] [stderr]    Compiling derive_builder_macro v0.20.2
[INFO] [stderr]    Compiling hstr v3.0.4
[INFO] [stderr]    Compiling derive_builder v0.20.2
[INFO] [stderr]    Compiling swc_atoms v9.0.0
[INFO] [stderr]    Compiling swc_common v19.0.0
[INFO] [stderr]    Compiling handlebars v6.4.0
[INFO] [stderr]    Compiling mdbook-renderer v0.5.2
[INFO] [stderr]    Compiling regex v1.12.2
[INFO] [stderr]    Compiling swc_core v59.0.1
[INFO] [stderr]    Compiling mdbook-html v0.5.2
[INFO] [stderr]    Compiling swc_ecma_ast v21.0.0
[INFO] [stderr]    Compiling swc_ecma_visit v21.0.0
[INFO] [stderr]    Compiling swc_ecma_parser v36.0.0
[INFO] [stderr]    Compiling swc_ecma_utils v27.0.0
[INFO] [stderr]    Compiling swc_ecma_transforms_base v39.0.0
[INFO] [stderr]    Compiling mdbook-angular v0.5.1 (/opt/rustwide/workdir)
[INFO] [stderr]     Finished `release` profile [optimized] target(s) in 1m 56s
[INFO] running `Command { std: "docker" "inspect" "22c2c338565f51598647c937707c79b9378bbeb5947555a8fff82286f38106af", kill_on_drop: false }`
[INFO] running `Command { std: "docker" "exec" "-e" "SOURCE_DIR=/opt/rustwide/workdir" "-e" "CARGO_HOME=/opt/rustwide/cargo-home" "-e" "RUSTUP_HOME=/opt/rustwide/rustup-home" "-e" "CARGO_TARGET_DIR=/opt/rustwide/target" "-e" "CARGO_INCREMENTAL=0" "-e" "RUST_BACKTRACE=full" "-e" "RUSTFLAGS=--cap-lints=warn" "-e" "RUSTDOCFLAGS=--cap-lints=warn" "-w" "/opt/rustwide/workdir" "--user" "0:0" "22c2c338565f51598647c937707c79b9378bbeb5947555a8fff82286f38106af" "/opt/rustwide/cargo-home/bin/cargo" "+1.99.0-beta.8" "test" "--frozen" "--no-run" "--message-format=json" "--release", kill_on_drop: false }`
[INFO] [stderr] warning: mdbook-angular v0.5.1 (/opt/rustwide/workdir) ignoring invalid dependency `mdbook` which is missing a lib target
[INFO] [stderr]    Compiling libc v0.2.180
[INFO] [stderr]    Compiling zerocopy v0.8.34
[INFO] [stderr]    Compiling phf_shared v0.11.3
[INFO] [stderr]    Compiling serde v1.0.228
[INFO] [stderr]    Compiling tracing v0.1.44
[INFO] [stderr]    Compiling aho-corasick v1.1.4
[INFO] [stderr]    Compiling siphasher v0.3.11
[INFO] [stderr]    Compiling serde_json v1.0.149
[INFO] [stderr]    Compiling syn v1.0.109
[INFO] [stderr]    Compiling string_cache v0.9.0
[INFO] [stderr]    Compiling phf_shared v0.10.0
[INFO] [stderr]    Compiling toml v0.9.12+spec-1.1.0
[INFO] [stderr]    Compiling pulldown-cmark v0.13.3
[INFO] [stderr]    Compiling rustix v1.1.3
[INFO] [stderr]    Compiling bit-vec v0.6.3
[INFO] [stderr]    Compiling predicates v3.1.3
[INFO] [stderr]    Compiling web_atoms v0.2.3
[INFO] [stderr]    Compiling phf v0.10.1
[INFO] [stderr]    Compiling bit-set v0.5.3
[INFO] [stderr]    Compiling getrandom v0.3.4
[INFO] [stderr]    Compiling copy_dir v0.1.3
[INFO] [stderr]    Compiling triomphe v0.1.15
[INFO] [stderr]    Compiling bytes-str v0.2.7
[INFO] [stderr]    Compiling num-bigint v0.4.6
[INFO] [stderr]    Compiling string_cache v0.8.9
[INFO] [stderr]    Compiling hstr v3.0.4
[INFO] [stderr]    Compiling markup5ever v0.36.1
[INFO] [stderr]    Compiling getrandom v0.2.17
[INFO] [stderr]    Compiling swc_atoms v9.0.0
[INFO] [stderr]    Compiling html5ever v0.36.1
[INFO] [stderr]    Compiling rand_core v0.6.4
[INFO] [stderr]    Compiling regex-automata v0.4.13
[INFO] [stderr]    Compiling handlebars v6.4.0
[INFO] [stderr]    Compiling pulldown-cmark-to-cmark v22.0.0
[INFO] [stderr]    Compiling ppv-lite86 v0.2.21
[INFO] [stderr]    Compiling swc_common v19.0.0
[INFO] [stderr]    Compiling rand_chacha v0.3.1
[INFO] [stderr]    Compiling tempfile v3.24.0
[INFO] [stderr]    Compiling rand v0.8.5
[INFO] [stderr]    Compiling phf_generator v0.11.3
[INFO] [stderr]    Compiling phf_generator v0.10.0
[INFO] [stderr]    Compiling phf_codegen v0.10.0
[INFO] [stderr]    Compiling string_cache_codegen v0.5.4
[INFO] [stderr]    Compiling phf_macros v0.11.3
[INFO] [stderr]    Compiling markup5ever v0.11.0
[INFO] [stderr]    Compiling phf v0.11.3
[INFO] [stderr]    Compiling html5ever v0.26.0
[INFO] [stderr]    Compiling swc_ecma_ast v21.0.0
[INFO] [stderr]    Compiling regex v1.12.2
[INFO] [stderr]    Compiling xml5ever v0.17.0
[INFO] [stderr]    Compiling bstr v1.12.1
[INFO] [stderr]    Compiling mdbook-core v0.5.2
[INFO] [stderr]    Compiling elasticlunr-rs v3.0.2
[INFO] [stderr]    Compiling mdbook-markdown v0.5.2
[INFO] [stderr]    Compiling assert_cmd v2.1.2
[INFO] [stderr]    Compiling markup5ever_rcdom v0.2.0
[INFO] [stderr]    Compiling select v0.6.1
[INFO] [stderr]    Compiling mdbook-renderer v0.5.2
[INFO] [stderr]    Compiling mdbook-html v0.5.2
[INFO] [stderr]    Compiling swc_ecma_visit v21.0.0
[INFO] [stderr]    Compiling swc_ecma_parser v36.0.0
[INFO] [stderr]    Compiling swc_ecma_utils v27.0.0
[INFO] [stderr]    Compiling swc_ecma_transforms_base v39.0.0
[INFO] [stderr]    Compiling swc_core v59.0.1
[INFO] [stderr]    Compiling mdbook-angular v0.5.1 (/opt/rustwide/workdir)
[INFO] [stderr]     Finished `release` profile [optimized] target(s) in 2m 02s
[INFO] running `Command { std: "docker" "inspect" "22c2c338565f51598647c937707c79b9378bbeb5947555a8fff82286f38106af", kill_on_drop: false }`
[INFO] running `Command { std: "docker" "exec" "-e" "SOURCE_DIR=/opt/rustwide/workdir" "-e" "CARGO_HOME=/opt/rustwide/cargo-home" "-e" "RUSTUP_HOME=/opt/rustwide/rustup-home" "-e" "CARGO_TARGET_DIR=/opt/rustwide/target" "-e" "CARGO_INCREMENTAL=0" "-e" "RUST_BACKTRACE=full" "-e" "RUSTFLAGS=--cap-lints=warn" "-e" "RUSTDOCFLAGS=--cap-lints=warn" "-w" "/opt/rustwide/workdir" "--user" "0:0" "22c2c338565f51598647c937707c79b9378bbeb5947555a8fff82286f38106af" "/opt/rustwide/cargo-home/bin/cargo" "+1.99.0-beta.8" "test" "--frozen" "--release", kill_on_drop: false }`
[INFO] [stderr] warning: mdbook-angular v0.5.1 (/opt/rustwide/workdir) ignoring invalid dependency `mdbook` which is missing a lib target
[INFO] [stderr]     Finished `release` profile [optimized] target(s) in 0.60s
[INFO] [stderr]      Running unittests src/lib.rs (/opt/rustwide/target/release/deps/mdbook_angular-e8c40eb294d9917a)
[INFO] [stdout] 
[INFO] [stdout] running 1 test
[INFO] [stderr]      Running unittests src/main.rs (/opt/rustwide/target/release/deps/mdbook_angular-9d43fad27894d08d)
[INFO] [stdout] test utils::path::test::test_path_to_root ... ok
[INFO] [stdout] 
[INFO] [stdout] test result: ok. 1 passed; 0 failed; 0 ignored; 0 measured; 0 filtered out; finished in 0.00s
[INFO] [stdout] 
[INFO] [stdout] 
[INFO] [stdout] running 0 tests
[INFO] [stdout] 
[INFO] [stdout] test result: ok. 0 passed; 0 failed; 0 ignored; 0 measured; 0 filtered out; finished in 0.00s
[INFO] [stdout] 
[INFO] [stderr]      Running tests/fixture.rs (/opt/rustwide/target/release/deps/fixture-74dfa7cdd814178c)
[INFO] [stdout] 
[INFO] [stdout] running 0 tests
[INFO] [stdout] 
[INFO] [stdout] test result: ok. 0 passed; 0 failed; 0 ignored; 0 measured; 0 filtered out; finished in 0.00s
[INFO] [stdout] 
[INFO] [stderr]      Running tests/option-collapsed.rs (/opt/rustwide/target/release/deps/option_collapsed-583a9a98f19e71a4)
[INFO] [stdout] 
[INFO] [stdout] running 5 tests
[INFO] [stdout] test test_flag_no_insert ... FAILED
[INFO] [stdout] test test_flag_uncollapsed_no_playground ... FAILED
[INFO] [stdout] test test_without_flags ... FAILED
[INFO] [stdout] test test_flag_collapsed_playground ... FAILED
[INFO] [stderr] error: test failed, to rerun pass `--test option-collapsed`
[INFO] [stdout] test test_hide ... FAILED
[INFO] [stdout] 
[INFO] [stdout] failures:
[INFO] [stdout] 
[INFO] [stdout] ---- test_flag_no_insert stdout ----
[INFO] [stdout] Fixture directory "/tmp/mdbook-angular-testsJwbVHW"
[INFO] [stdout] 
[INFO] [stdout] thread 'test_flag_no_insert' (3585) panicked at tests/fixture.rs:77:39:
[INFO] [stdout] failed to spawn mdbook: Os { code: 2, kind: NotFound, message: "No such file or directory" }
[INFO] [stdout] stack backtrace:
[INFO] [stdout]    0:     0x63e1c6abdbd1 - <<std[70759c8f55707aa4]::sys::backtrace::BacktraceLock>::print::DisplayBacktrace as core[df12db4294e9bfd3]::fmt::Display>::fmt
[INFO] [stdout]    1:     0x63e1c6ad2c0a - core[df12db4294e9bfd3]::fmt::write
[INFO] [stdout]    2:     0x63e1c6ac28ec - <alloc[2182bb758b4b3781]::vec::Vec<u8> as core[df12db4294e9bfd3]::io::write::Write>::write_fmt
[INFO] [stdout]    3:     0x63e1c6a96046 - std[70759c8f55707aa4]::panicking::default_hook::{closure#0}
[INFO] [stdout]    4:     0x63e1c6ab43e9 - std[70759c8f55707aa4]::panicking::default_hook
[INFO] [stdout]    5:     0x63e1c6a0f650 - test[9d35eded1c95d3be]::test_main_inner::<test[9d35eded1c95d3be]::test_main_static::{closure#0}>::{closure#0}
[INFO] [stdout]    6:     0x63e1c6ab45a2 - std[70759c8f55707aa4]::panicking::panic_with_hook
[INFO] [stdout]    7:     0x63e1c6a960f2 - std[70759c8f55707aa4]::panicking::panic_handler::{closure#0}
[INFO] [stdout]    8:     0x63e1c6a8e509 - std[70759c8f55707aa4]::sys::backtrace::__rust_end_short_backtrace::<std[70759c8f55707aa4]::panicking::panic_handler::{closure#0}, !>
[INFO] [stdout]    9:     0x63e1c6a96fad - __rustc[8fa7c3cbc660c2b3]::rust_begin_unwind
[INFO] [stdout]   10:     0x63e1c6ad336c - core[df12db4294e9bfd3]::panicking::panic_fmt
[INFO] [stdout]   11:     0x63e1c6ad3142 - core[df12db4294e9bfd3]::result::unwrap_failed
[INFO] [stdout]   12:     0x63e1c6a01744 - <option_collapsed[4331f737ffc3187]::fixture::Fixture>::run_without_build
[INFO] [stdout]   13:     0x63e1c69ffb88 - <option_collapsed[4331f737ffc3187]::test_flag_no_insert::{closure#0} as core[df12db4294e9bfd3]::ops::function::FnOnce<()>>::call_once
[INFO] [stdout]   14:     0x63e1c6a0293b - test[9d35eded1c95d3be]::__rust_begin_short_backtrace::<core[df12db4294e9bfd3]::result::Result<(), alloc[2182bb758b4b3781]::string::String>, fn() -> core[df12db4294e9bfd3]::result::Result<(), alloc[2182bb758b4b3781]::string::String>>
[INFO] [stdout]   15:     0x63e1c6a0ffa5 - test[9d35eded1c95d3be]::run_test::{closure#0}
[INFO] [stdout]   16:     0x63e1c6a09864 - std[70759c8f55707aa4]::sys::backtrace::__rust_begin_short_backtrace::<test[9d35eded1c95d3be]::run_test::{closure#1}, ()>
[INFO] [stdout]   17:     0x63e1c6a13102 - <std[70759c8f55707aa4]::thread::lifecycle::spawn_unchecked<test[9d35eded1c95d3be]::run_test::{closure#1}, ()>::{closure#1} as core[df12db4294e9bfd3]::ops::function::FnOnce<()>>::call_once::{shim:vtable#0}
[INFO] [stdout]   18:     0x63e1c6abd079 - <std[70759c8f55707aa4]::sys::thread::unix::Thread>::new::thread_start
[INFO] [stdout]   19:     0x7f869aac4dfa - <unknown>
[INFO] [stdout]   20:     0x7f869ab583d4 - clone
[INFO] [stdout]   21:                0x0 - <unknown>
[INFO] [stdout] 
[INFO] [stdout] ---- test_flag_uncollapsed_no_playground stdout ----
[INFO] [stdout] Fixture directory "/tmp/mdbook-angular-tests0HwJyF"
[INFO] [stdout] 
[INFO] [stdout] thread 'test_flag_uncollapsed_no_playground' (3586) panicked at tests/fixture.rs:77:39:
[INFO] [stdout] failed to spawn mdbook: Os { code: 2, kind: NotFound, message: "No such file or directory" }
[INFO] [stdout] stack backtrace:
[INFO] [stdout]    0:     0x63e1c6abdbd1 - <<std[70759c8f55707aa4]::sys::backtrace::BacktraceLock>::print::DisplayBacktrace as core[df12db4294e9bfd3]::fmt::Display>::fmt
[INFO] [stdout]    1:     0x63e1c6ad2c0a - core[df12db4294e9bfd3]::fmt::write
[INFO] [stdout]    2:     0x63e1c6ac28ec - <alloc[2182bb758b4b3781]::vec::Vec<u8> as core[df12db4294e9bfd3]::io::write::Write>::write_fmt
[INFO] [stdout]    3:     0x63e1c6a96046 - std[70759c8f55707aa4]::panicking::default_hook::{closure#0}
[INFO] [stdout]    4:     0x63e1c6ab43e9 - std[70759c8f55707aa4]::panicking::default_hook
[INFO] [stdout]    5:     0x63e1c6a0f650 - test[9d35eded1c95d3be]::test_main_inner::<test[9d35eded1c95d3be]::test_main_static::{closure#0}>::{closure#0}
[INFO] [stdout]    6:     0x63e1c6ab45a2 - std[70759c8f55707aa4]::panicking::panic_with_hook
[INFO] [stdout]    7:     0x63e1c6a960f2 - std[70759c8f55707aa4]::panicking::panic_handler::{closure#0}
[INFO] [stdout]    8:     0x63e1c6a8e509 - std[70759c8f55707aa4]::sys::backtrace::__rust_end_short_backtrace::<std[70759c8f55707aa4]::panicking::panic_handler::{closure#0}, !>
[INFO] [stdout]    9:     0x63e1c6a96fad - __rustc[8fa7c3cbc660c2b3]::rust_begin_unwind
[INFO] [stdout]   10:     0x63e1c6ad336c - core[df12db4294e9bfd3]::panicking::panic_fmt
[INFO] [stdout]   11:     0x63e1c6ad3142 - core[df12db4294e9bfd3]::result::unwrap_failed
[INFO] [stdout]   12:     0x63e1c6a01744 - <option_collapsed[4331f737ffc3187]::fixture::Fixture>::run_without_build
[INFO] [stdout]   13:     0x63e1c69fffb8 - <option_collapsed[4331f737ffc3187]::test_flag_uncollapsed_no_playground::{closure#0} as core[df12db4294e9bfd3]::ops::function::FnOnce<()>>::call_once
[INFO] [stdout]   14:     0x63e1c6a0293b - test[9d35eded1c95d3be]::__rust_begin_short_backtrace::<core[df12db4294e9bfd3]::result::Result<(), alloc[2182bb758b4b3781]::string::String>, fn() -> core[df12db4294e9bfd3]::result::Result<(), alloc[2182bb758b4b3781]::string::String>>
[INFO] [stdout]   15:     0x63e1c6a0ffa5 - test[9d35eded1c95d3be]::run_test::{closure#0}
[INFO] [stdout]   16:     0x63e1c6a09864 - std[70759c8f55707aa4]::sys::backtrace::__rust_begin_short_backtrace::<test[9d35eded1c95d3be]::run_test::{closure#1}, ()>
[INFO] [stdout]   17:     0x63e1c6a13102 - <std[70759c8f55707aa4]::thread::lifecycle::spawn_unchecked<test[9d35eded1c95d3be]::run_test::{closure#1}, ()>::{closure#1} as core[df12db4294e9bfd3]::ops::function::FnOnce<()>>::call_once::{shim:vtable#0}
[INFO] [stdout]   18:     0x63e1c6abd079 - <std[70759c8f55707aa4]::sys::thread::unix::Thread>::new::thread_start
[INFO] [stdout]   19:     0x7f869aac4dfa - <unknown>
[INFO] [stdout]   20:     0x7f869ab583d4 - clone
[INFO] [stdout]   21:                0x0 - <unknown>
[INFO] [stdout] 
[INFO] [stdout] ---- test_without_flags stdout ----
[INFO] [stdout] Fixture directory "/tmp/mdbook-angular-testsmZ1No2"
[INFO] [stdout] 
[INFO] [stdout] thread 'test_without_flags' (3588) panicked at tests/fixture.rs:77:39:
[INFO] [stdout] failed to spawn mdbook: Os { code: 2, kind: NotFound, message: "No such file or directory" }
[INFO] [stdout] stack backtrace:
[INFO] [stdout]    0:     0x63e1c6abdbd1 - <<std[70759c8f55707aa4]::sys::backtrace::BacktraceLock>::print::DisplayBacktrace as core[df12db4294e9bfd3]::fmt::Display>::fmt
[INFO] [stdout]    1:     0x63e1c6ad2c0a - core[df12db4294e9bfd3]::fmt::write
[INFO] [stdout]    2:     0x63e1c6ac28ec - <alloc[2182bb758b4b3781]::vec::Vec<u8> as core[df12db4294e9bfd3]::io::write::Write>::write_fmt
[INFO] [stdout]    3:     0x63e1c6a96046 - std[70759c8f55707aa4]::panicking::default_hook::{closure#0}
[INFO] [stdout]    4:     0x63e1c6ab43e9 - std[70759c8f55707aa4]::panicking::default_hook
[INFO] [stdout]    5:     0x63e1c6a0f650 - test[9d35eded1c95d3be]::test_main_inner::<test[9d35eded1c95d3be]::test_main_static::{closure#0}>::{closure#0}
[INFO] [stdout]    6:     0x63e1c6ab45a2 - std[70759c8f55707aa4]::panicking::panic_with_hook
[INFO] [stdout]    7:     0x63e1c6a960f2 - std[70759c8f55707aa4]::panicking::panic_handler::{closure#0}
[INFO] [stdout]    8:     0x63e1c6a8e509 - std[70759c8f55707aa4]::sys::backtrace::__rust_end_short_backtrace::<std[70759c8f55707aa4]::panicking::panic_handler::{closure#0}, !>
[INFO] [stdout]    9:     0x63e1c6a96fad - __rustc[8fa7c3cbc660c2b3]::rust_begin_unwind
[INFO] [stdout]   10:     0x63e1c6ad336c - core[df12db4294e9bfd3]::panicking::panic_fmt
[INFO] [stdout]   11:     0x63e1c6ad3142 - core[df12db4294e9bfd3]::result::unwrap_failed
[INFO] [stdout]   12:     0x63e1c6a01744 - <option_collapsed[4331f737ffc3187]::fixture::Fixture>::run_without_build
[INFO] [stdout]   13:     0x63e1c69ff968 - <option_collapsed[4331f737ffc3187]::test_without_flags::{closure#0} as core[df12db4294e9bfd3]::ops::function::FnOnce<()>>::call_once
[INFO] [stdout]   14:     0x63e1c6a0293b - test[9d35eded1c95d3be]::__rust_begin_short_backtrace::<core[df12db4294e9bfd3]::result::Result<(), alloc[2182bb758b4b3781]::string::String>, fn() -> core[df12db4294e9bfd3]::result::Result<(), alloc[2182bb758b4b3781]::string::String>>
[INFO] [stdout]   15:     0x63e1c6a0ffa5 - test[9d35eded1c95d3be]::run_test::{closure#0}
[INFO] [stdout]   16:     0x63e1c6a09864 - std[70759c8f55707aa4]::sys::backtrace::__rust_begin_short_backtrace::<test[9d35eded1c95d3be]::run_test::{closure#1}, ()>
[INFO] [stdout]   17:     0x63e1c6a13102 - <std[70759c8f55707aa4]::thread::lifecycle::spawn_unchecked<test[9d35eded1c95d3be]::run_test::{closure#1}, ()>::{closure#1} as core[df12db4294e9bfd3]::ops::function::FnOnce<()>>::call_once::{shim:vtable#0}
[INFO] [stdout]   18:     0x63e1c6abd079 - <std[70759c8f55707aa4]::sys::thread::unix::Thread>::new::thread_start
[INFO] [stdout]   19:     0x7f869aac4dfa - <unknown>
[INFO] [stdout]   20:     0x7f869ab583d4 - clone
[INFO] [stdout]   21:                0x0 - <unknown>
[INFO] [stdout] 
[INFO] [stdout] ---- test_flag_collapsed_playground stdout ----
[INFO] [stdout] Fixture directory "/tmp/mdbook-angular-tests7HBLeh"
[INFO] [stdout] 
[INFO] [stdout] thread 'test_flag_collapsed_playground' (3584) panicked at tests/fixture.rs:77:39:
[INFO] [stdout] failed to spawn mdbook: Os { code: 2, kind: NotFound, message: "No such file or directory" }
[INFO] [stdout] stack backtrace:
[INFO] [stdout]    0:     0x63e1c6abdbd1 - <<std[70759c8f55707aa4]::sys::backtrace::BacktraceLock>::print::DisplayBacktrace as core[df12db4294e9bfd3]::fmt::Display>::fmt
[INFO] [stdout]    1:     0x63e1c6ad2c0a - core[df12db4294e9bfd3]::fmt::write
[INFO] [stdout]    2:     0x63e1c6ac28ec - <alloc[2182bb758b4b3781]::vec::Vec<u8> as core[df12db4294e9bfd3]::io::write::Write>::write_fmt
[INFO] [stdout]    3:     0x63e1c6a96046 - std[70759c8f55707aa4]::panicking::default_hook::{closure#0}
[INFO] [stdout]    4:     0x63e1c6ab43e9 - std[70759c8f55707aa4]::panicking::default_hook
[INFO] [stdout]    5:     0x63e1c6a0f650 - test[9d35eded1c95d3be]::test_main_inner::<test[9d35eded1c95d3be]::test_main_static::{closure#0}>::{closure#0}
[INFO] [stdout]    6:     0x63e1c6ab45a2 - std[70759c8f55707aa4]::panicking::panic_with_hook
[INFO] [stdout]    7:     0x63e1c6a960f2 - std[70759c8f55707aa4]::panicking::panic_handler::{closure#0}
[INFO] [stdout]    8:     0x63e1c6a8e509 - std[70759c8f55707aa4]::sys::backtrace::__rust_end_short_backtrace::<std[70759c8f55707aa4]::panicking::panic_handler::{closure#0}, !>
[INFO] [stdout]    9:     0x63e1c6a96fad - __rustc[8fa7c3cbc660c2b3]::rust_begin_unwind
[INFO] [stdout]   10:     0x63e1c6ad336c - core[df12db4294e9bfd3]::panicking::panic_fmt
[INFO] [stdout]   11:     0x63e1c6ad3142 - core[df12db4294e9bfd3]::result::unwrap_failed
[INFO] [stdout]   12:     0x63e1c6a01744 - <option_collapsed[4331f737ffc3187]::fixture::Fixture>::run_without_build
[INFO] [stdout]   13:     0x63e1c69ffd98 - <option_collapsed[4331f737ffc3187]::test_flag_collapsed_playground::{closure#0} as core[df12db4294e9bfd3]::ops::function::FnOnce<()>>::call_once
[INFO] [stdout]   14:     0x63e1c6a0293b - test[9d35eded1c95d3be]::__rust_begin_short_backtrace::<core[df12db4294e9bfd3]::result::Result<(), alloc[2182bb758b4b3781]::string::String>, fn() -> core[df12db4294e9bfd3]::result::Result<(), alloc[2182bb758b4b3781]::string::String>>
[INFO] [stdout]   15:     0x63e1c6a0ffa5 - test[9d35eded1c95d3be]::run_test::{closure#0}
[INFO] [stdout]   16:     0x63e1c6a09864 - std[70759c8f55707aa4]::sys::backtrace::__rust_begin_short_backtrace::<test[9d35eded1c95d3be]::run_test::{closure#1}, ()>
[INFO] [stdout]   17:     0x63e1c6a13102 - <std[70759c8f55707aa4]::thread::lifecycle::spawn_unchecked<test[9d35eded1c95d3be]::run_test::{closure#1}, ()>::{closure#1} as core[df12db4294e9bfd3]::ops::function::FnOnce<()>>::call_once::{shim:vtable#0}
[INFO] [stdout]   18:     0x63e1c6abd079 - <std[70759c8f55707aa4]::sys::thread::unix::Thread>::new::thread_start
[INFO] [stdout]   19:     0x7f869aac4dfa - <unknown>
[INFO] [stdout]   20:     0x7f869ab583d4 - clone
[INFO] [stdout]   21:                0x0 - <unknown>
[INFO] [stdout] 
[INFO] [stdout] ---- test_hide stdout ----
[INFO] [stdout] Fixture directory "/tmp/mdbook-angular-testsJt7SN7"
[INFO] [stdout] 
[INFO] [stdout] thread 'test_hide' (3587) panicked at tests/fixture.rs:77:39:
[INFO] [stdout] failed to spawn mdbook: Os { code: 2, kind: NotFound, message: "No such file or directory" }
[INFO] [stdout] stack backtrace:
[INFO] [stdout]    0:     0x63e1c6abdbd1 - <<std[70759c8f55707aa4]::sys::backtrace::BacktraceLock>::print::DisplayBacktrace as core[df12db4294e9bfd3]::fmt::Display>::fmt
[INFO] [stdout]    1:     0x63e1c6ad2c0a - core[df12db4294e9bfd3]::fmt::write
[INFO] [stdout]    2:     0x63e1c6ac28ec - <alloc[2182bb758b4b3781]::vec::Vec<u8> as core[df12db4294e9bfd3]::io::write::Write>::write_fmt
[INFO] [stdout]    3:     0x63e1c6a96046 - std[70759c8f55707aa4]::panicking::default_hook::{closure#0}
[INFO] [stdout]    4:     0x63e1c6ab43e9 - std[70759c8f55707aa4]::panicking::default_hook
[INFO] [stdout]    5:     0x63e1c6a0f650 - test[9d35eded1c95d3be]::test_main_inner::<test[9d35eded1c95d3be]::test_main_static::{closure#0}>::{closure#0}
[INFO] [stdout]    6:     0x63e1c6ab45a2 - std[70759c8f55707aa4]::panicking::panic_with_hook
[INFO] [stdout]    7:     0x63e1c6a960f2 - std[70759c8f55707aa4]::panicking::panic_handler::{closure#0}
[INFO] [stdout]    8:     0x63e1c6a8e509 - std[70759c8f55707aa4]::sys::backtrace::__rust_end_short_backtrace::<std[70759c8f55707aa4]::panicking::panic_handler::{closure#0}, !>
[INFO] [stdout]    9:     0x63e1c6a96fad - __rustc[8fa7c3cbc660c2b3]::rust_begin_unwind
[INFO] [stdout]   10:     0x63e1c6ad336c - core[df12db4294e9bfd3]::panicking::panic_fmt
[INFO] [stdout]   11:     0x63e1c6ad3142 - core[df12db4294e9bfd3]::result::unwrap_failed
[INFO] [stdout]   12:     0x63e1c6a01744 - <option_collapsed[4331f737ffc3187]::fixture::Fixture>::run_without_build
[INFO] [stdout]   13:     0x63e1c6a001c6 - <option_collapsed[4331f737ffc3187]::test_hide::{closure#0} as core[df12db4294e9bfd3]::ops::function::FnOnce<()>>::call_once
[INFO] [stdout]   14:     0x63e1c6a0293b - test[9d35eded1c95d3be]::__rust_begin_short_backtrace::<core[df12db4294e9bfd3]::result::Result<(), alloc[2182bb758b4b3781]::string::String>, fn() -> core[df12db4294e9bfd3]::result::Result<(), alloc[2182bb758b4b3781]::string::String>>
[INFO] [stdout]   15:     0x63e1c6a0ffa5 - test[9d35eded1c95d3be]::run_test::{closure#0}
[INFO] [stdout]   16:     0x63e1c6a09864 - std[70759c8f55707aa4]::sys::backtrace::__rust_begin_short_backtrace::<test[9d35eded1c95d3be]::run_test::{closure#1}, ()>
[INFO] [stdout]   17:     0x63e1c6a13102 - <std[70759c8f55707aa4]::thread::lifecycle::spawn_unchecked<test[9d35eded1c95d3be]::run_test::{closure#1}, ()>::{closure#1} as core[df12db4294e9bfd3]::ops::function::FnOnce<()>>::call_once::{shim:vtable#0}
[INFO] [stdout]   18:     0x63e1c6abd079 - <std[70759c8f55707aa4]::sys::thread::unix::Thread>::new::thread_start
[INFO] [stdout]   19:     0x7f869aac4dfa - <unknown>
[INFO] [stdout]   20:     0x7f869ab583d4 - clone
[INFO] [stdout]   21:                0x0 - <unknown>
[INFO] [stdout] 
[INFO] [stdout] 
[INFO] [stdout] failures:
[INFO] [stdout]     test_flag_collapsed_playground
[INFO] [stdout]     test_flag_no_insert
[INFO] [stdout]     test_flag_uncollapsed_no_playground
[INFO] [stdout]     test_hide
[INFO] [stdout]     test_without_flags
[INFO] [stdout] 
[INFO] [stdout] test result: FAILED. 0 passed; 5 failed; 0 ignored; 0 measured; 0 filtered out; finished in 0.02s
[INFO] [stdout] 
[INFO] running `Command { std: "docker" "inspect" "22c2c338565f51598647c937707c79b9378bbeb5947555a8fff82286f38106af", kill_on_drop: false }`
[INFO] running `Command { std: "docker" "rm" "-f" "22c2c338565f51598647c937707c79b9378bbeb5947555a8fff82286f38106af", kill_on_drop: false }`
[INFO] [stdout] 22c2c338565f51598647c937707c79b9378bbeb5947555a8fff82286f38106af
