[INFO] fetching crate md-cli 0.13.0...
[INFO] testing md-cli-0.13.0 against 1.99.0-beta.8+cargoflags=--release for beta-release-1.100-2
[INFO] extracting crate md-cli 0.13.0 into /workspace/builds/worker-4-tc1/source
[INFO] started tweaking crates.io crate md-cli 0.13.0
[INFO] removed 0 missing tests
[INFO] finished tweaking crates.io crate md-cli 0.13.0
[INFO] tweaked toml for crates.io crate md-cli 0.13.0 written to /workspace/builds/worker-4-tc1/source/Cargo.toml
[INFO] validating manifest of crates.io crate md-cli 0.13.0 on toolchain 1.99.0-beta.8
[INFO] running `Command { std: CARGO_HOME="/workspace/cargo-home" RUSTUP_HOME="/workspace/rustup-home" "/workspace/cargo-home/bin/cargo" "+1.99.0-beta.8" "metadata" "--manifest-path" "Cargo.toml" "--no-deps", kill_on_drop: false }`
[INFO] crate crates.io crate md-cli 0.13.0 already has a lockfile, it will not be regenerated
[INFO] running `Command { std: CARGO_HOME="/workspace/cargo-home" RUSTUP_HOME="/workspace/rustup-home" "/workspace/cargo-home/bin/cargo" "+1.99.0-beta.8" "fetch" "--manifest-path" "Cargo.toml", kill_on_drop: false }`
[INFO] [stderr]     Updating crates.io index
[INFO] [stderr]  Downloading crates ...
[INFO] [stderr]   Downloaded bitcoin-units v0.1.3
[INFO] [stderr]   Downloaded insta v1.47.2
[INFO] [stderr]   Downloaded roff v1.1.1
[INFO] [stderr]   Downloaded hex-conservative v1.0.1
[INFO] [stderr]   Downloaded clap_mangen v0.3.0
[INFO] [stderr]   Downloaded assert_cmd v2.2.1
[INFO] [stderr]   Downloaded md-codec v0.42.0
[INFO] [stderr]   Downloaded miniscript v13.0.0
[INFO] running `Command { std: "docker" "create" "-v" "/var/lib/crater-agent-workspace/builds/worker-4-tc1/source:/opt/rustwide/workdir:ro,Z" "-v" "/var/lib/crater-agent-workspace/builds/worker-4-tc1/target:/opt/rustwide/target:rw,Z" "-v" "/var/lib/crater-agent-workspace/cargo-home:/opt/rustwide/cargo-home:ro,Z" "-v" "/var/lib/crater-agent-workspace/rustup-home:/opt/rustwide/rustup-home:ro,Z" "-m" "1610612736" "--network" "none" "ghcr.io/rust-lang/crates-build-env/linux@sha256:77db811e55d90add9212f6832c23229e3de5f1c1f9905e8cb07319ea15df73ac" "sleep" "infinity", kill_on_drop: false }`
[INFO] [stdout] 34afb2f36cefdba5405d3be5e118694ef8bc160c8792bb34d8881fdcf6f9393d
[INFO] running `Command { std: "docker" "start" "34afb2f36cefdba5405d3be5e118694ef8bc160c8792bb34d8881fdcf6f9393d", kill_on_drop: false }`
[INFO] running `Command { std: "docker" "inspect" "34afb2f36cefdba5405d3be5e118694ef8bc160c8792bb34d8881fdcf6f9393d", kill_on_drop: false }`
[INFO] running `Command { std: "docker" "exec" "-e" "SOURCE_DIR=/opt/rustwide/workdir" "-e" "CARGO_HOME=/opt/rustwide/cargo-home" "-e" "RUSTUP_HOME=/opt/rustwide/rustup-home" "-e" "CARGO_TARGET_DIR=/opt/rustwide/target" "-w" "/opt/rustwide/workdir" "--user" "0:0" "34afb2f36cefdba5405d3be5e118694ef8bc160c8792bb34d8881fdcf6f9393d" "/opt/rustwide/cargo-home/bin/cargo" "+1.99.0-beta.8" "metadata" "--no-deps" "--format-version=1", kill_on_drop: false }`
[INFO] running `Command { std: "docker" "inspect" "34afb2f36cefdba5405d3be5e118694ef8bc160c8792bb34d8881fdcf6f9393d", kill_on_drop: false }`
[INFO] running `Command { std: "docker" "exec" "-e" "SOURCE_DIR=/opt/rustwide/workdir" "-e" "CARGO_HOME=/opt/rustwide/cargo-home" "-e" "RUSTUP_HOME=/opt/rustwide/rustup-home" "-e" "CARGO_TARGET_DIR=/opt/rustwide/target" "-e" "CARGO_INCREMENTAL=0" "-e" "RUST_BACKTRACE=full" "-e" "RUSTFLAGS=--cap-lints=warn" "-e" "RUSTDOCFLAGS=--cap-lints=warn" "-w" "/opt/rustwide/workdir" "--user" "0:0" "34afb2f36cefdba5405d3be5e118694ef8bc160c8792bb34d8881fdcf6f9393d" "/opt/rustwide/cargo-home/bin/cargo" "+1.99.0-beta.8" "build" "--frozen" "--message-format=json" "--release", kill_on_drop: false }`
[INFO] [stderr]    Compiling bitcoin-io v0.1.4
[INFO] [stderr]    Compiling bitcoin-internals v0.3.0
[INFO] [stderr]    Compiling hex-conservative v0.2.2
[INFO] [stderr]    Compiling hex_lit v0.1.1
[INFO] [stderr]    Compiling bitcoin v0.32.8
[INFO] [stderr]    Compiling tinyvec_macros v0.1.1
[INFO] [stderr]    Compiling secp256k1-sys v0.10.1
[INFO] [stderr]    Compiling bech32 v0.11.1
[INFO] [stderr]    Compiling thiserror-impl v2.0.18
[INFO] [stderr]    Compiling aho-corasick v1.1.4
[INFO] [stderr]    Compiling hex-conservative v1.0.1
[INFO] [stderr]    Compiling clap_derive v4.6.1
[INFO] [stderr]    Compiling roff v1.1.1
[INFO] [stderr]    Compiling serde_json v1.0.149
[INFO] [stderr]    Compiling tinyvec v1.11.0
[INFO] [stderr]    Compiling bitcoin-units v0.1.3
[INFO] [stderr]    Compiling bitcoin_hashes v0.14.1
[INFO] [stderr]    Compiling thiserror v2.0.18
[INFO] [stderr]    Compiling unicode-normalization v0.1.25
[INFO] [stderr]    Compiling clap v4.6.1
[INFO] [stderr]    Compiling clap_mangen v0.3.0
[INFO] [stderr]    Compiling regex-automata v0.4.14
[INFO] [stderr]    Compiling base58ck v0.1.0
[INFO] [stderr]    Compiling bip39 v2.2.2
[INFO] [stderr]    Compiling regex v1.12.3
[INFO] [stderr]    Compiling secp256k1 v0.29.1
[INFO] [stderr]    Compiling miniscript v13.0.0
[INFO] [stderr]    Compiling md-codec v0.42.0
[INFO] [stderr]    Compiling md-cli v0.13.0 (/opt/rustwide/workdir)
[INFO] [stderr]     Finished `release` profile [optimized] target(s) in 1m 15s
[INFO] running `Command { std: "docker" "inspect" "34afb2f36cefdba5405d3be5e118694ef8bc160c8792bb34d8881fdcf6f9393d", kill_on_drop: false }`
[INFO] running `Command { std: "docker" "exec" "-e" "SOURCE_DIR=/opt/rustwide/workdir" "-e" "CARGO_HOME=/opt/rustwide/cargo-home" "-e" "RUSTUP_HOME=/opt/rustwide/rustup-home" "-e" "CARGO_TARGET_DIR=/opt/rustwide/target" "-e" "CARGO_INCREMENTAL=0" "-e" "RUST_BACKTRACE=full" "-e" "RUSTFLAGS=--cap-lints=warn" "-e" "RUSTDOCFLAGS=--cap-lints=warn" "-w" "/opt/rustwide/workdir" "--user" "0:0" "34afb2f36cefdba5405d3be5e118694ef8bc160c8792bb34d8881fdcf6f9393d" "/opt/rustwide/cargo-home/bin/cargo" "+1.99.0-beta.8" "test" "--frozen" "--no-run" "--message-format=json" "--release", kill_on_drop: false }`
[INFO] [stderr]    Compiling regex-automata v0.4.14
[INFO] [stderr]    Compiling predicates-core v1.0.10
[INFO] [stderr]    Compiling float-cmp v0.10.0
[INFO] [stderr]    Compiling difflib v0.4.0
[INFO] [stderr]    Compiling normalize-line-endings v0.3.0
[INFO] [stderr]    Compiling assert_cmd v2.2.1
[INFO] [stderr]    Compiling termtree v0.5.1
[INFO] [stderr]    Compiling console v0.16.3
[INFO] [stderr]    Compiling similar v2.7.0
[INFO] [stderr]    Compiling predicates-tree v1.0.13
[INFO] [stderr]    Compiling insta v1.47.2
[INFO] [stderr]    Compiling regex v1.12.3
[INFO] [stderr]    Compiling bstr v1.12.1
[INFO] [stderr]    Compiling predicates v3.1.4
[INFO] [stderr]    Compiling md-cli v0.13.0 (/opt/rustwide/workdir)
[INFO] [stderr]     Finished `release` profile [optimized] target(s) in 50.77s
[INFO] running `Command { std: "docker" "inspect" "34afb2f36cefdba5405d3be5e118694ef8bc160c8792bb34d8881fdcf6f9393d", kill_on_drop: false }`
[INFO] running `Command { std: "docker" "exec" "-e" "SOURCE_DIR=/opt/rustwide/workdir" "-e" "CARGO_HOME=/opt/rustwide/cargo-home" "-e" "RUSTUP_HOME=/opt/rustwide/rustup-home" "-e" "CARGO_TARGET_DIR=/opt/rustwide/target" "-e" "CARGO_INCREMENTAL=0" "-e" "RUST_BACKTRACE=full" "-e" "RUSTFLAGS=--cap-lints=warn" "-e" "RUSTDOCFLAGS=--cap-lints=warn" "-w" "/opt/rustwide/workdir" "--user" "0:0" "34afb2f36cefdba5405d3be5e118694ef8bc160c8792bb34d8881fdcf6f9393d" "/opt/rustwide/cargo-home/bin/cargo" "+1.99.0-beta.8" "test" "--frozen" "--release", kill_on_drop: false }`
[INFO] [stderr]     Finished `release` profile [optimized] target(s) in 0.13s
[INFO] [stderr]      Running unittests src/main.rs (/opt/rustwide/target/release/deps/md-770719f5f4851034)
[INFO] [stdout] 
[INFO] [stdout] running 135 tests
[INFO] [stdout] test error::tests::from_codec_wraps ... ok
[INFO] [stdout] test cmd::gui_schema::tests::encode_context_is_dropdown_with_tap_segwitv0 ... ok
[INFO] [stdout] test format::json::descriptor_json_tests::tr_with_taptree_serializes_taptree_string ... ok
[INFO] [stdout] test cmd::gui_schema::tests::schema_envelope_fields ... ok
[INFO] [stdout] test format::json::tests::chunk_header_csid_formatted ... ok
[INFO] [stdout] test cmd::gui_schema::tests::encode_force_chunked_is_boolean ... ok
[INFO] [stdout] test format::json::tests::schema_constant ... ok
[INFO] [stdout] test format::text::hash_tests::policy_id_fingerprint_format ... ok
[INFO] [stdout] test cmd::gui_schema::tests::expected_subcommands_present ... ok
[INFO] [stdout] test format::json::tests::header_serializes ... ok
[INFO] [stdout] test format::text::tests::roundtrip_sh_wpkh ... ok
[INFO] [stdout] test format::text::tests::roundtrip_tr_and_or_ternary ... ok
[INFO] [stdout] test format::text::tests::roundtrip_tr_and_v_after_absolute_timelock ... ok
[INFO] [stdout] test cmd::gui_schema::tests::encode_network_is_dropdown_with_four_choices ... ok
[INFO] [stdout] test format::text::tests::roundtrip_tr_and_v_sha256_hash_lock ... ok
[INFO] [stdout] test cmd::gui_schema::tests::address_count_is_number ... ok
[INFO] [stdout] test error::tests::display_mismatch ... ok
[INFO] [stdout] test format::text::tests::roundtrip_tr_keyonly ... ok
[INFO] [stdout] test format::text::tests::roundtrip_tr_and_v_verify_older_inheritance ... ok
[INFO] [stdout] test format::text::tests::roundtrip_tr_or_d_recovery_pattern ... ok
[INFO] [stdout] test cmd::gui_schema::tests::decode_strings_positional_is_repeating_and_required ... ok
[INFO] [stdout] test format::text::tests::roundtrip_tr_t_or_c_desugars_to_and_v_with_true ... ok
[INFO] [stdout] test format::json::descriptor_json_tests::json_tag_serialization_pins_pascal_case ... ok
[INFO] [stdout] test format::text::tests::roundtrip_tr_or_i_disjunction ... ok
[INFO] [stdout] test cmd::gui_schema::tests::encode_template_positional_present ... ok
[INFO] [stdout] test format::text::tests::roundtrip_wpkh_singlepath ... ok
[INFO] [stdout] test format::text::tests::roundtrip_wsh_and_b_with_swap_wrapper ... ok
[INFO] [stdout] test format::text::tests::roundtrip_wsh_multi_2of2 ... ok
[INFO] [stdout] test parse::keys::fp_tests::accepts_0x_prefix ... ok
[INFO] [stdout] test parse::keys::fp_tests::rejects_non_hex ... ok
[INFO] [stdout] test cmd::gen_man::tests::gen_man_root_page_has_th_header_and_distinct_filenames ... ok
[INFO] [stdout] test parse::keys::tests::accepts_real_depth3_tpub_point_check_positive_control ... ok
[INFO] [stdout] test format::text::tests::roundtrip_wsh_or_b_with_swap_wrapper ... ok
[INFO] [stdout] test parse::keys::tests::accepts_real_depth4_xpub_point_check_positive_control ... ok
[INFO] [stdout] test parse::keys::tests::accepts_tpub_under_regtest ... ok
[INFO] [stdout] test format::text::tests::roundtrip_wsh_thresh_with_non_key_fragment_child ... ok
[INFO] [stdout] test parse::keys::tests::accepts_tpub_under_signet ... ok
[INFO] [stdout] test parse::keys::tests::accepts_tpub_under_testnet ... ok
[INFO] [stdout] test parse::keys::tests::accepts_valid_depth4_xpub ... ok
[INFO] [stdout] test parse::keys::fp_tests::rejects_wrong_length ... ok
[INFO] [stdout] test parse::keys::tests::rejects_depth4_xpub_in_singlesig_context ... ok
[INFO] [stdout] test parse::keys::tests::rejects_bad_checksum ... ok
[INFO] [stdout] test parse::keys::tests::rejects_off_curve_all_zero_pubkey ... ok
[INFO] [stdout] test cmd::gen_man::tests::gen_man_exact_page_set_walk ... ok
[INFO] [stdout] test parse::keys::tests::strips_optional_at_prefix ... ok
[INFO] [stdout] test parse::keys::tests::rejects_bad_index ... ok
[INFO] [stdout] test parse::keys::tests::rejects_xpub_under_testnet ... ok
[INFO] [stdout] test parse::path::tests::parses_name_bip48 ... ok
[INFO] [stdout] test parse::path::tests::rejects_garbage ... ok
[INFO] [stdout] test cmd::gen_man::tests::gen_man_negative_canary_no_help_pages ... ok
[INFO] [stdout] test parse::path::tests::parses_hex ... ok
[INFO] [stdout] test parse::keys::tests::rejects_no_equals ... ok
[INFO] [stdout] test parse::path::tests::parses_literal ... ok
[INFO] [stdout] test parse::keys::tests::rejects_tpub_under_mainnet ... ok
[INFO] [stdout] test parse::template::entry_tests::parse_template_rejects_h_in_origin_funds ... ok
[INFO] [stdout] test parse::template::entry_tests::ctx_for_bare_tr_at0_is_singlesig ... ok
[INFO] [stdout] test parse::template::entry_tests::ctx_for_tr_with_script_tree_stays_multisig ... ok
[INFO] [stdout] test parse::template::entry_tests::ctx_for_wpkh_is_singlesig ... ok
[INFO] [stdout] test parse::template::entry_tests::ctx_for_wsh_is_multisig ... ok
[INFO] [stdout] test parse::template::entry_tests::parse_template_multipath_last_still_builds_and_preserves_multipath ... ok
[INFO] [stdout] test parse::template::entry_tests::parse_template_singlepath_no_multipath_still_builds ... ok
[INFO] [stdout] test parse::template::entry_tests::parse_template_rejects_multipath_not_last_funds ... ok
[INFO] [stdout] test parse::template::lex_tests::at0_hardened_wildcard_h_form ... ok
[INFO] [stdout] test parse::template::lex_tests::lex_rejects_h_in_origin_residue ... ok
[INFO] [stdout] test parse::template::lex_tests::lex_accepts_multipath_last_no_residue ... ok
[INFO] [stdout] test format::text::tests::roundtrip_tr_and_v_hash160_hash_lock ... ok
[INFO] [stdout] test parse::template::entry_tests::ctx_for_bare_keypath_tr_is_singlesig ... ok
[INFO] [stdout] test parse::template::lex_tests::lex_accepts_nonhardened_multipath ... ok
[INFO] [stdout] test parse::template::entry_tests::bare_keypath_tr_accepts_depth3_bip86_xpub ... ok
[INFO] [stdout] test parse::template::lex_tests::at0_hardened_wildcard ... ok
[INFO] [stdout] test parse::template::lex_tests::lex_rejects_malformed_double_marker_multipath ... ok
[INFO] [stdout] test parse::template::lex_tests::multipath_arity_3 ... ok
[INFO] [stdout] test parse::template::lex_tests::lex_rejects_hardened_multipath_apostrophe ... ok
[INFO] [stdout] test parse::template::lex_tests::lex_rejects_hardened_multipath_h_form ... ok
[INFO] [stdout] test parse::template::lex_tests::lex_rejects_mixed_hardened_multipath ... ok
[INFO] [stdout] test parse::template::lex_tests::lex_rejects_post_multipath_normal_step ... ok
[INFO] [stdout] test parse::template::lex_tests::make_use_site_path_nonhardened_alts_are_normal ... ok
[INFO] [stdout] test parse::template::resolve_tests::rejects_at255_no_panic_at0_absent ... ok
[INFO] [stdout] test parse::template::resolve_tests::rejects_at255_no_silent_n0_at0_present ... ok
[INFO] [stdout] test parse::template::lex_tests::origin_path_extracted ... ok
[INFO] [stdout] test parse::template::lex_tests::multipath_arity_2 ... ok
[INFO] [stdout] test parse::template::lex_tests::rejects_template_with_no_placeholders ... ok
[INFO] [stdout] test parse::template::resolve_tests::accepts_at254_boundary ... ok
[INFO] [stdout] test parse::template::entry_tests::end_to_end_with_fingerprints ... ok
[INFO] [stdout] test parse::template::entry_tests::end_to_end_wsh_multi_template_only ... ok
[INFO] [stdout] test parse::template::lex_tests::lex_fused_hardened_body_with_suffix_hits_h13_first ... ok
[INFO] [stdout] test parse::template::resolve_tests::shared_use_site_path_when_all_match ... ok
[INFO] [stdout] test parse::template::lex_tests::multiple_at_i_collected ... ok
[INFO] [stdout] test parse::template::root_tests::build_multi_node_rejects_k_zero ... ok
[INFO] [stdout] test parse::template::root_tests::build_multi_node_rejects_k_above_thirty_two ... ok
[INFO] [stdout] test parse::template::resolve_tests::rejects_nondense_placeholders ... ok
[INFO] [stdout] test parse::template::resolve_tests::rejects_same_at_i_conflicting ... ok
[INFO] [stdout] test parse::template::lex_tests::single_at0_no_multipath ... ok
[INFO] [stdout] test parse::template::resolve_tests::divergent_use_site_path_when_at1_differs ... ok
[INFO] [stdout] test parse::template::root_tests::wpkh_root ... ok
[INFO] [stdout] test parse::template::tr_tests::tr_key_only ... ok
[INFO] [stdout] test parse::template::sub_tests::substitution_emits_consistent_keys_per_index ... ok
[INFO] [stdout] test parse::template::sub_tests::synthetic_xpub_goldens_are_stable ... ok
[INFO] [stdout] test parse::template::sub_tests::synthetic_for_0_and_1_differ ... ok
[INFO] [stdout] test parse::template::root_tests::pkh_root ... ok
[INFO] [stdout] test parse::template::root_tests::walk_rawpkh_wsh_check_emits_rawpkh_node ... ok
[INFO] [stdout] test parse::template::sub_tests::synthetic_for_0_is_stable ... ok
[INFO] [stdout] test parse::template::sub_tests::singlesig_synthetic_uses_depth_3 ... ok
[INFO] [stdout] test parse::template::tr_tests::pkh_key_leaf_bare_on_wire ... ok
[INFO] [stdout] test parse::template::tr_tests::tr_nums_flag_with_two_leaf_multi_branch ... ok
[INFO] [stdout] test parse::template::tr_tests::tr_with_and_or_ternary_emits_three_children ... ok
[INFO] [stdout] test parse::template::tr_tests::tr_tap_leaf_bare_pk_on_wire ... ok
[INFO] [stdout] test parse::template::tr_tests::tr_nums_flag_with_three_leaf_multi_branch ... ok
[INFO] [stdout] test parse::template::tr_tests::tr_multi_branch_with_complex_leaves ... ok
[INFO] [stdout] test parse::template::tr_tests::tr_multi_branch_three_leaf_right_unbalanced ... ok
[INFO] [stdout] test parse::template::tr_tests::tr_with_and_v_verify_older_inheritance ... ok
[INFO] [stdout] test parse::template::tr_tests::tr_with_after_absolute_timelock_emits_timelock_body ... ok
[INFO] [stdout] test parse::template::tr_tests::tr_multi_branch_two_leaf_balanced ... ok
[INFO] [stdout] test parse::template::tr_tests::tr_t_or_c_walker_emits_true_in_and_v_subtree ... ok
[INFO] [stdout] test parse::template::tr_tests::tr_with_nums_key_only_no_tree_emits_is_nums_with_none_tree ... ok
[INFO] [stdout] test parse::template::tr_tests::tr_with_one_leaf ... ok
[INFO] [stdout] test parse::template::tr_tests::tr_with_thresh_1_of_1_emits_variable_body ... ok
[INFO] [stdout] test parse::template::tr_tests::tr_with_or_d_recovery_pattern_walker_shape ... ok
[INFO] [stdout] test parse::template::tr_tests::tr_with_nums_internal_key_emits_is_nums_flag ... ok
[INFO] [stdout] test parse::template::tr_tests::tr_with_non_nums_literal_hex_rejected_with_clear_message ... ok
[INFO] [stdout] test parse::template::tr_tests::tr_multi_branch_four_leaf_balanced ... ok
[INFO] [stdout] test parse::template::tr_tests::tr_multi_branch_three_leaf_left_unbalanced ... ok
[INFO] [stdout] test parse::template::tr_tests::wsh_thresh_with_swap_wrapper_emits_children_one ... ok
[INFO] [stdout] test parse::template::wsh_tests::sh_wsh_multi_nested ... ok
[INFO] [stdout] test parse::template::tr_tests::tr_with_sha256_emits_hash256_body ... ok
[INFO] [stdout] test parse::template::wsh_tests::sh_wpkh_nested ... ok
[INFO] [stdout] test parse::template::wsh_tests::wsh_multi_2of2 ... ok
[INFO] [stdout] test parse::template::wsh_tests::wsh_sortedmulti_2of3 ... ok
[INFO] [stdout] test process_hardening::tests::set_non_dumpable_clears_dumpable_flag ... ok
[INFO] [stderr]      Running tests/cli_encode_advisory.rs (/opt/rustwide/target/release/deps/cli_encode_advisory-5201ce335b13f78b)
[INFO] [stdout] test cmd::gui_schema::tests::gui_schema_subcommand_is_hidden ... ok
[INFO] [stdout] test error::tests::display_bad_xpub ... ok
[INFO] [stdout] test format::json::descriptor_json_tests::wsh_multi_serializes ... ok
[INFO] [stdout] test parse::keys::fp_tests::accepts_8_hex_chars ... ok
[INFO] [stdout] test parse::template::lex_tests::lex_rejects_post_multipath_fixed_step ... ok
[INFO] [stdout] test parse::template::sub_tests::substitution_strips_at_i_suffix ... ok
[INFO] [stdout] 
[INFO] [stdout] test result: ok. 135 passed; 0 failed; 0 ignored; 0 measured; 0 filtered out; finished in 0.09s
[INFO] [stdout] 
[INFO] [stdout] 
[INFO] [stdout] running 5 tests
[INFO] [stdout] test sh_multi_text_emits_footgun_advisory ... ok
[INFO] [stdout] test sh_sortedmulti_json_emits_footgun_advisory ... ok
[INFO] [stdout] test sh_sortedmulti_text_emits_footgun_advisory ... ok
[INFO] [stdout] test advisory_does_not_perturb_stdout ... ok
[INFO] [stdout] test safe_forms_emit_no_footgun_advisory ... ok
[INFO] [stdout] 
[INFO] [stdout] test result: ok. 5 passed; 0 failed; 0 ignored; 0 measured; 0 filtered out; finished in 0.04s
[INFO] [stdout] 
[INFO] [stderr]      Running tests/cli_output_class.rs (/opt/rustwide/target/release/deps/cli_output_class-65909b68326ae415)
[INFO] [stdout] 
[INFO] [stdout] running 19 tests
[INFO] [stdout] test byte_parity_advisory_lines ... ok
[INFO] [stdout] test inspect_text_emits_template ... ok
[INFO] [stdout] test gui_schema_emits_no_advisory ... ok
[INFO] [stdout] test bytecode_text_emits_template ... ok
[INFO] [stdout] test verify_emits_no_advisory ... ok
[INFO] [stdout] test decode_json_emits_template_advisory ... ok
[INFO] [stdout] test address_json_emits_watch_only ... ok
[INFO] [stdout] test repair_error_path_emits_no_advisory ... ok
[INFO] [stdout] test encode_json_emits_template ... ok
[INFO] [stdout] test decode_text_emits_template_advisory ... ok
[INFO] [stdout] test encode_text_keyed_emits_watch_only ... ok
[INFO] [stdout] test repair_keyed_emits_watch_only ... ok
[INFO] [stdout] test repair_emits_template ... ok
[INFO] [stdout] test encode_json_keyed_emits_watch_only ... ok
[INFO] [stdout] test inspect_json_emits_template ... ok
[INFO] [stdout] test address_text_emits_watch_only ... ok
[INFO] [stdout] test encode_text_emits_template ... ok
[INFO] [stdout] test bytecode_json_emits_template ... ok
[INFO] [stdout] test vectors_emits_no_advisory ... ok
[INFO] [stdout] 
[INFO] [stdout] test result: ok. 19 passed; 0 failed; 0 ignored; 0 measured; 0 filtered out; finished in 0.09s
[INFO] [stdout] 
[INFO] [stderr]      Running tests/cli_pathless_encode_advisory.rs (/opt/rustwide/target/release/deps/cli_pathless_encode_advisory-ce07c7514479d84e)
[INFO] [stdout] 
[INFO] [stdout] running 7 tests
[INFO] [stdout] test advisory_does_not_perturb_card_bytes ... ok
[INFO] [stdout] test inline_per_at_n_origins_no_path_full_decodes_and_is_not_warned ... ok
[INFO] [stdout] test pathless_shape_without_path_emits_advisory ... ok
[INFO] [stdout] test pathless_shape_with_path_suppresses_advisory ... ok
[INFO] [stdout] test path_m_zero_components_on_dead_shape_still_warns ... ok
[INFO] [stdout] test canonical_shapes_never_emit_pathless_advisory_with_or_without_path ... ok
[INFO] [stdout] test pathless_shape_without_path_json_branch_also_emits_advisory ... ok
[INFO] [stderr]      Running tests/cli_repair.rs (/opt/rustwide/target/release/deps/cli_repair-1ff6d37ac6d8ca3e)
[INFO] [stdout] 
[INFO] [stdout] test result: ok. 7 passed; 0 failed; 0 ignored; 0 measured; 0 filtered out; finished in 0.06s
[INFO] [stdout] 
[INFO] [stdout] 
[INFO] [stdout] running 8 tests
[INFO] [stdout] test repair_help_epilog_has_no_stale_rejection_claim ... ok
[INFO] [stdout] test repair_single_chunk_happy_path ... ok
[INFO] [stdout] test repair_accepts_grouped_positional_chunk ... ok
[INFO] [stdout] test repair_json_multi_chunk_envelope_shape ... ok
[INFO] [stdout] test repair_multi_chunk_one_corrupted ... ok
[INFO] [stdout] test repair_multi_chunk_all_valid_passthrough ... ok
[INFO] [stdout] test repair_multi_chunk_atomic_failure_per_d28 ... ok
[INFO] [stdout] test repair_accepts_grouped_stdin_chunk ... ok
[INFO] [stdout] 
[INFO] [stdout] test result: ok. 8 passed; 0 failed; 0 ignored; 0 measured; 0 filtered out; finished in 0.02s
[INFO] [stdout] 
[INFO] [stderr]      Running tests/cli_repair_dead_card_strict.rs (/opt/rustwide/target/release/deps/cli_repair_dead_card_strict-b98727e4320f2304)
[INFO] [stdout] 
[INFO] [stdout] running 2 tests
[INFO] [stdout] test untouched_dead_card_is_unrepairable_exit_2 ... ok
[INFO] [stderr]      Running tests/cmd_address.rs (/opt/rustwide/target/release/deps/cmd_address-edf7c1e41180e0e8)
[INFO] [stdout] test correction_resolving_to_dead_card_is_pruned_exit_2_never_ok_or_5 ... ok
[INFO] [stdout] 
[INFO] [stdout] test result: ok. 2 passed; 0 failed; 0 ignored; 0 measured; 0 filtered out; finished in 0.01s
[INFO] [stdout] 
[INFO] [stdout] 
[INFO] [stdout] running 17 tests
[INFO] [stdout] test address_change_and_chain_together_rejected ... ok
[INFO] [stdout] test address_no_input_exits_2 ... ok
[INFO] [stdout] test address_testnet_wpkh_receive_0_via_secondary_path ... ok
[INFO] [stdout] test address_mainnet_wpkh_receive_0_and_1 ... ok
[INFO] [stdout] test address_template_without_key_exits_2_with_helpful_message ... ok
[INFO] [stdout] test address_chain_out_of_range_returns_1 ... ok
[INFO] [stdout] test address_mainnet_wpkh_first_change ... ok
[INFO] [stdout] test address_mainnet_wsh_multi_2of2_receive_0 ... ok
[INFO] [stdout] test address_accepts_grouped_phrase ... ok
[INFO] [stdout] test address_count_over_max_clap_rejects ... ok
[INFO] [stdout] test address_phrase_template_only_exits_2_with_wallet_policy_message ... ok
[INFO] [stdout] test address_template_mode_emits_bip84_receive_0 ... ok
[INFO] [stdout] test address_override_hardened_wildcard_card_refuses_loudly ... ok
[INFO] [stdout] test address_divergent_use_site_override_yields_correct_address ... ok
[INFO] [stdout] test address_hardened_wildcard_card_refuses_loudly ... ok
[INFO] [stdout] test address_phrase_mode_round_trips_through_encode ... ok
[INFO] [stdout] test address_count_max_succeeds ... ok
[INFO] [stdout] 
[INFO] [stdout] test result: ok. 17 passed; 0 failed; 0 ignored; 0 measured; 0 filtered out; finished in 0.17s
[INFO] [stdout] 
[INFO] [stderr]      Running tests/cmd_address_json.rs (/opt/rustwide/target/release/deps/cmd_address_json-57b78221cb2d4120)
[INFO] [stdout] 
[INFO] [stdout] running 4 tests
[INFO] [stdout] test snapshot_wpkh_mainnet_receive_0_to_2 ... ok
[INFO] [stdout] test snapshot_wpkh_testnet_receive_0 ... ok
[INFO] [stdout] test snapshot_wsh_2of2_mainnet_receive_0 ... ok
[INFO] [stdout] test snapshot_wpkh_mainnet_change_0 ... ok
[INFO] [stdout] 
[INFO] [stdout] test result: ok. 4 passed; 0 failed; 0 ignored; 0 measured; 0 filtered out; finished in 0.09s
[INFO] [stdout] 
[INFO] [stderr]      Running tests/cmd_bytecode.rs (/opt/rustwide/target/release/deps/cmd_bytecode-53bfece053ebf9ae)
[INFO] [stdout] 
[INFO] [stdout] running 3 tests
[INFO] [stdout] test bytecode_accepts_grouped_input ... ok
[INFO] [stdout] test bytecode_json_has_payload_fields ... ok
[INFO] [stdout] test bytecode_prints_hex_and_lengths ... ok
[INFO] [stdout] 
[INFO] [stdout] test result: ok. 3 passed; 0 failed; 0 ignored; 0 measured; 0 filtered out; finished in 0.05s
[INFO] [stdout] 
[INFO] [stderr]      Running tests/cmd_compile.rs (/opt/rustwide/target/release/deps/cmd_compile-245c2392be690587)
[INFO] [stdout] 
[INFO] [stdout] running 0 tests
[INFO] [stdout] 
[INFO] [stdout] test result: ok. 0 passed; 0 failed; 0 ignored; 0 measured; 0 filtered out; finished in 0.00s
[INFO] [stdout] 
[INFO] [stderr]      Running tests/cmd_decode.rs (/opt/rustwide/target/release/deps/cmd_decode-f0c820812a4141d0)
[INFO] [stdout] 
[INFO] [stdout] running 6 tests
[INFO] [stdout] test sh_wpkh_elided_round_trips_via_cli ... ok
[INFO] [stdout] test decode_accepts_grouped_input ... ok
[INFO] [stdout] test decode_round_trips_to_template ... ok
[INFO] [stdout] test decode_json_emits_schema_and_descriptor ... ok
[INFO] [stdout] test decode_reads_genuine_multi_chunk ... ok
[INFO] [stdout] test decode_reads_force_chunked_single_string ... ok
[INFO] [stdout] 
[INFO] [stdout] test result: ok. 6 passed; 0 failed; 0 ignored; 0 measured; 0 filtered out; finished in 0.02s
[INFO] [stdout] 
[INFO] [stdout] 
[INFO] [stderr]      Running tests/cmd_encode.rs (/opt/rustwide/target/release/deps/cmd_encode-5fbf3552e5ea596b)
[INFO] [stdout] running 14 tests
[INFO] [stdout] test encode_template_only_emits_a_phrase ... ok
[INFO] [stdout] test encode_force_long_code_hard_errors ... ok
[INFO] [stdout] test encode_default_groups_space_5 ... ok
[INFO] [stdout] test encode_json_has_schema_and_phrase ... ok
[INFO] [stdout] test encode_json_network_field_testnet ... ok
[INFO] [stdout] test encode_json_network_field_default_mainnet ... ok
[INFO] [stdout] test encode_rejects_tpub_under_default_mainnet ... ok
[INFO] [stdout] test encode_with_explicit_path_raw_template_differs_from_baseline ... ok
[INFO] [stdout] test encode_unbroken_group_size_0 ... ok
[INFO] [stdout] test encode_without_force_long_code_unchanged ... ok
[INFO] [stdout] test encode_separator_hyphen ... ok
[INFO] [stdout] test encode_with_policy_id_fingerprint_prints_two_lines ... ok
[INFO] [stdout] test encode_rejects_bad_separator ... ok
[INFO] [stdout] test md_encode_default_rejects_oversize ... ok
[INFO] [stderr]      Running tests/cmd_gen_man.rs (/opt/rustwide/target/release/deps/cmd_gen_man-0a5df987b50497b3)
[INFO] [stdout] 
[INFO] [stdout] test result: ok. 14 passed; 0 failed; 0 ignored; 0 measured; 0 filtered out; finished in 0.03s
[INFO] [stdout] 
[INFO] [stdout] 
[INFO] [stdout] running 4 tests
[INFO] [stdout] test gen_man_produces_nonempty_page_set ... ok
[INFO] [stdout] test gen_man_negative_canary_zero_help_pages ... ok
[INFO] [stdout] test gen_man_creates_missing_out_dir ... ok
[INFO] [stdout] test gen_man_root_page_has_th_header ... ok
[INFO] [stderr]      Running tests/cmd_gui_schema.rs (/opt/rustwide/target/release/deps/cmd_gui_schema-b7a55124249a77fb)
[INFO] [stdout] 
[INFO] [stdout] test result: ok. 4 passed; 0 failed; 0 ignored; 0 measured; 0 filtered out; finished in 0.06s
[INFO] [stdout] 
[INFO] [stdout] 
[INFO] [stdout] running 5 tests
[INFO] [stdout] test gui_schema_exits_zero_and_outputs_envelope ... ok
[INFO] [stdout] test decode_strings_positional_is_required_repeating ... ok
[INFO] [stdout] test encode_context_is_dropdown_tap_segwitv0 ... ok
[INFO] [stdout] test gui_schema_lists_all_documented_subcommands ... ok
[INFO] [stdout] test flag_kind_and_choices_invariants ... ok
[INFO] [stdout] 
[INFO] [stdout] test result: ok. 5 passed; 0 failed; 0 ignored; 0 measured; 0 filtered out; finished in 0.02s
[INFO] [stdout] 
[INFO] [stdout] 
[INFO] [stderr]      Running tests/cmd_inspect.rs (/opt/rustwide/target/release/deps/cmd_inspect-f77f0d5659a2cf58)
[INFO] [stdout] running 3 tests
[INFO] [stdout] test inspect_prints_all_fields ... ok
[INFO] [stdout] test inspect_json_has_schema_and_descriptor ... ok
[INFO] [stdout] test inspect_accepts_grouped_input ... ok
[INFO] [stdout] 
[INFO] [stdout] test result: ok. 3 passed; 0 failed; 0 ignored; 0 measured; 0 filtered out; finished in 0.02s
[INFO] [stdout] 
[INFO] [stderr]      Running tests/cmd_verify.rs (/opt/rustwide/target/release/deps/cmd_verify-0849007cf0806b79)
[INFO] [stdout] 
[INFO] [stdout] running 3 tests
[INFO] [stdout] test verify_mismatch_returns_1 ... ok
[INFO] [stdout] test verify_match_returns_0 ... ok
[INFO] [stderr]      Running tests/compile.rs (/opt/rustwide/target/release/deps/compile-8d3f146dbf2a2728)
[INFO] [stdout] test verify_accepts_grouped_input ... ok
[INFO] [stdout] 
[INFO] [stdout] test result: ok. 3 passed; 0 failed; 0 ignored; 0 measured; 0 filtered out; finished in 0.03s
[INFO] [stdout] 
[INFO] [stderr]      Running tests/exit_codes.rs (/opt/rustwide/target/release/deps/exit_codes-42c78fd7c02637af)
[INFO] [stdout] 
[INFO] [stdout] running 0 tests
[INFO] [stdout] 
[INFO] [stdout] test result: ok. 0 passed; 0 failed; 0 ignored; 0 measured; 0 filtered out; finished in 0.00s
[INFO] [stdout] 
[INFO] [stdout] 
[INFO] [stdout] running 4 tests
[INFO] [stdout] test encode_bad_template_returns_1 ... ok
[INFO] [stdout] test decode_bad_string_returns_1 ... ok
[INFO] [stdout] test unknown_subcommand_returns_2 ... ok
[INFO] [stderr]      Running tests/h13_hardened_multipath_reject.rs (/opt/rustwide/target/release/deps/h13_hardened_multipath_reject-e7a171aa772d82d8)
[INFO] [stdout] test no_args_returns_2 ... ok
[INFO] [stdout] 
[INFO] [stdout] test result: ok. 4 passed; 0 failed; 0 ignored; 0 measured; 0 filtered out; finished in 0.02s
[INFO] [stdout] 
[INFO] [stdout] 
[INFO] [stdout] running 5 tests
[INFO] [stdout] test encode_hardened_multipath_h_form_rejects ... ok
[INFO] [stdout] test encode_hardened_multipath_apostrophe_rejects ... ok
[INFO] [stdout] test encode_hardened_multipath_mixed_rejects ... ok
[INFO] [stdout] test encode_nonhardened_multipath_roundtrips ... ok
[INFO] [stdout] test encode_malformed_hardened_multipath_rejects ... ok
[INFO] [stderr]      Running tests/help_examples.rs (/opt/rustwide/target/release/deps/help_examples-bd98991a68d2b5cf)
[INFO] [stdout] 
[INFO] [stdout] test result: ok. 5 passed; 0 failed; 0 ignored; 0 measured; 0 filtered out; finished in 0.06s
[INFO] [stdout] 
[INFO] [stdout] 
[INFO] [stdout] running 2 tests
[INFO] [stdout] test decode_example_matches_actual_output ... ok
[INFO] [stderr]      Running tests/json_snapshots.rs (/opt/rustwide/target/release/deps/json_snapshots-32ee545abcd3b418)
[INFO] [stdout] test encode_example_matches_actual_output ... ok
[INFO] [stdout] 
[INFO] [stdout] test result: ok. 2 passed; 0 failed; 0 ignored; 0 measured; 0 filtered out; finished in 0.02s
[INFO] [stdout] 
[INFO] [stdout] 
[INFO] [stdout] running 2 tests
[INFO] [stdout] test inspect_json_snapshots ... ok
[INFO] [stdout] test decode_json_snapshots ... ok
[INFO] [stdout] 
[INFO] [stdout] test result: ok. 2 passed; 0 failed; 0 ignored; 0 measured; 0 filtered out; finished in 0.16s
[INFO] [stdout] 
[INFO] [stderr]      Running tests/m5_multipath_not_last_reject.rs (/opt/rustwide/target/release/deps/m5_multipath_not_last_reject-b83e55ed728cbb61)
[INFO] [stdout] 
[INFO] [stdout] running 4 tests
[INFO] [stdout] test encode_fused_hardened_body_with_suffix_hits_h13_first ... ok
[INFO] [stderr]      Running tests/partial_decode.rs (/opt/rustwide/target/release/deps/partial_decode-e82bc10005d79b89)
[INFO] [stdout] test encode_h_in_origin_residue_rejects ... ok
[INFO] [stdout] test encode_post_multipath_fixed_step_rejects ... ok
[INFO] [stdout] test encode_multipath_last_still_encodes ... ok
[INFO] [stdout] 
[INFO] [stdout] test result: ok. 4 passed; 0 failed; 0 ignored; 0 measured; 0 filtered out; finished in 0.01s
[INFO] [stdout] 
[INFO] [stdout] 
[INFO] [stdout] running 12 tests
[INFO] [stdout] test decode_chunked_of_one_dead_card_partial_renders_and_exits_4 ... ok
[INFO] [stdout] test decode_text_multi_chunk_dead_card_partial_renders_and_exits_4 ... ok
[INFO] [stdout] test inspect_multi_chunk_dead_card_partial_renders_and_exits_4 ... ok
[INFO] [stdout] test inspect_json_partial_omits_wallet_policy_id_key_for_every_dead_shape ... ok
[INFO] [stdout] test inspect_text_partial_omits_policy_id_lines_for_every_dead_shape ... ok
[INFO] [stdout] test inspect_text_canonical_shapes_keep_all_policy_id_lines_and_exit_0 ... ok
[INFO] [stdout] test decode_text_canonical_shapes_stay_exit_0_and_never_show_origin_marker ... ok
[INFO] [stdout] test inspect_json_canonical_shapes_keep_wallet_policy_id_and_no_partial_key ... ok
[INFO] [stdout] test decode_json_multi_chunk_dead_card_partial_has_reason ... ok
[INFO] [stdout] test decode_text_partial_renders_and_exits_4_for_every_dead_shape ... ok
[INFO] [stdout] test decode_json_partial_has_reason_and_nonempty_indices_for_every_dead_shape ... ok
[INFO] [stderr]      Running tests/scaffold.rs (/opt/rustwide/target/release/deps/scaffold-984b76afa85a0b53)
[INFO] [stdout] test decode_json_canonical_shapes_never_carry_partial_key ... ok
[INFO] [stdout] 
[INFO] [stdout] test result: ok. 12 passed; 0 failed; 0 ignored; 0 measured; 0 filtered out; finished in 0.11s
[INFO] [stdout] 
[INFO] [stdout] 
[INFO] [stdout] running 3 tests
[INFO] [stdout] test md_encode_help_runs ... ok
[INFO] [stdout] test md_help_runs ... ok
[INFO] [stderr]      Running tests/smoke.rs (/opt/rustwide/target/release/deps/smoke-20f1cafd380a8625)
[INFO] [stdout] test md_no_args_fails_with_usage_error ... ok
[INFO] [stdout] 
[INFO] [stdout] test result: ok. 3 passed; 0 failed; 0 ignored; 0 measured; 0 filtered out; finished in 0.01s
[INFO] [stdout] 
[INFO] [stdout] 
[INFO] [stdout] running 1 test
[INFO] [stdout] test encode_wpkh_default_phrase ... ok
[INFO] [stdout] 
[INFO] [stdout] test result: ok. 1 passed; 0 failed; 0 ignored; 0 measured; 0 filtered out; finished in 0.01s
[INFO] [stdout] 
[INFO] [stderr]      Running tests/template_roundtrip.rs (/opt/rustwide/target/release/deps/template_roundtrip-9ee7e06664b6f730)
[INFO] [stdout] 
[INFO] [stdout] running 8 tests
[INFO] [stdout] test tap_two_leaf_round_trips ... ok
[INFO] [stdout] test tap_three_leaf_unbalanced_round_trips ... ok
[INFO] [stdout] test wsh_pkh_shorthand_collapse_round_trips ... ok
[INFO] [stdout] test tap_four_leaf_balanced_round_trips ... ok
[INFO] [stdout] test tr_tap_leaf_bare_pk_round_trip ... ok
[INFO] [stdout] test reencode_round_trip_curated_shapes ... ok
[INFO] [stdout] test round_trip_each_manifest_entry ... ok
[INFO] [stdout] test reencode_round_trip_each_manifest_entry ... ok
[INFO] [stdout] 
[INFO] [stdout] test result: ok. 8 passed; 0 failed; 0 ignored; 0 measured; 0 filtered out; finished in 0.21s
[INFO] [stdout] 
[INFO] [stderr]      Running tests/v017_v1_encode_acceptance.rs (/opt/rustwide/target/release/deps/v017_v1_encode_acceptance-7849432a40bb3a19)
[INFO] [stdout] 
[INFO] [stdout] running 3 tests
[INFO] [stdout] test v017_v1_b_and_v_inheritance_pattern_encodes ... ok
[INFO] [stdout] test v018_v1_c_nums_internal_key_encodes_via_sentinel ... ok
[INFO] [stdout] test v017_v1_a_single_leaf_bare_pk_encodes ... ok
[INFO] [stdout] 
[INFO] [stderr]      Running tests/vector_corpus.rs (/opt/rustwide/target/release/deps/vector_corpus-e5a59f9af46c5a5b)
[INFO] [stdout] test result: ok. 3 passed; 0 failed; 0 ignored; 0 measured; 0 filtered out; finished in 0.02s
[INFO] [stdout] 
[INFO] [stdout] 
[INFO] [stdout] running 1 test
[INFO] [stderr] diff: /opt/rustwide/workdir/../md-codec/tests/vectors: No such file or directory
[INFO] [stdout] test vectors_output_matches_committed_corpus ... FAILED
[INFO] [stdout] 
[INFO] [stdout] failures:
[INFO] [stdout] 
[INFO] [stdout] ---- vectors_output_matches_committed_corpus stdout ----
[INFO] [stdout] 
[INFO] [stdout] thread 'vectors_output_matches_committed_corpus' (3434) panicked at tests/vector_corpus.rs:41:5:
[INFO] [stdout] vectors corpus drift detected
[INFO] [stdout] stack backtrace:
[INFO] [stdout]    0:     0x61ceb9027e71 - <<std[70759c8f55707aa4]::sys::backtrace::BacktraceLock>::print::DisplayBacktrace as core[df12db4294e9bfd3]::fmt::Display>::fmt
[INFO] [stdout]    1:     0x61ceb903ec0a - core[df12db4294e9bfd3]::fmt::write
[INFO] [stdout]    2:     0x61ceb902d9ec - <alloc[2182bb758b4b3781]::vec::Vec<u8> as core[df12db4294e9bfd3]::io::write::Write>::write_fmt
[INFO] [stdout]    3:     0x61ceb9002746 - std[70759c8f55707aa4]::panicking::default_hook::{closure#0}
[INFO] [stdout]    4:     0x61ceb901fd89 - std[70759c8f55707aa4]::panicking::default_hook
[INFO] [stdout]    5:     0x61ceb8face80 - test[9d35eded1c95d3be]::test_main_inner::<test[9d35eded1c95d3be]::test_main_static::{closure#0}>::{closure#0}
[INFO] [stdout]    6:     0x61ceb901ff42 - std[70759c8f55707aa4]::panicking::panic_with_hook
[INFO] [stdout]    7:     0x61ceb9002824 - std[70759c8f55707aa4]::panicking::panic_handler::{closure#0}
[INFO] [stdout]    8:     0x61ceb8ffb459 - std[70759c8f55707aa4]::sys::backtrace::__rust_end_short_backtrace::<std[70759c8f55707aa4]::panicking::panic_handler::{closure#0}, !>
[INFO] [stdout]    9:     0x61ceb90033ed - __rustc[8fa7c3cbc660c2b3]::rust_begin_unwind
[INFO] [stdout]   10:     0x61ceb903f3bc - core[df12db4294e9bfd3]::panicking::panic_fmt
[INFO] [stdout]   11:     0x61ceb8f9fe23 - <vector_corpus[a4de6e3af380ffa7]::vectors_output_matches_committed_corpus::{closure#0} as core[df12db4294e9bfd3]::ops::function::FnOnce<()>>::call_once
[INFO] [stdout]   12:     0x61ceb8fa016b - test[9d35eded1c95d3be]::__rust_begin_short_backtrace::<core[df12db4294e9bfd3]::result::Result<(), alloc[2182bb758b4b3781]::string::String>, fn() -> core[df12db4294e9bfd3]::result::Result<(), alloc[2182bb758b4b3781]::string::String>>
[INFO] [stdout]   13:     0x61ceb8fad7d5 - test[9d35eded1c95d3be]::run_test::{closure#0}
[INFO] [stdout]   14:     0x61ceb8fa7094 - std[70759c8f55707aa4]::sys::backtrace::__rust_begin_short_backtrace::<test[9d35eded1c95d3be]::run_test::{closure#1}, ()>
[INFO] [stdout]   15:     0x61ceb8fb0932 - <std[70759c8f55707aa4]::thread::lifecycle::spawn_unchecked<test[9d35eded1c95d3be]::run_test::{closure#1}, ()>::{closure#1} as core[df12db4294e9bfd3]::ops::function::FnOnce<()>>::call_once::{shim:vtable#0}
[INFO] [stdout]   16:     0x61ceb90276c9 - <std[70759c8f55707aa4]::sys::thread::unix::Thread>::new::thread_start
[INFO] [stdout]   17:     0x796ad2f46dfa - <unknown>
[INFO] [stdout]   18:     0x796ad2fda3d4 - clone
[INFO] [stdout]   19:                0x0 - <unknown>
[INFO] [stdout] 
[INFO] [stdout] 
[INFO] [stdout] failures:
[INFO] [stdout]     vectors_output_matches_committed_corpus
[INFO] [stdout] 
[INFO] [stdout] test result: FAILED. 0 passed; 1 failed; 0 ignored; 0 measured; 0 filtered out; finished in 0.03s
[INFO] [stdout] 
[INFO] [stderr] error: test failed, to rerun pass `--test vector_corpus`
[INFO] running `Command { std: "docker" "inspect" "34afb2f36cefdba5405d3be5e118694ef8bc160c8792bb34d8881fdcf6f9393d", kill_on_drop: false }`
[INFO] running `Command { std: "docker" "rm" "-f" "34afb2f36cefdba5405d3be5e118694ef8bc160c8792bb34d8881fdcf6f9393d", kill_on_drop: false }`
[INFO] [stdout] 34afb2f36cefdba5405d3be5e118694ef8bc160c8792bb34d8881fdcf6f9393d
