[INFO] fetching crate mctrust 0.4.3...
[INFO] testing mctrust-0.4.3 against 1.100.0-beta.1+cargoflags=--release for beta-release-1.100-2
[INFO] extracting crate mctrust 0.4.3 into /workspace/builds/worker-0-tc2/source
[INFO] started tweaking crates.io crate mctrust 0.4.3
[INFO] removed 0 missing examples
[INFO] removed 0 missing tests
[INFO] finished tweaking crates.io crate mctrust 0.4.3
[INFO] tweaked toml for crates.io crate mctrust 0.4.3 written to /workspace/builds/worker-0-tc2/source/Cargo.toml
[INFO] validating manifest of crates.io crate mctrust 0.4.3 on toolchain 1.100.0-beta.1
[INFO] running `Command { std: CARGO_HOME="/workspace/cargo-home" RUSTUP_HOME="/workspace/rustup-home" "/workspace/cargo-home/bin/cargo" "+1.100.0-beta.1" "metadata" "--manifest-path" "Cargo.toml" "--no-deps", kill_on_drop: false }`
[INFO] crate crates.io crate mctrust 0.4.3 already has a lockfile, it will not be regenerated
[INFO] running `Command { std: CARGO_HOME="/workspace/cargo-home" RUSTUP_HOME="/workspace/rustup-home" "/workspace/cargo-home/bin/cargo" "+1.100.0-beta.1" "fetch" "--manifest-path" "Cargo.toml", kill_on_drop: false }`
[INFO] running `Command { std: "docker" "create" "-v" "/var/lib/crater-agent-workspace/builds/worker-0-tc2/source:/opt/rustwide/workdir:ro,Z" "-v" "/var/lib/crater-agent-workspace/builds/worker-0-tc2/target:/opt/rustwide/target:rw,Z" "-v" "/var/lib/crater-agent-workspace/cargo-home:/opt/rustwide/cargo-home:ro,Z" "-v" "/var/lib/crater-agent-workspace/rustup-home:/opt/rustwide/rustup-home:ro,Z" "-m" "1610612736" "--network" "none" "ghcr.io/rust-lang/crates-build-env/linux@sha256:77db811e55d90add9212f6832c23229e3de5f1c1f9905e8cb07319ea15df73ac" "sleep" "infinity", kill_on_drop: false }`
[INFO] [stdout] 5b389994c171a760afc4867fdc96f5e9c632e2bc20ee59313df8befe7416fb00
[INFO] running `Command { std: "docker" "start" "5b389994c171a760afc4867fdc96f5e9c632e2bc20ee59313df8befe7416fb00", kill_on_drop: false }`
[INFO] running `Command { std: "docker" "inspect" "5b389994c171a760afc4867fdc96f5e9c632e2bc20ee59313df8befe7416fb00", kill_on_drop: false }`
[INFO] running `Command { std: "docker" "exec" "-e" "SOURCE_DIR=/opt/rustwide/workdir" "-e" "CARGO_HOME=/opt/rustwide/cargo-home" "-e" "RUSTUP_HOME=/opt/rustwide/rustup-home" "-e" "CARGO_TARGET_DIR=/opt/rustwide/target" "-w" "/opt/rustwide/workdir" "--user" "0:0" "5b389994c171a760afc4867fdc96f5e9c632e2bc20ee59313df8befe7416fb00" "/opt/rustwide/cargo-home/bin/cargo" "+1.100.0-beta.1" "metadata" "--no-deps" "--format-version=1", kill_on_drop: false }`
[INFO] running `Command { std: "docker" "inspect" "5b389994c171a760afc4867fdc96f5e9c632e2bc20ee59313df8befe7416fb00", kill_on_drop: false }`
[INFO] running `Command { std: "docker" "exec" "-e" "SOURCE_DIR=/opt/rustwide/workdir" "-e" "CARGO_HOME=/opt/rustwide/cargo-home" "-e" "RUSTUP_HOME=/opt/rustwide/rustup-home" "-e" "CARGO_TARGET_DIR=/opt/rustwide/target" "-e" "CARGO_INCREMENTAL=0" "-e" "RUST_BACKTRACE=full" "-e" "RUSTFLAGS=--cap-lints=warn" "-e" "RUSTDOCFLAGS=--cap-lints=warn" "-w" "/opt/rustwide/workdir" "--user" "0:0" "5b389994c171a760afc4867fdc96f5e9c632e2bc20ee59313df8befe7416fb00" "/opt/rustwide/cargo-home/bin/cargo" "+1.100.0-beta.1" "build" "--frozen" "--message-format=json" "--release", kill_on_drop: false }`
[INFO] [stderr]    Compiling quote v1.0.46
[INFO] [stderr]    Compiling crossbeam-utils v0.8.22
[INFO] [stderr]    Compiling crossbeam-epoch v0.9.20
[INFO] [stderr]    Compiling zerocopy v0.8.54
[INFO] [stderr]    Compiling crossbeam-deque v0.8.7
[INFO] [stderr]    Compiling rand_core v0.10.1
[INFO] [stderr]    Compiling libc v0.2.186
[INFO] [stderr]    Compiling hashbrown v0.17.0
[INFO] [stderr]    Compiling getrandom v0.4.3
[INFO] [stderr]    Compiling rayon-core v1.13.0
[INFO] [stderr]    Compiling cpufeatures v0.3.0
[INFO] [stderr]    Compiling toml_write v0.1.2
[INFO] [stderr]    Compiling winnow v0.7.15
[INFO] [stderr]    Compiling chacha20 v0.10.1
[INFO] [stderr]    Compiling either v1.16.0
[INFO] [stderr]    Compiling syn v2.0.118
[INFO] [stderr]    Compiling rustc-hash v2.1.2
[INFO] [stderr]    Compiling indexmap v2.14.0
[INFO] [stderr]    Compiling rand v0.10.1
[INFO] [stderr]    Compiling rayon v1.10.0
[INFO] [stderr]    Compiling serde_derive v1.0.228
[INFO] [stderr]    Compiling thiserror-impl v2.0.18
[INFO] [stderr]    Compiling thiserror v2.0.18
[INFO] [stderr]    Compiling serde v1.0.228
[INFO] [stderr]    Compiling ppv-lite86 v0.2.21
[INFO] [stderr]    Compiling serde_spanned v0.6.9
[INFO] [stderr]    Compiling toml_datetime v0.6.11
[INFO] [stderr]    Compiling toml_edit v0.22.27
[INFO] [stderr]    Compiling rand_chacha v0.10.0
[INFO] [stderr]    Compiling toml v0.8.23
[INFO] [stderr]    Compiling mctrust v0.4.3 (/opt/rustwide/workdir)
[INFO] [stderr] warning: unused dependency `rustc-hash`
[INFO] [stderr]   --> Cargo.toml:22:15
[INFO] [stderr]    |
[INFO] [stderr] 22 | [dependencies.rustc-hash]
[INFO] [stderr]    |               ^^^^^^^^^^^
[INFO] [stderr]    |
[INFO] [stderr]    = note: `cargo::unused_dependencies` is set to `warn` by default
[INFO] [stderr] help: consider removing the dependency on `rustc-hash`
[INFO] [stderr] warning: unused dependency `thiserror`
[INFO] [stderr]   --> Cargo.toml:30:15
[INFO] [stderr]    |
[INFO] [stderr] 30 | [dependencies.thiserror]
[INFO] [stderr]    |               ^^^^^^^^^^
[INFO] [stderr]    |
[INFO] [stderr] help: consider removing the dependency on `thiserror`
[INFO] [stderr] warning: `mctrust` (manifest) generated 2 warnings
[INFO] [stderr]     Finished `release` profile [optimized] target(s) in 48.27s
[INFO] running `Command { std: "docker" "inspect" "5b389994c171a760afc4867fdc96f5e9c632e2bc20ee59313df8befe7416fb00", kill_on_drop: false }`
[INFO] running `Command { std: "docker" "exec" "-e" "SOURCE_DIR=/opt/rustwide/workdir" "-e" "CARGO_HOME=/opt/rustwide/cargo-home" "-e" "RUSTUP_HOME=/opt/rustwide/rustup-home" "-e" "CARGO_TARGET_DIR=/opt/rustwide/target" "-e" "CARGO_INCREMENTAL=0" "-e" "RUST_BACKTRACE=full" "-e" "RUSTFLAGS=--cap-lints=warn" "-e" "RUSTDOCFLAGS=--cap-lints=warn" "-w" "/opt/rustwide/workdir" "--user" "0:0" "5b389994c171a760afc4867fdc96f5e9c632e2bc20ee59313df8befe7416fb00" "/opt/rustwide/cargo-home/bin/cargo" "+1.100.0-beta.1" "test" "--frozen" "--no-run" "--message-format=json" "--release", kill_on_drop: false }`
[INFO] [stderr]    Compiling getrandom v0.3.4
[INFO] [stderr]    Compiling getrandom v0.4.3
[INFO] [stderr]    Compiling rustix v1.1.4
[INFO] [stderr]    Compiling linux-raw-sys v0.12.1
[INFO] [stderr]    Compiling bitflags v2.13.0
[INFO] [stderr]    Compiling num-traits v0.2.19
[INFO] [stderr]    Compiling once_cell v1.21.4
[INFO] [stderr]    Compiling zmij v1.0.23
[INFO] [stderr]    Compiling wait-timeout v0.2.1
[INFO] [stderr]    Compiling quick-error v1.2.3
[INFO] [stderr]    Compiling rand v0.10.1
[INFO] [stderr]    Compiling rand_core v0.9.5
[INFO] [stderr]    Compiling unarray v0.1.4
[INFO] [stderr]    Compiling regex-syntax v0.8.11
[INFO] [stderr]    Compiling memchr v2.8.3
[INFO] [stderr]    Compiling faultkit v0.1.0
[INFO] [stderr]    Compiling rand v0.9.5
[INFO] [stderr]    Compiling rand_xorshift v0.4.0
[INFO] [stderr]    Compiling rand_chacha v0.9.0
[INFO] [stderr]    Compiling mctrust v0.4.3 (/opt/rustwide/workdir)
[INFO] [stderr]    Compiling serde_json v1.0.149
[INFO] [stderr]    Compiling tempfile v3.27.0
[INFO] [stderr]    Compiling rusty-fork v0.3.1
[INFO] [stderr]    Compiling proptest v1.9.0
[INFO] [stderr] warning: unused dependency `rustc-hash`
[INFO] [stderr]   --> Cargo.toml:22:15
[INFO] [stderr]    |
[INFO] [stderr] 22 | [dependencies.rustc-hash]
[INFO] [stderr]    |               ^^^^^^^^^^^
[INFO] [stderr]    |
[INFO] [stderr]    = note: `cargo::unused_dependencies` is set to `warn` by default
[INFO] [stderr] help: consider removing the dependency on `rustc-hash`
[INFO] [stderr] warning: unused dependency `thiserror`
[INFO] [stderr]   --> Cargo.toml:30:15
[INFO] [stderr]    |
[INFO] [stderr] 30 | [dependencies.thiserror]
[INFO] [stderr]    |               ^^^^^^^^^^
[INFO] [stderr]    |
[INFO] [stderr] help: consider removing the dependency on `thiserror`
[INFO] [stderr] warning: `mctrust` (manifest) generated 2 warnings
[INFO] [stderr]     Finished `release` profile [optimized] target(s) in 1m 22s
[INFO] running `Command { std: "docker" "inspect" "5b389994c171a760afc4867fdc96f5e9c632e2bc20ee59313df8befe7416fb00", kill_on_drop: false }`
[INFO] running `Command { std: "docker" "exec" "-e" "SOURCE_DIR=/opt/rustwide/workdir" "-e" "CARGO_HOME=/opt/rustwide/cargo-home" "-e" "RUSTUP_HOME=/opt/rustwide/rustup-home" "-e" "CARGO_TARGET_DIR=/opt/rustwide/target" "-e" "CARGO_INCREMENTAL=0" "-e" "RUST_BACKTRACE=full" "-e" "RUSTFLAGS=--cap-lints=warn" "-e" "RUSTDOCFLAGS=--cap-lints=warn" "-w" "/opt/rustwide/workdir" "--user" "0:0" "5b389994c171a760afc4867fdc96f5e9c632e2bc20ee59313df8befe7416fb00" "/opt/rustwide/cargo-home/bin/cargo" "+1.100.0-beta.1" "test" "--frozen" "--release", kill_on_drop: false }`
[INFO] [stderr] warning: unused dependency `rustc-hash`
[INFO] [stderr]   --> Cargo.toml:22:15
[INFO] [stderr]    |
[INFO] [stderr] 22 | [dependencies.rustc-hash]
[INFO] [stderr]    |               ^^^^^^^^^^^
[INFO] [stderr]    |
[INFO] [stderr]    = note: `cargo::unused_dependencies` is set to `warn` by default
[INFO] [stderr] help: consider removing the dependency on `rustc-hash`
[INFO] [stderr] warning: unused dependency `thiserror`
[INFO] [stderr]   --> Cargo.toml:30:15
[INFO] [stderr]    |
[INFO] [stderr] 30 | [dependencies.thiserror]
[INFO] [stderr]    |               ^^^^^^^^^^
[INFO] [stderr]    |
[INFO] [stderr] help: consider removing the dependency on `thiserror`
[INFO] [stderr] warning: `mctrust` (manifest) generated 2 warnings
[INFO] [stderr]     Finished `release` profile [optimized] target(s) in 0.18s
[INFO] [stderr]      Running unittests src/lib.rs (/opt/rustwide/target/release/build/mctrust/e9463bef6c591727/out/mctrust-e9463bef6c591727)
[INFO] [stdout] 
[INFO] [stdout] running 142 tests
[INFO] [stdout] test adversarial_tests::bandit_add_many_arms_single_group ... ok
[INFO] [stdout] test adversarial_tests::bandit_add_arm_with_u64_max_arm_id ... ok
[INFO] [stdout] test adversarial_tests::bandit_checkpoint_with_observations ... ok
[INFO] [stdout] test adversarial_tests::bandit_checkpoint_empty ... ok
[INFO] [stdout] test adversarial_tests::bandit_exploration_constant_infinity ... ok
[INFO] [stdout] test adversarial_tests::bandit_exploration_constant_nan ... ok
[INFO] [stdout] test adversarial_tests::bandit_exploration_constant_negative ... ok
[INFO] [stdout] test adversarial_tests::bandit_exploration_constant_zero ... ok
[INFO] [stdout] test adversarial_tests::bandit_group_bias_infinity ... ok
[INFO] [stdout] test adversarial_tests::bandit_add_duplicate_arm ... ok
[INFO] [stdout] test adversarial_tests::bandit_add_many_groups ... ok
[INFO] [stdout] test adversarial_tests::bandit_group_stats_with_zero_arms ... ok
[INFO] [stdout] test adversarial_tests::bandit_many_visits_u32_boundary ... ok
[INFO] [stdout] test adversarial_tests::bandit_add_arm_with_u32_max_group ... ok
[INFO] [stdout] test adversarial_tests::bandit_group_bias_nan ... ok
[INFO] [stdout] test adversarial_tests::bandit_mixed_rewards_positive_and_negative ... ok
[INFO] [stdout] test adversarial_tests::bandit_next_arms_max ... ok
[INFO] [stdout] test adversarial_tests::bandit_observe_infinity_reward - should panic ... FAILED
[INFO] [stdout] test adversarial_tests::bandit_observe_nan_reward - should panic ... FAILED
[INFO] [stdout] test adversarial_tests::bandit_next_arms_zero ... ok
[INFO] [stdout] test adversarial_tests::bandit_observe_before_next_arm ... ok
[INFO] [stdout] test adversarial_tests::bandit_observe_very_large_reward ... ok
[INFO] [stdout] test adversarial_tests::bandit_max_pulls_of_one ... ok
[INFO] [stdout] test adversarial_tests::bandit_max_pulls_u64_max ... ok
[INFO] [stdout] test adversarial_tests::bandit_observe_negative_infinity_reward - should panic ... FAILED
[INFO] [stdout] test adversarial_tests::bandit_observe_very_small_reward ... ok
[INFO] [stdout] test adversarial_tests::bandit_rave_bias_zero ... ok
[INFO] [stdout] test adversarial_tests::bandit_total_pulls_with_zero_arms ... ok
[INFO] [stdout] test adversarial_tests::bandit_observe_negative_reward ... ok
[INFO] [stdout] test adversarial_tests::bandit_observe_nonexistent_arm - should panic ... FAILED
[INFO] [stdout] test adversarial_tests::bandit_rave_bias_infinity ... ok
[INFO] [stdout] test adversarial_tests::bandit_set_bias_for_nonexistent_group ... ok
[INFO] [stdout] test adversarial_tests::bandit_single_arm_with_observe ... ok
[INFO] [stdout] test adversarial_tests::test_node_uct_score_huge_visits ... ok
[INFO] [stdout] test adversarial_tests::test_node_uct_score_negative_exploration ... ok
[INFO] [stdout] test adversarial_tests::bandit_concurrent_observe_calls ... ok
[INFO] [stdout] test adversarial_tests::bandit_with_single_arm ... ok
[INFO] [stdout] test adversarial_tests::bandit_with_zero_arms ... ok
[INFO] [stdout] test adversarial_tests::test_reward_arithmetic_nan ... ok
[INFO] [stdout] test adversarial_tests::test_reward_from_nan ... ok
[INFO] [stdout] test adversarial_tests::test_tree_search_empty_actions ... ok
[INFO] [stdout] test adversarial_tests::test_tree_search_evaluator_panic_handling ... ok
[INFO] [stdout] test adversarial_tests::test_node_uct_score_zero_visits ... ok
[INFO] [stdout] test adversarial_tests::test_reward_value_infinity ... ok
[INFO] [stdout] test adversarial_tests::test_tree_search_advance_action_unexpanded ... ok
[INFO] [stdout] test adversarial_tests::test_tree_search_max_nodes_zero ... ok
[INFO] [stdout] test adversarial_tests::test_tree_search_time_budget_zero ... ok
[INFO] [stdout] test bandit::node::tests::rave_blending_is_active_with_default_bias ... ok
[INFO] [stdout] test bandit::tests::bandit_checkpoint_roundtrip ... ok
[INFO] [stdout] test bandit::tests::bandit_empty_returns_none ... ok
[INFO] [stdout] test adversarial_tests::test_tree_search_with_nan_heuristic ... ok
[INFO] [stdout] test bandit::tests::bandit_group_bias ... ok
[INFO] [stdout] test bandit::tests::bandit_basic_flow ... ok
[INFO] [stdout] test bandit::tests::bandit_group_stats_correct ... ok
[INFO] [stdout] test adversarial_tests::test_tree_search_extreme_iterations ... ok
[INFO] [stdout] test bandit::tests::bandit_observe_with_signals_scalarizes ... ok
[INFO] [stdout] test bandit::tests::bandit_seeded_determinism ... ok
[INFO] [stdout] test bandit::tests::bandit_rave_propagates ... ok
[INFO] [stdout] test bandit::tests::bandit_prevents_duplicate_arms ... ok
[INFO] [stdout] test bandit::tests::bandit_reweight_signals_updates_online ... ok
[INFO] [stdout] test bandit::tests::bandit_respects_budget ... ok
[INFO] [stdout] test bandit::tests::bandit_many_groups ... ok
[INFO] [stdout] test bandit::tests::bandit_next_arms_collects_multiple ... ok
[INFO] [stdout] test bandit::tests::bandit_total_pulls ... ok
[INFO] [stdout] test bandit::tests::bandit_zero_max_pulls_disables_limit ... ok
[INFO] [stdout] test bandit::tests::observe_visits_saturate_at_u32_max ... ok
[INFO] [stdout] test bandit::tests::test_next_arms_returns_correct_count ... ok
[INFO] [stdout] test config::tests::default_config_values ... ok
[INFO] [stdout] test config::tests::parse_from_toml ... ok
[INFO] [stdout] test config::tests::builder_time_budget ... ok
[INFO] [stdout] test bandit::tests::test_observe_multi_uses_max ... ok
[INFO] [stdout] test config::tests::parse_from_toml_file_error ... ok
[INFO] [stdout] test config::tests::parse_bad_toml_reports_error ... ok
[INFO] [stdout] test config::tests::builder_overrides ... ok
[INFO] [stdout] test config::tests::parse_toml_with_all_sections ... ok
[INFO] [stdout] test config::tests::progressive_widening_roundtrip ... ok
[INFO] [stdout] test bandit::tests::test_observe_multi_handles_non_finite_and_empty_signals ... ok
[INFO] [stdout] test config::tests::tree_policy_default_is_uct ... ok
[INFO] [stdout] test environment::tests::format_terminal_states ... ok
[INFO] [stdout] test config::tests::sanitize_returns_warnings ... ok
[INFO] [stdout] test config::tests::tree_policy_puct_is_round_trip_toml ... ok
[INFO] [stdout] test environment::tests::heuristic_default_and_constructor ... ok
[INFO] [stdout] test config::tests::sanitize_valid_config_returns_empty ... ok
[INFO] [stdout] test game_search::tests::advance_to_action_preserves_subtree ... ok
[INFO] [stdout] test game_search::tests::advance_to_unknown_action_returns_false ... ok
[INFO] [stdout] test game_search::tests::dag_enable_disable_lifecycle ... ok
[INFO] [stdout] test game_search::tests::advance_updates_root_env ... ok
[INFO] [stdout] test game_search::tests::best_root_reward_none_before_search ... ok
[INFO] [stdout] test game_search::tests::best_root_reward_some_after_search ... ok
[INFO] [stdout] test game_search::tests::export_dot_produces_valid_dot ... ok
[INFO] [stdout] test game_search::tests::finds_correct_direction ... ok
[INFO] [stdout] test game_search::tests::checkpoint_roundtrip ... ok
[INFO] [stdout] test game_search::tests::dag_transposition_reduces_tree_size ... ok
[INFO] [stdout] test environment::tests::outcome_terminal_detection ... ok
[INFO] [stdout] test game_search::tests::evaluator_replaces_rollout ... ok
[INFO] [stdout] test game_search::tests::finds_negative_direction ... ok
[INFO] [stdout] test game_search::tests::checkpoint_restores_progress ... ok
[INFO] [stdout] test game_search::tests::deterministic_with_same_seed ... ok
[INFO] [stdout] test game_search::tests::gumbel_policy_total_simulations_correct ... ok
[INFO] [stdout] test game_search::tests::parallel_with_single_thread_matches_serial ... ok
[INFO] [stdout] test game_search::tests::parallel_search_negative_direction ... ok
[INFO] [stdout] test game_search::tests::principal_variation_states_starts_with_root ... ok
[INFO] [stdout] test game_search::tests::max_nodes_limits_tree_growth ... ok
[INFO] [stdout] test game_search::tests::parallel_search_finds_correct_direction ... ok
[INFO] [stdout] test game_search::tests::puct_policy_uses_priors ... ok
[INFO] [stdout] test game_search::tests::no_actions_returns_none ... ok
[INFO] [stdout] test game_search::tests::rave_amaf_credits_off_path_action_recurrences ... ok
[INFO] [stdout] test game_search::tests::run_parallel_respects_max_nodes ... ok
[INFO] [stdout] test game_search::tests::run_step_increments_simulations ... ok
[INFO] [stdout] test game_search::tests::gumbel_policy_finds_correct_direction ... ok
[INFO] [stdout] test game_search::tests::principal_variation_empty_before_search ... ok
[INFO] [stdout] test game_search::tests::run_until_stops_on_predicate ... ok
[INFO] [stdout] test game_search::tests::root_stats_populated ... ok
[INFO] [stdout] test game_search::tests::run_with_huge_time_budget_does_not_panic ... ok
[INFO] [stdout] test game_search::tests::total_simulations_matches_iterations ... ok
[INFO] [stdout] test game_search::tests::tree_grows_with_iterations ... ok
[INFO] [stdout] test game_search::tests::uses_progressive_widening_limit ... ok
[INFO] [stdout] test game_search::tests::uses_uct_rave_toggle ... ok
[INFO] [stdout] test node::tests::child_has_parent_and_action ... ok
[INFO] [stdout] test node::tests::empty_unexpanded_is_fully_expanded ... ok
[INFO] [stdout] test node::tests::rave_visits_saturate_at_u32_max ... ok
[INFO] [stdout] test node::tests::root_has_no_parent ... ok
[INFO] [stdout] test node::tests::uct_finite_for_visited ... ok
[INFO] [stdout] test node::tests::applies_updates ... ok
[INFO] [stdout] test node::tests::uct_visits_saturate_at_u32_max ... ok
[INFO] [stdout] test node::tests::uct_with_rave_favors_positive_blend ... ok
[INFO] [stdout] test node::tests::uct_with_rave_finite_when_parent_unvisited ... ok
[INFO] [stdout] test game_search::tests::thompson_policy_runs ... ok
[INFO] [stdout] test node::tests::unexpanded_node_not_fully_expanded ... ok
[INFO] [stdout] test node_id_tests::node_id_from_len_accepts_representable_lengths ... ok
[INFO] [stdout] test node_id_tests::node_id_from_len_rejects_overflow ... ok
[INFO] [stdout] test reward::tests::reward_add_assign ... ok
[INFO] [stdout] test reward::tests::reward_arithmetic ... ok
[INFO] [stdout] test node::tests::uct_infinity_for_unvisited ... ok
[INFO] [stdout] test reward::tests::reward_constants ... ok
[INFO] [stdout] test reward::tests::reward_default ... ok
[INFO] [stdout] test reward::tests::reward_from_f64 ... ok
[INFO] [stdout] test game_search::tests::time_budget_stops_early ... ok
[INFO] [stdout] test game_search::tests::run_step_accumulates_to_correct_result ... ok
[INFO] [stdout] test game_search::tests::principal_variation_nonempty_after_search ... ok
[INFO] [stdout] test game_search::tests::run_parallel_uses_pluggable_evaluator ... ok
[INFO] [stdout] test adversarial_tests::test_tree_search_huge_depth ... ok
[INFO] [stdout] 
[INFO] [stdout] failures:
[INFO] [stdout] 
[INFO] [stdout] ---- adversarial_tests::bandit_observe_infinity_reward stdout ----
[INFO] [stdout] note: test did not panic as expected at src/adversarial_tests.rs:228:4
[INFO] [stdout] ---- adversarial_tests::bandit_observe_nan_reward stdout ----
[INFO] [stdout] note: test did not panic as expected at src/adversarial_tests.rs:219:4
[INFO] [stdout] ---- adversarial_tests::bandit_observe_negative_infinity_reward stdout ----
[INFO] [stdout] note: test did not panic as expected at src/adversarial_tests.rs:237:4
[INFO] [stdout] ---- adversarial_tests::bandit_observe_nonexistent_arm stdout ----
[INFO] [stdout] note: test did not panic as expected at src/adversarial_tests.rs:569:4
[INFO] [stdout] 
[INFO] [stdout] failures:
[INFO] [stdout]     adversarial_tests::bandit_observe_infinity_reward
[INFO] [stdout]     adversarial_tests::bandit_observe_nan_reward
[INFO] [stdout]     adversarial_tests::bandit_observe_negative_infinity_reward
[INFO] [stdout]     adversarial_tests::bandit_observe_nonexistent_arm
[INFO] [stdout] 
[INFO] [stdout] test result: FAILED. 138 passed; 4 failed; 0 ignored; 0 measured; 0 filtered out; finished in 0.38s
[INFO] [stdout] 
[INFO] [stderr] error: test failed, to rerun pass `--lib`
[INFO] running `Command { std: "docker" "inspect" "5b389994c171a760afc4867fdc96f5e9c632e2bc20ee59313df8befe7416fb00", kill_on_drop: false }`
[INFO] running `Command { std: "docker" "rm" "-f" "5b389994c171a760afc4867fdc96f5e9c632e2bc20ee59313df8befe7416fb00", kill_on_drop: false }`
[INFO] [stdout] 5b389994c171a760afc4867fdc96f5e9c632e2bc20ee59313df8befe7416fb00
