[INFO] fetching crate mcpsmith 0.3.0...
[INFO] testing mcpsmith-0.3.0 against 1.99.0-beta.8+cargoflags=--release for beta-release-1.100-2
[INFO] extracting crate mcpsmith 0.3.0 into /workspace/builds/worker-3-tc1/source
[INFO] started tweaking crates.io crate mcpsmith 0.3.0
[INFO] removed 0 missing tests
[INFO] finished tweaking crates.io crate mcpsmith 0.3.0
[INFO] tweaked toml for crates.io crate mcpsmith 0.3.0 written to /workspace/builds/worker-3-tc1/source/Cargo.toml
[INFO] validating manifest of crates.io crate mcpsmith 0.3.0 on toolchain 1.99.0-beta.8
[INFO] running `Command { std: CARGO_HOME="/workspace/cargo-home" RUSTUP_HOME="/workspace/rustup-home" "/workspace/cargo-home/bin/cargo" "+1.99.0-beta.8" "metadata" "--manifest-path" "Cargo.toml" "--no-deps", kill_on_drop: false }`
[INFO] crate crates.io crate mcpsmith 0.3.0 already has a lockfile, it will not be regenerated
[INFO] running `Command { std: CARGO_HOME="/workspace/cargo-home" RUSTUP_HOME="/workspace/rustup-home" "/workspace/cargo-home/bin/cargo" "+1.99.0-beta.8" "fetch" "--manifest-path" "Cargo.toml", kill_on_drop: false }`
[INFO] [stderr]     Updating crates.io index
[INFO] [stderr]  Downloading crates ...
[INFO] [stderr]   Downloaded mcpsmith-core v0.3.0
[INFO] running `Command { std: "docker" "create" "-v" "/var/lib/crater-agent-workspace/builds/worker-3-tc1/source:/opt/rustwide/workdir:ro,Z" "-v" "/var/lib/crater-agent-workspace/builds/worker-3-tc1/target:/opt/rustwide/target:rw,Z" "-v" "/var/lib/crater-agent-workspace/cargo-home:/opt/rustwide/cargo-home:ro,Z" "-v" "/var/lib/crater-agent-workspace/rustup-home:/opt/rustwide/rustup-home:ro,Z" "-m" "1610612736" "--network" "none" "ghcr.io/rust-lang/crates-build-env/linux@sha256:77db811e55d90add9212f6832c23229e3de5f1c1f9905e8cb07319ea15df73ac" "sleep" "infinity", kill_on_drop: false }`
[INFO] [stdout] 023af3757d41ce980a2e5fc1bdbb2434e031bd8e146ba31ef877069304a8a9e4
[INFO] running `Command { std: "docker" "start" "023af3757d41ce980a2e5fc1bdbb2434e031bd8e146ba31ef877069304a8a9e4", kill_on_drop: false }`
[INFO] running `Command { std: "docker" "inspect" "023af3757d41ce980a2e5fc1bdbb2434e031bd8e146ba31ef877069304a8a9e4", kill_on_drop: false }`
[INFO] running `Command { std: "docker" "exec" "-e" "SOURCE_DIR=/opt/rustwide/workdir" "-e" "CARGO_HOME=/opt/rustwide/cargo-home" "-e" "RUSTUP_HOME=/opt/rustwide/rustup-home" "-e" "CARGO_TARGET_DIR=/opt/rustwide/target" "-w" "/opt/rustwide/workdir" "--user" "0:0" "023af3757d41ce980a2e5fc1bdbb2434e031bd8e146ba31ef877069304a8a9e4" "/opt/rustwide/cargo-home/bin/cargo" "+1.99.0-beta.8" "metadata" "--no-deps" "--format-version=1", kill_on_drop: false }`
[INFO] running `Command { std: "docker" "inspect" "023af3757d41ce980a2e5fc1bdbb2434e031bd8e146ba31ef877069304a8a9e4", kill_on_drop: false }`
[INFO] running `Command { std: "docker" "exec" "-e" "SOURCE_DIR=/opt/rustwide/workdir" "-e" "CARGO_HOME=/opt/rustwide/cargo-home" "-e" "RUSTUP_HOME=/opt/rustwide/rustup-home" "-e" "CARGO_TARGET_DIR=/opt/rustwide/target" "-e" "CARGO_INCREMENTAL=0" "-e" "RUST_BACKTRACE=full" "-e" "RUSTFLAGS=--cap-lints=warn" "-e" "RUSTDOCFLAGS=--cap-lints=warn" "-w" "/opt/rustwide/workdir" "--user" "0:0" "023af3757d41ce980a2e5fc1bdbb2434e031bd8e146ba31ef877069304a8a9e4" "/opt/rustwide/cargo-home/bin/cargo" "+1.99.0-beta.8" "build" "--frozen" "--message-format=json" "--release", kill_on_drop: false }`
[INFO] [stderr]    Compiling syn v2.0.117
[INFO] [stderr]    Compiling indexmap v2.13.0
[INFO] [stderr]    Compiling rustix v1.1.4
[INFO] [stderr]    Compiling webpki-roots v1.0.6
[INFO] [stderr]    Compiling ring v0.17.14
[INFO] [stderr]    Compiling rustls v0.23.37
[INFO] [stderr]    Compiling zip v2.4.2
[INFO] [stderr]    Compiling bumpalo v3.20.2
[INFO] [stderr]    Compiling getrandom v0.4.2
[INFO] [stderr]    Compiling filetime v0.2.27
[INFO] [stderr]    Compiling fastrand v2.3.0
[INFO] [stderr]    Compiling clap_builder v4.5.60
[INFO] [stderr]    Compiling webpki-roots v0.26.11
[INFO] [stderr]    Compiling zopfli v0.8.3
[INFO] [stderr]    Compiling rustls-webpki v0.103.9
[INFO] [stderr]    Compiling xattr v1.6.1
[INFO] [stderr]    Compiling tempfile v3.26.0
[INFO] [stderr]    Compiling tar v0.4.44
[INFO] [stderr]    Compiling synstructure v0.13.2
[INFO] [stderr]    Compiling displaydoc v0.2.5
[INFO] [stderr]    Compiling zerovec-derive v0.11.2
[INFO] [stderr]    Compiling serde_derive v1.0.228
[INFO] [stderr]    Compiling thiserror-impl v2.0.18
[INFO] [stderr]    Compiling clap_derive v4.5.55
[INFO] [stderr]    Compiling zerofrom-derive v0.1.6
[INFO] [stderr]    Compiling yoke-derive v0.8.1
[INFO] [stderr]    Compiling zerofrom v0.1.6
[INFO] [stderr]    Compiling yoke v0.8.1
[INFO] [stderr]    Compiling thiserror v2.0.18
[INFO] [stderr]    Compiling zerovec v0.11.5
[INFO] [stderr]    Compiling zerotrie v0.2.3
[INFO] [stderr]    Compiling clap v4.5.60
[INFO] [stderr]    Compiling tinystr v0.8.2
[INFO] [stderr]    Compiling potential_utf v0.1.4
[INFO] [stderr]    Compiling icu_collections v2.1.1
[INFO] [stderr]    Compiling icu_locale_core v2.1.1
[INFO] [stderr]    Compiling serde v1.0.228
[INFO] [stderr]    Compiling icu_provider v2.1.1
[INFO] [stderr]    Compiling toml_datetime v0.6.11
[INFO] [stderr]    Compiling serde_spanned v0.6.9
[INFO] [stderr]    Compiling chrono v0.4.44
[INFO] [stderr]    Compiling serde_yaml v0.9.34+deprecated
[INFO] [stderr]    Compiling toml_edit v0.22.27
[INFO] [stderr]    Compiling icu_normalizer v2.1.1
[INFO] [stderr]    Compiling icu_properties v2.1.2
[INFO] [stderr]    Compiling idna_adapter v1.2.1
[INFO] [stderr]    Compiling idna v1.1.0
[INFO] [stderr]    Compiling url v2.5.8
[INFO] [stderr]    Compiling toml v0.8.23
[INFO] [stderr]    Compiling ureq v2.12.1
[INFO] [stderr]    Compiling mcpsmith-core v0.3.0
[INFO] [stderr]    Compiling mcpsmith v0.3.0 (/opt/rustwide/workdir)
[INFO] [stderr]     Finished `release` profile [optimized] target(s) in 1m 34s
[INFO] running `Command { std: "docker" "inspect" "023af3757d41ce980a2e5fc1bdbb2434e031bd8e146ba31ef877069304a8a9e4", kill_on_drop: false }`
[INFO] running `Command { std: "docker" "exec" "-e" "SOURCE_DIR=/opt/rustwide/workdir" "-e" "CARGO_HOME=/opt/rustwide/cargo-home" "-e" "RUSTUP_HOME=/opt/rustwide/rustup-home" "-e" "CARGO_TARGET_DIR=/opt/rustwide/target" "-e" "CARGO_INCREMENTAL=0" "-e" "RUST_BACKTRACE=full" "-e" "RUSTFLAGS=--cap-lints=warn" "-e" "RUSTDOCFLAGS=--cap-lints=warn" "-w" "/opt/rustwide/workdir" "--user" "0:0" "023af3757d41ce980a2e5fc1bdbb2434e031bd8e146ba31ef877069304a8a9e4" "/opt/rustwide/cargo-home/bin/cargo" "+1.99.0-beta.8" "test" "--frozen" "--no-run" "--message-format=json" "--release", kill_on_drop: false }`
[INFO] [stderr]    Compiling regex-automata v0.4.14
[INFO] [stderr]    Compiling predicates-core v1.0.10
[INFO] [stderr]    Compiling float-cmp v0.10.0
[INFO] [stderr]    Compiling termtree v0.5.1
[INFO] [stderr]    Compiling difflib v0.4.0
[INFO] [stderr]    Compiling assert_cmd v2.1.2
[INFO] [stderr]    Compiling normalize-line-endings v0.3.0
[INFO] [stderr]    Compiling wait-timeout v0.2.1
[INFO] [stderr]    Compiling predicates-tree v1.0.13
[INFO] [stderr]    Compiling regex v1.12.3
[INFO] [stderr]    Compiling bstr v1.12.1
[INFO] [stderr]    Compiling mcpsmith-core v0.3.0
[INFO] [stderr]    Compiling predicates v3.1.4
[INFO] [stderr]    Compiling mcpsmith v0.3.0 (/opt/rustwide/workdir)
[INFO] [stderr]     Finished `release` profile [optimized] target(s) in 49.94s
[INFO] running `Command { std: "docker" "inspect" "023af3757d41ce980a2e5fc1bdbb2434e031bd8e146ba31ef877069304a8a9e4", kill_on_drop: false }`
[INFO] running `Command { std: "docker" "exec" "-e" "SOURCE_DIR=/opt/rustwide/workdir" "-e" "CARGO_HOME=/opt/rustwide/cargo-home" "-e" "RUSTUP_HOME=/opt/rustwide/rustup-home" "-e" "CARGO_TARGET_DIR=/opt/rustwide/target" "-e" "CARGO_INCREMENTAL=0" "-e" "RUST_BACKTRACE=full" "-e" "RUSTFLAGS=--cap-lints=warn" "-e" "RUSTDOCFLAGS=--cap-lints=warn" "-w" "/opt/rustwide/workdir" "--user" "0:0" "023af3757d41ce980a2e5fc1bdbb2434e031bd8e146ba31ef877069304a8a9e4" "/opt/rustwide/cargo-home/bin/cargo" "+1.99.0-beta.8" "test" "--frozen" "--release", kill_on_drop: false }`
[INFO] [stderr]     Finished `release` profile [optimized] target(s) in 0.13s
[INFO] [stderr]      Running unittests src/main.rs (/opt/rustwide/target/release/deps/mcpsmith-0c2d6e884289e5c3)
[INFO] [stdout] 
[INFO] [stdout] running 5 tests
[INFO] [stdout] test config::tests::test_canonical_config_keys_override_legacy_values_field_by_field ... ok
[INFO] [stdout] test config::tests::test_config_reads_legacy_convert_keys_for_compatibility ... ok
[INFO] [stdout] test config::tests::test_default_config ... ok
[INFO] [stdout] test config::tests::test_config_reads_canonical_backend_and_probe_keys ... ok
[INFO] [stdout] test config::tests::test_config_roundtrip_yaml ... ok
[INFO] [stdout] 
[INFO] [stdout] test result: ok. 5 passed; 0 failed; 0 ignored; 0 measured; 0 filtered out; finished in 0.00s
[INFO] [stdout] 
[INFO] [stderr]      Running tests/cli.rs (/opt/rustwide/target/release/deps/cli-0629fa23d013f007)
[INFO] [stdout] 
[INFO] [stdout] running 23 tests
[INFO] [stdout] test test_mcpsmith_catalog_sync_help_lists_default_providers ... ok
[INFO] [stdout] test test_mcpsmith_resolve_help_explains_artifact_flow ... ok
[INFO] [stdout] test test_mcpsmith_resolve_accepts_legacy_source_selector_for_merged_server ... ok
[INFO] [stdout] test test_mcpsmith_resolve_blocks_remote_only_servers ... ok
[INFO] [stdout] test test_mcpsmith_root_help_lists_agentic_pipeline ... ok
[INFO] [stdout] test test_mcpsmith_run_help_explains_install_and_dry_run ... ok
[INFO] [stdout] test test_mcpsmith_review_second_pass_applies_revision_before_verify ... FAILED
[INFO] [stdout] test test_mcpsmith_evidence_human_output_explains_confidence ... FAILED
[INFO] [stdout] test test_mcpsmith_discover_help_explains_local_inventory ... ok
[INFO] [stdout] test test_mcpsmith_rejects_legacy_subcommands ... ok
[INFO] [stdout] test test_mcpsmith_catalog_sync_defaults_to_official_and_smithery_only ... ok
[INFO] [stdout] test test_mcpsmith_catalog_sync_respects_official_registry_limit_cap ... ok
[INFO] [stdout] test test_mcpsmith_discover_lists_local_servers ... ok
[INFO] [stdout] test test_mcpsmith_discover_merges_duplicate_server_configs ... ok
[INFO] [stdout] test test_mcpsmith_bare_one_shot_applies_skills_and_updates_config ... FAILED
[INFO] [stdout] test test_mcpsmith_bare_one_shot_applies_skills_and_updates_all_matching_configs ... FAILED
[INFO] [stdout] test test_mcpsmith_synthesize_skips_mapper_fallback_for_high_confidence_evidence ... FAILED
[INFO] [stdout] test test_mcpsmith_bare_one_shot_dry_run_writes_preview_and_keeps_config ... FAILED
[INFO] [stdout] test test_mcpsmith_synthesize_human_output_reports_mapper_fallback ... FAILED
[INFO] [stdout] test test_mcpsmith_catalog_sync_and_stats_use_machine_readable_endpoints ... ok
[INFO] [stdout] test test_mcpsmith_synthesize_uses_mapper_fallback_for_low_confidence_evidence ... FAILED
[INFO] [stdout] test test_mcpsmith_staged_pipeline_accepts_prior_artifacts ... FAILED
[INFO] [stdout] test test_mcpsmith_run_human_output_streams_stage_progress_updates ... FAILED
[INFO] [stdout] 
[INFO] [stdout] failures:
[INFO] [stdout] 
[INFO] [stdout] ---- test_mcpsmith_review_second_pass_applies_revision_before_verify stdout ----
[INFO] [stdout] 
[INFO] [stdout] thread 'test_mcpsmith_review_second_pass_applies_revision_before_verify' (1670) panicked at /rustc/dfb0accb7f508ae8be965d8629557221c889dd98/library/core/src/ops/function.rs:250:5:
[INFO] [stdout] Unexpected failure.
[INFO] [stdout] code=1
[INFO] [stdout] stderr=``````
[INFO] [stdout] Error: MCP introspection returned no tools for \'playwright\'. stderr: 
[INFO] [stdout] 
[INFO] [stdout] Stack backtrace:
[INFO] [stdout]    0: <anyhow::Error>::msg::<alloc::string::String>
[INFO] [stdout]    1: mcpsmith_core::runtime::introspect_tool_specs
[INFO] [stdout]    2: mcpsmith_core::pipeline::build_evidence_bundle
[INFO] [stdout]    3: mcpsmith::commands::agentic::run_synthesize_cmd
[INFO] [stdout]    4: mcpsmith::main
[INFO] [stdout]    5: std::sys::backtrace::__rust_begin_short_backtrace::<fn() -> core::result::Result<(), anyhow::Error>, core::result::Result<(), anyhow::Error>>
[INFO] [stdout]    6: std::rt::lang_start::<core::result::Result<(), anyhow::Error>>::{closure#0}
[INFO] [stdout]    7: std::rt::lang_start_internal
[INFO] [stdout]    8: main
[INFO] [stdout]    9: <unknown>
[INFO] [stdout]   10: __libc_start_main
[INFO] [stdout]   11: _start
[INFO] [stdout] ```
[INFO] [stdout] ```
[INFO] [stdout] command=`cd "/tmp/.tmpU3vuS4" && HOME="/tmp/.tmpU3vuS4" MCPSMITH_CODEX_COMMAND="/tmp/.tmpU3vuS4/mock-codex-review.py" "/opt/rustwide/target/release/mcpsmith" "synthesize" "playwright" "--json" "--backend" "codex" "--config" "/tmp/.tmpU3vuS4/settings.json"`
[INFO] [stdout] code=1
[INFO] [stdout] stdout=""
[INFO] [stdout] stderr=```
[INFO] [stdout] Error: MCP introspection returned no tools for \'playwright\'. stderr: 
[INFO] [stdout] 
[INFO] [stdout] Stack backtrace:
[INFO] [stdout]    0: <anyhow::Error>::msg::<alloc::string::String>
[INFO] [stdout]    1: mcpsmith_core::runtime::introspect_tool_specs
[INFO] [stdout]    2: mcpsmith_core::pipeline::build_evidence_bundle
[INFO] [stdout]    3: mcpsmith::commands::agentic::run_synthesize_cmd
[INFO] [stdout]    4: mcpsmith::main
[INFO] [stdout]    5: std::sys::backtrace::__rust_begin_short_backtrace::<fn() -> core::result::Result<(), anyhow::Error>, core::result::Result<(), anyhow::Error>>
[INFO] [stdout]    6: std::rt::lang_start::<core::result::Result<(), anyhow::Error>>::{closure#0}
[INFO] [stdout]    7: std::rt::lang_start_internal
[INFO] [stdout]    8: main
[INFO] [stdout]    9: <unknown>
[INFO] [stdout]   10: __libc_start_main
[INFO] [stdout]   11: _start
[INFO] [stdout] ```
[INFO] [stdout] 
[INFO] [stdout] 
[INFO] [stdout] stack backtrace:
[INFO] [stdout]    0:     0x581cff7023f1 - <<std[70759c8f55707aa4]::sys::backtrace::BacktraceLock>::print::DisplayBacktrace as core[df12db4294e9bfd3]::fmt::Display>::fmt
[INFO] [stdout]    1:     0x581cff71957a - core[df12db4294e9bfd3]::fmt::write
[INFO] [stdout]    2:     0x581cff70824c - <alloc[2182bb758b4b3781]::vec::Vec<u8> as core[df12db4294e9bfd3]::io::write::Write>::write_fmt
[INFO] [stdout]    3:     0x581cff6db4c6 - std[70759c8f55707aa4]::panicking::default_hook::{closure#0}
[INFO] [stdout]    4:     0x581cff6f9239 - std[70759c8f55707aa4]::panicking::default_hook
[INFO] [stdout]    5:     0x581cff681590 - test[9d35eded1c95d3be]::test_main_inner::<test[9d35eded1c95d3be]::test_main_static::{closure#0}>::{closure#0}
[INFO] [stdout]    6:     0x581cff6f93f2 - std[70759c8f55707aa4]::panicking::panic_with_hook
[INFO] [stdout]    7:     0x581cff6db572 - std[70759c8f55707aa4]::panicking::panic_handler::{closure#0}
[INFO] [stdout]    8:     0x581cff6d3ef9 - std[70759c8f55707aa4]::sys::backtrace::__rust_end_short_backtrace::<std[70759c8f55707aa4]::panicking::panic_handler::{closure#0}, !>
[INFO] [stdout]    9:     0x581cff6dc41d - __rustc[8fa7c3cbc660c2b3]::rust_begin_unwind
[INFO] [stdout]   10:     0x581cff719d2c - core[df12db4294e9bfd3]::panicking::panic_fmt
[INFO] [stdout]   11:     0x581cff6b8243 - <assert_cmd[40e7dd4a656a6232]::assert::AssertError>::panic::<assert_cmd[40e7dd4a656a6232]::assert::Assert>
[INFO] [stdout]   12:     0x581cff6b8b06 - <assert_cmd[40e7dd4a656a6232]::assert::Assert>::success
[INFO] [stdout]   13:     0x581cff66028d - <cli[f7e698f0b7296202]::test_mcpsmith_review_second_pass_applies_revision_before_verify::{closure#0} as core[df12db4294e9bfd3]::ops::function::FnOnce<()>>::call_once
[INFO] [stdout]   14:     0x581cff67487b - test[9d35eded1c95d3be]::__rust_begin_short_backtrace::<core[df12db4294e9bfd3]::result::Result<(), alloc[2182bb758b4b3781]::string::String>, fn() -> core[df12db4294e9bfd3]::result::Result<(), alloc[2182bb758b4b3781]::string::String>>
[INFO] [stdout]   15:     0x581cff681ee5 - test[9d35eded1c95d3be]::run_test::{closure#0}
[INFO] [stdout]   16:     0x581cff67b7a4 - std[70759c8f55707aa4]::sys::backtrace::__rust_begin_short_backtrace::<test[9d35eded1c95d3be]::run_test::{closure#1}, ()>
[INFO] [stdout]   17:     0x581cff685042 - <std[70759c8f55707aa4]::thread::lifecycle::spawn_unchecked<test[9d35eded1c95d3be]::run_test::{closure#1}, ()>::{closure#1} as core[df12db4294e9bfd3]::ops::function::FnOnce<()>>::call_once::{shim:vtable#0}
[INFO] [stdout]   18:     0x581cff700f79 - <std[70759c8f55707aa4]::sys::thread::unix::Thread>::new::thread_start
[INFO] [stdout]   19:     0x75097092adfa - <unknown>
[INFO] [stdout]   20:     0x7509709be3d4 - clone
[INFO] [stdout]   21:                0x0 - <unknown>
[INFO] [stdout] 
[INFO] [stdout] ---- test_mcpsmith_evidence_human_output_explains_confidence stdout ----
[INFO] [stdout] 
[INFO] [stdout] thread 'test_mcpsmith_evidence_human_output_explains_confidence' (1665) panicked at /rustc/dfb0accb7f508ae8be965d8629557221c889dd98/library/core/src/ops/function.rs:250:5:
[INFO] [stdout] Unexpected failure.
[INFO] [stdout] code=1
[INFO] [stdout] stderr=``````
[INFO] [stdout] Error: MCP introspection returned no tools for \'playwright\'. stderr: 
[INFO] [stdout] 
[INFO] [stdout] Stack backtrace:
[INFO] [stdout]    0: <anyhow::Error>::msg::<alloc::string::String>
[INFO] [stdout]    1: mcpsmith_core::runtime::introspect_tool_specs
[INFO] [stdout]    2: mcpsmith_core::pipeline::build_evidence_bundle
[INFO] [stdout]    3: mcpsmith::commands::agentic::run_evidence_cmd
[INFO] [stdout]    4: mcpsmith::main
[INFO] [stdout]    5: std::sys::backtrace::__rust_begin_short_backtrace::<fn() -> core::result::Result<(), anyhow::Error>, core::result::Result<(), anyhow::Error>>
[INFO] [stdout]    6: std::rt::lang_start::<core::result::Result<(), anyhow::Error>>::{closure#0}
[INFO] [stdout]    7: std::rt::lang_start_internal
[INFO] [stdout]    8: main
[INFO] [stdout]    9: <unknown>
[INFO] [stdout]   10: __libc_start_main
[INFO] [stdout]   11: _start
[INFO] [stdout] ```
[INFO] [stdout] ```
[INFO] [stdout] command=`cd "/tmp/.tmpxiTjt9" && HOME="/tmp/.tmpxiTjt9" "/opt/rustwide/target/release/mcpsmith" "evidence" "playwright" "--config" "/tmp/.tmpxiTjt9/settings.json" "--tool" "execute"`
[INFO] [stdout] code=1
[INFO] [stdout] stdout=""
[INFO] [stdout] stderr=```
[INFO] [stdout] Error: MCP introspection returned no tools for \'playwright\'. stderr: 
[INFO] [stdout] 
[INFO] [stdout] Stack backtrace:
[INFO] [stdout]    0: <anyhow::Error>::msg::<alloc::string::String>
[INFO] [stdout]    1: mcpsmith_core::runtime::introspect_tool_specs
[INFO] [stdout]    2: mcpsmith_core::pipeline::build_evidence_bundle
[INFO] [stdout]    3: mcpsmith::commands::agentic::run_evidence_cmd
[INFO] [stdout]    4: mcpsmith::main
[INFO] [stdout]    5: std::sys::backtrace::__rust_begin_short_backtrace::<fn() -> core::result::Result<(), anyhow::Error>, core::result::Result<(), anyhow::Error>>
[INFO] [stdout]    6: std::rt::lang_start::<core::result::Result<(), anyhow::Error>>::{closure#0}
[INFO] [stdout]    7: std::rt::lang_start_internal
[INFO] [stdout]    8: main
[INFO] [stdout]    9: <unknown>
[INFO] [stdout]   10: __libc_start_main
[INFO] [stdout]   11: _start
[INFO] [stdout] ```
[INFO] [stdout] 
[INFO] [stdout] 
[INFO] [stdout] stack backtrace:
[INFO] [stdout]    0:     0x581cff7023f1 - <<std[70759c8f55707aa4]::sys::backtrace::BacktraceLock>::print::DisplayBacktrace as core[df12db4294e9bfd3]::fmt::Display>::fmt
[INFO] [stdout]    1:     0x581cff71957a - core[df12db4294e9bfd3]::fmt::write
[INFO] [stdout]    2:     0x581cff70824c - <alloc[2182bb758b4b3781]::vec::Vec<u8> as core[df12db4294e9bfd3]::io::write::Write>::write_fmt
[INFO] [stdout]    3:     0x581cff6db4c6 - std[70759c8f55707aa4]::panicking::default_hook::{closure#0}
[INFO] [stdout]    4:     0x581cff6f9239 - std[70759c8f55707aa4]::panicking::default_hook
[INFO] [stdout]    5:     0x581cff681590 - test[9d35eded1c95d3be]::test_main_inner::<test[9d35eded1c95d3be]::test_main_static::{closure#0}>::{closure#0}
[INFO] [stdout]    6:     0x581cff6f93f2 - std[70759c8f55707aa4]::panicking::panic_with_hook
[INFO] [stdout]    7:     0x581cff6db572 - std[70759c8f55707aa4]::panicking::panic_handler::{closure#0}
[INFO] [stdout]    8:     0x581cff6d3ef9 - std[70759c8f55707aa4]::sys::backtrace::__rust_end_short_backtrace::<std[70759c8f55707aa4]::panicking::panic_handler::{closure#0}, !>
[INFO] [stdout]    9:     0x581cff6dc41d - __rustc[8fa7c3cbc660c2b3]::rust_begin_unwind
[INFO] [stdout]   10:     0x581cff719d2c - core[df12db4294e9bfd3]::panicking::panic_fmt
[INFO] [stdout]   11:     0x581cff6b8243 - <assert_cmd[40e7dd4a656a6232]::assert::AssertError>::panic::<assert_cmd[40e7dd4a656a6232]::assert::Assert>
[INFO] [stdout]   12:     0x581cff6b8b06 - <assert_cmd[40e7dd4a656a6232]::assert::Assert>::success
[INFO] [stdout]   13:     0x581cff65d0bc - <cli[f7e698f0b7296202]::test_mcpsmith_evidence_human_output_explains_confidence::{closure#0} as core[df12db4294e9bfd3]::ops::function::FnOnce<()>>::call_once
[INFO] [stdout]   14:     0x581cff67487b - test[9d35eded1c95d3be]::__rust_begin_short_backtrace::<core[df12db4294e9bfd3]::result::Result<(), alloc[2182bb758b4b3781]::string::String>, fn() -> core[df12db4294e9bfd3]::result::Result<(), alloc[2182bb758b4b3781]::string::String>>
[INFO] [stdout]   15:     0x581cff681ee5 - test[9d35eded1c95d3be]::run_test::{closure#0}
[INFO] [stdout]   16:     0x581cff67b7a4 - std[70759c8f55707aa4]::sys::backtrace::__rust_begin_short_backtrace::<test[9d35eded1c95d3be]::run_test::{closure#1}, ()>
[INFO] [stdout]   17:     0x581cff685042 - <std[70759c8f55707aa4]::thread::lifecycle::spawn_unchecked<test[9d35eded1c95d3be]::run_test::{closure#1}, ()>::{closure#1} as core[df12db4294e9bfd3]::ops::function::FnOnce<()>>::call_once::{shim:vtable#0}
[INFO] [stdout]   18:     0x581cff700f79 - <std[70759c8f55707aa4]::sys::thread::unix::Thread>::new::thread_start
[INFO] [stdout]   19:     0x75097092adfa - <unknown>
[INFO] [stdout]   20:     0x7509709be3d4 - clone
[INFO] [stdout]   21:                0x0 - <unknown>
[INFO] [stdout] 
[INFO] [stdout] ---- test_mcpsmith_bare_one_shot_applies_skills_and_updates_config stdout ----
[INFO] [stdout] 
[INFO] [stdout] thread 'test_mcpsmith_bare_one_shot_applies_skills_and_updates_config' (1656) panicked at /rustc/dfb0accb7f508ae8be965d8629557221c889dd98/library/core/src/ops/function.rs:250:5:
[INFO] [stdout] Unexpected failure.
[INFO] [stdout] code=1
[INFO] [stdout] stderr=``````
[INFO] [stdout] Error: MCP introspection returned no tools for \'playwright\'. stderr: 
[INFO] [stdout] 
[INFO] [stdout] Stack backtrace:
[INFO] [stdout]    0: <anyhow::Error>::msg::<alloc::string::String>
[INFO] [stdout]    1: mcpsmith_core::runtime::introspect_tool_specs
[INFO] [stdout]    2: mcpsmith_core::pipeline::build_evidence_bundle
[INFO] [stdout]    3: mcpsmith_core::pipeline::run_pipeline_inner
[INFO] [stdout]    4: mcpsmith_core::pipeline::run_pipeline
[INFO] [stdout]    5: mcpsmith::commands::agentic::run_run_cmd
[INFO] [stdout]    6: mcpsmith::main
[INFO] [stdout]    7: std::sys::backtrace::__rust_begin_short_backtrace::<fn() -> core::result::Result<(), anyhow::Error>, core::result::Result<(), anyhow::Error>>
[INFO] [stdout]    8: std::rt::lang_start::<core::result::Result<(), anyhow::Error>>::{closure#0}
[INFO] [stdout]    9: std::rt::lang_start_internal
[INFO] [stdout]   10: main
[INFO] [stdout]   11: <unknown>
[INFO] [stdout]   12: __libc_start_main
[INFO] [stdout]   13: _start
[INFO] [stdout] ```
[INFO] [stdout] ```
[INFO] [stdout] command=`cd "/tmp/.tmphiQlF7" && HOME="/tmp/.tmphiQlF7" MCPSMITH_CODEX_COMMAND="/tmp/.tmphiQlF7/mock-codex.py" "/opt/rustwide/target/release/mcpsmith" "playwright" "--json" "--backend" "codex" "--config" "/tmp/.tmphiQlF7/settings.json" "--skills-dir" "/tmp/.tmphiQlF7/skills"`
[INFO] [stdout] code=1
[INFO] [stdout] stdout=""
[INFO] [stdout] stderr=```
[INFO] [stdout] Error: MCP introspection returned no tools for \'playwright\'. stderr: 
[INFO] [stdout] 
[INFO] [stdout] Stack backtrace:
[INFO] [stdout]    0: <anyhow::Error>::msg::<alloc::string::String>
[INFO] [stdout]    1: mcpsmith_core::runtime::introspect_tool_specs
[INFO] [stdout]    2: mcpsmith_core::pipeline::build_evidence_bundle
[INFO] [stdout]    3: mcpsmith_core::pipeline::run_pipeline_inner
[INFO] [stdout]    4: mcpsmith_core::pipeline::run_pipeline
[INFO] [stdout]    5: mcpsmith::commands::agentic::run_run_cmd
[INFO] [stdout]    6: mcpsmith::main
[INFO] [stdout]    7: std::sys::backtrace::__rust_begin_short_backtrace::<fn() -> core::result::Result<(), anyhow::Error>, core::result::Result<(), anyhow::Error>>
[INFO] [stdout]    8: std::rt::lang_start::<core::result::Result<(), anyhow::Error>>::{closure#0}
[INFO] [stdout]    9: std::rt::lang_start_internal
[INFO] [stdout]   10: main
[INFO] [stdout]   11: <unknown>
[INFO] [stdout]   12: __libc_start_main
[INFO] [stdout]   13: _start
[INFO] [stdout] ```
[INFO] [stdout] 
[INFO] [stdout] 
[INFO] [stdout] stack backtrace:
[INFO] [stdout]    0:     0x581cff7023f1 - <<std[70759c8f55707aa4]::sys::backtrace::BacktraceLock>::print::DisplayBacktrace as core[df12db4294e9bfd3]::fmt::Display>::fmt
[INFO] [stdout]    1:     0x581cff71957a - core[df12db4294e9bfd3]::fmt::write
[INFO] [stdout]    2:     0x581cff70824c - <alloc[2182bb758b4b3781]::vec::Vec<u8> as core[df12db4294e9bfd3]::io::write::Write>::write_fmt
[INFO] [stdout]    3:     0x581cff6db4c6 - std[70759c8f55707aa4]::panicking::default_hook::{closure#0}
[INFO] [stdout]    4:     0x581cff6f9239 - std[70759c8f55707aa4]::panicking::default_hook
[INFO] [stdout]    5:     0x581cff681590 - test[9d35eded1c95d3be]::test_main_inner::<test[9d35eded1c95d3be]::test_main_static::{closure#0}>::{closure#0}
[INFO] [stdout]    6:     0x581cff6f93f2 - std[70759c8f55707aa4]::panicking::panic_with_hook
[INFO] [stdout]    7:     0x581cff6db572 - std[70759c8f55707aa4]::panicking::panic_handler::{closure#0}
[INFO] [stdout]    8:     0x581cff6d3ef9 - std[70759c8f55707aa4]::sys::backtrace::__rust_end_short_backtrace::<std[70759c8f55707aa4]::panicking::panic_handler::{closure#0}, !>
[INFO] [stdout]    9:     0x581cff6dc41d - __rustc[8fa7c3cbc660c2b3]::rust_begin_unwind
[INFO] [stdout]   10:     0x581cff719d2c - core[df12db4294e9bfd3]::panicking::panic_fmt
[INFO] [stdout]   11:     0x581cff6b8243 - <assert_cmd[40e7dd4a656a6232]::assert::AssertError>::panic::<assert_cmd[40e7dd4a656a6232]::assert::Assert>
[INFO] [stdout]   12:     0x581cff6b8b06 - <assert_cmd[40e7dd4a656a6232]::assert::Assert>::success
[INFO] [stdout]   13:     0x581cff65dcf2 - <cli[f7e698f0b7296202]::test_mcpsmith_bare_one_shot_applies_skills_and_updates_config::{closure#0} as core[df12db4294e9bfd3]::ops::function::FnOnce<()>>::call_once
[INFO] [stdout]   14:     0x581cff67487b - test[9d35eded1c95d3be]::__rust_begin_short_backtrace::<core[df12db4294e9bfd3]::result::Result<(), alloc[2182bb758b4b3781]::string::String>, fn() -> core[df12db4294e9bfd3]::result::Result<(), alloc[2182bb758b4b3781]::string::String>>
[INFO] [stdout]   15:     0x581cff681ee5 - test[9d35eded1c95d3be]::run_test::{closure#0}
[INFO] [stdout]   16:     0x581cff67b7a4 - std[70759c8f55707aa4]::sys::backtrace::__rust_begin_short_backtrace::<test[9d35eded1c95d3be]::run_test::{closure#1}, ()>
[INFO] [stdout]   17:     0x581cff685042 - <std[70759c8f55707aa4]::thread::lifecycle::spawn_unchecked<test[9d35eded1c95d3be]::run_test::{closure#1}, ()>::{closure#1} as core[df12db4294e9bfd3]::ops::function::FnOnce<()>>::call_once::{shim:vtable#0}
[INFO] [stdout]   18:     0x581cff700f79 - <std[70759c8f55707aa4]::sys::thread::unix::Thread>::new::thread_start
[INFO] [stdout]   19:     0x75097092adfa - <unknown>
[INFO] [stdout]   20:     0x7509709be3d4 - clone
[INFO] [stdout]   21:                0x0 - <unknown>
[INFO] [stdout] 
[INFO] [stdout] ---- test_mcpsmith_bare_one_shot_applies_skills_and_updates_all_matching_configs stdout ----
[INFO] [stdout] 
[INFO] [stdout] thread 'test_mcpsmith_bare_one_shot_applies_skills_and_updates_all_matching_configs' (1655) panicked at /rustc/dfb0accb7f508ae8be965d8629557221c889dd98/library/core/src/ops/function.rs:250:5:
[INFO] [stdout] Unexpected failure.
[INFO] [stdout] code=1
[INFO] [stdout] stderr=``````
[INFO] [stdout] Error: MCP introspection returned no tools for \'playwright\'. stderr: 
[INFO] [stdout] 
[INFO] [stdout] Stack backtrace:
[INFO] [stdout]    0: <anyhow::Error>::msg::<alloc::string::String>
[INFO] [stdout]    1: mcpsmith_core::runtime::introspect_tool_specs
[INFO] [stdout]    2: mcpsmith_core::pipeline::build_evidence_bundle
[INFO] [stdout]    3: mcpsmith_core::pipeline::run_pipeline_inner
[INFO] [stdout]    4: mcpsmith_core::pipeline::run_pipeline
[INFO] [stdout]    5: mcpsmith::commands::agentic::run_run_cmd
[INFO] [stdout]    6: mcpsmith::main
[INFO] [stdout]    7: std::sys::backtrace::__rust_begin_short_backtrace::<fn() -> core::result::Result<(), anyhow::Error>, core::result::Result<(), anyhow::Error>>
[INFO] [stdout]    8: std::rt::lang_start::<core::result::Result<(), anyhow::Error>>::{closure#0}
[INFO] [stdout]    9: std::rt::lang_start_internal
[INFO] [stdout]   10: main
[INFO] [stdout]   11: <unknown>
[INFO] [stdout]   12: __libc_start_main
[INFO] [stdout]   13: _start
[INFO] [stdout] ```
[INFO] [stdout] ```
[INFO] [stdout] command=`cd "/tmp/.tmpKLl48N" && HOME="/tmp/.tmpKLl48N" MCPSMITH_CODEX_COMMAND="/tmp/.tmpKLl48N/mock-codex.py" "/opt/rustwide/target/release/mcpsmith" "playwright" "--json" "--backend" "codex" "--config" "/tmp/.tmpKLl48N/codex.json" "--config" "/tmp/.tmpKLl48N/claude.json" "--skills-dir" "/tmp/.tmpKLl48N/skills"`
[INFO] [stdout] code=1
[INFO] [stdout] stdout=""
[INFO] [stdout] stderr=```
[INFO] [stdout] Error: MCP introspection returned no tools for \'playwright\'. stderr: 
[INFO] [stdout] 
[INFO] [stdout] Stack backtrace:
[INFO] [stdout]    0: <anyhow::Error>::msg::<alloc::string::String>
[INFO] [stdout]    1: mcpsmith_core::runtime::introspect_tool_specs
[INFO] [stdout]    2: mcpsmith_core::pipeline::build_evidence_bundle
[INFO] [stdout]    3: mcpsmith_core::pipeline::run_pipeline_inner
[INFO] [stdout]    4: mcpsmith_core::pipeline::run_pipeline
[INFO] [stdout]    5: mcpsmith::commands::agentic::run_run_cmd
[INFO] [stdout]    6: mcpsmith::main
[INFO] [stdout]    7: std::sys::backtrace::__rust_begin_short_backtrace::<fn() -> core::result::Result<(), anyhow::Error>, core::result::Result<(), anyhow::Error>>
[INFO] [stdout]    8: std::rt::lang_start::<core::result::Result<(), anyhow::Error>>::{closure#0}
[INFO] [stdout]    9: std::rt::lang_start_internal
[INFO] [stdout]   10: main
[INFO] [stdout]   11: <unknown>
[INFO] [stdout]   12: __libc_start_main
[INFO] [stdout]   13: _start
[INFO] [stdout] ```
[INFO] [stdout] 
[INFO] [stdout] 
[INFO] [stdout] stack backtrace:
[INFO] [stdout]    0:     0x581cff7023f1 - <<std[70759c8f55707aa4]::sys::backtrace::BacktraceLock>::print::DisplayBacktrace as core[df12db4294e9bfd3]::fmt::Display>::fmt
[INFO] [stdout]    1:     0x581cff71957a - core[df12db4294e9bfd3]::fmt::write
[INFO] [stdout]    2:     0x581cff70824c - <alloc[2182bb758b4b3781]::vec::Vec<u8> as core[df12db4294e9bfd3]::io::write::Write>::write_fmt
[INFO] [stdout]    3:     0x581cff6db4c6 - std[70759c8f55707aa4]::panicking::default_hook::{closure#0}
[INFO] [stdout]    4:     0x581cff6f9239 - std[70759c8f55707aa4]::panicking::default_hook
[INFO] [stdout]    5:     0x581cff681590 - test[9d35eded1c95d3be]::test_main_inner::<test[9d35eded1c95d3be]::test_main_static::{closure#0}>::{closure#0}
[INFO] [stdout]    6:     0x581cff6f93f2 - std[70759c8f55707aa4]::panicking::panic_with_hook
[INFO] [stdout]    7:     0x581cff6db572 - std[70759c8f55707aa4]::panicking::panic_handler::{closure#0}
[INFO] [stdout]    8:     0x581cff6d3ef9 - std[70759c8f55707aa4]::sys::backtrace::__rust_end_short_backtrace::<std[70759c8f55707aa4]::panicking::panic_handler::{closure#0}, !>
[INFO] [stdout]    9:     0x581cff6dc41d - __rustc[8fa7c3cbc660c2b3]::rust_begin_unwind
[INFO] [stdout]   10:     0x581cff719d2c - core[df12db4294e9bfd3]::panicking::panic_fmt
[INFO] [stdout]   11:     0x581cff6b8243 - <assert_cmd[40e7dd4a656a6232]::assert::AssertError>::panic::<assert_cmd[40e7dd4a656a6232]::assert::Assert>
[INFO] [stdout]   12:     0x581cff6b8b06 - <assert_cmd[40e7dd4a656a6232]::assert::Assert>::success
[INFO] [stdout]   13:     0x581cff664509 - <cli[f7e698f0b7296202]::test_mcpsmith_bare_one_shot_applies_skills_and_updates_all_matching_configs::{closure#0} as core[df12db4294e9bfd3]::ops::function::FnOnce<()>>::call_once
[INFO] [stdout]   14:     0x581cff67487b - test[9d35eded1c95d3be]::__rust_begin_short_backtrace::<core[df12db4294e9bfd3]::result::Result<(), alloc[2182bb758b4b3781]::string::String>, fn() -> core[df12db4294e9bfd3]::result::Result<(), alloc[2182bb758b4b3781]::string::String>>
[INFO] [stdout]   15:     0x581cff681ee5 - test[9d35eded1c95d3be]::run_test::{closure#0}
[INFO] [stdout]   16:     0x581cff67b7a4 - std[70759c8f55707aa4]::sys::backtrace::__rust_begin_short_backtrace::<test[9d35eded1c95d3be]::run_test::{closure#1}, ()>
[INFO] [stdout]   17:     0x581cff685042 - <std[70759c8f55707aa4]::thread::lifecycle::spawn_unchecked<test[9d35eded1c95d3be]::run_test::{closure#1}, ()>::{closure#1} as core[df12db4294e9bfd3]::ops::function::FnOnce<()>>::call_once::{shim:vtable#0}
[INFO] [stdout]   18:     0x581cff700f79 - <std[70759c8f55707aa4]::sys::thread::unix::Thread>::new::thread_start
[INFO] [stdout]   19:     0x75097092adfa - <unknown>
[INFO] [stdout]   20:     0x7509709be3d4 - clone
[INFO] [stdout]   21:                0x0 - <unknown>
[INFO] [stdout] 
[INFO] [stdout] ---- test_mcpsmith_synthesize_skips_mapper_fallback_for_high_confidence_evidence stdout ----
[INFO] [stdout] 
[INFO] [stdout] thread 'test_mcpsmith_synthesize_skips_mapper_fallback_for_high_confidence_evidence' (1755) panicked at /rustc/dfb0accb7f508ae8be965d8629557221c889dd98/library/core/src/ops/function.rs:250:5:
[INFO] [stdout] Unexpected failure.
[INFO] [stdout] code=1
[INFO] [stdout] stderr=``````
[INFO] [stdout] Error: MCP introspection returned no tools for \'playwright\'. stderr: 
[INFO] [stdout] 
[INFO] [stdout] Stack backtrace:
[INFO] [stdout]    0: <anyhow::Error>::msg::<alloc::string::String>
[INFO] [stdout]    1: mcpsmith_core::runtime::introspect_tool_specs
[INFO] [stdout]    2: mcpsmith_core::pipeline::build_evidence_bundle
[INFO] [stdout]    3: mcpsmith::commands::agentic::run_synthesize_cmd
[INFO] [stdout]    4: mcpsmith::main
[INFO] [stdout]    5: std::sys::backtrace::__rust_begin_short_backtrace::<fn() -> core::result::Result<(), anyhow::Error>, core::result::Result<(), anyhow::Error>>
[INFO] [stdout]    6: std::rt::lang_start::<core::result::Result<(), anyhow::Error>>::{closure#0}
[INFO] [stdout]    7: std::rt::lang_start_internal
[INFO] [stdout]    8: main
[INFO] [stdout]    9: <unknown>
[INFO] [stdout]   10: __libc_start_main
[INFO] [stdout]   11: _start
[INFO] [stdout] ```
[INFO] [stdout] ```
[INFO] [stdout] command=`cd "/tmp/.tmpdH8N3c" && HOME="/tmp/.tmpdH8N3c" MCPSMITH_BACKEND_CAPTURE_PATH="/tmp/.tmpdH8N3c/mapper-prompt.txt" MCPSMITH_CODEX_COMMAND="/tmp/.tmpdH8N3c/mock-codex.py" "/opt/rustwide/target/release/mcpsmith" "synthesize" "playwright" "--json" "--backend" "codex" "--config" "/tmp/.tmpdH8N3c/settings.json"`
[INFO] [stdout] code=1
[INFO] [stdout] stdout=""
[INFO] [stdout] stderr=```
[INFO] [stdout] Error: MCP introspection returned no tools for \'playwright\'. stderr: 
[INFO] [stdout] 
[INFO] [stdout] Stack backtrace:
[INFO] [stdout]    0: <anyhow::Error>::msg::<alloc::string::String>
[INFO] [stdout]    1: mcpsmith_core::runtime::introspect_tool_specs
[INFO] [stdout]    2: mcpsmith_core::pipeline::build_evidence_bundle
[INFO] [stdout]    3: mcpsmith::commands::agentic::run_synthesize_cmd
[INFO] [stdout]    4: mcpsmith::main
[INFO] [stdout]    5: std::sys::backtrace::__rust_begin_short_backtrace::<fn() -> core::result::Result<(), anyhow::Error>, core::result::Result<(), anyhow::Error>>
[INFO] [stdout]    6: std::rt::lang_start::<core::result::Result<(), anyhow::Error>>::{closure#0}
[INFO] [stdout]    7: std::rt::lang_start_internal
[INFO] [stdout]    8: main
[INFO] [stdout]    9: <unknown>
[INFO] [stdout]   10: __libc_start_main
[INFO] [stdout]   11: _start
[INFO] [stdout] ```
[INFO] [stdout] 
[INFO] [stdout] 
[INFO] [stdout] stack backtrace:
[INFO] [stdout]    0:     0x581cff7023f1 - <<std[70759c8f55707aa4]::sys::backtrace::BacktraceLock>::print::DisplayBacktrace as core[df12db4294e9bfd3]::fmt::Display>::fmt
[INFO] [stdout]    1:     0x581cff71957a - core[df12db4294e9bfd3]::fmt::write
[INFO] [stdout]    2:     0x581cff70824c - <alloc[2182bb758b4b3781]::vec::Vec<u8> as core[df12db4294e9bfd3]::io::write::Write>::write_fmt
[INFO] [stdout]    3:     0x581cff6db4c6 - std[70759c8f55707aa4]::panicking::default_hook::{closure#0}
[INFO] [stdout]    4:     0x581cff6f9239 - std[70759c8f55707aa4]::panicking::default_hook
[INFO] [stdout]    5:     0x581cff681590 - test[9d35eded1c95d3be]::test_main_inner::<test[9d35eded1c95d3be]::test_main_static::{closure#0}>::{closure#0}
[INFO] [stdout]    6:     0x581cff6f93f2 - std[70759c8f55707aa4]::panicking::panic_with_hook
[INFO] [stdout]    7:     0x581cff6db572 - std[70759c8f55707aa4]::panicking::panic_handler::{closure#0}
[INFO] [stdout]    8:     0x581cff6d3ef9 - std[70759c8f55707aa4]::sys::backtrace::__rust_end_short_backtrace::<std[70759c8f55707aa4]::panicking::panic_handler::{closure#0}, !>
[INFO] [stdout]    9:     0x581cff6dc41d - __rustc[8fa7c3cbc660c2b3]::rust_begin_unwind
[INFO] [stdout]   10:     0x581cff719d2c - core[df12db4294e9bfd3]::panicking::panic_fmt
[INFO] [stdout]   11:     0x581cff6b8243 - <assert_cmd[40e7dd4a656a6232]::assert::AssertError>::panic::<assert_cmd[40e7dd4a656a6232]::assert::Assert>
[INFO] [stdout]   12:     0x581cff6b8b06 - <assert_cmd[40e7dd4a656a6232]::assert::Assert>::success
[INFO] [stdout]   13:     0x581cff665200 - <cli[f7e698f0b7296202]::test_mcpsmith_synthesize_skips_mapper_fallback_for_high_confidence_evidence::{closure#0} as core[df12db4294e9bfd3]::ops::function::FnOnce<()>>::call_once
[INFO] [stdout]   14:     0x581cff67487b - test[9d35eded1c95d3be]::__rust_begin_short_backtrace::<core[df12db4294e9bfd3]::result::Result<(), alloc[2182bb758b4b3781]::string::String>, fn() -> core[df12db4294e9bfd3]::result::Result<(), alloc[2182bb758b4b3781]::string::String>>
[INFO] [stdout]   15:     0x581cff681ee5 - test[9d35eded1c95d3be]::run_test::{closure#0}
[INFO] [stdout]   16:     0x581cff67b7a4 - std[70759c8f55707aa4]::sys::backtrace::__rust_begin_short_backtrace::<test[9d35eded1c95d3be]::run_test::{closure#1}, ()>
[INFO] [stdout]   17:     0x581cff685042 - <std[70759c8f55707aa4]::thread::lifecycle::spawn_unchecked<test[9d35eded1c95d3be]::run_test::{closure#1}, ()>::{closure#1} as core[df12db4294e9bfd3]::ops::function::FnOnce<()>>::call_once::{shim:vtable#0}
[INFO] [stdout]   18:     0x581cff700f79 - <std[70759c8f55707aa4]::sys::thread::unix::Thread>::new::thread_start
[INFO] [stdout]   19:     0x75097092adfa - <unknown>
[INFO] [stdout]   20:     0x7509709be3d4 - clone
[INFO] [stdout]   21:                0x0 - <unknown>
[INFO] [stdout] 
[INFO] [stdout] ---- test_mcpsmith_bare_one_shot_dry_run_writes_preview_and_keeps_config stdout ----
[INFO] [stdout] 
[INFO] [stdout] thread 'test_mcpsmith_bare_one_shot_dry_run_writes_preview_and_keeps_config' (1657) panicked at /rustc/dfb0accb7f508ae8be965d8629557221c889dd98/library/core/src/ops/function.rs:250:5:
[INFO] [stdout] Unexpected failure.
[INFO] [stdout] code=1
[INFO] [stdout] stderr=``````
[INFO] [stdout] Error: MCP introspection returned no tools for \'playwright\'. stderr: 
[INFO] [stdout] 
[INFO] [stdout] Stack backtrace:
[INFO] [stdout]    0: <anyhow::Error>::msg::<alloc::string::String>
[INFO] [stdout]    1: mcpsmith_core::runtime::introspect_tool_specs
[INFO] [stdout]    2: mcpsmith_core::pipeline::build_evidence_bundle
[INFO] [stdout]    3: mcpsmith_core::pipeline::run_pipeline_inner
[INFO] [stdout]    4: mcpsmith_core::pipeline::run_pipeline
[INFO] [stdout]    5: mcpsmith::commands::agentic::run_run_cmd
[INFO] [stdout]    6: mcpsmith::main
[INFO] [stdout]    7: std::sys::backtrace::__rust_begin_short_backtrace::<fn() -> core::result::Result<(), anyhow::Error>, core::result::Result<(), anyhow::Error>>
[INFO] [stdout]    8: std::rt::lang_start::<core::result::Result<(), anyhow::Error>>::{closure#0}
[INFO] [stdout]    9: std::rt::lang_start_internal
[INFO] [stdout]   10: main
[INFO] [stdout]   11: <unknown>
[INFO] [stdout]   12: __libc_start_main
[INFO] [stdout]   13: _start
[INFO] [stdout] ```
[INFO] [stdout] ```
[INFO] [stdout] command=`cd "/tmp/.tmpPyn3Dh" && HOME="/tmp/.tmpPyn3Dh" MCPSMITH_CLAUDE_COMMAND="/tmp/.tmpPyn3Dh/mock-claude.py" MCPSMITH_CODEX_COMMAND="/tmp/.tmpPyn3Dh/missing-codex" "/opt/rustwide/target/release/mcpsmith" "playwright" "--json" "--dry-run" "--backend" "claude" "--config" "/tmp/.tmpPyn3Dh/settings.json"`
[INFO] [stdout] code=1
[INFO] [stdout] stdout=""
[INFO] [stdout] stderr=```
[INFO] [stdout] Error: MCP introspection returned no tools for \'playwright\'. stderr: 
[INFO] [stdout] 
[INFO] [stdout] Stack backtrace:
[INFO] [stdout]    0: <anyhow::Error>::msg::<alloc::string::String>
[INFO] [stdout]    1: mcpsmith_core::runtime::introspect_tool_specs
[INFO] [stdout]    2: mcpsmith_core::pipeline::build_evidence_bundle
[INFO] [stdout]    3: mcpsmith_core::pipeline::run_pipeline_inner
[INFO] [stdout]    4: mcpsmith_core::pipeline::run_pipeline
[INFO] [stdout]    5: mcpsmith::commands::agentic::run_run_cmd
[INFO] [stdout]    6: mcpsmith::main
[INFO] [stdout]    7: std::sys::backtrace::__rust_begin_short_backtrace::<fn() -> core::result::Result<(), anyhow::Error>, core::result::Result<(), anyhow::Error>>
[INFO] [stdout]    8: std::rt::lang_start::<core::result::Result<(), anyhow::Error>>::{closure#0}
[INFO] [stdout]    9: std::rt::lang_start_internal
[INFO] [stdout]   10: main
[INFO] [stdout]   11: <unknown>
[INFO] [stdout]   12: __libc_start_main
[INFO] [stdout]   13: _start
[INFO] [stdout] ```
[INFO] [stdout] 
[INFO] [stdout] 
[INFO] [stdout] stack backtrace:
[INFO] [stdout]    0:     0x581cff7023f1 - <<std[70759c8f55707aa4]::sys::backtrace::BacktraceLock>::print::DisplayBacktrace as core[df12db4294e9bfd3]::fmt::Display>::fmt
[INFO] [stdout]    1:     0x581cff71957a - core[df12db4294e9bfd3]::fmt::write
[INFO] [stdout]    2:     0x581cff70824c - <alloc[2182bb758b4b3781]::vec::Vec<u8> as core[df12db4294e9bfd3]::io::write::Write>::write_fmt
[INFO] [stdout]    3:     0x581cff6db4c6 - std[70759c8f55707aa4]::panicking::default_hook::{closure#0}
[INFO] [stdout]    4:     0x581cff6f9239 - std[70759c8f55707aa4]::panicking::default_hook
[INFO] [stdout]    5:     0x581cff681590 - test[9d35eded1c95d3be]::test_main_inner::<test[9d35eded1c95d3be]::test_main_static::{closure#0}>::{closure#0}
[INFO] [stdout]    6:     0x581cff6f93f2 - std[70759c8f55707aa4]::panicking::panic_with_hook
[INFO] [stdout]    7:     0x581cff6db572 - std[70759c8f55707aa4]::panicking::panic_handler::{closure#0}
[INFO] [stdout]    8:     0x581cff6d3ef9 - std[70759c8f55707aa4]::sys::backtrace::__rust_end_short_backtrace::<std[70759c8f55707aa4]::panicking::panic_handler::{closure#0}, !>
[INFO] [stdout]    9:     0x581cff6dc41d - __rustc[8fa7c3cbc660c2b3]::rust_begin_unwind
[INFO] [stdout]   10:     0x581cff719d2c - core[df12db4294e9bfd3]::panicking::panic_fmt
[INFO] [stdout]   11:     0x581cff6b8243 - <assert_cmd[40e7dd4a656a6232]::assert::AssertError>::panic::<assert_cmd[40e7dd4a656a6232]::assert::Assert>
[INFO] [stdout]   12:     0x581cff6b8b06 - <assert_cmd[40e7dd4a656a6232]::assert::Assert>::success
[INFO] [stdout]   13:     0x581cff6618a4 - <cli[f7e698f0b7296202]::test_mcpsmith_bare_one_shot_dry_run_writes_preview_and_keeps_config::{closure#0} as core[df12db4294e9bfd3]::ops::function::FnOnce<()>>::call_once
[INFO] [stdout]   14:     0x581cff67487b - test[9d35eded1c95d3be]::__rust_begin_short_backtrace::<core[df12db4294e9bfd3]::result::Result<(), alloc[2182bb758b4b3781]::string::String>, fn() -> core[df12db4294e9bfd3]::result::Result<(), alloc[2182bb758b4b3781]::string::String>>
[INFO] [stdout]   15:     0x581cff681ee5 - test[9d35eded1c95d3be]::run_test::{closure#0}
[INFO] [stdout]   16:     0x581cff67b7a4 - std[70759c8f55707aa4]::sys::backtrace::__rust_begin_short_backtrace::<test[9d35eded1c95d3be]::run_test::{closure#1}, ()>
[INFO] [stdout]   17:     0x581cff685042 - <std[70759c8f55707aa4]::thread::lifecycle::spawn_unchecked<test[9d35eded1c95d3be]::run_test::{closure#1}, ()>::{closure#1} as core[df12db4294e9bfd3]::ops::function::FnOnce<()>>::call_once::{shim:vtable#0}
[INFO] [stdout]   18:     0x581cff700f79 - <std[70759c8f55707aa4]::sys::thread::unix::Thread>::new::thread_start
[INFO] [stdout]   19:     0x75097092adfa - <unknown>
[INFO] [stdout]   20:     0x7509709be3d4 - clone
[INFO] [stdout]   21:                0x0 - <unknown>
[INFO] [stdout] 
[INFO] [stdout] ---- test_mcpsmith_synthesize_human_output_reports_mapper_fallback stdout ----
[INFO] [stdout] 
[INFO] [stdout] thread 'test_mcpsmith_synthesize_human_output_reports_mapper_fallback' (1749) panicked at /rustc/dfb0accb7f508ae8be965d8629557221c889dd98/library/core/src/ops/function.rs:250:5:
[INFO] [stdout] Unexpected failure.
[INFO] [stdout] code=1
[INFO] [stdout] stderr=``````
[INFO] [stdout] Error: MCP introspection returned no tools for \'playwright\'. stderr: 
[INFO] [stdout] 
[INFO] [stdout] Stack backtrace:
[INFO] [stdout]    0: <anyhow::Error>::msg::<alloc::string::String>
[INFO] [stdout]    1: mcpsmith_core::runtime::introspect_tool_specs
[INFO] [stdout]    2: mcpsmith_core::pipeline::build_evidence_bundle
[INFO] [stdout]    3: mcpsmith::commands::agentic::run_synthesize_cmd
[INFO] [stdout]    4: mcpsmith::main
[INFO] [stdout]    5: std::sys::backtrace::__rust_begin_short_backtrace::<fn() -> core::result::Result<(), anyhow::Error>, core::result::Result<(), anyhow::Error>>
[INFO] [stdout]    6: std::rt::lang_start::<core::result::Result<(), anyhow::Error>>::{closure#0}
[INFO] [stdout]    7: std::rt::lang_start_internal
[INFO] [stdout]    8: main
[INFO] [stdout]    9: <unknown>
[INFO] [stdout]   10: __libc_start_main
[INFO] [stdout]   11: _start
[INFO] [stdout] ```
[INFO] [stdout] ```
[INFO] [stdout] command=`cd "/tmp/.tmpFMjyq0" && HOME="/tmp/.tmpFMjyq0" MCPSMITH_CODEX_COMMAND="/tmp/.tmpFMjyq0/mock-codex.py" "/opt/rustwide/target/release/mcpsmith" "synthesize" "playwright" "--backend" "codex" "--config" "/tmp/.tmpFMjyq0/settings.json"`
[INFO] [stdout] code=1
[INFO] [stdout] stdout=""
[INFO] [stdout] stderr=```
[INFO] [stdout] Error: MCP introspection returned no tools for \'playwright\'. stderr: 
[INFO] [stdout] 
[INFO] [stdout] Stack backtrace:
[INFO] [stdout]    0: <anyhow::Error>::msg::<alloc::string::String>
[INFO] [stdout]    1: mcpsmith_core::runtime::introspect_tool_specs
[INFO] [stdout]    2: mcpsmith_core::pipeline::build_evidence_bundle
[INFO] [stdout]    3: mcpsmith::commands::agentic::run_synthesize_cmd
[INFO] [stdout]    4: mcpsmith::main
[INFO] [stdout]    5: std::sys::backtrace::__rust_begin_short_backtrace::<fn() -> core::result::Result<(), anyhow::Error>, core::result::Result<(), anyhow::Error>>
[INFO] [stdout]    6: std::rt::lang_start::<core::result::Result<(), anyhow::Error>>::{closure#0}
[INFO] [stdout]    7: std::rt::lang_start_internal
[INFO] [stdout]    8: main
[INFO] [stdout]    9: <unknown>
[INFO] [stdout]   10: __libc_start_main
[INFO] [stdout]   11: _start
[INFO] [stdout] ```
[INFO] [stdout] 
[INFO] [stdout] 
[INFO] [stdout] stack backtrace:
[INFO] [stdout]    0:     0x581cff7023f1 - <<std[70759c8f55707aa4]::sys::backtrace::BacktraceLock>::print::DisplayBacktrace as core[df12db4294e9bfd3]::fmt::Display>::fmt
[INFO] [stdout]    1:     0x581cff71957a - core[df12db4294e9bfd3]::fmt::write
[INFO] [stdout]    2:     0x581cff70824c - <alloc[2182bb758b4b3781]::vec::Vec<u8> as core[df12db4294e9bfd3]::io::write::Write>::write_fmt
[INFO] [stdout]    3:     0x581cff6db4c6 - std[70759c8f55707aa4]::panicking::default_hook::{closure#0}
[INFO] [stdout]    4:     0x581cff6f9239 - std[70759c8f55707aa4]::panicking::default_hook
[INFO] [stdout]    5:     0x581cff681590 - test[9d35eded1c95d3be]::test_main_inner::<test[9d35eded1c95d3be]::test_main_static::{closure#0}>::{closure#0}
[INFO] [stdout]    6:     0x581cff6f93f2 - std[70759c8f55707aa4]::panicking::panic_with_hook
[INFO] [stdout]    7:     0x581cff6db572 - std[70759c8f55707aa4]::panicking::panic_handler::{closure#0}
[INFO] [stdout]    8:     0x581cff6d3ef9 - std[70759c8f55707aa4]::sys::backtrace::__rust_end_short_backtrace::<std[70759c8f55707aa4]::panicking::panic_handler::{closure#0}, !>
[INFO] [stdout]    9:     0x581cff6dc41d - __rustc[8fa7c3cbc660c2b3]::rust_begin_unwind
[INFO] [stdout]   10:     0x581cff719d2c - core[df12db4294e9bfd3]::panicking::panic_fmt
[INFO] [stdout]   11:     0x581cff6b8243 - <assert_cmd[40e7dd4a656a6232]::assert::AssertError>::panic::<assert_cmd[40e7dd4a656a6232]::assert::Assert>
[INFO] [stdout]   12:     0x581cff6b8b06 - <assert_cmd[40e7dd4a656a6232]::assert::Assert>::success
[INFO] [stdout]   13:     0x581cff65f28e - <cli[f7e698f0b7296202]::test_mcpsmith_synthesize_human_output_reports_mapper_fallback::{closure#0} as core[df12db4294e9bfd3]::ops::function::FnOnce<()>>::call_once
[INFO] [stdout]   14:     0x581cff67487b - test[9d35eded1c95d3be]::__rust_begin_short_backtrace::<core[df12db4294e9bfd3]::result::Result<(), alloc[2182bb758b4b3781]::string::String>, fn() -> core[df12db4294e9bfd3]::result::Result<(), alloc[2182bb758b4b3781]::string::String>>
[INFO] [stdout]   15:     0x581cff681ee5 - test[9d35eded1c95d3be]::run_test::{closure#0}
[INFO] [stdout]   16:     0x581cff67b7a4 - std[70759c8f55707aa4]::sys::backtrace::__rust_begin_short_backtrace::<test[9d35eded1c95d3be]::run_test::{closure#1}, ()>
[INFO] [stdout]   17:     0x581cff685042 - <std[70759c8f55707aa4]::thread::lifecycle::spawn_unchecked<test[9d35eded1c95d3be]::run_test::{closure#1}, ()>::{closure#1} as core[df12db4294e9bfd3]::ops::function::FnOnce<()>>::call_once::{shim:vtable#0}
[INFO] [stdout]   18:     0x581cff700f79 - <std[70759c8f55707aa4]::sys::thread::unix::Thread>::new::thread_start
[INFO] [stdout]   19:     0x75097092adfa - <unknown>
[INFO] [stdout]   20:     0x7509709be3d4 - clone
[INFO] [stdout]   21:                0x0 - <unknown>
[INFO] [stdout] 
[INFO] [stdout] ---- test_mcpsmith_synthesize_uses_mapper_fallback_for_low_confidence_evidence stdout ----
[INFO] [stdout] 
[INFO] [stdout] thread 'test_mcpsmith_synthesize_uses_mapper_fallback_for_low_confidence_evidence' (1757) panicked at /rustc/dfb0accb7f508ae8be965d8629557221c889dd98/library/core/src/ops/function.rs:250:5:
[INFO] [stdout] Unexpected failure.
[INFO] [stdout] code=1
[INFO] [stdout] stderr=``````
[INFO] [stdout] Error: MCP introspection returned no tools for \'playwright\'. stderr: 
[INFO] [stdout] 
[INFO] [stdout] Stack backtrace:
[INFO] [stdout]    0: <anyhow::Error>::msg::<alloc::string::String>
[INFO] [stdout]    1: mcpsmith_core::runtime::introspect_tool_specs
[INFO] [stdout]    2: mcpsmith_core::pipeline::build_evidence_bundle
[INFO] [stdout]    3: mcpsmith::commands::agentic::run_synthesize_cmd
[INFO] [stdout]    4: mcpsmith::main
[INFO] [stdout]    5: std::sys::backtrace::__rust_begin_short_backtrace::<fn() -> core::result::Result<(), anyhow::Error>, core::result::Result<(), anyhow::Error>>
[INFO] [stdout]    6: std::rt::lang_start::<core::result::Result<(), anyhow::Error>>::{closure#0}
[INFO] [stdout]    7: std::rt::lang_start_internal
[INFO] [stdout]    8: main
[INFO] [stdout]    9: <unknown>
[INFO] [stdout]   10: __libc_start_main
[INFO] [stdout]   11: _start
[INFO] [stdout] ```
[INFO] [stdout] ```
[INFO] [stdout] command=`cd "/tmp/.tmpT9kDst" && HOME="/tmp/.tmpT9kDst" MCPSMITH_BACKEND_CAPTURE_PATH="/tmp/.tmpT9kDst/mapper-prompt.txt" MCPSMITH_CODEX_COMMAND="/tmp/.tmpT9kDst/mock-codex.py" "/opt/rustwide/target/release/mcpsmith" "synthesize" "playwright" "--json" "--backend" "codex" "--config" "/tmp/.tmpT9kDst/settings.json"`
[INFO] [stdout] code=1
[INFO] [stdout] stdout=""
[INFO] [stdout] stderr=```
[INFO] [stdout] Error: MCP introspection returned no tools for \'playwright\'. stderr: 
[INFO] [stdout] 
[INFO] [stdout] Stack backtrace:
[INFO] [stdout]    0: <anyhow::Error>::msg::<alloc::string::String>
[INFO] [stdout]    1: mcpsmith_core::runtime::introspect_tool_specs
[INFO] [stdout]    2: mcpsmith_core::pipeline::build_evidence_bundle
[INFO] [stdout]    3: mcpsmith::commands::agentic::run_synthesize_cmd
[INFO] [stdout]    4: mcpsmith::main
[INFO] [stdout]    5: std::sys::backtrace::__rust_begin_short_backtrace::<fn() -> core::result::Result<(), anyhow::Error>, core::result::Result<(), anyhow::Error>>
[INFO] [stdout]    6: std::rt::lang_start::<core::result::Result<(), anyhow::Error>>::{closure#0}
[INFO] [stdout]    7: std::rt::lang_start_internal
[INFO] [stdout]    8: main
[INFO] [stdout]    9: <unknown>
[INFO] [stdout]   10: __libc_start_main
[INFO] [stdout]   11: _start
[INFO] [stdout] ```
[INFO] [stdout] 
[INFO] [stdout] 
[INFO] [stdout] stack backtrace:
[INFO] [stdout]    0:     0x581cff7023f1 - <<std[70759c8f55707aa4]::sys::backtrace::BacktraceLock>::print::DisplayBacktrace as core[df12db4294e9bfd3]::fmt::Display>::fmt
[INFO] [stdout]    1:     0x581cff71957a - core[df12db4294e9bfd3]::fmt::write
[INFO] [stdout]    2:     0x581cff70824c - <alloc[2182bb758b4b3781]::vec::Vec<u8> as core[df12db4294e9bfd3]::io::write::Write>::write_fmt
[INFO] [stdout]    3:     0x581cff6db4c6 - std[70759c8f55707aa4]::panicking::default_hook::{closure#0}
[INFO] [stdout]    4:     0x581cff6f9239 - std[70759c8f55707aa4]::panicking::default_hook
[INFO] [stdout]    5:     0x581cff681590 - test[9d35eded1c95d3be]::test_main_inner::<test[9d35eded1c95d3be]::test_main_static::{closure#0}>::{closure#0}
[INFO] [stdout]    6:     0x581cff6f93f2 - std[70759c8f55707aa4]::panicking::panic_with_hook
[INFO] [stdout]    7:     0x581cff6db572 - std[70759c8f55707aa4]::panicking::panic_handler::{closure#0}
[INFO] [stdout]    8:     0x581cff6d3ef9 - std[70759c8f55707aa4]::sys::backtrace::__rust_end_short_backtrace::<std[70759c8f55707aa4]::panicking::panic_handler::{closure#0}, !>
[INFO] [stdout]    9:     0x581cff6dc41d - __rustc[8fa7c3cbc660c2b3]::rust_begin_unwind
[INFO] [stdout]   10:     0x581cff719d2c - core[df12db4294e9bfd3]::panicking::panic_fmt
[INFO] [stdout]   11:     0x581cff6b8243 - <assert_cmd[40e7dd4a656a6232]::assert::AssertError>::panic::<assert_cmd[40e7dd4a656a6232]::assert::Assert>
[INFO] [stdout]   12:     0x581cff6b8b06 - <assert_cmd[40e7dd4a656a6232]::assert::Assert>::success
[INFO] [stdout]   13:     0x581cff663827 - <cli[f7e698f0b7296202]::test_mcpsmith_synthesize_uses_mapper_fallback_for_low_confidence_evidence::{closure#0} as core[df12db4294e9bfd3]::ops::function::FnOnce<()>>::call_once
[INFO] [stdout]   14:     0x581cff67487b - test[9d35eded1c95d3be]::__rust_begin_short_backtrace::<core[df12db4294e9bfd3]::result::Result<(), alloc[2182bb758b4b3781]::string::String>, fn() -> core[df12db4294e9bfd3]::result::Result<(), alloc[2182bb758b4b3781]::string::String>>
[INFO] [stdout]   15:     0x581cff681ee5 - test[9d35eded1c95d3be]::run_test::{closure#0}
[INFO] [stdout]   16:     0x581cff67b7a4 - std[70759c8f55707aa4]::sys::backtrace::__rust_begin_short_backtrace::<test[9d35eded1c95d3be]::run_test::{closure#1}, ()>
[INFO] [stdout]   17:     0x581cff685042 - <std[70759c8f55707aa4]::thread::lifecycle::spawn_unchecked<test[9d35eded1c95d3be]::run_test::{closure#1}, ()>::{closure#1} as core[df12db4294e9bfd3]::ops::function::FnOnce<()>>::call_once::{shim:vtable#0}
[INFO] [stdout]   18:     0x581cff700f79 - <std[70759c8f55707aa4]::sys::thread::unix::Thread>::new::thread_start
[INFO] [stdout]   19:     0x75097092adfa - <unknown>
[INFO] [stdout]   20:     0x7509709be3d4 - clone
[INFO] [stdout]   21:                0x0 - <unknown>
[INFO] [stdout] 
[INFO] [stdout] ---- test_mcpsmith_staged_pipeline_accepts_prior_artifacts stdout ----
[INFO] [stdout] 
[INFO] [stdout] thread 'test_mcpsmith_staged_pipeline_accepts_prior_artifacts' (1748) panicked at /rustc/dfb0accb7f508ae8be965d8629557221c889dd98/library/core/src/ops/function.rs:250:5:
[INFO] [stdout] Unexpected failure.
[INFO] [stdout] code=1
[INFO] [stdout] stderr=``````
[INFO] [stdout] Error: MCP introspection returned no tools for \'playwright\'. stderr: 
[INFO] [stdout] 
[INFO] [stdout] Stack backtrace:
[INFO] [stdout]    0: <anyhow::Error>::msg::<alloc::string::String>
[INFO] [stdout]    1: mcpsmith_core::runtime::introspect_tool_specs
[INFO] [stdout]    2: mcpsmith_core::pipeline::build_evidence_bundle
[INFO] [stdout]    3: mcpsmith::commands::agentic::run_evidence_cmd
[INFO] [stdout]    4: mcpsmith::main
[INFO] [stdout]    5: std::sys::backtrace::__rust_begin_short_backtrace::<fn() -> core::result::Result<(), anyhow::Error>, core::result::Result<(), anyhow::Error>>
[INFO] [stdout]    6: std::rt::lang_start::<core::result::Result<(), anyhow::Error>>::{closure#0}
[INFO] [stdout]    7: std::rt::lang_start_internal
[INFO] [stdout]    8: main
[INFO] [stdout]    9: <unknown>
[INFO] [stdout]   10: __libc_start_main
[INFO] [stdout]   11: _start
[INFO] [stdout] ```
[INFO] [stdout] ```
[INFO] [stdout] command=`cd "/tmp/.tmp3f6eRD" && HOME="/tmp/.tmp3f6eRD" "/opt/rustwide/target/release/mcpsmith" "evidence" "--json" "--from-snapshot" "/tmp/.tmp3f6eRD/.codex-runtime/stages/snapshot-playwright-20261018-114624.json" "--tool" "execute"`
[INFO] [stdout] code=1
[INFO] [stdout] stdout=""
[INFO] [stdout] stderr=```
[INFO] [stdout] Error: MCP introspection returned no tools for \'playwright\'. stderr: 
[INFO] [stdout] 
[INFO] [stdout] Stack backtrace:
[INFO] [stdout]    0: <anyhow::Error>::msg::<alloc::string::String>
[INFO] [stdout]    1: mcpsmith_core::runtime::introspect_tool_specs
[INFO] [stdout]    2: mcpsmith_core::pipeline::build_evidence_bundle
[INFO] [stdout]    3: mcpsmith::commands::agentic::run_evidence_cmd
[INFO] [stdout]    4: mcpsmith::main
[INFO] [stdout]    5: std::sys::backtrace::__rust_begin_short_backtrace::<fn() -> core::result::Result<(), anyhow::Error>, core::result::Result<(), anyhow::Error>>
[INFO] [stdout]    6: std::rt::lang_start::<core::result::Result<(), anyhow::Error>>::{closure#0}
[INFO] [stdout]    7: std::rt::lang_start_internal
[INFO] [stdout]    8: main
[INFO] [stdout]    9: <unknown>
[INFO] [stdout]   10: __libc_start_main
[INFO] [stdout]   11: _start
[INFO] [stdout] ```
[INFO] [stdout] 
[INFO] [stdout] 
[INFO] [stdout] stack backtrace:
[INFO] [stdout]    0:     0x581cff7023f1 - <<std[70759c8f55707aa4]::sys::backtrace::BacktraceLock>::print::DisplayBacktrace as core[df12db4294e9bfd3]::fmt::Display>::fmt
[INFO] [stdout]    1:     0x581cff71957a - core[df12db4294e9bfd3]::fmt::write
[INFO] [stdout]    2:     0x581cff70824c - <alloc[2182bb758b4b3781]::vec::Vec<u8> as core[df12db4294e9bfd3]::io::write::Write>::write_fmt
[INFO] [stdout]    3:     0x581cff6db4c6 - std[70759c8f55707aa4]::panicking::default_hook::{closure#0}
[INFO] [stdout]    4:     0x581cff6f9239 - std[70759c8f55707aa4]::panicking::default_hook
[INFO] [stdout]    5:     0x581cff681590 - test[9d35eded1c95d3be]::test_main_inner::<test[9d35eded1c95d3be]::test_main_static::{closure#0}>::{closure#0}
[INFO] [stdout]    6:     0x581cff6f93f2 - std[70759c8f55707aa4]::panicking::panic_with_hook
[INFO] [stdout]    7:     0x581cff6db572 - std[70759c8f55707aa4]::panicking::panic_handler::{closure#0}
[INFO] [stdout]    8:     0x581cff6d3ef9 - std[70759c8f55707aa4]::sys::backtrace::__rust_end_short_backtrace::<std[70759c8f55707aa4]::panicking::panic_handler::{closure#0}, !>
[INFO] [stdout]    9:     0x581cff6dc41d - __rustc[8fa7c3cbc660c2b3]::rust_begin_unwind
[INFO] [stdout]   10:     0x581cff719d2c - core[df12db4294e9bfd3]::panicking::panic_fmt
[INFO] [stdout]   11:     0x581cff6b8243 - <assert_cmd[40e7dd4a656a6232]::assert::AssertError>::panic::<assert_cmd[40e7dd4a656a6232]::assert::Assert>
[INFO] [stdout]   12:     0x581cff6b8b06 - <assert_cmd[40e7dd4a656a6232]::assert::Assert>::success
[INFO] [stdout]   13:     0x581cff65a7f2 - <cli[f7e698f0b7296202]::test_mcpsmith_staged_pipeline_accepts_prior_artifacts::{closure#0} as core[df12db4294e9bfd3]::ops::function::FnOnce<()>>::call_once
[INFO] [stdout]   14:     0x581cff67487b - test[9d35eded1c95d3be]::__rust_begin_short_backtrace::<core[df12db4294e9bfd3]::result::Result<(), alloc[2182bb758b4b3781]::string::String>, fn() -> core[df12db4294e9bfd3]::result::Result<(), alloc[2182bb758b4b3781]::string::String>>
[INFO] [stdout]   15:     0x581cff681ee5 - test[9d35eded1c95d3be]::run_test::{closure#0}
[INFO] [stdout]   16:     0x581cff67b7a4 - std[70759c8f55707aa4]::sys::backtrace::__rust_begin_short_backtrace::<test[9d35eded1c95d3be]::run_test::{closure#1}, ()>
[INFO] [stdout]   17:     0x581cff685042 - <std[70759c8f55707aa4]::thread::lifecycle::spawn_unchecked<test[9d35eded1c95d3be]::run_test::{closure#1}, ()>::{closure#1} as core[df12db4294e9bfd3]::ops::function::FnOnce<()>>::call_once::{shim:vtable#0}
[INFO] [stdout]   18:     0x581cff700f79 - <std[70759c8f55707aa4]::sys::thread::unix::Thread>::new::thread_start
[INFO] [stdout]   19:     0x75097092adfa - <unknown>
[INFO] [stdout]   20:     0x7509709be3d4 - clone
[INFO] [stdout]   21:                0x0 - <unknown>
[INFO] [stdout] 
[INFO] [stdout] ---- test_mcpsmith_run_human_output_streams_stage_progress_updates stdout ----
[INFO] [stdout] 
[INFO] [stdout] thread 'test_mcpsmith_run_human_output_streams_stage_progress_updates' (1747) panicked at /rustc/dfb0accb7f508ae8be965d8629557221c889dd98/library/core/src/ops/function.rs:250:5:
[INFO] [stdout] Unexpected failure.
[INFO] [stdout] code=1
[INFO] [stdout] stderr=``````
[INFO] [stdout] Progress: resolve (1/7) started
[INFO] [stdout] Progress: resolve (1/7) done in 50ms
[INFO] [stdout] Progress: snapshot (2/7) started
[INFO] [stdout] Progress: snapshot (2/7) done in 53ms
[INFO] [stdout] Progress: evidence (3/7) started
[INFO] [stdout] Progress: evidence (3/7) failed after 51ms
[INFO] [stdout] Error: MCP introspection returned no tools for \'playwright\'. stderr: 
[INFO] [stdout] 
[INFO] [stdout] Stack backtrace:
[INFO] [stdout]    0: <anyhow::Error>::msg::<alloc::string::String>
[INFO] [stdout]    1: mcpsmith_core::runtime::introspect_tool_specs
[INFO] [stdout]    2: mcpsmith_core::pipeline::build_evidence_bundle
[INFO] [stdout]    3: mcpsmith_core::pipeline::run_pipeline_inner
[INFO] [stdout]    4: mcpsmith::commands::agentic::run_run_cmd
[INFO] [stdout]    5: mcpsmith::main
[INFO] [stdout]    6: std::sys::backtrace::__rust_begin_short_backtrace::<fn() -> core::result::Result<(), anyhow::Error>, core::result::Result<(), anyhow::Error>>
[INFO] [stdout]    7: std::rt::lang_start::<core::result::Result<(), anyhow::Error>>::{closure#0}
[INFO] [stdout]    8: std::rt::lang_start_internal
[INFO] [stdout]    9: main
[INFO] [stdout]   10: <unknown>
[INFO] [stdout]   11: __libc_start_main
[INFO] [stdout]   12: _start
[INFO] [stdout] ```
[INFO] [stdout] ```
[INFO] [stdout] command=`cd "/tmp/.tmpW6OEoC" && HOME="/tmp/.tmpW6OEoC" MCPSMITH_CODEX_COMMAND="/tmp/.tmpW6OEoC/mock-codex-slow.py" MCPSMITH_PROGRESS_INTERVAL_MS="50" "/opt/rustwide/target/release/mcpsmith" "run" "playwright" "--dry-run" "--backend" "codex" "--config" "/tmp/.tmpW6OEoC/settings.json"`
[INFO] [stdout] code=1
[INFO] [stdout] stdout=""
[INFO] [stdout] stderr=```
[INFO] [stdout] Progress: resolve (1/7) started
[INFO] [stdout] Progress: resolve (1/7) done in 50ms
[INFO] [stdout] Progress: snapshot (2/7) started
[INFO] [stdout] Progress: snapshot (2/7) done in 53ms
[INFO] [stdout] Progress: evidence (3/7) started
[INFO] [stdout] Progress: evidence (3/7) failed after 51ms
[INFO] [stdout] Error: MCP introspection returned no tools for \'playwright\'. stderr: 
[INFO] [stdout] 
[INFO] [stdout] Stack backtrace:
[INFO] [stdout]    0: <anyhow::Error>::msg::<alloc::string::String>
[INFO] [stdout]    1: mcpsmith_core::runtime::introspect_tool_specs
[INFO] [stdout]    2: mcpsmith_core::pipeline::build_evidence_bundle
[INFO] [stdout]    3: mcpsmith_core::pipeline::run_pipeline_inner
[INFO] [stdout]    4: mcpsmith::commands::agentic::run_run_cmd
[INFO] [stdout]    5: mcpsmith::main
[INFO] [stdout]    6: std::sys::backtrace::__rust_begin_short_backtrace::<fn() -> core::result::Result<(), anyhow::Error>, core::result::Result<(), anyhow::Error>>
[INFO] [stdout]    7: std::rt::lang_start::<core::result::Result<(), anyhow::Error>>::{closure#0}
[INFO] [stdout]    8: std::rt::lang_start_internal
[INFO] [stdout]    9: main
[INFO] [stdout]   10: <unknown>
[INFO] [stdout]   11: __libc_start_main
[INFO] [stdout]   12: _start
[INFO] [stdout] ```
[INFO] [stdout] 
[INFO] [stdout] 
[INFO] [stdout] stack backtrace:
[INFO] [stdout]    0:     0x581cff7023f1 - <<std[70759c8f55707aa4]::sys::backtrace::BacktraceLock>::print::DisplayBacktrace as core[df12db4294e9bfd3]::fmt::Display>::fmt
[INFO] [stdout]    1:     0x581cff71957a - core[df12db4294e9bfd3]::fmt::write
[INFO] [stdout]    2:     0x581cff70824c - <alloc[2182bb758b4b3781]::vec::Vec<u8> as core[df12db4294e9bfd3]::io::write::Write>::write_fmt
[INFO] [stdout]    3:     0x581cff6db4c6 - std[70759c8f55707aa4]::panicking::default_hook::{closure#0}
[INFO] [stdout]    4:     0x581cff6f9239 - std[70759c8f55707aa4]::panicking::default_hook
[INFO] [stdout]    5:     0x581cff681590 - test[9d35eded1c95d3be]::test_main_inner::<test[9d35eded1c95d3be]::test_main_static::{closure#0}>::{closure#0}
[INFO] [stdout]    6:     0x581cff6f93f2 - std[70759c8f55707aa4]::panicking::panic_with_hook
[INFO] [stdout]    7:     0x581cff6db572 - std[70759c8f55707aa4]::panicking::panic_handler::{closure#0}
[INFO] [stdout]    8:     0x581cff6d3ef9 - std[70759c8f55707aa4]::sys::backtrace::__rust_end_short_backtrace::<std[70759c8f55707aa4]::panicking::panic_handler::{closure#0}, !>
[INFO] [stdout]    9:     0x581cff6dc41d - __rustc[8fa7c3cbc660c2b3]::rust_begin_unwind
[INFO] [stdout]   10:     0x581cff719d2c - core[df12db4294e9bfd3]::panicking::panic_fmt
[INFO] [stdout]   11:     0x581cff6b8243 - <assert_cmd[40e7dd4a656a6232]::assert::AssertError>::panic::<assert_cmd[40e7dd4a656a6232]::assert::Assert>
[INFO] [stdout]   12:     0x581cff6b8b06 - <assert_cmd[40e7dd4a656a6232]::assert::Assert>::success
[INFO] [stdout]   13:     0x581cff65e7a4 - <cli[f7e698f0b7296202]::test_mcpsmith_run_human_output_streams_stage_progress_updates::{closure#0} as core[df12db4294e9bfd3]::ops::function::FnOnce<()>>::call_once
[INFO] [stdout]   14:     0x581cff67487b - test[9d35eded1c95d3be]::__rust_begin_short_backtrace::<core[df12db4294e9bfd3]::result::Result<(), alloc[2182bb758b4b3781]::string::String>, fn() -> core[df12db4294e9bfd3]::result::Result<(), alloc[2182bb758b4b3781]::string::String>>
[INFO] [stdout]   15:     0x581cff681ee5 - test[9d35eded1c95d3be]::run_test::{closure#0}
[INFO] [stdout]   16:     0x581cff67b7a4 - std[70759c8f55707aa4]::sys::backtrace::__rust_begin_short_backtrace::<test[9d35eded1c95d3be]::run_test::{closure#1}, ()>
[INFO] [stdout]   17:     0x581cff685042 - <std[70759c8f55707aa4]::thread::lifecycle::spawn_unchecked<test[9d35eded1c95d3be]::run_test::{closure#1}, ()>::{closure#1} as core[df12db4294e9bfd3]::ops::function::FnOnce<()>>::call_once::{shim:vtable#0}
[INFO] [stdout]   18:     0x581cff700f79 - <std[70759c8f55707aa4]::sys::thread::unix::Thread>::new::thread_start
[INFO] [stdout]   19:     0x75097092adfa - <unknown>
[INFO] [stdout]   20:     0x7509709be3d4 - clone
[INFO] [stdout]   21:                0x0 - <unknown>
[INFO] [stdout] 
[INFO] [stdout] 
[INFO] [stdout] failures:
[INFO] [stdout]     test_mcpsmith_bare_one_shot_applies_skills_and_updates_all_matching_configs
[INFO] [stdout]     test_mcpsmith_bare_one_shot_applies_skills_and_updates_config
[INFO] [stdout]     test_mcpsmith_bare_one_shot_dry_run_writes_preview_and_keeps_config
[INFO] [stdout]     test_mcpsmith_evidence_human_output_explains_confidence
[INFO] [stdout]     test_mcpsmith_review_second_pass_applies_revision_before_verify
[INFO] [stdout]     test_mcpsmith_run_human_output_streams_stage_progress_updates
[INFO] [stdout]     test_mcpsmith_staged_pipeline_accepts_prior_artifacts
[INFO] [stdout]     test_mcpsmith_synthesize_human_output_reports_mapper_fallback
[INFO] [stdout]     test_mcpsmith_synthesize_skips_mapper_fallback_for_high_confidence_evidence
[INFO] [stdout]     test_mcpsmith_synthesize_uses_mapper_fallback_for_low_confidence_evidence
[INFO] [stdout] 
[INFO] [stdout] test result: FAILED. 13 passed; 10 failed; 0 ignored; 0 measured; 0 filtered out; finished in 0.19s
[INFO] [stdout] 
[INFO] [stderr] error: test failed, to rerun pass `--test cli`
[INFO] running `Command { std: "docker" "inspect" "023af3757d41ce980a2e5fc1bdbb2434e031bd8e146ba31ef877069304a8a9e4", kill_on_drop: false }`
[INFO] running `Command { std: "docker" "rm" "-f" "023af3757d41ce980a2e5fc1bdbb2434e031bd8e146ba31ef877069304a8a9e4", kill_on_drop: false }`
[INFO] [stdout] 023af3757d41ce980a2e5fc1bdbb2434e031bd8e146ba31ef877069304a8a9e4
