[INFO] fetching crate mcplug 0.1.2...
[INFO] testing mcplug-0.1.2 against 1.100.0-beta.1+cargoflags=--release for beta-release-1.100-2
[INFO] extracting crate mcplug 0.1.2 into /workspace/builds/worker-1-tc2/source
[INFO] started tweaking crates.io crate mcplug 0.1.2
[INFO] removed 0 missing tests
[INFO] finished tweaking crates.io crate mcplug 0.1.2
[INFO] tweaked toml for crates.io crate mcplug 0.1.2 written to /workspace/builds/worker-1-tc2/source/Cargo.toml
[INFO] validating manifest of crates.io crate mcplug 0.1.2 on toolchain 1.100.0-beta.1
[INFO] running `Command { std: CARGO_HOME="/workspace/cargo-home" RUSTUP_HOME="/workspace/rustup-home" "/workspace/cargo-home/bin/cargo" "+1.100.0-beta.1" "metadata" "--manifest-path" "Cargo.toml" "--no-deps", kill_on_drop: false }`
[INFO] crate crates.io crate mcplug 0.1.2 already has a lockfile, it will not be regenerated
[INFO] running `Command { std: CARGO_HOME="/workspace/cargo-home" RUSTUP_HOME="/workspace/rustup-home" "/workspace/cargo-home/bin/cargo" "+1.100.0-beta.1" "fetch" "--manifest-path" "Cargo.toml", kill_on_drop: false }`
[INFO] [stderr] warning: `package.homepage` is redundant with `package.repository`
[INFO] [stderr]    --> Cargo.toml:108:12
[INFO] [stderr]     |
[INFO] [stderr] 108 | homepage = "https://github.com/hydai/mcplug"
[INFO] [stderr]     |            ^^^^^^^^^^^^^^^^^^^^^^^^^^^^^^^^^
[INFO] [stderr] ...
[INFO] [stderr] 112 | repository = "https://github.com/hydai/mcplug"
[INFO] [stderr]     |              ---------------------------------
[INFO] [stderr]     |
[INFO] [stderr]     = note: `cargo::redundant_homepage` is set to `warn` by default
[INFO] [stderr] help: consider removing `package.homepage`
[INFO] [stderr] warning: `mcplug` (manifest) generated 1 warning
[INFO] running `Command { std: "docker" "create" "-v" "/var/lib/crater-agent-workspace/builds/worker-1-tc2/source:/opt/rustwide/workdir:ro,Z" "-v" "/var/lib/crater-agent-workspace/builds/worker-1-tc2/target:/opt/rustwide/target:rw,Z" "-v" "/var/lib/crater-agent-workspace/cargo-home:/opt/rustwide/cargo-home:ro,Z" "-v" "/var/lib/crater-agent-workspace/rustup-home:/opt/rustwide/rustup-home:ro,Z" "-m" "1610612736" "--network" "none" "ghcr.io/rust-lang/crates-build-env/linux@sha256:77db811e55d90add9212f6832c23229e3de5f1c1f9905e8cb07319ea15df73ac" "sleep" "infinity", kill_on_drop: false }`
[INFO] [stdout] 9af9650510df144b1a4c8097154e77e70e7c84213aaba0df8e6b8d4a9fc69dc7
[INFO] running `Command { std: "docker" "start" "9af9650510df144b1a4c8097154e77e70e7c84213aaba0df8e6b8d4a9fc69dc7", kill_on_drop: false }`
[INFO] running `Command { std: "docker" "inspect" "9af9650510df144b1a4c8097154e77e70e7c84213aaba0df8e6b8d4a9fc69dc7", kill_on_drop: false }`
[INFO] running `Command { std: "docker" "exec" "-e" "SOURCE_DIR=/opt/rustwide/workdir" "-e" "CARGO_HOME=/opt/rustwide/cargo-home" "-e" "RUSTUP_HOME=/opt/rustwide/rustup-home" "-e" "CARGO_TARGET_DIR=/opt/rustwide/target" "-w" "/opt/rustwide/workdir" "--user" "0:0" "9af9650510df144b1a4c8097154e77e70e7c84213aaba0df8e6b8d4a9fc69dc7" "/opt/rustwide/cargo-home/bin/cargo" "+1.100.0-beta.1" "metadata" "--no-deps" "--format-version=1", kill_on_drop: false }`
[INFO] running `Command { std: "docker" "inspect" "9af9650510df144b1a4c8097154e77e70e7c84213aaba0df8e6b8d4a9fc69dc7", kill_on_drop: false }`
[INFO] running `Command { std: "docker" "exec" "-e" "SOURCE_DIR=/opt/rustwide/workdir" "-e" "CARGO_HOME=/opt/rustwide/cargo-home" "-e" "RUSTUP_HOME=/opt/rustwide/rustup-home" "-e" "CARGO_TARGET_DIR=/opt/rustwide/target" "-e" "CARGO_INCREMENTAL=0" "-e" "RUST_BACKTRACE=full" "-e" "RUSTFLAGS=--cap-lints=warn" "-e" "RUSTDOCFLAGS=--cap-lints=warn" "-w" "/opt/rustwide/workdir" "--user" "0:0" "9af9650510df144b1a4c8097154e77e70e7c84213aaba0df8e6b8d4a9fc69dc7" "/opt/rustwide/cargo-home/bin/cargo" "+1.100.0-beta.1" "build" "--frozen" "--message-format=json" "--release", kill_on_drop: false }`
[INFO] [stderr] warning: `package.homepage` is redundant with `package.repository`
[INFO] [stderr]    --> Cargo.toml:108:12
[INFO] [stderr]     |
[INFO] [stderr] 108 | homepage = "https://github.com/hydai/mcplug"
[INFO] [stderr]     |            ^^^^^^^^^^^^^^^^^^^^^^^^^^^^^^^^^
[INFO] [stderr] ...
[INFO] [stderr] 112 | repository = "https://github.com/hydai/mcplug"
[INFO] [stderr]     |              ---------------------------------
[INFO] [stderr]     |
[INFO] [stderr]     = note: `cargo::redundant_homepage` is set to `warn` by default
[INFO] [stderr] help: consider removing `package.homepage`
[INFO] [stderr] warning: `mcplug` (manifest) generated 1 warning
[INFO] [stderr]    Compiling quote v1.0.44
[INFO] [stderr]    Compiling proc-macro2 v1.0.106
[INFO] [stderr]    Compiling libc v0.2.180
[INFO] [stderr]    Compiling bytes v1.11.1
[INFO] [stderr]    Compiling futures-core v0.3.31
[INFO] [stderr]    Compiling fs_extra v1.3.0
[INFO] [stderr]    Compiling aws-lc-rs v1.15.4
[INFO] [stderr]    Compiling tracing-core v0.1.36
[INFO] [stderr]    Compiling rustls-pki-types v1.14.0
[INFO] [stderr]    Compiling serde_core v1.0.228
[INFO] [stderr]    Compiling futures-task v0.3.31
[INFO] [stderr]    Compiling rustls v0.23.36
[INFO] [stderr]    Compiling indexmap v2.13.0
[INFO] [stderr]    Compiling log v0.4.29
[INFO] [stderr]    Compiling zerocopy v0.8.39
[INFO] [stderr]    Compiling generic-array v0.14.7
[INFO] [stderr]    Compiling futures-channel v0.3.31
[INFO] [stderr]    Compiling zmij v1.0.19
[INFO] [stderr]    Compiling utf8parse v0.2.2
[INFO] [stderr]    Compiling sync_wrapper v1.0.2
[INFO] [stderr]    Compiling futures-util v0.3.31
[INFO] [stderr]    Compiling anstyle-parse v0.2.7
[INFO] [stderr]    Compiling regex-syntax v0.8.9
[INFO] [stderr]    Compiling anstyle v1.0.13
[INFO] [stderr]    Compiling getrandom v0.4.1
[INFO] [stderr]    Compiling colorchoice v1.0.4
[INFO] [stderr]    Compiling is_terminal_polyfill v1.70.2
[INFO] [stderr]    Compiling anstyle-query v1.1.5
[INFO] [stderr]    Compiling serde_json v1.0.149
[INFO] [stderr]    Compiling rustls-native-certs v0.8.3
[INFO] [stderr]    Compiling anstream v0.6.21
[INFO] [stderr]    Compiling bitflags v2.10.0
[INFO] [stderr]    Compiling syn v2.0.114
[INFO] [stderr]    Compiling iri-string v0.7.10
[INFO] [stderr]    Compiling option-ext v0.2.0
[INFO] [stderr]    Compiling crypto-common v0.1.7
[INFO] [stderr]    Compiling parking_lot_core v0.9.12
[INFO] [stderr]    Compiling errno v0.3.14
[INFO] [stderr]    Compiling mio v1.1.1
[INFO] [stderr]    Compiling signal-hook-registry v1.4.8
[INFO] [stderr]    Compiling socket2 v0.6.2
[INFO] [stderr]    Compiling http v1.4.0
[INFO] [stderr]    Compiling jobserver v0.1.34
[INFO] [stderr]    Compiling getrandom v0.3.4
[INFO] [stderr]    Compiling rand_core v0.9.5
[INFO] [stderr]    Compiling parking_lot v0.12.5
[INFO] [stderr]    Compiling block-buffer v0.10.4
[INFO] [stderr]    Compiling ryu v1.0.22
[INFO] [stderr]    Compiling strsim v0.11.1
[INFO] [stderr]    Compiling clap_lex v1.0.0
[INFO] [stderr]    Compiling cc v1.2.55
[INFO] [stderr]    Compiling clap_builder v4.5.58
[INFO] [stderr]    Compiling digest v0.10.7
[INFO] [stderr]    Compiling dirs-sys v0.5.0
[INFO] [stderr]    Compiling tracing-log v0.2.0
[INFO] [stderr]    Compiling thread_local v1.1.9
[INFO] [stderr]    Compiling sha2 v0.10.9
[INFO] [stderr]    Compiling uuid v1.21.0
[INFO] [stderr]    Compiling dirs v6.0.0
[INFO] [stderr]    Compiling colored v3.1.1
[INFO] [stderr]    Compiling http-body v1.0.1
[INFO] [stderr]    Compiling http-body-util v0.1.3
[INFO] [stderr]    Compiling regex-automata v0.4.14
[INFO] [stderr]    Compiling cmake v0.1.57
[INFO] [stderr]    Compiling aws-lc-sys v0.37.0
[INFO] [stderr]    Compiling synstructure v0.13.2
[INFO] [stderr]    Compiling zerovec-derive v0.11.2
[INFO] [stderr]    Compiling displaydoc v0.2.5
[INFO] [stderr]    Compiling tokio-macros v2.6.0
[INFO] [stderr]    Compiling tracing-attributes v0.1.31
[INFO] [stderr]    Compiling serde_derive v1.0.228
[INFO] [stderr]    Compiling thiserror-impl v2.0.18
[INFO] [stderr]    Compiling zerofrom-derive v0.1.6
[INFO] [stderr]    Compiling yoke-derive v0.8.1
[INFO] [stderr]    Compiling clap_derive v4.5.55
[INFO] [stderr]    Compiling tokio v1.49.0
[INFO] [stderr]    Compiling async-trait v0.1.89
[INFO] [stderr]    Compiling tracing v0.1.44
[INFO] [stderr]    Compiling zerofrom v0.1.6
[INFO] [stderr]    Compiling yoke v0.8.1
[INFO] [stderr]    Compiling matchers v0.2.0
[INFO] [stderr]    Compiling zerovec v0.11.5
[INFO] [stderr]    Compiling zerotrie v0.2.3
[INFO] [stderr]    Compiling tracing-subscriber v0.3.22
[INFO] [stderr]    Compiling thiserror v2.0.18
[INFO] [stderr]    Compiling clap v4.5.58
[INFO] [stderr]    Compiling tinystr v0.8.2
[INFO] [stderr]    Compiling potential_utf v0.1.4
[INFO] [stderr]    Compiling serde v1.0.228
[INFO] [stderr]    Compiling icu_collections v2.1.1
[INFO] [stderr]    Compiling ppv-lite86 v0.2.21
[INFO] [stderr]    Compiling icu_locale_core v2.1.1
[INFO] [stderr]    Compiling rand_chacha v0.9.0
[INFO] [stderr]    Compiling serde_urlencoded v0.7.1
[INFO] [stderr]    Compiling rand v0.9.2
[INFO] [stderr]    Compiling chrono v0.4.43
[INFO] [stderr]    Compiling icu_provider v2.1.1
[INFO] [stderr]    Compiling icu_normalizer v2.1.1
[INFO] [stderr]    Compiling icu_properties v2.1.2
[INFO] [stderr]    Compiling idna_adapter v1.2.1
[INFO] [stderr]    Compiling idna v1.1.0
[INFO] [stderr]    Compiling url v2.5.8
[INFO] [stderr]    Compiling webbrowser v1.1.0
[INFO] [stderr]    Compiling tokio-util v0.7.18
[INFO] [stderr]    Compiling tower v0.5.3
[INFO] [stderr]    Compiling tokio-stream v0.1.18
[INFO] [stderr]    Compiling h2 v0.4.13
[INFO] [stderr]    Compiling tower-http v0.6.8
[INFO] [stderr]    Compiling hyper v1.8.1
[INFO] [stderr]    Compiling hyper-util v0.1.20
[INFO] [stderr]    Compiling rustls-webpki v0.103.9
[INFO] [stderr]    Compiling tokio-rustls v0.26.4
[INFO] [stderr]    Compiling rustls-platform-verifier v0.6.2
[INFO] [stderr]    Compiling hyper-rustls v0.27.7
[INFO] [stderr]    Compiling reqwest v0.13.2
[INFO] [stderr]    Compiling mcplug v0.1.2 (/opt/rustwide/workdir)
[INFO] [stderr] warning: unused dependency `tokio-stream`
[INFO] [stderr]   --> Cargo.toml:61:15
[INFO] [stderr]    |
[INFO] [stderr] 61 | [dependencies.tokio-stream]
[INFO] [stderr]    |               ^^^^^^^^^^^^^
[INFO] [stderr]    |
[INFO] [stderr]    = note: `cargo::unused_dependencies` is set to `warn` by default
[INFO] [stderr] help: consider removing the dependency on `tokio-stream`
[INFO] [stderr] warning: unused dependency `uuid`
[INFO] [stderr]   --> Cargo.toml:71:15
[INFO] [stderr]    |
[INFO] [stderr] 71 | [dependencies.uuid]
[INFO] [stderr]    |               ^^^^^
[INFO] [stderr]    |
[INFO] [stderr] help: consider removing the dependency on `uuid`
[INFO] [stderr] warning: `mcplug` (manifest) generated 2 warnings
[INFO] [stderr]     Finished `release` profile [optimized] target(s) in 2m 50s
[INFO] running `Command { std: "docker" "inspect" "9af9650510df144b1a4c8097154e77e70e7c84213aaba0df8e6b8d4a9fc69dc7", kill_on_drop: false }`
[INFO] running `Command { std: "docker" "exec" "-e" "SOURCE_DIR=/opt/rustwide/workdir" "-e" "CARGO_HOME=/opt/rustwide/cargo-home" "-e" "RUSTUP_HOME=/opt/rustwide/rustup-home" "-e" "CARGO_TARGET_DIR=/opt/rustwide/target" "-e" "CARGO_INCREMENTAL=0" "-e" "RUST_BACKTRACE=full" "-e" "RUSTFLAGS=--cap-lints=warn" "-e" "RUSTDOCFLAGS=--cap-lints=warn" "-w" "/opt/rustwide/workdir" "--user" "0:0" "9af9650510df144b1a4c8097154e77e70e7c84213aaba0df8e6b8d4a9fc69dc7" "/opt/rustwide/cargo-home/bin/cargo" "+1.100.0-beta.1" "test" "--frozen" "--no-run" "--message-format=json" "--release", kill_on_drop: false }`
[INFO] [stderr] warning: `package.homepage` is redundant with `package.repository`
[INFO] [stderr]    --> Cargo.toml:108:12
[INFO] [stderr]     |
[INFO] [stderr] 108 | homepage = "https://github.com/hydai/mcplug"
[INFO] [stderr]     |            ^^^^^^^^^^^^^^^^^^^^^^^^^^^^^^^^^
[INFO] [stderr] ...
[INFO] [stderr] 112 | repository = "https://github.com/hydai/mcplug"
[INFO] [stderr]     |              ---------------------------------
[INFO] [stderr]     |
[INFO] [stderr]     = note: `cargo::redundant_homepage` is set to `warn` by default
[INFO] [stderr] help: consider removing `package.homepage`
[INFO] [stderr] warning: `mcplug` (manifest) generated 1 warning
[INFO] [stderr]    Compiling memchr v2.8.0
[INFO] [stderr]    Compiling futures-channel v0.3.31
[INFO] [stderr]    Compiling regex-syntax v0.8.9
[INFO] [stderr]    Compiling futures-macro v0.3.31
[INFO] [stderr]    Compiling predicates-core v1.0.9
[INFO] [stderr]    Compiling rustix v1.1.3
[INFO] [stderr]    Compiling float-cmp v0.10.0
[INFO] [stderr]    Compiling num_cpus v1.17.0
[INFO] [stderr]    Compiling deadpool-runtime v0.1.4
[INFO] [stderr]    Compiling assert_cmd v2.1.2
[INFO] [stderr]    Compiling difflib v0.4.0
[INFO] [stderr]    Compiling termtree v0.5.1
[INFO] [stderr]    Compiling normalize-line-endings v0.3.0
[INFO] [stderr]    Compiling wait-timeout v0.2.1
[INFO] [stderr]    Compiling predicates-tree v1.0.12
[INFO] [stderr]    Compiling deadpool v0.12.3
[INFO] [stderr]    Compiling aho-corasick v1.1.4
[INFO] [stderr]    Compiling serde_json v1.0.149
[INFO] [stderr]    Compiling futures-util v0.3.31
[INFO] [stderr]    Compiling hyper v1.8.1
[INFO] [stderr]    Compiling assert-json-diff v2.0.2
[INFO] [stderr]    Compiling regex-automata v0.4.14
[INFO] [stderr]    Compiling tempfile v3.25.0
[INFO] [stderr]    Compiling hyper-util v0.1.20
[INFO] [stderr]    Compiling tower v0.5.3
[INFO] [stderr]    Compiling futures-executor v0.3.31
[INFO] [stderr]    Compiling futures v0.3.31
[INFO] [stderr]    Compiling tower-http v0.6.8
[INFO] [stderr]    Compiling hyper-rustls v0.27.7
[INFO] [stderr]    Compiling reqwest v0.13.2
[INFO] [stderr]    Compiling regex v1.12.3
[INFO] [stderr]    Compiling matchers v0.2.0
[INFO] [stderr]    Compiling bstr v1.12.1
[INFO] [stderr]    Compiling tracing-subscriber v0.3.22
[INFO] [stderr]    Compiling predicates v3.1.4
[INFO] [stderr]    Compiling wiremock v0.6.5
[INFO] [stderr]    Compiling mcplug v0.1.2 (/opt/rustwide/workdir)
[INFO] [stderr] warning: unused dependency `tokio-stream`
[INFO] [stderr]   --> Cargo.toml:61:15
[INFO] [stderr]    |
[INFO] [stderr] 61 | [dependencies.tokio-stream]
[INFO] [stderr]    |               ^^^^^^^^^^^^^
[INFO] [stderr]    |
[INFO] [stderr]    = note: `cargo::unused_dependencies` is set to `warn` by default
[INFO] [stderr] help: consider removing the dependency on `tokio-stream`
[INFO] [stderr] warning: unused dependency `uuid`
[INFO] [stderr]   --> Cargo.toml:71:15
[INFO] [stderr]    |
[INFO] [stderr] 71 | [dependencies.uuid]
[INFO] [stderr]    |               ^^^^^
[INFO] [stderr]    |
[INFO] [stderr] help: consider removing the dependency on `uuid`
[INFO] [stderr] warning: `mcplug` (manifest) generated 2 warnings
[INFO] [stderr]     Finished `release` profile [optimized] target(s) in 1m 13s
[INFO] running `Command { std: "docker" "inspect" "9af9650510df144b1a4c8097154e77e70e7c84213aaba0df8e6b8d4a9fc69dc7", kill_on_drop: false }`
[INFO] running `Command { std: "docker" "exec" "-e" "SOURCE_DIR=/opt/rustwide/workdir" "-e" "CARGO_HOME=/opt/rustwide/cargo-home" "-e" "RUSTUP_HOME=/opt/rustwide/rustup-home" "-e" "CARGO_TARGET_DIR=/opt/rustwide/target" "-e" "CARGO_INCREMENTAL=0" "-e" "RUST_BACKTRACE=full" "-e" "RUSTFLAGS=--cap-lints=warn" "-e" "RUSTDOCFLAGS=--cap-lints=warn" "-w" "/opt/rustwide/workdir" "--user" "0:0" "9af9650510df144b1a4c8097154e77e70e7c84213aaba0df8e6b8d4a9fc69dc7" "/opt/rustwide/cargo-home/bin/cargo" "+1.100.0-beta.1" "test" "--frozen" "--release", kill_on_drop: false }`
[INFO] [stderr] warning: `package.homepage` is redundant with `package.repository`
[INFO] [stderr]    --> Cargo.toml:108:12
[INFO] [stderr]     |
[INFO] [stderr] 108 | homepage = "https://github.com/hydai/mcplug"
[INFO] [stderr]     |            ^^^^^^^^^^^^^^^^^^^^^^^^^^^^^^^^^
[INFO] [stderr] ...
[INFO] [stderr] 112 | repository = "https://github.com/hydai/mcplug"
[INFO] [stderr]     |              ---------------------------------
[INFO] [stderr]     |
[INFO] [stderr]     = note: `cargo::redundant_homepage` is set to `warn` by default
[INFO] [stderr] help: consider removing `package.homepage`
[INFO] [stderr] warning: `mcplug` (manifest) generated 1 warning
[INFO] [stderr] warning: unused dependency `tokio-stream`
[INFO] [stderr]   --> Cargo.toml:61:15
[INFO] [stderr]    |
[INFO] [stderr] 61 | [dependencies.tokio-stream]
[INFO] [stderr]    |               ^^^^^^^^^^^^^
[INFO] [stderr]    |
[INFO] [stderr]    = note: `cargo::unused_dependencies` is set to `warn` by default
[INFO] [stderr] help: consider removing the dependency on `tokio-stream`
[INFO] [stderr] warning: unused dependency `uuid`
[INFO] [stderr]   --> Cargo.toml:71:15
[INFO] [stderr]    |
[INFO] [stderr] 71 | [dependencies.uuid]
[INFO] [stderr]    |               ^^^^^
[INFO] [stderr]    |
[INFO] [stderr] help: consider removing the dependency on `uuid`
[INFO] [stderr] warning: `mcplug` (manifest) generated 2 warnings
[INFO] [stderr]     Finished `release` profile [optimized] target(s) in 0.42s
[INFO] [stderr]      Running unittests src/lib.rs (/opt/rustwide/target/release/build/mcplug/247c01f797aac888/out/mcplug-247c01f797aac888)
[INFO] [stdout] 
[INFO] [stdout] running 283 tests
[INFO] [stdout] test args::tests::parse_args_colon_bool ... ok
[INFO] [stdout] test args::tests::parse_args_colon_bool_false ... ok
[INFO] [stdout] test args::tests::parse_args_empty_quoted_string ... ok
[INFO] [stdout] test args::tests::parse_args_colon_string ... ok
[INFO] [stdout] test args::tests::parse_args_empty ... ok
[INFO] [stdout] test args::tests::parse_args_equals_string ... ok
[INFO] [stdout] test args::tests::parse_args_no_separator ... ok
[INFO] [stdout] test args::tests::parse_args_single_quote_stripping ... ok
[INFO] [stdout] test args::tests::parse_args_null_coercion ... ok
[INFO] [stdout] test args::tests::parse_args_multiple ... ok
[INFO] [stdout] test args::tests::parse_function_call_missing_paren ... ok
[INFO] [stdout] test args::tests::parse_function_call_missing_close_paren ... ok
[INFO] [stdout] test args::tests::parse_function_call_multiple_named ... ok
[INFO] [stdout] test args::tests::parse_function_call_named_args ... ok
[INFO] [stdout] test args::tests::parse_function_call_nested_json_arg ... ok
[INFO] [stdout] test args::tests::parse_args_json_array_inline ... ok
[INFO] [stdout] test args::tests::parse_args_colon_number ... ok
[INFO] [stdout] test args::tests::parse_args_quoted_value ... ok
[INFO] [stdout] test args::tests::parse_tool_ref_empty_tool ... ok
[INFO] [stdout] test args::tests::suggest_tool_ambiguous ... ok
[INFO] [stdout] test args::tests::parse_tool_ref_no_dot ... ok
[INFO] [stdout] test args::tests::parse_tool_ref_empty_server ... ok
[INFO] [stdout] test args::tests::suggest_tool_distance_two ... ok
[INFO] [stdout] test args::tests::parse_tool_ref_with_dots_in_tool ... ok
[INFO] [stdout] test args::tests::suggest_tool_empty_list ... ok
[INFO] [stdout] test args::tests::parse_tool_ref_basic ... ok
[INFO] [stdout] test cli::call::tests::resolve_output_format_raw ... ok
[INFO] [stdout] test args::tests::suggest_tool_no_match ... ok
[INFO] [stdout] test cli::call::tests::resolve_output_format_json ... ok
[INFO] [stdout] test cli::call::tests::resolve_output_format_unknown_falls_to_pretty ... ok
[INFO] [stdout] test cli::call::tests::timeout_default ... ok
[INFO] [stdout] test cli::call::tests::resolve_output_json_flag ... ok
[INFO] [stdout] test args::tests::parse_args_colon_float ... ok
[INFO] [stdout] test cli::call::tests::resolve_output_default_pretty ... ok
[INFO] [stdout] test cli::call::tests::resolve_output_format_case_sensitive ... ok
[INFO] [stdout] test cli::call::tests::timeout_negative_falls_to_default ... ok
[INFO] [stdout] test cli::call::tests::timeout_from_value ... ok
[INFO] [stdout] test cli::call::tests::timeout_invalid_value ... ok
[INFO] [stdout] test args::tests::suggest_tool_exact_match ... ok
[INFO] [stdout] test cli::call::tests::resolve_output_json_takes_priority_over_raw ... ok
[INFO] [stdout] test cli::config_cmd::tests::print_entry_default_lifecycle ... ok
[INFO] [stdout] test cli::config_cmd::tests::prompt_reads_trimmed_line ... ok
[INFO] [stdout] test cli::config_cmd::tests::write_server_creates_new_file ... ok
[INFO] [stdout] test cli::call::tests::resolve_output_format_empty_string_falls_to_pretty ... ok
[INFO] [stdout] test cli::config_cmd::tests::print_entry_http_server ... ok
[INFO] [stdout] test cli::config_cmd::tests::prompt_choice_case_insensitive ... ok
[INFO] [stdout] test cli::call::tests::timeout_very_large_value ... ok
[INFO] [stdout] test cli::call::tests::timeout_zero_is_valid ... ok
[INFO] [stdout] test cli::config_cmd::tests::write_server_creates_parent_dirs ... ok
[INFO] [stdout] test cli::config_cmd::tests::print_entry_stdio_server ... ok
[INFO] [stdout] test cli::connection::tests::connect_adhoc_stdio_empty_cmd ... ok
[INFO] [stdout] test cli::connection::tests::connect_config_no_transport ... ok
[INFO] [stdout] test cli::config_cmd::tests::prompt_choice_accepts_valid ... ok
[INFO] [stdout] test cli::config_cmd::tests::prompt_choice_retries_on_invalid ... ok
[INFO] [stdout] test cli::connection::tests::connect_server_not_found ... ok
[INFO] [stdout] test cli::list::tests::format_tool_all_optional_params ... ok
[INFO] [stdout] test cli::list::tests::format_tool_empty_properties ... ok
[INFO] [stdout] test cli::list::tests::format_tool_hides_optional_when_many_required ... ok
[INFO] [stdout] test cli::list::tests::format_tool_no_params ... ok
[INFO] [stdout] test cli::connection::tests::connect_adhoc_stdio_echo ... ok
[INFO] [stdout] test cli::list::tests::format_tool_exactly_five_required ... ok
[INFO] [stdout] test cli::list::tests::format_tool_shows_optional_when_all_params_flag ... ok
[INFO] [stdout] test cli::list::tests::format_tool_no_properties_key ... ok
[INFO] [stdout] test args::tests::parse_args_json_object_inline ... ok
[INFO] [stdout] test cli::list::tests::format_tool_no_type_field ... ok
[INFO] [stdout] test cli::list::tests::format_tool_required_params ... ok
[INFO] [stdout] test cli::list::tests::timeout_default ... ok
[INFO] [stdout] test cli::list::tests::timeout_from_value ... ok
[INFO] [stdout] test cli::list::tests::timeout_invalid_value ... ok
[INFO] [stdout] test args::tests::parse_args_value_with_colon ... ok
[INFO] [stdout] test args::tests::parse_function_call_no_args ... ok
[INFO] [stdout] test args::tests::suggest_tool_close_match ... ok
[INFO] [stdout] test args::tests::parse_function_call_positional ... ok
[INFO] [stdout] test cli::call::tests::resolve_output_raw_flag ... ok
[INFO] [stdout] test cli::output::tests::print_call_result_mixed_content_blocks ... ok
[INFO] [stdout] test cli::output::tests::print_call_result_json_error_content ... ok
[INFO] [stdout] test cli::output::tests::print_call_result_pretty_text ... ok
[INFO] [stdout] test cli::output::tests::print_call_result_raw_text ... ok
[INFO] [stdout] test cli::output::tests::output_mode_equality ... ok
[INFO] [stdout] test cli::output::tests::print_error_human_mode ... ok
[INFO] [stdout] test cli::output::tests::print_call_result_json_captures_content ... ok
[INFO] [stdout] test cli::output::tests::print_call_result_empty_content ... ok
[INFO] [stdout] test cli::output::tests::print_error_json_mode ... ok
[INFO] [stdout] test cli::output::tests::print_call_result_pretty_image ... ok
[INFO] [stdout] test cli::list::tests::format_tool_unknown_type ... ok
[INFO] [stdout] test cli::output::tests::print_call_result_pretty_error ... ok
[INFO] [stdout] test codegen::emit_rs::tests::test_emit_rust_types_multiple_tools ... ok
[INFO] [stdout] test cli::output::tests::print_call_result_pretty_resource ... ok
[INFO] [stdout] test codegen::emit_rs::tests::test_emit_rust_types_basic ... ok
[INFO] [stdout] test codegen::emit_rs::tests::test_json_schema_to_rust_type_array_no_items ... ok
[INFO] [stdout] test cli::config_cmd::tests::load_annotated_with_temp_config ... ok
[INFO] [stdout] test codegen::emit_rs::tests::test_json_schema_to_rust_type_boolean ... ok
[INFO] [stdout] test codegen::emit_rs::tests::test_json_schema_to_rust_type_number ... ok
[INFO] [stdout] test codegen::emit_rs::tests::test_json_schema_to_rust_type_integer ... ok
[INFO] [stdout] test codegen::emit_rs::tests::test_emit_rust_types_empty_tools ... ok
[INFO] [stdout] test codegen::emit_rs::tests::test_json_schema_to_rust_type_array ... ok
[INFO] [stdout] test codegen::emit_rs::tests::test_json_schema_to_rust_type_object ... ok
[INFO] [stdout] test codegen::emit_rs::tests::test_json_schema_to_rust_type_string ... ok
[INFO] [stdout] test codegen::emit_rs::tests::test_emit_rust_types_complex_schema ... ok
[INFO] [stdout] test cli::connection::tests::connect_config_stdio_server ... ok
[INFO] [stdout] test codegen::emit_rs::tests::test_sanitize_identifier ... ok
[INFO] [stdout] test codegen::emit_rs::tests::test_sanitize_identifier_special_chars_in_description ... ok
[INFO] [stdout] test codegen::emit_rs::tests::test_to_pascal_case ... ok
[INFO] [stdout] test codegen::emit_rs::tests::test_to_snake_case ... ok
[INFO] [stdout] test codegen::emit_rs::tests::test_json_schema_to_rust_type_null ... ok
[INFO] [stdout] test codegen::emit_rs::tests::test_json_schema_to_rust_type_unknown ... ok
[INFO] [stdout] test codegen::generate_cli::tests::test_filter_tools_exclude_all ... ok
[INFO] [stdout] test codegen::generate_cli::tests::test_generate_cli_nested_array_items ... ok
[INFO] [stdout] test codegen::generate_cli::tests::test_generate_cli_source_include_and_exclude ... ok
[INFO] [stdout] test codegen::generate_cli::tests::test_generate_cli_source_exclude_filter ... ok
[INFO] [stdout] test codegen::generate_cli::tests::test_generate_cli_source_empty_tools ... ok
[INFO] [stdout] test codegen::generate_cli::tests::test_filter_tools_include_only ... ok
[INFO] [stdout] test codegen::generate_cli::tests::test_filter_tools_exclude_only ... ok
[INFO] [stdout] test codegen::generate_cli::tests::test_generate_cli_required_and_optional_fields ... ok
[INFO] [stdout] test codegen::generate_cli::tests::test_filter_tools_no_filters ... ok
[INFO] [stdout] test codegen::generate_cli::tests::test_generate_cli_source_basic ... ok
[INFO] [stdout] test codegen::generate_cli::tests::test_generate_cli_tool_descriptions_as_docs ... ok
[INFO] [stdout] test config::editors::tests::editor_config_paths_claude_code ... ok
[INFO] [stdout] test config::editors::tests::editor_config_paths_claude_desktop ... ok
[INFO] [stdout] test config::editors::tests::editor_config_paths_codex ... ok
[INFO] [stdout] test config::editors::tests::editor_config_paths_unknown ... ok
[INFO] [stdout] test config::editors::tests::import_editor_configs_with_temp_cursor_file ... ok
[INFO] [stdout] test config::editors::tests::import_nonexistent_editors_returns_empty ... ok
[INFO] [stdout] test config::env::tests::expand_dollar_brace_unset_errors ... ok
[INFO] [stdout] test config::env::tests::expand_dollar_brace_var ... ok
[INFO] [stdout] test codegen::generate_cli::tests::test_generate_cli_source_include_filter ... ok
[INFO] [stdout] test config::env::tests::expand_empty_env_colon_var_errors ... ok
[INFO] [stdout] test config::env::tests::expand_env_colon_unset_errors ... ok
[INFO] [stdout] test config::editors::tests::editor_config_paths_windsurf ... ok
[INFO] [stdout] test cli::config_cmd::tests::write_server_merges_into_existing_file ... ok
[INFO] [stdout] test config::editors::tests::editor_config_paths_cursor ... ok
[INFO] [stdout] test config::editors::tests::editor_config_paths_opencode ... ok
[INFO] [stdout] test config::editors::tests::editor_config_paths_vscode ... ok
[INFO] [stdout] test config::env::tests::expand_dollar_without_brace_or_env_is_literal ... ok
[INFO] [stdout] test config::env::tests::expand_fallback_when_empty ... ok
[INFO] [stdout] test config::env::tests::expand_fallback_when_set ... ok
[INFO] [stdout] test config::env::tests::expand_env_colon_var ... ok
[INFO] [stdout] test config::env::tests::multiple_expansions ... ok
[INFO] [stdout] test config::env::tests::expand_fallback_when_unset ... ok
[INFO] [stdout] test config::loader::tests::discover_returns_empty_when_no_files_exist ... ok
[INFO] [stdout] test config::loader::tests::load_config_file_error_on_invalid_json ... ok
[INFO] [stdout] test config::loader::tests::load_config_file_parses_jsonc ... ok
[INFO] [stdout] test config::loader::tests::load_config_file_error_on_missing_file ... ok
[INFO] [stdout] test config::loader::tests::merge_servers_no_override ... ok
[INFO] [stdout] test config::loader::tests::import_deduplication ... ok
[INFO] [stdout] test config::env::tests::no_expansion_needed ... ok
[INFO] [stdout] test config::env::tests::expand_unclosed_brace_errors ... ok
[INFO] [stdout] test config::env::tests::expand_server_config_expands_all_fields ... ok
[INFO] [stdout] test config::loader::tests::load_config_empty_servers_object ... ok
[INFO] [stdout] test config::loader::tests::no_comments ... ok
[INFO] [stdout] test config::loader::tests::strip_jsonc_comment_at_end_of_file ... ok
[INFO] [stdout] test config::loader::tests::preserve_strings_with_slashes ... ok
[INFO] [stdout] test config::loader::tests::strip_jsonc_trailing_comma ... ok
[INFO] [stdout] test config::loader::tests::strip_block_comments ... ok
[INFO] [stdout] test config::loader::tests::strip_multiline_block_comments ... ok
[INFO] [stdout] test config::loader::tests::strip_line_comments ... ok
[INFO] [stdout] test config::loader::tests::strip_mixed_comments ... ok
[INFO] [stdout] test daemon::manager::tests::daemon_is_running_with_empty_pid_file ... ok
[INFO] [stdout] test daemon::manager::tests::daemon_not_running_when_no_pid_file ... ok
[INFO] [stdout] test config::types::tests::deserialize_http_server ... ok
[INFO] [stdout] test config::types::tests::deserialize_minimal_server ... ok
[INFO] [stdout] test config::types::tests::deserialize_stdio_server ... ok
[INFO] [stdout] test config::types::tests::serialize_roundtrip ... ok
[INFO] [stdout] test daemon::manager::tests::daemon_is_running_with_invalid_pid_content ... ok
[INFO] [stdout] test config::loader::tests::multi_source_precedence_first_wins ... ok
[INFO] [stdout] test daemon::manager::tests::daemon_is_running_with_stale_pid ... ok
[INFO] [stdout] test daemon::manager::tests::daemon_manager_new_uses_home_dir ... ok
[INFO] [stdout] test daemon::manager::tests::daemon_manager_paths ... ok
[INFO] [stdout] test config::types::tests::deserialize_config_with_unknown_fields_is_lenient ... ok
[INFO] [stdout] test config::types::tests::deserialize_full_config ... ok
[INFO] [stdout] test error::tests::display_connection_failed ... ok
[INFO] [stdout] test error::tests::display_tool_not_found ... ok
[INFO] [stdout] test error::tests::display_transport_error ... ok
[INFO] [stdout] test error::tests::display_server_not_found ... ok
[INFO] [stdout] test error::tests::display_auth_required ... ok
[INFO] [stdout] test daemon::manager::tests::daemon_status_structure ... ok
[INFO] [stdout] test error::tests::display_protocol_error ... ok
[INFO] [stdout] test daemon::manager::tests::daemon_status_when_not_running ... ok
[INFO] [stdout] test error::tests::error_code_mapping_all_variants ... ok
[INFO] [stdout] test error::tests::display_timeout_with_tool ... ok
[INFO] [stdout] test error::tests::display_timeout_without_tool ... ok
[INFO] [stdout] test error::tests::error_server_name_accessors ... ok
[INFO] [stdout] test error::tests::error_to_json_structure ... ok
[INFO] [stdout] test error::tests::error_tool_name_accessors ... ok
[INFO] [stdout] test oauth::cache::tests::cache_path_different_servers ... ok
[INFO] [stdout] test daemon::manager::tests::daemon_restart_when_not_running ... ok
[INFO] [stdout] test daemon::manager::tests::daemon_start_when_not_running ... ok
[INFO] [stdout] test oauth::callback::tests::parse_code_urlencoded ... ok
[INFO] [stdout] test oauth::callback::tests::parse_code_with_error_param ... ok
[INFO] [stdout] test oauth::cache::tests::save_and_load_roundtrip ... ok
[INFO] [stdout] test oauth::cache::tests::save_token_persistence_across_instances ... ok
[INFO] [stdout] test oauth::callback::tests::parse_code_empty_code_value ... ok
[INFO] [stdout] test oauth::callback::tests::parse_code_from_valid_request ... ok
[INFO] [stdout] test oauth::callback::tests::parse_code_missing ... ok
[INFO] [stdout] test oauth::callback::tests::urldecode_basic ... ok
[INFO] [stdout] test oauth::cache::tests::load_nonexistent_returns_none ... ok
[INFO] [stdout] test daemon::manager::tests::daemon_stop_when_not_running ... ok
[INFO] [stdout] test oauth::cache::tests::cache_path_structure ... ok
[INFO] [stdout] test error::tests::display_config_error ... ok
[INFO] [stdout] test oauth::discovery::tests::discovery_url_strips_trailing_slash ... ok
[INFO] [stdout] test oauth::discovery::tests::oauth_metadata_minimal_deserialization ... ok
[INFO] [stdout] test oauth::pkce::tests::pkce_challenge_is_sha256_of_verifier ... ok
[INFO] [stdout] test oauth::pkce::tests::pkce_generates_unique_values ... ok
[INFO] [stdout] test oauth::flow::tests::urlencoded_empty_string ... ok
[INFO] [stdout] test oauth::discovery::tests::discovery_url_construction ... ok
[INFO] [stdout] test oauth::discovery::tests::oauth_metadata_deserialization ... ok
[INFO] [stdout] test oauth::token::tests::token_not_expired_when_future ... ok
[INFO] [stdout] test oauth::flow::tests::get_valid_token_returns_auth_required_when_no_cache ... ok
[INFO] [stdout] test oauth::flow::tests::urlencoded_encodes_slash ... ok
[INFO] [stdout] test oauth::token::tests::token_expired_when_past ... ok
[INFO] [stdout] test runtime::tests::config_accessor ... ok
[INFO] [stdout] test runtime::tests::create_transport_not_found ... ok
[INFO] [stdout] test oauth::flow::tests::urlencoded_basic_characters_pass_through ... ok
[INFO] [stdout] test oauth::pkce::tests::pkce_verifier_length ... ok
[INFO] [stdout] test oauth::token::tests::token_data_serialization_roundtrip ... ok
[INFO] [stdout] test oauth::flow::tests::urlencoded_encodes_special_characters ... ok
[INFO] [stdout] test runtime::tests::effective_lifecycle_env_keepalive_override ... ok
[INFO] [stdout] test runtime::tests::create_transport_no_command_or_url ... ok
[INFO] [stdout] test oauth::token::tests::token_data_without_optional_fields ... ok
[INFO] [stdout] test runtime::tests::runtime_with_config_has_servers ... ok
[INFO] [stdout] test oauth::token::tests::token_not_expired_when_no_expiry ... ok
[INFO] [stdout] test server_proxy::tests::server_proxy_call_with_empty_args ... ok
[INFO] [stdout] test server_proxy::tests::server_proxy_call_nonexistent_server_errors ... ok
[INFO] [stdout] test runtime::tests::server_names_returns_all_configured ... ok
[INFO] [stdout] test runtime::tests::close_empty_runtime_succeeds ... ok
[INFO] [stdout] test oauth::pkce::tests::pkce_verifier_uses_url_safe_chars ... ok
[INFO] [stdout] test server_proxy::tests::server_proxy_empty_server_name ... ok
[INFO] [stdout] test server_proxy::tests::server_proxy_server_name_with_special_chars ... ok
[INFO] [stdout] test server_proxy::tests::server_proxy_creation_with_different_names ... ok
[INFO] [stdout] test runtime::tests::create_transport_stdio ... ok
[INFO] [stdout] test runtime::tests::effective_lifecycle_env_disable_keepalive_override ... ok
[INFO] [stdout] test runtime::tests::effective_lifecycle_from_config ... ok
[INFO] [stdout] test server_proxy::tests::server_proxy_name ... ok
[INFO] [stdout] test transports::http_sse::tests::http_transport_rejects_empty_url ... ok
[INFO] [stdout] test server_proxy::tests::server_proxy_multiple_on_same_runtime ... ok
[INFO] [stdout] test server_proxy::tests::server_proxy_name_is_owned_copy ... ok
[INFO] [stdout] test runtime::tests::effective_lifecycle_default ... ok
[INFO] [stdout] test runtime::tests::effective_lifecycle_wildcard_keepalive ... ok
[INFO] [stdout] test transports::http_sse::tests::json_rpc_request_format ... ok
[INFO] [stdout] test transports::http_sse::tests::rejects_invalid_url ... ok
[INFO] [stdout] test transports::http_sse::tests::rejects_invalid_header_value ... ok
[INFO] [stdout] test transports::jsonrpc::tests::request_builder_starts_at_one ... ok
[INFO] [stdout] test transports::jsonrpc::tests::request_ids_auto_increment ... ok
[INFO] [stdout] test transports::http_sse::tests::rejects_unsupported_scheme ... ok
[INFO] [stdout] test transports::http_sse::tests::rejects_http_without_allow_flag ... ok
[INFO] [stdout] test transports::jsonrpc::tests::request_serialization ... ok
[INFO] [stdout] test transports::jsonrpc::tests::request_without_params_omits_field ... ok
[INFO] [stdout] test transports::jsonrpc::tests::notification_serialization ... ok
[INFO] [stdout] test transports::jsonrpc::tests::response_parsing_error ... ok
[INFO] [stdout] test transports::jsonrpc::tests::response_parsing_error_with_data ... ok
[INFO] [stdout] test transports::jsonrpc::tests::response_parsing_success ... ok
[INFO] [stdout] test transports::jsonrpc::tests::response_parsing_notification_no_id ... ok
[INFO] [stdout] test transports::stdio::tests::stdio_transport_send_and_receive ... ok
[INFO] [stdout] test transports::stdio::tests::stdio_transport_with_cwd ... ok
[INFO] [stdout] test transports::stdio::tests::stdio_transport_creation_with_echo ... ok
[INFO] [stdout] test types::tests::content_returns_blocks ... ok
[INFO] [stdout] test types::tests::json_deserialize ... ok
[INFO] [stdout] test types::tests::json_deserialize_error ... ok
[INFO] [stdout] test types::tests::markdown_formats_image ... ok
[INFO] [stdout] test types::tests::markdown_formats_resource ... ok
[INFO] [stdout] test types::tests::markdown_formats_text ... ok
[INFO] [stdout] test types::tests::raw_returns_none_when_unset ... ok
[INFO] [stdout] test types::tests::raw_returns_value_when_set ... ok
[INFO] [stdout] test types::tests::text_empty ... ok
[INFO] [stdout] test types::tests::text_includes_resource_text ... ok
[INFO] [stdout] test types::tests::text_joins_text_blocks ... ok
[INFO] [stdout] test types::tests::text_single_block ... ok
[INFO] [stdout] test types::tests::text_skips_images ... ok
[INFO] [stdout] test transports::stdio::tests::stdio_transport_creation_fails_with_bad_command ... ok
[INFO] [stdout] test transports::stdio::tests::stdio_transport_debug_format ... ok
[INFO] [stdout] test transports::stdio::tests::stdio_transport_with_env ... ok
[INFO] [stdout] test transports::stdio::tests::stdio_transport_with_args ... ok
[INFO] [stdout] test runtime::tests::create_transport_http ... ok
[INFO] [stdout] test transports::http_sse::tests::session_id_starts_none ... ok
[INFO] [stdout] test transports::http_sse::tests::allows_http_with_flag ... ok
[INFO] [stdout] test cli::connection::tests::connect_config_http_server ... ok
[INFO] [stdout] test transports::http_sse::tests::custom_headers_included ... ok
[INFO] [stdout] test transports::http_sse::tests::http_transport_with_localhost_http_allowed ... ok
[INFO] [stdout] test transports::http_sse::tests::http_transport_debug_format ... ok
[INFO] [stdout] test runtime::tests::create_transport_prefers_base_url_over_command ... ok
[INFO] [stdout] test cli::connection::tests::connect_adhoc_http_cleartext ... ok
[INFO] [stderr]      Running unittests src/main.rs (/opt/rustwide/target/release/build/mcplug/d65e8f4230e6a979/out/mcplug-d65e8f4230e6a979)
[INFO] [stdout] test cli::connection::tests::connect_adhoc_http_https ... ok
[INFO] [stdout] test transports::http_sse::tests::allows_https ... ok
[INFO] [stdout] 
[INFO] [stdout] test result: ok. 283 passed; 0 failed; 0 ignored; 0 measured; 0 filtered out; finished in 1.48s
[INFO] [stdout] 
[INFO] [stdout] 
[INFO] [stdout] running 0 tests
[INFO] [stdout] 
[INFO] [stdout] test result: ok. 0 passed; 0 failed; 0 ignored; 0 measured; 0 filtered out; finished in 0.00s
[INFO] [stdout] 
[INFO] [stderr]      Running tests/cli_integration.rs (/opt/rustwide/target/release/build/mcplug/457b41deedee9569/out/cli_integration-457b41deedee9569)
[INFO] [stdout] 
[INFO] [stdout] running 8 tests
[INFO] [stdout] test call_tool_near_miss_suggestion ... FAILED
[INFO] [stdout] test call_tool_colon_args ... FAILED
[INFO] [stdout] test call_tool_function_syntax ... FAILED
[INFO] [stdout] test list_json_output ... FAILED
[INFO] [stdout] test config_show_output ... ok
[INFO] [stdout] test call_tool_json_output ... FAILED
[INFO] [stdout] test call_tool_not_found_error ... ok
[INFO] [stdout] test list_server_tools_output ... FAILED
[INFO] [stdout] 
[INFO] [stdout] failures:
[INFO] [stdout] 
[INFO] [stdout] ---- call_tool_near_miss_suggestion stdout ----
[INFO] [stdout] 
[INFO] [stdout] thread 'call_tool_near_miss_suggestion' (4834) panicked at /rustc/e3feeb59cd1bdd011a2bfcc0747b55125d9b8527/library/core/src/ops/function.rs:250:5:
[INFO] [stdout] Unexpected stderr, failed (var.contains(echo) || var.contains(not found))
[INFO] [stdout] ├── var as str: Error: Cannot connect to mock: No such file or directory (os error 2)
[INFO] [stdout] ├── var.contains(echo)
[INFO] [stdout] │   └── var: Error: Cannot connect to mock: No such file or directory (os error 2)
[INFO] [stdout] └── var.contains(not found)
[INFO] [stdout]     └── var: Error: Cannot connect to mock: No such file or directory (os error 2)
[INFO] [stdout] 
[INFO] [stdout] command=`MCPLUG_CONFIG="/tmp/.tmpxypitF/mcplug.json" "/opt/rustwide/target/release/mcplug" "call" "mock.ech"`
[INFO] [stdout] code=1
[INFO] [stdout] stdout=""
[INFO] [stdout] stderr="Error: Cannot connect to mock: No such file or directory (os error 2)\n"
[INFO] [stdout] 
[INFO] [stdout] stack backtrace:
[INFO] [stdout]    0:     0x56a8043187d1 - <<std[617be2ca0a6fd877]::sys::backtrace::BacktraceLock>::print::DisplayBacktrace as core[a373ad73a504971]::fmt::Display>::fmt
[INFO] [stdout]    1:     0x56a80432f21a - core[a373ad73a504971]::fmt::write
[INFO] [stdout]    2:     0x56a80431e05c - <alloc[2e1b2a31b91974c5]::vec::Vec<u8> as core[a373ad73a504971]::io::write::Write>::write_fmt
[INFO] [stdout]    3:     0x56a8042f2fe6 - std[617be2ca0a6fd877]::panicking::default_hook::{closure#0}
[INFO] [stdout]    4:     0x56a8043104e9 - std[617be2ca0a6fd877]::panicking::default_hook
[INFO] [stdout]    5:     0x56a80429a0a0 - test[aada8e7e76ba119b]::test_main_inner::{closure#0}
[INFO] [stdout]    6:     0x56a8043106a2 - std[617be2ca0a6fd877]::panicking::panic_with_hook
[INFO] [stdout]    7:     0x56a8042f3092 - std[617be2ca0a6fd877]::panicking::panic_handler::{closure#0}
[INFO] [stdout]    8:     0x56a8042ebc89 - std[617be2ca0a6fd877]::sys::backtrace::__rust_end_short_backtrace::<std[617be2ca0a6fd877]::panicking::panic_handler::{closure#0}, !>
[INFO] [stdout]    9:     0x56a8042f3c9d - __rustc[ea4f61d10b84890b]::rust_begin_unwind
[INFO] [stdout]   10:     0x56a80432f9cc - core[a373ad73a504971]::panicking::panic_fmt
[INFO] [stdout]   11:     0x56a804287884 - <assert_cmd[8b96f237149e2803]::assert::AssertError>::panic::<assert_cmd[8b96f237149e2803]::assert::Assert>
[INFO] [stdout]   12:     0x56a804287835 - <assert_cmd[8b96f237149e2803]::assert::Assert>::stderr::<predicates[e9e6537663b163c]::boolean::OrPredicate<predicates[e9e6537663b163c]::str::basics::ContainsPredicate, predicates[e9e6537663b163c]::str::basics::ContainsPredicate, str>, assert_cmd[8b96f237149e2803]::assert::StrOutputPredicate<predicates[e9e6537663b163c]::boolean::OrPredicate<predicates[e9e6537663b163c]::str::basics::ContainsPredicate, predicates[e9e6537663b163c]::str::basics::ContainsPredicate, str>>>
[INFO] [stdout]   13:     0x56a804286ba7 - <cli_integration[88c8b20f9756e273]::call_tool_near_miss_suggestion::{closure#0} as core[a373ad73a504971]::ops::function::FnOnce<()>>::call_once
[INFO] [stdout]   14:     0x56a80428d4eb - test[aada8e7e76ba119b]::__rust_begin_short_backtrace::<core[a373ad73a504971]::result::Result<(), alloc[2e1b2a31b91974c5]::string::String>, fn() -> core[a373ad73a504971]::result::Result<(), alloc[2e1b2a31b91974c5]::string::String>>
[INFO] [stdout]   15:     0x56a80429a6c5 - test[aada8e7e76ba119b]::run_test::{closure#0}
[INFO] [stdout]   16:     0x56a804293fb4 - std[617be2ca0a6fd877]::sys::backtrace::__rust_begin_short_backtrace::<test[aada8e7e76ba119b]::run_test::{closure#1}, ()>
[INFO] [stdout]   17:     0x56a80429d752 - <std[617be2ca0a6fd877]::thread::lifecycle::spawn_unchecked<test[aada8e7e76ba119b]::run_test::{closure#1}, ()>::{closure#1} as core[a373ad73a504971]::ops::function::FnOnce<()>>::call_once::{shim:vtable#0}
[INFO] [stdout]   18:     0x56a804317dcf - <std[617be2ca0a6fd877]::sys::thread::unix::Thread>::new::thread_start
[INFO] [stdout]   19:     0x704e83b9ddfa - <unknown>
[INFO] [stdout]   20:     0x704e83c313d4 - clone
[INFO] [stdout]   21:                0x0 - <unknown>
[INFO] [stdout] 
[INFO] [stderr] error: test failed, to rerun pass `--test cli_integration`
[INFO] [stdout] ---- call_tool_colon_args stdout ----
[INFO] [stdout] 
[INFO] [stdout] thread 'call_tool_colon_args' (4831) panicked at /rustc/e3feeb59cd1bdd011a2bfcc0747b55125d9b8527/library/core/src/ops/function.rs:250:5:
[INFO] [stdout] Unexpected failure.
[INFO] [stdout] code=1
[INFO] [stdout] stderr=```"Error: Cannot connect to mock: No such file or directory (os error 2)\n"```
[INFO] [stdout] command=`MCPLUG_CONFIG="/tmp/.tmphRrdWD/mcplug.json" "/opt/rustwide/target/release/mcplug" "call" "mock.add" "a:3" "b:4"`
[INFO] [stdout] code=1
[INFO] [stdout] stdout=""
[INFO] [stdout] stderr="Error: Cannot connect to mock: No such file or directory (os error 2)\n"
[INFO] [stdout] 
[INFO] [stdout] stack backtrace:
[INFO] [stdout]    0:     0x56a8043187d1 - <<std[617be2ca0a6fd877]::sys::backtrace::BacktraceLock>::print::DisplayBacktrace as core[a373ad73a504971]::fmt::Display>::fmt
[INFO] [stdout]    1:     0x56a80432f21a - core[a373ad73a504971]::fmt::write
[INFO] [stdout]    2:     0x56a80431e05c - <alloc[2e1b2a31b91974c5]::vec::Vec<u8> as core[a373ad73a504971]::io::write::Write>::write_fmt
[INFO] [stdout]    3:     0x56a8042f2fe6 - std[617be2ca0a6fd877]::panicking::default_hook::{closure#0}
[INFO] [stdout]    4:     0x56a8043104e9 - std[617be2ca0a6fd877]::panicking::default_hook
[INFO] [stdout]    5:     0x56a80429a0a0 - test[aada8e7e76ba119b]::test_main_inner::{closure#0}
[INFO] [stdout]    6:     0x56a8043106a2 - std[617be2ca0a6fd877]::panicking::panic_with_hook
[INFO] [stdout]    7:     0x56a8042f3092 - std[617be2ca0a6fd877]::panicking::panic_handler::{closure#0}
[INFO] [stdout]    8:     0x56a8042ebc89 - std[617be2ca0a6fd877]::sys::backtrace::__rust_end_short_backtrace::<std[617be2ca0a6fd877]::panicking::panic_handler::{closure#0}, !>
[INFO] [stdout]    9:     0x56a8042f3c9d - __rustc[ea4f61d10b84890b]::rust_begin_unwind
[INFO] [stdout]   10:     0x56a80432f9cc - core[a373ad73a504971]::panicking::panic_fmt
[INFO] [stdout]   11:     0x56a8042d0633 - <assert_cmd[8b96f237149e2803]::assert::AssertError>::panic::<assert_cmd[8b96f237149e2803]::assert::Assert>
[INFO] [stdout]   12:     0x56a8042d1136 - <assert_cmd[8b96f237149e2803]::assert::Assert>::success
[INFO] [stdout]   13:     0x56a8042853b5 - <cli_integration[88c8b20f9756e273]::call_tool_colon_args::{closure#0} as core[a373ad73a504971]::ops::function::FnOnce<()>>::call_once
[INFO] [stdout]   14:     0x56a80428d4eb - test[aada8e7e76ba119b]::__rust_begin_short_backtrace::<core[a373ad73a504971]::result::Result<(), alloc[2e1b2a31b91974c5]::string::String>, fn() -> core[a373ad73a504971]::result::Result<(), alloc[2e1b2a31b91974c5]::string::String>>
[INFO] [stdout]   15:     0x56a80429a6c5 - test[aada8e7e76ba119b]::run_test::{closure#0}
[INFO] [stdout]   16:     0x56a804293fb4 - std[617be2ca0a6fd877]::sys::backtrace::__rust_begin_short_backtrace::<test[aada8e7e76ba119b]::run_test::{closure#1}, ()>
[INFO] [stdout]   17:     0x56a80429d752 - <std[617be2ca0a6fd877]::thread::lifecycle::spawn_unchecked<test[aada8e7e76ba119b]::run_test::{closure#1}, ()>::{closure#1} as core[a373ad73a504971]::ops::function::FnOnce<()>>::call_once::{shim:vtable#0}
[INFO] [stdout]   18:     0x56a804317dcf - <std[617be2ca0a6fd877]::sys::thread::unix::Thread>::new::thread_start
[INFO] [stdout]   19:     0x704e83b9ddfa - <unknown>
[INFO] [stdout]   20:     0x704e83c313d4 - clone
[INFO] [stdout]   21:                0x0 - <unknown>
[INFO] [stdout] 
[INFO] [stdout] ---- call_tool_function_syntax stdout ----
[INFO] [stdout] 
[INFO] [stdout] thread 'call_tool_function_syntax' (4832) panicked at /rustc/e3feeb59cd1bdd011a2bfcc0747b55125d9b8527/library/core/src/ops/function.rs:250:5:
[INFO] [stdout] Unexpected failure.
[INFO] [stdout] code=1
[INFO] [stdout] stderr=```"Error: Cannot connect to mock: No such file or directory (os error 2)\n"```
[INFO] [stdout] command=`MCPLUG_CONFIG="/tmp/.tmpd7rptm/mcplug.json" "/opt/rustwide/target/release/mcplug" "call" "mock.add(a: 10, b: 20)"`
[INFO] [stdout] code=1
[INFO] [stdout] stdout=""
[INFO] [stdout] stderr="Error: Cannot connect to mock: No such file or directory (os error 2)\n"
[INFO] [stdout] 
[INFO] [stdout] stack backtrace:
[INFO] [stdout]    0:     0x56a8043187d1 - <<std[617be2ca0a6fd877]::sys::backtrace::BacktraceLock>::print::DisplayBacktrace as core[a373ad73a504971]::fmt::Display>::fmt
[INFO] [stdout]    1:     0x56a80432f21a - core[a373ad73a504971]::fmt::write
[INFO] [stdout]    2:     0x56a80431e05c - <alloc[2e1b2a31b91974c5]::vec::Vec<u8> as core[a373ad73a504971]::io::write::Write>::write_fmt
[INFO] [stdout]    3:     0x56a8042f2fe6 - std[617be2ca0a6fd877]::panicking::default_hook::{closure#0}
[INFO] [stdout]    4:     0x56a8043104e9 - std[617be2ca0a6fd877]::panicking::default_hook
[INFO] [stdout]    5:     0x56a80429a0a0 - test[aada8e7e76ba119b]::test_main_inner::{closure#0}
[INFO] [stdout]    6:     0x56a8043106a2 - std[617be2ca0a6fd877]::panicking::panic_with_hook
[INFO] [stdout]    7:     0x56a8042f3092 - std[617be2ca0a6fd877]::panicking::panic_handler::{closure#0}
[INFO] [stdout]    8:     0x56a8042ebc89 - std[617be2ca0a6fd877]::sys::backtrace::__rust_end_short_backtrace::<std[617be2ca0a6fd877]::panicking::panic_handler::{closure#0}, !>
[INFO] [stdout]    9:     0x56a8042f3c9d - __rustc[ea4f61d10b84890b]::rust_begin_unwind
[INFO] [stdout]   10:     0x56a80432f9cc - core[a373ad73a504971]::panicking::panic_fmt
[INFO] [stdout]   11:     0x56a8042d0633 - <assert_cmd[8b96f237149e2803]::assert::AssertError>::panic::<assert_cmd[8b96f237149e2803]::assert::Assert>
[INFO] [stdout]   12:     0x56a8042d1136 - <assert_cmd[8b96f237149e2803]::assert::Assert>::success
[INFO] [stdout]   13:     0x56a804286371 - <cli_integration[88c8b20f9756e273]::call_tool_function_syntax::{closure#0} as core[a373ad73a504971]::ops::function::FnOnce<()>>::call_once
[INFO] [stdout]   14:     0x56a80428d4eb - test[aada8e7e76ba119b]::__rust_begin_short_backtrace::<core[a373ad73a504971]::result::Result<(), alloc[2e1b2a31b91974c5]::string::String>, fn() -> core[a373ad73a504971]::result::Result<(), alloc[2e1b2a31b91974c5]::string::String>>
[INFO] [stdout]   15:     0x56a80429a6c5 - test[aada8e7e76ba119b]::run_test::{closure#0}
[INFO] [stdout]   16:     0x56a804293fb4 - std[617be2ca0a6fd877]::sys::backtrace::__rust_begin_short_backtrace::<test[aada8e7e76ba119b]::run_test::{closure#1}, ()>
[INFO] [stdout]   17:     0x56a80429d752 - <std[617be2ca0a6fd877]::thread::lifecycle::spawn_unchecked<test[aada8e7e76ba119b]::run_test::{closure#1}, ()>::{closure#1} as core[a373ad73a504971]::ops::function::FnOnce<()>>::call_once::{shim:vtable#0}
[INFO] [stdout]   18:     0x56a804317dcf - <std[617be2ca0a6fd877]::sys::thread::unix::Thread>::new::thread_start
[INFO] [stdout]   19:     0x704e83b9ddfa - <unknown>
[INFO] [stdout]   20:     0x704e83c313d4 - clone
[INFO] [stdout]   21:                0x0 - <unknown>
[INFO] [stdout] 
[INFO] [stdout] ---- list_json_output stdout ----
[INFO] [stdout] 
[INFO] [stdout] thread 'list_json_output' (4837) panicked at /rustc/e3feeb59cd1bdd011a2bfcc0747b55125d9b8527/library/core/src/ops/function.rs:250:5:
[INFO] [stdout] Unexpected failure.
[INFO] [stdout] code=1
[INFO] [stdout] stderr=```"Error: Cannot connect to mock: No such file or directory (os error 2)\n"```
[INFO] [stdout] command=`MCPLUG_CONFIG="/tmp/.tmpbXIDYz/mcplug.json" "/opt/rustwide/target/release/mcplug" "list" "mock" "--json"`
[INFO] [stdout] code=1
[INFO] [stdout] stdout=""
[INFO] [stdout] stderr="Error: Cannot connect to mock: No such file or directory (os error 2)\n"
[INFO] [stdout] 
[INFO] [stdout] stack backtrace:
[INFO] [stdout]    0:     0x56a8043187d1 - <<std[617be2ca0a6fd877]::sys::backtrace::BacktraceLock>::print::DisplayBacktrace as core[a373ad73a504971]::fmt::Display>::fmt
[INFO] [stdout]    1:     0x56a80432f21a - core[a373ad73a504971]::fmt::write
[INFO] [stdout]    2:     0x56a80431e05c - <alloc[2e1b2a31b91974c5]::vec::Vec<u8> as core[a373ad73a504971]::io::write::Write>::write_fmt
[INFO] [stdout]    3:     0x56a8042f2fe6 - std[617be2ca0a6fd877]::panicking::default_hook::{closure#0}
[INFO] [stdout]    4:     0x56a8043104e9 - std[617be2ca0a6fd877]::panicking::default_hook
[INFO] [stdout]    5:     0x56a80429a0a0 - test[aada8e7e76ba119b]::test_main_inner::{closure#0}
[INFO] [stdout]    6:     0x56a8043106a2 - std[617be2ca0a6fd877]::panicking::panic_with_hook
[INFO] [stdout]    7:     0x56a8042f3092 - std[617be2ca0a6fd877]::panicking::panic_handler::{closure#0}
[INFO] [stdout]    8:     0x56a8042ebc89 - std[617be2ca0a6fd877]::sys::backtrace::__rust_end_short_backtrace::<std[617be2ca0a6fd877]::panicking::panic_handler::{closure#0}, !>
[INFO] [stdout]    9:     0x56a8042f3c9d - __rustc[ea4f61d10b84890b]::rust_begin_unwind
[INFO] [stdout]   10:     0x56a80432f9cc - core[a373ad73a504971]::panicking::panic_fmt
[INFO] [stdout]   11:     0x56a8042d0633 - <assert_cmd[8b96f237149e2803]::assert::AssertError>::panic::<assert_cmd[8b96f237149e2803]::assert::Assert>
[INFO] [stdout]   12:     0x56a8042d1136 - <assert_cmd[8b96f237149e2803]::assert::Assert>::success
[INFO] [stdout]   13:     0x56a804284a5b - <cli_integration[88c8b20f9756e273]::list_json_output::{closure#0} as core[a373ad73a504971]::ops::function::FnOnce<()>>::call_once
[INFO] [stdout]   14:     0x56a80428d4eb - test[aada8e7e76ba119b]::__rust_begin_short_backtrace::<core[a373ad73a504971]::result::Result<(), alloc[2e1b2a31b91974c5]::string::String>, fn() -> core[a373ad73a504971]::result::Result<(), alloc[2e1b2a31b91974c5]::string::String>>
[INFO] [stdout]   15:     0x56a80429a6c5 - test[aada8e7e76ba119b]::run_test::{closure#0}
[INFO] [stdout]   16:     0x56a804293fb4 - std[617be2ca0a6fd877]::sys::backtrace::__rust_begin_short_backtrace::<test[aada8e7e76ba119b]::run_test::{closure#1}, ()>
[INFO] [stdout]   17:     0x56a80429d752 - <std[617be2ca0a6fd877]::thread::lifecycle::spawn_unchecked<test[aada8e7e76ba119b]::run_test::{closure#1}, ()>::{closure#1} as core[a373ad73a504971]::ops::function::FnOnce<()>>::call_once::{shim:vtable#0}
[INFO] [stdout]   18:     0x56a804317dcf - <std[617be2ca0a6fd877]::sys::thread::unix::Thread>::new::thread_start
[INFO] [stdout]   19:     0x704e83b9ddfa - <unknown>
[INFO] [stdout]   20:     0x704e83c313d4 - clone
[INFO] [stdout]   21:                0x0 - <unknown>
[INFO] [stdout] 
[INFO] [stdout] ---- call_tool_json_output stdout ----
[INFO] [stdout] 
[INFO] [stdout] thread 'call_tool_json_output' (4833) panicked at /rustc/e3feeb59cd1bdd011a2bfcc0747b55125d9b8527/library/core/src/ops/function.rs:250:5:
[INFO] [stdout] Unexpected failure.
[INFO] [stdout] code=1
[INFO] [stdout] stderr=```"Error: Cannot connect to mock: No such file or directory (os error 2)\n"```
[INFO] [stdout] command=`MCPLUG_CONFIG="/tmp/.tmprDnV4O/mcplug.json" "/opt/rustwide/target/release/mcplug" "call" "mock.echo" "input:hello" "--json"`
[INFO] [stdout] code=1
[INFO] [stdout] stdout=""
[INFO] [stdout] stderr="Error: Cannot connect to mock: No such file or directory (os error 2)\n"
[INFO] [stdout] 
[INFO] [stdout] stack backtrace:
[INFO] [stdout]    0:     0x56a8043187d1 - <<std[617be2ca0a6fd877]::sys::backtrace::BacktraceLock>::print::DisplayBacktrace as core[a373ad73a504971]::fmt::Display>::fmt
[INFO] [stdout]    1:     0x56a80432f21a - core[a373ad73a504971]::fmt::write
[INFO] [stdout]    2:     0x56a80431e05c - <alloc[2e1b2a31b91974c5]::vec::Vec<u8> as core[a373ad73a504971]::io::write::Write>::write_fmt
[INFO] [stdout]    3:     0x56a8042f2fe6 - std[617be2ca0a6fd877]::panicking::default_hook::{closure#0}
[INFO] [stdout]    4:     0x56a8043104e9 - std[617be2ca0a6fd877]::panicking::default_hook
[INFO] [stdout]    5:     0x56a80429a0a0 - test[aada8e7e76ba119b]::test_main_inner::{closure#0}
[INFO] [stdout]    6:     0x56a8043106a2 - std[617be2ca0a6fd877]::panicking::panic_with_hook
[INFO] [stdout]    7:     0x56a8042f3092 - std[617be2ca0a6fd877]::panicking::panic_handler::{closure#0}
[INFO] [stdout]    8:     0x56a8042ebc89 - std[617be2ca0a6fd877]::sys::backtrace::__rust_end_short_backtrace::<std[617be2ca0a6fd877]::panicking::panic_handler::{closure#0}, !>
[INFO] [stdout]    9:     0x56a8042f3c9d - __rustc[ea4f61d10b84890b]::rust_begin_unwind
[INFO] [stdout]   10:     0x56a80432f9cc - core[a373ad73a504971]::panicking::panic_fmt
[INFO] [stdout]   11:     0x56a8042d0633 - <assert_cmd[8b96f237149e2803]::assert::AssertError>::panic::<assert_cmd[8b96f237149e2803]::assert::Assert>
[INFO] [stdout]   12:     0x56a8042d1136 - <assert_cmd[8b96f237149e2803]::assert::Assert>::success
[INFO] [stdout]   13:     0x56a80428589f - <cli_integration[88c8b20f9756e273]::call_tool_json_output::{closure#0} as core[a373ad73a504971]::ops::function::FnOnce<()>>::call_once
[INFO] [stdout]   14:     0x56a80428d4eb - test[aada8e7e76ba119b]::__rust_begin_short_backtrace::<core[a373ad73a504971]::result::Result<(), alloc[2e1b2a31b91974c5]::string::String>, fn() -> core[a373ad73a504971]::result::Result<(), alloc[2e1b2a31b91974c5]::string::String>>
[INFO] [stdout]   15:     0x56a80429a6c5 - test[aada8e7e76ba119b]::run_test::{closure#0}
[INFO] [stdout]   16:     0x56a804293fb4 - std[617be2ca0a6fd877]::sys::backtrace::__rust_begin_short_backtrace::<test[aada8e7e76ba119b]::run_test::{closure#1}, ()>
[INFO] [stdout]   17:     0x56a80429d752 - <std[617be2ca0a6fd877]::thread::lifecycle::spawn_unchecked<test[aada8e7e76ba119b]::run_test::{closure#1}, ()>::{closure#1} as core[a373ad73a504971]::ops::function::FnOnce<()>>::call_once::{shim:vtable#0}
[INFO] [stdout]   18:     0x56a804317dcf - <std[617be2ca0a6fd877]::sys::thread::unix::Thread>::new::thread_start
[INFO] [stdout]   19:     0x704e83b9ddfa - <unknown>
[INFO] [stdout]   20:     0x704e83c313d4 - clone
[INFO] [stdout]   21:                0x0 - <unknown>
[INFO] [stdout] 
[INFO] [stdout] ---- list_server_tools_output stdout ----
[INFO] [stdout] 
[INFO] [stdout] thread 'list_server_tools_output' (4838) panicked at /rustc/e3feeb59cd1bdd011a2bfcc0747b55125d9b8527/library/core/src/ops/function.rs:250:5:
[INFO] [stdout] Unexpected failure.
[INFO] [stdout] code=1
[INFO] [stdout] stderr=```"Error: Cannot connect to mock: No such file or directory (os error 2)\n"```
[INFO] [stdout] command=`MCPLUG_CONFIG="/tmp/.tmpKwgjXg/mcplug.json" "/opt/rustwide/target/release/mcplug" "list" "mock"`
[INFO] [stdout] code=1
[INFO] [stdout] stdout=""
[INFO] [stdout] stderr="Error: Cannot connect to mock: No such file or directory (os error 2)\n"
[INFO] [stdout] 
[INFO] [stdout] stack backtrace:
[INFO] [stdout]    0:     0x56a8043187d1 - <<std[617be2ca0a6fd877]::sys::backtrace::BacktraceLock>::print::DisplayBacktrace as core[a373ad73a504971]::fmt::Display>::fmt
[INFO] [stdout]    1:     0x56a80432f21a - core[a373ad73a504971]::fmt::write
[INFO] [stdout]    2:     0x56a80431e05c - <alloc[2e1b2a31b91974c5]::vec::Vec<u8> as core[a373ad73a504971]::io::write::Write>::write_fmt
[INFO] [stdout]    3:     0x56a8042f2fe6 - std[617be2ca0a6fd877]::panicking::default_hook::{closure#0}
[INFO] [stdout]    4:     0x56a8043104e9 - std[617be2ca0a6fd877]::panicking::default_hook
[INFO] [stdout]    5:     0x56a80429a0a0 - test[aada8e7e76ba119b]::test_main_inner::{closure#0}
[INFO] [stdout]    6:     0x56a8043106a2 - std[617be2ca0a6fd877]::panicking::panic_with_hook
[INFO] [stdout]    7:     0x56a8042f3092 - std[617be2ca0a6fd877]::panicking::panic_handler::{closure#0}
[INFO] [stdout]    8:     0x56a8042ebc89 - std[617be2ca0a6fd877]::sys::backtrace::__rust_end_short_backtrace::<std[617be2ca0a6fd877]::panicking::panic_handler::{closure#0}, !>
[INFO] [stdout]    9:     0x56a8042f3c9d - __rustc[ea4f61d10b84890b]::rust_begin_unwind
[INFO] [stdout]   10:     0x56a80432f9cc - core[a373ad73a504971]::panicking::panic_fmt
[INFO] [stdout]   11:     0x56a8042d0633 - <assert_cmd[8b96f237149e2803]::assert::AssertError>::panic::<assert_cmd[8b96f237149e2803]::assert::Assert>
[INFO] [stdout]   12:     0x56a8042d1136 - <assert_cmd[8b96f237149e2803]::assert::Assert>::success
[INFO] [stdout]   13:     0x56a804285ee1 - <cli_integration[88c8b20f9756e273]::list_server_tools_output::{closure#0} as core[a373ad73a504971]::ops::function::FnOnce<()>>::call_once
[INFO] [stdout]   14:     0x56a80428d4eb - test[aada8e7e76ba119b]::__rust_begin_short_backtrace::<core[a373ad73a504971]::result::Result<(), alloc[2e1b2a31b91974c5]::string::String>, fn() -> core[a373ad73a504971]::result::Result<(), alloc[2e1b2a31b91974c5]::string::String>>
[INFO] [stdout]   15:     0x56a80429a6c5 - test[aada8e7e76ba119b]::run_test::{closure#0}
[INFO] [stdout]   16:     0x56a804293fb4 - std[617be2ca0a6fd877]::sys::backtrace::__rust_begin_short_backtrace::<test[aada8e7e76ba119b]::run_test::{closure#1}, ()>
[INFO] [stdout]   17:     0x56a80429d752 - <std[617be2ca0a6fd877]::thread::lifecycle::spawn_unchecked<test[aada8e7e76ba119b]::run_test::{closure#1}, ()>::{closure#1} as core[a373ad73a504971]::ops::function::FnOnce<()>>::call_once::{shim:vtable#0}
[INFO] [stdout]   18:     0x56a804317dcf - <std[617be2ca0a6fd877]::sys::thread::unix::Thread>::new::thread_start
[INFO] [stdout]   19:     0x704e83b9ddfa - <unknown>
[INFO] [stdout]   20:     0x704e83c313d4 - clone
[INFO] [stdout]   21:                0x0 - <unknown>
[INFO] [stdout] 
[INFO] [stdout] 
[INFO] [stdout] failures:
[INFO] [stdout]     call_tool_colon_args
[INFO] [stdout]     call_tool_function_syntax
[INFO] [stdout]     call_tool_json_output
[INFO] [stdout]     call_tool_near_miss_suggestion
[INFO] [stdout]     list_json_output
[INFO] [stdout]     list_server_tools_output
[INFO] [stdout] 
[INFO] [stdout] test result: FAILED. 2 passed; 6 failed; 0 ignored; 0 measured; 0 filtered out; finished in 0.11s
[INFO] [stdout] 
[INFO] running `Command { std: "docker" "inspect" "9af9650510df144b1a4c8097154e77e70e7c84213aaba0df8e6b8d4a9fc69dc7", kill_on_drop: false }`
[INFO] running `Command { std: "docker" "rm" "-f" "9af9650510df144b1a4c8097154e77e70e7c84213aaba0df8e6b8d4a9fc69dc7", kill_on_drop: false }`
[INFO] [stdout] 9af9650510df144b1a4c8097154e77e70e7c84213aaba0df8e6b8d4a9fc69dc7
