[INFO] fetching crate mcpkit-rs 0.15.0...
[INFO] testing mcpkit-rs-0.15.0 against 1.100.0-beta.1+cargoflags=--release for beta-release-1.100-2
[INFO] extracting crate mcpkit-rs 0.15.0 into /workspace/builds/worker-0-tc2/source
[INFO] started tweaking crates.io crate mcpkit-rs 0.15.0
[INFO] removed 0 missing examples
[INFO] removed 0 missing tests
[INFO] finished tweaking crates.io crate mcpkit-rs 0.15.0
[INFO] tweaked toml for crates.io crate mcpkit-rs 0.15.0 written to /workspace/builds/worker-0-tc2/source/Cargo.toml
[INFO] validating manifest of crates.io crate mcpkit-rs 0.15.0 on toolchain 1.100.0-beta.1
[INFO] running `Command { std: CARGO_HOME="/workspace/cargo-home" RUSTUP_HOME="/workspace/rustup-home" "/workspace/cargo-home/bin/cargo" "+1.100.0-beta.1" "metadata" "--manifest-path" "Cargo.toml" "--no-deps", kill_on_drop: false }`
[INFO] crate crates.io crate mcpkit-rs 0.15.0 already has a lockfile, it will not be regenerated
[INFO] running `Command { std: CARGO_HOME="/workspace/cargo-home" RUSTUP_HOME="/workspace/rustup-home" "/workspace/cargo-home/bin/cargo" "+1.100.0-beta.1" "fetch" "--manifest-path" "Cargo.toml", kill_on_drop: false }`
[INFO] [stderr] warning: `package.homepage` is redundant with `package.repository`
[INFO] [stderr]    --> Cargo.toml:213:12
[INFO] [stderr]     |
[INFO] [stderr] 213 | homepage = "https://github.com/ra0x3/mcpkit-rs"
[INFO] [stderr]     |            ^^^^^^^^^^^^^^^^^^^^^^^^^^^^^^^^^^^^
[INFO] [stderr] ...
[INFO] [stderr] 217 | repository = "https://github.com/ra0x3/mcpkit-rs"
[INFO] [stderr]     |              ------------------------------------
[INFO] [stderr]     |
[INFO] [stderr]     = note: `cargo::redundant_homepage` is set to `warn` by default
[INFO] [stderr] help: consider removing `package.homepage`
[INFO] [stderr] warning: `mcpkit-rs` (manifest) generated 1 warning
[INFO] running `Command { std: "docker" "create" "-v" "/var/lib/crater-agent-workspace/builds/worker-0-tc2/source:/opt/rustwide/workdir:ro,Z" "-v" "/var/lib/crater-agent-workspace/builds/worker-0-tc2/target:/opt/rustwide/target:rw,Z" "-v" "/var/lib/crater-agent-workspace/cargo-home:/opt/rustwide/cargo-home:ro,Z" "-v" "/var/lib/crater-agent-workspace/rustup-home:/opt/rustwide/rustup-home:ro,Z" "-m" "1610612736" "--network" "none" "ghcr.io/rust-lang/crates-build-env/linux@sha256:77db811e55d90add9212f6832c23229e3de5f1c1f9905e8cb07319ea15df73ac" "sleep" "infinity", kill_on_drop: false }`
[INFO] [stdout] 82b8a3f888586fe26f040680aa0f7b7ef3c08d6938c3c473e8c9e38323dbb57b
[INFO] running `Command { std: "docker" "start" "82b8a3f888586fe26f040680aa0f7b7ef3c08d6938c3c473e8c9e38323dbb57b", kill_on_drop: false }`
[INFO] running `Command { std: "docker" "inspect" "82b8a3f888586fe26f040680aa0f7b7ef3c08d6938c3c473e8c9e38323dbb57b", kill_on_drop: false }`
[INFO] running `Command { std: "docker" "exec" "-e" "SOURCE_DIR=/opt/rustwide/workdir" "-e" "CARGO_HOME=/opt/rustwide/cargo-home" "-e" "RUSTUP_HOME=/opt/rustwide/rustup-home" "-e" "CARGO_TARGET_DIR=/opt/rustwide/target" "-w" "/opt/rustwide/workdir" "--user" "0:0" "82b8a3f888586fe26f040680aa0f7b7ef3c08d6938c3c473e8c9e38323dbb57b" "/opt/rustwide/cargo-home/bin/cargo" "+1.100.0-beta.1" "metadata" "--no-deps" "--format-version=1", kill_on_drop: false }`
[INFO] running `Command { std: "docker" "inspect" "82b8a3f888586fe26f040680aa0f7b7ef3c08d6938c3c473e8c9e38323dbb57b", kill_on_drop: false }`
[INFO] running `Command { std: "docker" "exec" "-e" "SOURCE_DIR=/opt/rustwide/workdir" "-e" "CARGO_HOME=/opt/rustwide/cargo-home" "-e" "RUSTUP_HOME=/opt/rustwide/rustup-home" "-e" "CARGO_TARGET_DIR=/opt/rustwide/target" "-e" "CARGO_INCREMENTAL=0" "-e" "RUST_BACKTRACE=full" "-e" "RUSTFLAGS=--cap-lints=warn" "-e" "RUSTDOCFLAGS=--cap-lints=warn" "-w" "/opt/rustwide/workdir" "--user" "0:0" "82b8a3f888586fe26f040680aa0f7b7ef3c08d6938c3c473e8c9e38323dbb57b" "/opt/rustwide/cargo-home/bin/cargo" "+1.100.0-beta.1" "build" "--frozen" "--message-format=json" "--release", kill_on_drop: false }`
[INFO] [stderr] warning: `package.homepage` is redundant with `package.repository`
[INFO] [stderr]    --> Cargo.toml:213:12
[INFO] [stderr]     |
[INFO] [stderr] 213 | homepage = "https://github.com/ra0x3/mcpkit-rs"
[INFO] [stderr]     |            ^^^^^^^^^^^^^^^^^^^^^^^^^^^^^^^^^^^^
[INFO] [stderr] ...
[INFO] [stderr] 217 | repository = "https://github.com/ra0x3/mcpkit-rs"
[INFO] [stderr]     |              ------------------------------------
[INFO] [stderr]     |
[INFO] [stderr]     = note: `cargo::redundant_homepage` is set to `warn` by default
[INFO] [stderr] help: consider removing `package.homepage`
[INFO] [stderr] warning: `mcpkit-rs` (manifest) generated 1 warning
[INFO] [stderr]    Compiling proc-macro2 v1.0.105
[INFO] [stderr]    Compiling quote v1.0.43
[INFO] [stderr]    Compiling zmij v1.0.15
[INFO] [stderr]    Compiling libc v0.2.180
[INFO] [stderr]    Compiling serde_core v1.0.228
[INFO] [stderr]    Compiling serde_json v1.0.149
[INFO] [stderr]    Compiling indexmap v2.13.0
[INFO] [stderr]    Compiling bytes v1.11.0
[INFO] [stderr]    Compiling tracing-core v0.1.36
[INFO] [stderr]    Compiling futures-channel v0.3.31
[INFO] [stderr]    Compiling regex-automata v0.4.13
[INFO] [stderr]    Compiling bit-vec v0.7.0
[INFO] [stderr]    Compiling ref-cast v1.0.25
[INFO] [stderr]    Compiling unsafe-libyaml v0.2.11
[INFO] [stderr]    Compiling siphasher v1.0.2
[INFO] [stderr]    Compiling ryu v1.0.22
[INFO] [stderr]    Compiling arc-swap v1.8.0
[INFO] [stderr]    Compiling lru v0.16.3
[INFO] [stderr]    Compiling winnow v0.7.14
[INFO] [stderr]    Compiling rustc-hash v2.1.1
[INFO] [stderr]    Compiling mcpkit-rs v0.15.0 (/opt/rustwide/workdir)
[INFO] [stderr]    Compiling semver v1.0.27
[INFO] [stderr]    Compiling sha2 v0.10.9
[INFO] [stderr]    Compiling pastey v0.2.1
[INFO] [stderr]    Compiling syn v2.0.114
[INFO] [stderr]    Compiling getrandom v0.2.17
[INFO] [stderr]    Compiling dirs-sys v0.4.1
[INFO] [stderr]    Compiling bloomfilter v1.0.16
[INFO] [stderr]    Compiling dirs v5.0.1
[INFO] [stderr]    Compiling globset v0.4.18
[INFO] [stderr]    Compiling synstructure v0.13.2
[INFO] [stderr]    Compiling darling_core v0.23.0
[INFO] [stderr]    Compiling serde_derive_internals v0.29.1
[INFO] [stderr]    Compiling zerofrom-derive v0.1.6
[INFO] [stderr]    Compiling yoke-derive v0.8.1
[INFO] [stderr]    Compiling zerovec-derive v0.11.2
[INFO] [stderr]    Compiling displaydoc v0.2.5
[INFO] [stderr]    Compiling serde_derive v1.0.228
[INFO] [stderr]    Compiling tokio-macros v2.2.0
[INFO] [stderr]    Compiling futures-macro v0.3.31
[INFO] [stderr]    Compiling tracing-attributes v0.1.31
[INFO] [stderr]    Compiling thiserror-impl v2.0.17
[INFO] [stderr]    Compiling async-trait v0.1.89
[INFO] [stderr]    Compiling ref-cast-impl v1.0.25
[INFO] [stderr]    Compiling schemars_derive v1.2.0
[INFO] [stderr]    Compiling tokio v1.36.0
[INFO] [stderr]    Compiling zerofrom v0.1.6
[INFO] [stderr]    Compiling thiserror v2.0.17
[INFO] [stderr]    Compiling yoke v0.8.1
[INFO] [stderr]    Compiling futures-util v0.3.31
[INFO] [stderr]    Compiling zerovec v0.11.5
[INFO] [stderr]    Compiling zerotrie v0.2.3
[INFO] [stderr]    Compiling tracing v0.1.44
[INFO] [stderr]    Compiling tinystr v0.8.2
[INFO] [stderr]    Compiling potential_utf v0.1.4
[INFO] [stderr]    Compiling icu_collections v2.1.1
[INFO] [stderr]    Compiling icu_locale_core v2.1.1
[INFO] [stderr]    Compiling darling_macro v0.23.0
[INFO] [stderr]    Compiling darling v0.23.0
[INFO] [stderr]    Compiling mcpkit-rs-macros v0.15.0
[INFO] [stderr]    Compiling icu_provider v2.1.1
[INFO] [stderr]    Compiling icu_normalizer v2.1.1
[INFO] [stderr]    Compiling icu_properties v2.1.2
[INFO] [stderr]    Compiling serde v1.0.228
[INFO] [stderr]    Compiling serde_spanned v0.6.9
[INFO] [stderr]    Compiling toml_datetime v0.6.11
[INFO] [stderr]    Compiling serde_yaml v0.9.34+deprecated
[INFO] [stderr]    Compiling chrono v0.4.43
[INFO] [stderr]    Compiling toml_edit v0.22.27
[INFO] [stderr]    Compiling tokio-util v0.7.17
[INFO] [stderr]    Compiling idna_adapter v1.2.1
[INFO] [stderr]    Compiling idna v1.1.0
[INFO] [stderr]    Compiling futures-executor v0.3.31
[INFO] [stderr]    Compiling futures v0.3.31
[INFO] [stderr]    Compiling url v2.5.8
[INFO] [stderr]    Compiling mcpkit-rs-policy v0.15.0
[INFO] [stderr]    Compiling schemars v1.2.0
[INFO] [stderr]    Compiling mcpkit-rs-config v0.15.0
[INFO] [stderr]    Compiling toml v0.8.23
[INFO] [stderr] warning: unused dependency `sha2`
[INFO] [stderr]   --> Cargo.toml:92:15
[INFO] [stderr]    |
[INFO] [stderr] 92 | [dependencies.sha2]
[INFO] [stderr]    |               ^^^^^
[INFO] [stderr]    |
[INFO] [stderr]    = note: `cargo::unused_dependencies` is set to `warn` by default
[INFO] [stderr] help: consider removing the dependency on `sha2`
[INFO] [stderr] warning: unused dependency `toml`
[INFO] [stderr]    --> Cargo.toml:117:15
[INFO] [stderr]     |
[INFO] [stderr] 117 | [dependencies.toml]
[INFO] [stderr]     |               ^^^^^
[INFO] [stderr]     |
[INFO] [stderr] help: consider removing the dependency on `toml`
[INFO] [stderr] warning: `mcpkit-rs` (manifest) generated 2 warnings
[INFO] [stderr]     Finished `release` profile [optimized] target(s) in 1m 23s
[INFO] running `Command { std: "docker" "inspect" "82b8a3f888586fe26f040680aa0f7b7ef3c08d6938c3c473e8c9e38323dbb57b", kill_on_drop: false }`
[INFO] running `Command { std: "docker" "exec" "-e" "SOURCE_DIR=/opt/rustwide/workdir" "-e" "CARGO_HOME=/opt/rustwide/cargo-home" "-e" "RUSTUP_HOME=/opt/rustwide/rustup-home" "-e" "CARGO_TARGET_DIR=/opt/rustwide/target" "-e" "CARGO_INCREMENTAL=0" "-e" "RUST_BACKTRACE=full" "-e" "RUSTFLAGS=--cap-lints=warn" "-e" "RUSTDOCFLAGS=--cap-lints=warn" "-w" "/opt/rustwide/workdir" "--user" "0:0" "82b8a3f888586fe26f040680aa0f7b7ef3c08d6938c3c473e8c9e38323dbb57b" "/opt/rustwide/cargo-home/bin/cargo" "+1.100.0-beta.1" "test" "--frozen" "--no-run" "--message-format=json" "--release", kill_on_drop: false }`
[INFO] [stderr] warning: `package.homepage` is redundant with `package.repository`
[INFO] [stderr]    --> Cargo.toml:213:12
[INFO] [stderr]     |
[INFO] [stderr] 213 | homepage = "https://github.com/ra0x3/mcpkit-rs"
[INFO] [stderr]     |            ^^^^^^^^^^^^^^^^^^^^^^^^^^^^^^^^^^^^
[INFO] [stderr] ...
[INFO] [stderr] 217 | repository = "https://github.com/ra0x3/mcpkit-rs"
[INFO] [stderr]     |              ------------------------------------
[INFO] [stderr]     |
[INFO] [stderr]     = note: `cargo::redundant_homepage` is set to `warn` by default
[INFO] [stderr] help: consider removing `package.homepage`
[INFO] [stderr] warning: `mcpkit-rs` (manifest) generated 1 warning
[INFO] [stderr]    Compiling regex-automata v0.4.13
[INFO] [stderr]    Compiling errno v0.3.14
[INFO] [stderr]    Compiling parking_lot_core v0.9.12
[INFO] [stderr]    Compiling mio v0.8.11
[INFO] [stderr]    Compiling socket2 v0.5.10
[INFO] [stderr]    Compiling num_cpus v1.17.0
[INFO] [stderr]    Compiling tracing v0.1.44
[INFO] [stderr]    Compiling leb128fmt v0.1.0
[INFO] [stderr]    Compiling signal-hook-registry v1.4.8
[INFO] [stderr]    Compiling bumpalo v3.19.1
[INFO] [stderr]    Compiling tracing-log v0.2.0
[INFO] [stderr]    Compiling wasm-encoder v0.244.0
[INFO] [stderr]    Compiling parking_lot v0.12.5
[INFO] [stderr]    Compiling tokio v1.36.0
[INFO] [stderr]    Compiling wast v244.0.0
[INFO] [stderr]    Compiling tokio-util v0.7.17
[INFO] [stderr]    Compiling globset v0.4.18
[INFO] [stderr]    Compiling matchers v0.2.0
[INFO] [stderr]    Compiling tracing-subscriber v0.3.22
[INFO] [stderr]    Compiling mcpkit-rs-policy v0.15.0
[INFO] [stderr]    Compiling mcpkit-rs-config v0.15.0
[INFO] [stderr]    Compiling mcpkit-rs v0.15.0 (/opt/rustwide/workdir)
[INFO] [stderr]    Compiling wat v1.244.0
[INFO] [stderr] warning: unused dependency `sha2`
[INFO] [stderr]   --> Cargo.toml:92:15
[INFO] [stderr]    |
[INFO] [stderr] 92 | [dependencies.sha2]
[INFO] [stderr]    |               ^^^^^
[INFO] [stderr]    |
[INFO] [stderr]    = note: `cargo::unused_dependencies` is set to `warn` by default
[INFO] [stderr] help: consider removing the dependency on `sha2`
[INFO] [stderr] warning: unused dependency `toml`
[INFO] [stderr]    --> Cargo.toml:117:15
[INFO] [stderr]     |
[INFO] [stderr] 117 | [dependencies.toml]
[INFO] [stderr]     |               ^^^^^
[INFO] [stderr]     |
[INFO] [stderr] help: consider removing the dependency on `toml`
[INFO] [stderr] warning: `mcpkit-rs` (manifest) generated 2 warnings
[INFO] [stderr]     Finished `release` profile [optimized] target(s) in 1m 46s
[INFO] running `Command { std: "docker" "inspect" "82b8a3f888586fe26f040680aa0f7b7ef3c08d6938c3c473e8c9e38323dbb57b", kill_on_drop: false }`
[INFO] running `Command { std: "docker" "exec" "-e" "SOURCE_DIR=/opt/rustwide/workdir" "-e" "CARGO_HOME=/opt/rustwide/cargo-home" "-e" "RUSTUP_HOME=/opt/rustwide/rustup-home" "-e" "CARGO_TARGET_DIR=/opt/rustwide/target" "-e" "CARGO_INCREMENTAL=0" "-e" "RUST_BACKTRACE=full" "-e" "RUSTFLAGS=--cap-lints=warn" "-e" "RUSTDOCFLAGS=--cap-lints=warn" "-w" "/opt/rustwide/workdir" "--user" "0:0" "82b8a3f888586fe26f040680aa0f7b7ef3c08d6938c3c473e8c9e38323dbb57b" "/opt/rustwide/cargo-home/bin/cargo" "+1.100.0-beta.1" "test" "--frozen" "--release", kill_on_drop: false }`
[INFO] [stderr] warning: `package.homepage` is redundant with `package.repository`
[INFO] [stderr]    --> Cargo.toml:213:12
[INFO] [stderr]     |
[INFO] [stderr] 213 | homepage = "https://github.com/ra0x3/mcpkit-rs"
[INFO] [stderr]     |            ^^^^^^^^^^^^^^^^^^^^^^^^^^^^^^^^^^^^
[INFO] [stderr] ...
[INFO] [stderr] 217 | repository = "https://github.com/ra0x3/mcpkit-rs"
[INFO] [stderr]     |              ------------------------------------
[INFO] [stderr]     |
[INFO] [stderr]     = note: `cargo::redundant_homepage` is set to `warn` by default
[INFO] [stderr] help: consider removing `package.homepage`
[INFO] [stderr] warning: `mcpkit-rs` (manifest) generated 1 warning
[INFO] [stderr] warning: unused dependency `sha2`
[INFO] [stderr]   --> Cargo.toml:92:15
[INFO] [stderr]    |
[INFO] [stderr] 92 | [dependencies.sha2]
[INFO] [stderr]    |               ^^^^^
[INFO] [stderr]    |
[INFO] [stderr]    = note: `cargo::unused_dependencies` is set to `warn` by default
[INFO] [stderr] help: consider removing the dependency on `sha2`
[INFO] [stderr] warning: unused dependency `toml`
[INFO] [stderr]    --> Cargo.toml:117:15
[INFO] [stderr]     |
[INFO] [stderr] 117 | [dependencies.toml]
[INFO] [stderr]     |               ^^^^^
[INFO] [stderr]     |
[INFO] [stderr] help: consider removing the dependency on `toml`
[INFO] [stderr] warning: `mcpkit-rs` (manifest) generated 2 warnings
[INFO] [stderr]     Finished `release` profile [optimized] target(s) in 0.39s
[INFO] [stderr]      Running unittests src/lib.rs (/opt/rustwide/target/release/build/mcpkit-rs/6bb8f7213f9dae64/out/mcpkit_rs-6bb8f7213f9dae64)
[INFO] [stdout] 
[INFO] [stdout] running 83 tests
[INFO] [stdout] test handler::server::tool::tests::test_handler_with_result_error ... ok
[INFO] [stdout] test handler::server::tool::tests::test_handler_with_json_string_output ... ok
[INFO] [stdout] test handler::server::tool::tests::test_async_handler_success ... ok
[INFO] [stdout] test handler::server::tool::tests::test_into_call_tool_result_string ... ok
[INFO] [stdout] test handler::server::tool::tests::test_into_call_tool_result_error_data ... ok
[INFO] [stdout] test handler::server::tool::tests::test_into_call_tool_result_err_variant ... ok
[INFO] [stdout] test handler::server::tool::tests::test_tool_name_extraction ... ok
[INFO] [stdout] test handler::server::tool_name_validation::tests::test_empty_tool_name ... ok
[INFO] [stdout] test handler::server::tool_name_validation::tests::test_maximum_length ... ok
[INFO] [stdout] test handler::server::tool_name_validation::tests::test_too_long_tool_name ... ok
[INFO] [stdout] test handler::server::tool_name_validation::tests::test_tool_name_with_commas ... ok
[INFO] [stdout] test handler::server::tool_name_validation::tests::test_tool_name_with_invalid_characters ... ok
[INFO] [stdout] test handler::server::tool_name_validation::tests::test_tool_name_with_spaces ... ok
[INFO] [stdout] test handler::server::tool_name_validation::tests::test_valid_tool_names ... ok
[INFO] [stdout] test handler::server::tool::tests::test_parse_json_object_valid ... ok
[INFO] [stdout] test handler::server::tool::tests::test_parameters_extraction_empty ... ok
[INFO] [stdout] test model::capabilities::test::test_builder ... ok
[INFO] [stdout] test handler::server::tool::tests::test_parameters_extraction ... ok
[INFO] [stdout] test handler::server::tool::tests::test_into_call_tool_result_ok_variant ... ok
[INFO] [stdout] test model::capabilities::test::test_tasks_capability_server_default ... ok
[INFO] [stdout] test model::content::tests::test_resource_link_deserialization ... ok
[INFO] [stdout] test handler::server::tool::tests::test_parse_json_object_invalid ... ok
[INFO] [stdout] test model::content::tests::test_image_content_serialization ... ok
[INFO] [stdout] test model::elicitation_schema::tests::test_boolean_schema_serialization ... ok
[INFO] [stdout] test model::elicitation_schema::tests::test_enum_schema_invalid_multi_default ... ok
[INFO] [stdout] test model::elicitation_schema::tests::test_enum_schema_invalid_single_default ... ok
[INFO] [stdout] test handler::server::tool::tests::test_sync_handler_success ... ok
[INFO] [stdout] test model::elicitation_schema::tests::test_enum_schema_multi_select_with_default ... ok
[INFO] [stdout] test handler::server::tool_name_validation::tests::test_tool_name_ending_with_dot ... ok
[INFO] [stdout] test handler::server::tool::tests::test_parse_json_object_type_mismatch ... ok
[INFO] [stdout] test model::capabilities::test::test_task_capabilities_deserialization ... ok
[INFO] [stdout] test model::elicitation_schema::tests::test_elicitation_schema_builder_simple ... ok
[INFO] [stdout] test model::elicitation_schema::tests::test_enum_schema_multi_to_single_transition ... ok
[INFO] [stdout] test handler::server::tool_name_validation::tests::test_tool_name_starting_with_dash ... ok
[INFO] [stdout] test model::elicitation_schema::tests::test_enum_schema_single_select_with_default ... ok
[INFO] [stdout] test model::elicitation_schema::tests::test_elicitation_schema_builder_complex ... ok
[INFO] [stdout] test model::capabilities::test::test_tasks_capability_client_default ... ok
[INFO] [stdout] test model::elicitation_schema::tests::test_enum_schema_titled_multi_select_serialization ... ok
[INFO] [stdout] test model::content::tests::test_audio_content_serialization ... ok
[INFO] [stdout] test model::content::tests::test_resource_link_serialization ... ok
[INFO] [stdout] test handler::server::tool_name_validation::tests::test_minimum_length ... ok
[INFO] [stdout] test model::elicitation_schema::tests::test_enum_schema_legacy_serialization ... ok
[INFO] [stdout] test model::elicitation_schema::tests::test_elicitation_schema_serialization ... ok
[INFO] [stdout] test model::elicitation_schema::tests::test_enum_schema_transition_clears_defaults ... ok
[INFO] [stdout] test model::elicitation_schema::tests::test_enum_schema_untitled_after_titled ... ok
[INFO] [stdout] test model::elicitation_schema::tests::test_enum_schema_untitled_multi_select_serialization ... ok
[INFO] [stdout] test model::prompt::tests::test_prompt_message_image_serialization ... ok
[INFO] [stdout] test model::elicitation_schema::tests::test_primitive_schema_enum_deserialization ... ok
[INFO] [stdout] test model::elicitation_schema::tests::test_enum_schema_titled_with_default ... ok
[INFO] [stdout] test model::prompt::tests::test_prompt_message_resource_link_serialization ... ok
[INFO] [stdout] test model::elicitation_schema::tests::test_number_schema_serialization ... ok
[INFO] [stdout] test model::resource::tests::test_resource_serialization ... ok
[INFO] [stdout] test model::tests::test_backward_compatibility ... ok
[INFO] [stdout] test model::elicitation_schema::tests::test_integer_range_validation - should panic ... ok
[INFO] [stdout] test model::prompt::tests::test_prompt_message_content_resource_link_deserialization ... ok
[INFO] [stdout] test model::elicitation_schema::tests::test_enum_schema_untitled_single_select_serialization ... ok
[INFO] [stdout] test model::tests::test_custom_client_notification_roundtrip ... ok
[INFO] [stdout] test model::elicitation_schema::tests::test_enum_schema_titled_single_select_serialization ... ok
[INFO] [stdout] test model::elicitation_schema::tests::test_string_schema_serialization ... ok
[INFO] [stdout] test model::resource::tests::test_resource_contents_serialization ... ok
[INFO] [stdout] test model::elicitation_schema::tests::test_integer_range_validation_with_result ... ok
[INFO] [stdout] test model::extension::test_extensions ... ok
[INFO] [stdout] test model::elicitation_schema::tests::test_integer_schema_serialization ... ok
[INFO] [stdout] test model::tests::test_custom_request_roundtrip ... ok
[INFO] [stdout] test model::elicitation_schema::tests::test_string_length_validation - should panic ... ok
[INFO] [stdout] test model::tests::test_notification_serde ... ok
[INFO] [stdout] test model::tests::test_request_conversion ... ok
[INFO] [stdout] test transport::async_rw::test::test_compatibility_function ... ok
[INFO] [stdout] test transport::async_rw::test::test_decode ... ok
[INFO] [stdout] test model::tests::test_custom_server_notification_roundtrip ... ok
[INFO] [stdout] test model::tests::test_icon_minimal ... ok
[INFO] [stdout] test model::tests::test_icon_serialization ... ok
[INFO] [stdout] test transport::async_rw::test::test_standard_notification_check ... ok
[INFO] [stdout] test model::tests::test_initial_request_response_serde ... ok
[INFO] [stdout] test model::tests::test_initialize_with_icons ... ok
[INFO] [stdout] test model::tests::test_negative_and_large_request_ids ... ok
[INFO] [stdout] test transport::async_rw::test::test_encode ... ok
[INFO] [stdout] test model::tests::test_implementation_with_icons ... ok
[INFO] [stdout] test model::serde_impl::test::test_deserialize_lost_tools_request ... ok
[INFO] [stdout] test model::resource::tests::test_resource_template_with_icons ... ok
[INFO] [stdout] test handler::server::tool_name_validation::tests::test_tool_name_all_special_characters_allowed ... ok
[INFO] [stdout] test model::resource::tests::test_resource_template_without_icons ... ok
[INFO] [stdout] test model::tests::test_protocol_version_order ... ok
[INFO] [stdout] 
[INFO] [stdout] test result: ok. 83 passed; 0 failed; 0 ignored; 0 measured; 0 filtered out; finished in 0.02s
[INFO] [stdout] 
[INFO] [stderr]      Running tests/test_client_initialization.rs (/opt/rustwide/target/release/build/mcpkit-rs/2c74b306e7fd08d3/out/test_client_initialization-2c74b306e7fd08d3)
[INFO] [stderr]      Running tests/test_completion.rs (/opt/rustwide/target/release/build/mcpkit-rs/443ef247eca94788/out/test_completion-443ef247eca94788)
[INFO] [stdout] 
[INFO] [stdout] running 0 tests
[INFO] [stdout] 
[INFO] [stdout] test result: ok. 0 passed; 0 failed; 0 ignored; 0 measured; 0 filtered out; finished in 0.00s
[INFO] [stdout] 
[INFO] [stdout] 
[INFO] [stdout] running 12 tests
[INFO] [stdout] test test_complete_request_param_serialization ... ok
[INFO] [stdout] test test_completion_context_methods ... ok
[INFO] [stdout] test test_completion_context_empty ... ok
[INFO] [stdout] test test_completion_serialization_format ... ok
[INFO] [stdout] test test_completion_info_bounds ... ok
[INFO] [stdout] test test_completion_info_helper_methods ... ok
[INFO] [stdout] test test_complete_result_default ... ok
[INFO] [stdout] test test_completion_context_serialization ... ok
[INFO] [stdout] test test_completion_info_validation ... ok
[INFO] [stdout] test test_resource_reference ... ok
[INFO] [stderr]      Running tests/test_complex_schema.rs (/opt/rustwide/target/release/build/mcpkit-rs/d6ce704a12c40bb6/out/test_complex_schema-d6ce704a12c40bb6)
[INFO] [stdout] test test_mcp_schema_compliance ... ok
[INFO] [stdout] test test_reference_convenience_methods ... ok
[INFO] [stdout] 
[INFO] [stdout] test result: ok. 12 passed; 0 failed; 0 ignored; 0 measured; 0 filtered out; finished in 0.00s
[INFO] [stdout] 
[INFO] [stdout] 
[INFO] [stdout] running 0 tests
[INFO] [stdout] 
[INFO] [stdout] test result: ok. 0 passed; 0 failed; 0 ignored; 0 measured; 0 filtered out; finished in 0.00s
[INFO] [stdout] 
[INFO] [stderr]      Running tests/test_deserialization.rs (/opt/rustwide/target/release/build/mcpkit-rs/d057fdd47419ea53/out/test_deserialization-d057fdd47419ea53)
[INFO] [stdout] 
[INFO] [stdout] running 1 test
[INFO] [stdout] test test_tool_list_result ... ok
[INFO] [stdout] 
[INFO] [stdout] test result: ok. 1 passed; 0 failed; 0 ignored; 0 measured; 0 filtered out; finished in 0.00s
[INFO] [stdout] 
[INFO] [stderr]      Running tests/test_embedded_resource_meta.rs (/opt/rustwide/target/release/build/mcpkit-rs/7258a732ddffcbbd/out/test_embedded_resource_meta-7258a732ddffcbbd)
[INFO] [stdout] 
[INFO] [stdout] running 4 tests
[INFO] [stdout] test serialize_embedded_text_resource_without_meta_omits_fields ... ok
[INFO] [stdout] test deserialize_embedded_text_resource_with_meta ... ok
[INFO] [stdout] test serialize_embedded_blob_resource_with_meta ... ok
[INFO] [stdout] test serialize_embedded_text_resource_with_meta ... ok
[INFO] [stdout] 
[INFO] [stdout] test result: ok. 4 passed; 0 failed; 0 ignored; 0 measured; 0 filtered out; finished in 0.01s
[INFO] [stdout] 
[INFO] [stderr]      Running tests/test_handler_wrappers.rs (/opt/rustwide/target/release/build/mcpkit-rs/ec9bea184876bcf8/out/test_handler_wrappers-ec9bea184876bcf8)
[INFO] [stderr]      Running tests/test_json_schema_detection.rs (/opt/rustwide/target/release/build/mcpkit-rs/e364b9cb0d673992/out/test_json_schema_detection-e364b9cb0d673992)
[INFO] [stdout] 
[INFO] [stdout] running 0 tests
[INFO] [stdout] 
[INFO] [stdout] test result: ok. 0 passed; 0 failed; 0 ignored; 0 measured; 0 filtered out; finished in 0.00s
[INFO] [stdout] 
[INFO] [stdout] 
[INFO] [stdout] running 0 tests
[INFO] [stdout] 
[INFO] [stdout] test result: ok. 0 passed; 0 failed; 0 ignored; 0 measured; 0 filtered out; finished in 0.00s
[INFO] [stdout] 
[INFO] [stderr]      Running tests/test_prompt_handler.rs (/opt/rustwide/target/release/build/mcpkit-rs/c4cf3048936cab81/out/test_prompt_handler-c4cf3048936cab81)
[INFO] [stdout] 
[INFO] [stdout] running 5 tests
[INFO] [stdout] test test_prompt_handler_custom_router ... ok
[INFO] [stdout] test test_prompt_handler_with_generics ... ok
[INFO] [stdout] test nested::test_nested_prompt_handler ... ok
[INFO] [stdout] test test_prompt_handler_basic ... ok
[INFO] [stderr]      Running tests/test_prompt_macro_annotations.rs (/opt/rustwide/target/release/build/mcpkit-rs/3ef3bd72ef04a174/out/test_prompt_macro_annotations-3ef3bd72ef04a174)
[INFO] [stdout] test test_prompt_handler_trait_implementation ... ok
[INFO] [stdout] 
[INFO] [stdout] test result: ok. 5 passed; 0 failed; 0 ignored; 0 measured; 0 filtered out; finished in 0.00s
[INFO] [stdout] 
[INFO] [stdout] 
[INFO] [stdout] running 0 tests
[INFO] [stdout] 
[INFO] [stdout] test result: ok. 0 passed; 0 failed; 0 ignored; 0 measured; 0 filtered out; finished in 0.00s
[INFO] [stdout] 
[INFO] [stderr]      Running tests/test_prompt_routers.rs (/opt/rustwide/target/release/build/mcpkit-rs/45ae69fac506d23d/out/test_prompt_routers-45ae69fac506d23d)
[INFO] [stdout] 
[INFO] [stdout] running 0 tests
[INFO] [stdout] 
[INFO] [stdout] test result: ok. 0 passed; 0 failed; 0 ignored; 0 measured; 0 filtered out; finished in 0.00s
[INFO] [stdout] 
[INFO] [stderr]      Running tests/test_resource_link.rs (/opt/rustwide/target/release/build/mcpkit-rs/009a8ea37604374f/out/test_resource_link-009a8ea37604374f)
[INFO] [stdout] 
[INFO] [stdout] running 3 tests
[INFO] [stdout] test test_mixed_content_types ... ok
[INFO] [stdout] test test_resource_link_in_tool_result ... ok
[INFO] [stdout] test test_resource_link_with_full_metadata ... ok
[INFO] [stdout] 
[INFO] [stdout] test result: ok. 3 passed; 0 failed; 0 ignored; 0 measured; 0 filtered out; finished in 0.01s
[INFO] [stdout] 
[INFO] [stderr]      Running tests/test_resource_link_integration.rs (/opt/rustwide/target/release/build/mcpkit-rs/83119c7bff5f9525/out/test_resource_link_integration-83119c7bff5f9525)
[INFO] [stdout] 
[INFO] [stdout] running 3 tests
[INFO] [stdout] test test_tool_and_prompt_resource_link_compatibility ... ok
[INFO] [stdout] test test_mixed_content_in_prompts_and_tools ... ok
[INFO] [stdout] test test_resource_link_roundtrip ... ok
[INFO] [stdout] 
[INFO] [stdout] test result: ok. 3 passed; 0 failed; 0 ignored; 0 measured; 0 filtered out; finished in 0.00s
[INFO] [stdout] 
[INFO] [stdout] 
[INFO] [stdout] running 0 tests
[INFO] [stdout] 
[INFO] [stdout] test result: ok. 0 passed; 0 failed; 0 ignored; 0 measured; 0 filtered out; finished in 0.00s
[INFO] [stdout] 
[INFO] [stderr]      Running tests/test_structured_output.rs (/opt/rustwide/target/release/build/mcpkit-rs/2995e268d6af37a6/out/test_structured_output-2995e268d6af37a6)
[INFO] [stderr]      Running tests/test_tool_builder_methods.rs (/opt/rustwide/target/release/build/mcpkit-rs/2c643f0a7969bbdc/out/test_tool_builder_methods-2c643f0a7969bbdc)
[INFO] [stdout] 
[INFO] [stdout] running 0 tests
[INFO] [stdout] 
[INFO] [stdout] test result: ok. 0 passed; 0 failed; 0 ignored; 0 measured; 0 filtered out; finished in 0.00s
[INFO] [stdout] 
[INFO] [stderr]      Running tests/test_tool_handler.rs (/opt/rustwide/target/release/build/mcpkit-rs/30c8eea3e93ec65d/out/test_tool_handler-30c8eea3e93ec65d)
[INFO] [stdout] 
[INFO] [stdout] running 0 tests
[INFO] [stdout] 
[INFO] [stdout] test result: ok. 0 passed; 0 failed; 0 ignored; 0 measured; 0 filtered out; finished in 0.00s
[INFO] [stdout] 
[INFO] [stderr]      Running tests/test_tool_macro_annotations.rs (/opt/rustwide/target/release/build/mcpkit-rs/56c970c5f331d361/out/test_tool_macro_annotations-56c970c5f331d361)
[INFO] [stdout] 
[INFO] [stdout] running 1 test
[INFO] [stdout] test tests::test_direct_tool_attributes ... ok
[INFO] [stdout] 
[INFO] [stdout] test result: ok. 1 passed; 0 failed; 0 ignored; 0 measured; 0 filtered out; finished in 0.00s
[INFO] [stdout] 
[INFO] [stderr]      Running tests/test_tool_result_meta.rs (/opt/rustwide/target/release/build/mcpkit-rs/74a934872d7d9841/out/test_tool_result_meta-74a934872d7d9841)
[INFO] [stdout] 
[INFO] [stdout] running 3 tests
[INFO] [stdout] test deserialize_tool_result_with_meta ... ok
[INFO] [stdout] test serialize_tool_result_with_meta ... ok
[INFO] [stdout] test serialize_tool_result_without_meta_omits_field ... ok
[INFO] [stdout] 
[INFO] [stdout] test result: ok. 3 passed; 0 failed; 0 ignored; 0 measured; 0 filtered out; finished in 0.00s
[INFO] [stdout] 
[INFO] [stderr]      Running tests/test_tool_routers.rs (/opt/rustwide/target/release/build/mcpkit-rs/c89ee90cec07f80e/out/test_tool_routers-c89ee90cec07f80e)
[INFO] [stdout] 
[INFO] [stdout] running 0 tests
[INFO] [stdout] 
[INFO] [stdout] test result: ok. 0 passed; 0 failed; 0 ignored; 0 measured; 0 filtered out; finished in 0.00s
[INFO] [stdout] 
[INFO] [stderr]    Doc-tests mcpkit_rs
[INFO] [stdout] 
[INFO] [stdout] running 35 tests
[INFO] [stdout] test src/lib.rs - (line 176) ... ignored
[INFO] [stdout] test src/lib.rs - (line 304) ... ignored
[INFO] [stdout] test src/lib.rs - (line 364) ... ignored
[INFO] [stdout] test src/lib.rs - (line 376) ... ignored
[INFO] [stdout] test src/lib.rs - (line 408) ... ignored
[INFO] [stdout] test src/model.rs - model::CallToolResult::structured (line 1756) ... ignored
[INFO] [stdout] test src/model.rs - model::CallToolResult::structured_error (line 1778) ... ignored
[INFO] [stdout] test src/model/elicitation_schema.rs - model::elicitation_schema::ElicitationSchema::from_json_schema (line 1005) ... ignored
[INFO] [stdout] test src/lib.rs - (line 249) ... FAILED
[INFO] [stdout] test src/model/extension.rs - model::extension::Extensions::clear (line 195) ... ok
[INFO] [stdout] test src/model/capabilities.rs - model::capabilities::ClientCapabilities (line 180) ... ok
[INFO] [stdout] test src/model/capabilities.rs - model::capabilities::ServerCapabilities (line 206) ... ok
[INFO] [stdout] test src/lib.rs - (line 106) ... ok
[INFO] [stdout] test src/lib.rs - (line 56) - compile ... FAILED
[INFO] [stdout] test src/model.rs - model::CreateElicitationRequestParams (line 1642) ... ok
[INFO] [stdout] test src/lib.rs - (line 21) ... ok
[INFO] [stdout] test src/model/elicitation_schema.rs - model::elicitation_schema::EnumSchemaBuilder (line 646) ... ok
[INFO] [stdout] test src/model/elicitation_schema.rs - model::elicitation_schema (line 9) ... ok
[INFO] [stdout] test src/service.rs - service::RunningService<R,S>::close (line 495) ... ignored
[INFO] [stdout] test src/model/elicitation_schema.rs - model::elicitation_schema::ElicitationSchema (line 953) ... ok
[INFO] [stdout] test src/model/extension.rs - model::extension::Extensions::get_or_insert_default (line 160) ... ok
[INFO] [stdout] test src/model/extension.rs - model::extension::Extensions::get_or_insert (line 120) ... ok
[INFO] [stdout] test src/model/elicitation_schema.rs - model::elicitation_schema::EnumSchema (line 616) ... ok
[INFO] [stdout] test src/model/extension.rs - model::extension::Extensions::get_mut (line 100) ... ok
[INFO] [stdout] test src/model/extension.rs - model::extension::Extensions::extend (line 249) ... ok
[INFO] [stdout] test src/model/extension.rs - model::extension::Extensions::get_or_insert_with (line 136) ... ok
[INFO] [stdout] test src/model/elicitation_schema.rs - model::elicitation_schema::EnumSchema::builder (line 927) ... ok
[INFO] [stdout] test src/model/elicitation_schema.rs - model::elicitation_schema::ElicitationSchemaBuilder (line 1098) ... ok
[INFO] [stdout] test src/model/extension.rs - model::extension::Extensions::get (line 81) ... ok
[INFO] [stdout] test src/transport.rs - transport (line 39) ... ok
[INFO] [stdout] test src/model/extension.rs - model::extension::Extensions::insert (line 63) ... ok
[INFO] [stdout] test src/handler/server/wrapper/parameters.rs - handler::server::wrapper::parameters::Parameters (line 18) ... ok
[INFO] [stdout] test src/model/extension.rs - model::extension::Extensions::remove (line 177) ... ok
[INFO] [stdout] test src/model/extension.rs - model::extension::Extensions::is_empty (line 214) ... ok
[INFO] [stdout] test src/model/extension.rs - model::extension::Extensions::len (line 230) ... ok
[INFO] [stdout] 
[INFO] [stdout] failures:
[INFO] [stdout] 
[INFO] [stdout] ---- src/lib.rs - (line 249) stdout ----
[INFO] [stdout] error[E0425]: cannot find function `schema_for_type` in module `mcpkit_rs::handler::server::common`
[INFO] [stdout]    --> src/lib.rs:275:1
[INFO] [stdout]     |
[INFO] [stdout] 275 | #[tool(name = "calculate", description = "Perform a calculation")]
[INFO] [stdout]     | ^^^^^^^^^^^^^^^^^^^^^^^^^^^^^^^^^^^^^^^^^^^^^^^^^^^^^^^^^^^^^^^^^^ not found in `mcpkit_rs::handler::server::common`
[INFO] [stdout]     |
[INFO] [stdout] note: found an item that was configured out
[INFO] [stdout]    --> src/handler/server/common.rs:17:8
[INFO] [stdout]     |
[INFO] [stdout]  16 | #[cfg(feature = "schemars")]
[INFO] [stdout]     |       -------------------- the item is gated behind the `schemars` feature
[INFO] [stdout]  17 | pub fn schema_for_type<T: JsonSchema + std::any::Any>() -> Arc<JsonObject> {
[INFO] [stdout]     |        ^^^^^^^^^^^^^^^
[INFO] [stdout]     = note: this error originates in the attribute macro `tool` (in Nightly builds, run with -Z macro-backtrace for more info)
[INFO] [stdout] 
[INFO] [stdout] error[E0425]: cannot find function `schema_for_output` in module `mcpkit_rs::handler::server::tool`
[INFO] [stdout]    --> src/lib.rs:275:1
[INFO] [stdout]     |
[INFO] [stdout] 275 | #[tool(name = "calculate", description = "Perform a calculation")]
[INFO] [stdout]     | ^^^^^^^^^^^^^^^^^^^^^^^^^^^^^^^^^^^^^^^^^^^^^^^^^^^^^^^^^^^^^^^^^^ not found in `mcpkit_rs::handler::server::tool`
[INFO] [stdout]     |
[INFO] [stdout] note: found an item that was configured out
[INFO] [stdout]    --> src/handler/server/tool.rs:12:25
[INFO] [stdout]     |
[INFO] [stdout]  11 | #[cfg(feature = "schemars")]
[INFO] [stdout]     |       -------------------- the item is gated behind the `schemars` feature
[INFO] [stdout]  12 | pub use super::common::{schema_for_output, schema_for_type};
[INFO] [stdout]     |                         ^^^^^^^^^^^^^^^^^
[INFO] [stdout]     = note: this error originates in the attribute macro `tool` (in Nightly builds, run with -Z macro-backtrace for more info)
[INFO] [stdout] 
[INFO] [stdout] error: aborting due to 2 previous errors
[INFO] [stdout] 
[INFO] [stdout] For more information about this error, try `rustc --explain E0425`.
[INFO] [stdout] Couldn't compile the test.
[INFO] [stdout] ---- src/lib.rs - (line 56) stdout ----
[INFO] [stdout] error[E0425]: cannot find function `schema_for_type` in module `mcpkit_rs::handler::server::common`
[INFO] [stdout]   --> src/lib.rs:82:1
[INFO] [stdout]    |
[INFO] [stdout] 82 | #[tool(name = "calculate", description = "Perform a calculation")]
[INFO] [stdout]    | ^^^^^^^^^^^^^^^^^^^^^^^^^^^^^^^^^^^^^^^^^^^^^^^^^^^^^^^^^^^^^^^^^^ not found in `mcpkit_rs::handler::server::common`
[INFO] [stdout]    |
[INFO] [stdout] note: found an item that was configured out
[INFO] [stdout]   --> src/handler/server/common.rs:17:8
[INFO] [stdout]    |
[INFO] [stdout] 16 | #[cfg(feature = "schemars")]
[INFO] [stdout]    |       -------------------- the item is gated behind the `schemars` feature
[INFO] [stdout] 17 | pub fn schema_for_type<T: JsonSchema + std::any::Any>() -> Arc<JsonObject> {
[INFO] [stdout]    |        ^^^^^^^^^^^^^^^
[INFO] [stdout]    = note: this error originates in the attribute macro `tool` (in Nightly builds, run with -Z macro-backtrace for more info)
[INFO] [stdout] 
[INFO] [stdout] error[E0425]: cannot find function `schema_for_output` in module `mcpkit_rs::handler::server::tool`
[INFO] [stdout]   --> src/lib.rs:82:1
[INFO] [stdout]    |
[INFO] [stdout] 82 | #[tool(name = "calculate", description = "Perform a calculation")]
[INFO] [stdout]    | ^^^^^^^^^^^^^^^^^^^^^^^^^^^^^^^^^^^^^^^^^^^^^^^^^^^^^^^^^^^^^^^^^^ not found in `mcpkit_rs::handler::server::tool`
[INFO] [stdout]    |
[INFO] [stdout] note: found an item that was configured out
[INFO] [stdout]   --> src/handler/server/tool.rs:12:25
[INFO] [stdout]    |
[INFO] [stdout] 11 | #[cfg(feature = "schemars")]
[INFO] [stdout]    |       -------------------- the item is gated behind the `schemars` feature
[INFO] [stdout] 12 | pub use super::common::{schema_for_output, schema_for_type};
[INFO] [stdout]    |                         ^^^^^^^^^^^^^^^^^
[INFO] [stdout]    = note: this error originates in the attribute macro `tool` (in Nightly builds, run with -Z macro-backtrace for more info)
[INFO] [stdout] 
[INFO] [stdout] error: aborting due to 2 previous errors
[INFO] [stdout] 
[INFO] [stdout] For more information about this error, try `rustc --explain E0425`.
[INFO] [stdout] Couldn't compile the test.
[INFO] [stdout] 
[INFO] [stdout] failures:
[INFO] [stdout]     src/lib.rs - (line 249)
[INFO] [stdout]     src/lib.rs - (line 56)
[INFO] [stdout] 
[INFO] [stdout] test result: FAILED. 24 passed; 2 failed; 9 ignored; 0 measured; 0 filtered out; finished in 1.46s
[INFO] [stdout] 
[INFO] [stdout] all doctests ran in 1.79s; merged doctests compilation took 0.33s
[INFO] [stderr] error: doctest failed, to rerun pass `--doc`
[INFO] running `Command { std: "docker" "inspect" "82b8a3f888586fe26f040680aa0f7b7ef3c08d6938c3c473e8c9e38323dbb57b", kill_on_drop: false }`
[INFO] running `Command { std: "docker" "rm" "-f" "82b8a3f888586fe26f040680aa0f7b7ef3c08d6938c3c473e8c9e38323dbb57b", kill_on_drop: false }`
[INFO] [stdout] 82b8a3f888586fe26f040680aa0f7b7ef3c08d6938c3c473e8c9e38323dbb57b
