[INFO] fetching crate mcp23s17-async 0.1.0...
[INFO] testing mcp23s17-async-0.1.0 against 1.100.0-beta.1+cargoflags=--release for beta-release-1.100-2
[INFO] extracting crate mcp23s17-async 0.1.0 into /workspace/builds/worker-4-tc2/source
[INFO] started tweaking crates.io crate mcp23s17-async 0.1.0
[INFO] finished tweaking crates.io crate mcp23s17-async 0.1.0
[INFO] tweaked toml for crates.io crate mcp23s17-async 0.1.0 written to /workspace/builds/worker-4-tc2/source/Cargo.toml
[INFO] validating manifest of crates.io crate mcp23s17-async 0.1.0 on toolchain 1.100.0-beta.1
[INFO] running `Command { std: CARGO_HOME="/workspace/cargo-home" RUSTUP_HOME="/workspace/rustup-home" "/workspace/cargo-home/bin/cargo" "+1.100.0-beta.1" "metadata" "--manifest-path" "Cargo.toml" "--no-deps", kill_on_drop: false }`
[INFO] crate crates.io crate mcp23s17-async 0.1.0 already has a lockfile, it will not be regenerated
[INFO] running `Command { std: CARGO_HOME="/workspace/cargo-home" RUSTUP_HOME="/workspace/rustup-home" "/workspace/cargo-home/bin/cargo" "+1.100.0-beta.1" "fetch" "--manifest-path" "Cargo.toml", kill_on_drop: false }`
[INFO] running `Command { std: "docker" "create" "-v" "/var/lib/crater-agent-workspace/builds/worker-4-tc2/source:/opt/rustwide/workdir:ro,Z" "-v" "/var/lib/crater-agent-workspace/builds/worker-4-tc2/target:/opt/rustwide/target:rw,Z" "-v" "/var/lib/crater-agent-workspace/cargo-home:/opt/rustwide/cargo-home:ro,Z" "-v" "/var/lib/crater-agent-workspace/rustup-home:/opt/rustwide/rustup-home:ro,Z" "-m" "1610612736" "--network" "none" "ghcr.io/rust-lang/crates-build-env/linux@sha256:77db811e55d90add9212f6832c23229e3de5f1c1f9905e8cb07319ea15df73ac" "sleep" "infinity", kill_on_drop: false }`
[INFO] [stdout] c8d8a90502e447f6bcf304e9da3889fb8bb0a921ecbf97408669025387628b01
[INFO] running `Command { std: "docker" "start" "c8d8a90502e447f6bcf304e9da3889fb8bb0a921ecbf97408669025387628b01", kill_on_drop: false }`
[INFO] running `Command { std: "docker" "inspect" "c8d8a90502e447f6bcf304e9da3889fb8bb0a921ecbf97408669025387628b01", kill_on_drop: false }`
[INFO] running `Command { std: "docker" "exec" "-e" "SOURCE_DIR=/opt/rustwide/workdir" "-e" "CARGO_HOME=/opt/rustwide/cargo-home" "-e" "RUSTUP_HOME=/opt/rustwide/rustup-home" "-e" "CARGO_TARGET_DIR=/opt/rustwide/target" "-w" "/opt/rustwide/workdir" "--user" "0:0" "c8d8a90502e447f6bcf304e9da3889fb8bb0a921ecbf97408669025387628b01" "/opt/rustwide/cargo-home/bin/cargo" "+1.100.0-beta.1" "metadata" "--no-deps" "--format-version=1", kill_on_drop: false }`
[INFO] running `Command { std: "docker" "inspect" "c8d8a90502e447f6bcf304e9da3889fb8bb0a921ecbf97408669025387628b01", kill_on_drop: false }`
[INFO] running `Command { std: "docker" "exec" "-e" "SOURCE_DIR=/opt/rustwide/workdir" "-e" "CARGO_HOME=/opt/rustwide/cargo-home" "-e" "RUSTUP_HOME=/opt/rustwide/rustup-home" "-e" "CARGO_TARGET_DIR=/opt/rustwide/target" "-e" "CARGO_INCREMENTAL=0" "-e" "RUST_BACKTRACE=full" "-e" "RUSTFLAGS=--cap-lints=warn" "-e" "RUSTDOCFLAGS=--cap-lints=warn" "-w" "/opt/rustwide/workdir" "--user" "0:0" "c8d8a90502e447f6bcf304e9da3889fb8bb0a921ecbf97408669025387628b01" "/opt/rustwide/cargo-home/bin/cargo" "+1.100.0-beta.1" "build" "--frozen" "--message-format=json" "--release", kill_on_drop: false }`
[INFO] [stderr]    Compiling embedded-hal-async v1.0.0
[INFO] [stderr]    Compiling embedded-hal v1.0.0
[INFO] [stderr]    Compiling bitflags v2.8.0
[INFO] [stderr]    Compiling mcp23s17-async v0.1.0 (/opt/rustwide/workdir)
[INFO] [stderr]     Finished `release` profile [optimized] target(s) in 1.51s
[INFO] running `Command { std: "docker" "inspect" "c8d8a90502e447f6bcf304e9da3889fb8bb0a921ecbf97408669025387628b01", kill_on_drop: false }`
[INFO] running `Command { std: "docker" "exec" "-e" "SOURCE_DIR=/opt/rustwide/workdir" "-e" "CARGO_HOME=/opt/rustwide/cargo-home" "-e" "RUSTUP_HOME=/opt/rustwide/rustup-home" "-e" "CARGO_TARGET_DIR=/opt/rustwide/target" "-e" "CARGO_INCREMENTAL=0" "-e" "RUST_BACKTRACE=full" "-e" "RUSTFLAGS=--cap-lints=warn" "-e" "RUSTDOCFLAGS=--cap-lints=warn" "-w" "/opt/rustwide/workdir" "--user" "0:0" "c8d8a90502e447f6bcf304e9da3889fb8bb0a921ecbf97408669025387628b01" "/opt/rustwide/cargo-home/bin/cargo" "+1.100.0-beta.1" "test" "--frozen" "--no-run" "--message-format=json" "--release", kill_on_drop: false }`
[INFO] [stderr]    Compiling mcp23s17-async v0.1.0 (/opt/rustwide/workdir)
[INFO] [stderr]     Finished `release` profile [optimized] target(s) in 0.51s
[INFO] running `Command { std: "docker" "inspect" "c8d8a90502e447f6bcf304e9da3889fb8bb0a921ecbf97408669025387628b01", kill_on_drop: false }`
[INFO] running `Command { std: "docker" "exec" "-e" "SOURCE_DIR=/opt/rustwide/workdir" "-e" "CARGO_HOME=/opt/rustwide/cargo-home" "-e" "RUSTUP_HOME=/opt/rustwide/rustup-home" "-e" "CARGO_TARGET_DIR=/opt/rustwide/target" "-e" "CARGO_INCREMENTAL=0" "-e" "RUST_BACKTRACE=full" "-e" "RUSTFLAGS=--cap-lints=warn" "-e" "RUSTDOCFLAGS=--cap-lints=warn" "-w" "/opt/rustwide/workdir" "--user" "0:0" "c8d8a90502e447f6bcf304e9da3889fb8bb0a921ecbf97408669025387628b01" "/opt/rustwide/cargo-home/bin/cargo" "+1.100.0-beta.1" "test" "--frozen" "--release", kill_on_drop: false }`
[INFO] [stderr]     Finished `release` profile [optimized] target(s) in 0.01s
[INFO] [stdout] 
[INFO] [stderr]      Running unittests src/lib.rs (/opt/rustwide/target/release/build/mcp23s17-async/928b73df5fac88eb/out/mcp23s17_async-928b73df5fac88eb)
[INFO] [stdout] running 0 tests
[INFO] [stdout] 
[INFO] [stdout] test result: ok. 0 passed; 0 failed; 0 ignored; 0 measured; 0 filtered out; finished in 0.00s
[INFO] [stdout] 
[INFO] [stderr]    Doc-tests mcp23s17_async
[INFO] [stdout] 
[INFO] [stdout] running 2 tests
[INFO] [stdout] test src/lib.rs - (line 11) ... FAILED
[INFO] [stdout] test src/lib.rs - Mcp23s17 (line 240) - compile ... FAILED
[INFO] [stdout] 
[INFO] [stdout] failures:
[INFO] [stdout] 
[INFO] [stdout] ---- src/lib.rs - (line 11) stdout ----
[INFO] [stdout] error[E0425]: cannot find value `spi_device` in this scope
[INFO] [stdout]   --> src/lib.rs:16:50
[INFO] [stdout]    |
[INFO] [stdout] 16 | let mut mcp23s17 = mcp23s17_async::Mcp23s17::new(spi_device, 0b000).await.ok().unwrap();
[INFO] [stdout]    |                                                  ^^^^^^^^^^ not found in this scope
[INFO] [stdout] 
[INFO] [stdout] error[E0728]: `await` is only allowed inside `async` functions and blocks
[INFO] [stdout]   --> src/lib.rs:16:69
[INFO] [stdout]    |
[INFO] [stdout] 12 | fn main() { #[allow(non_snake_case)] fn _doctest_main_src_lib_rs_11_0() {
[INFO] [stdout]    |                                      ---------------------------------- this is not `async`
[INFO] [stdout] ...
[INFO] [stdout] 16 | let mut mcp23s17 = mcp23s17_async::Mcp23s17::new(spi_device, 0b000).await.ok().unwrap();
[INFO] [stdout]    |                                                                     ^^^^^ only allowed inside `async` functions and blocks
[INFO] [stdout] 
[INFO] [stdout] error[E0728]: `await` is only allowed inside `async` functions and blocks
[INFO] [stdout]   --> src/lib.rs:19:55
[INFO] [stdout]    |
[INFO] [stdout] 12 | fn main() { #[allow(non_snake_case)] fn _doctest_main_src_lib_rs_11_0() {
[INFO] [stdout]    |                                      ---------------------------------- this is not `async`
[INFO] [stdout] ...
[INFO] [stdout] 19 | mcp23s17.pin_mode(0, mcp23s17_async::PinMode::Output).await.ok().unwrap();
[INFO] [stdout]    |                                                       ^^^^^ only allowed inside `async` functions and blocks
[INFO] [stdout] 
[INFO] [stdout] error[E0728]: `await` is only allowed inside `async` functions and blocks
[INFO] [stdout]   --> src/lib.rs:21:22
[INFO] [stdout]    |
[INFO] [stdout] 12 | fn main() { #[allow(non_snake_case)] fn _doctest_main_src_lib_rs_11_0() {
[INFO] [stdout]    |                                      ---------------------------------- this is not `async`
[INFO] [stdout] ...
[INFO] [stdout] 21 | mcp23s17.set_high(0).await.ok().unwrap();
[INFO] [stdout]    |                      ^^^^^ only allowed inside `async` functions and blocks
[INFO] [stdout] 
[INFO] [stdout] error[E0728]: `await` is only allowed inside `async` functions and blocks
[INFO] [stdout]   --> src/lib.rs:24:60
[INFO] [stdout]    |
[INFO] [stdout] 12 | fn main() { #[allow(non_snake_case)] fn _doctest_main_src_lib_rs_11_0() {
[INFO] [stdout]    |                                      ---------------------------------- this is not `async`
[INFO] [stdout] ...
[INFO] [stdout] 24 | mcp23s17.pin_mode(1, mcp23s17_async::PinMode::InputPullup).await.ok().unwrap();
[INFO] [stdout]    |                                                            ^^^^^ only allowed inside `async` functions and blocks
[INFO] [stdout] 
[INFO] [stdout] error[E0728]: `await` is only allowed inside `async` functions and blocks
[INFO] [stdout]   --> src/lib.rs:26:32
[INFO] [stdout]    |
[INFO] [stdout] 12 | fn main() { #[allow(non_snake_case)] fn _doctest_main_src_lib_rs_11_0() {
[INFO] [stdout]    |                                      ---------------------------------- this is not `async`
[INFO] [stdout] ...
[INFO] [stdout] 26 | let is_high = mcp23s17.read(1).await.ok().unwrap();
[INFO] [stdout]    |                                ^^^^^ only allowed inside `async` functions and blocks
[INFO] [stdout] 
[INFO] [stdout] error: aborting due to 6 previous errors
[INFO] [stdout] 
[INFO] [stdout] Some errors have detailed explanations: E0425, E0728.
[INFO] [stdout] For more information about an error, try `rustc --explain E0425`.
[INFO] [stdout] Couldn't compile the test.
[INFO] [stdout] ---- src/lib.rs - Mcp23s17 (line 240) stdout ----
[INFO] [stdout] error[E0425]: cannot find value `spi` in this scope
[INFO] [stdout]    --> src/lib.rs:242:50
[INFO] [stdout]     |
[INFO] [stdout] 242 | let mut mcp23s17 = mcp23s17_async::Mcp23s17::new(spi, cs_pin, 0b000).await.ok().unwrap();
[INFO] [stdout]     |                                                  ^^^ not found in this scope
[INFO] [stdout] 
[INFO] [stdout] error[E0425]: cannot find value `cs_pin` in this scope
[INFO] [stdout]    --> src/lib.rs:242:55
[INFO] [stdout]     |
[INFO] [stdout] 242 | let mut mcp23s17 = mcp23s17_async::Mcp23s17::new(spi, cs_pin, 0b000).await.ok().unwrap();
[INFO] [stdout]     |                                                       ^^^^^^ not found in this scope
[INFO] [stdout] 
[INFO] [stdout] error[E0728]: `await` is only allowed inside `async` functions and blocks
[INFO] [stdout]    --> src/lib.rs:242:70
[INFO] [stdout]     |
[INFO] [stdout] 241 | fn main() { #[allow(non_snake_case)] fn _doctest_main_src_lib_rs_240_0() {
[INFO] [stdout]     |                                      ----------------------------------- this is not `async`
[INFO] [stdout] 242 | let mut mcp23s17 = mcp23s17_async::Mcp23s17::new(spi, cs_pin, 0b000).await.ok().unwrap();
[INFO] [stdout]     |                                                                      ^^^^^ only allowed inside `async` functions and blocks
[INFO] [stdout] 
[INFO] [stdout] error[E0728]: `await` is only allowed inside `async` functions and blocks
[INFO] [stdout]    --> src/lib.rs:245:55
[INFO] [stdout]     |
[INFO] [stdout] 241 | fn main() { #[allow(non_snake_case)] fn _doctest_main_src_lib_rs_240_0() {
[INFO] [stdout]     |                                      ----------------------------------- this is not `async`
[INFO] [stdout] ...
[INFO] [stdout] 245 | mcp23s17.pin_mode(0, mcp23s17_async::PinMode::Output).await.ok().unwrap();
[INFO] [stdout]     |                                                       ^^^^^ only allowed inside `async` functions and blocks
[INFO] [stdout] 
[INFO] [stdout] error[E0728]: `await` is only allowed inside `async` functions and blocks
[INFO] [stdout]    --> src/lib.rs:247:22
[INFO] [stdout]     |
[INFO] [stdout] 241 | fn main() { #[allow(non_snake_case)] fn _doctest_main_src_lib_rs_240_0() {
[INFO] [stdout]     |                                      ----------------------------------- this is not `async`
[INFO] [stdout] ...
[INFO] [stdout] 247 | mcp23s17.set_high(0).await.ok().unwrap();
[INFO] [stdout]     |                      ^^^^^ only allowed inside `async` functions and blocks
[INFO] [stdout] 
[INFO] [stdout] error[E0728]: `await` is only allowed inside `async` functions and blocks
[INFO] [stdout]    --> src/lib.rs:250:60
[INFO] [stdout]     |
[INFO] [stdout] 241 | fn main() { #[allow(non_snake_case)] fn _doctest_main_src_lib_rs_240_0() {
[INFO] [stdout]     |                                      ----------------------------------- this is not `async`
[INFO] [stdout] ...
[INFO] [stdout] 250 | mcp23s17.pin_mode(1, mcp23s17_async::PinMode::InputPullup).await.ok().unwrap();
[INFO] [stdout]     |                                                            ^^^^^ only allowed inside `async` functions and blocks
[INFO] [stdout] 
[INFO] [stdout] error[E0728]: `await` is only allowed inside `async` functions and blocks
[INFO] [stdout]    --> src/lib.rs:252:32
[INFO] [stdout]     |
[INFO] [stdout] 241 | fn main() { #[allow(non_snake_case)] fn _doctest_main_src_lib_rs_240_0() {
[INFO] [stdout]     |                                      ----------------------------------- this is not `async`
[INFO] [stdout] ...
[INFO] [stdout] 252 | let is_high = mcp23s17.read(1).await.ok().unwrap();
[INFO] [stdout]     |                                ^^^^^ only allowed inside `async` functions and blocks
[INFO] [stdout] 
[INFO] [stdout] error[E0061]: this function takes 2 arguments but 3 arguments were supplied
[INFO] [stdout]    --> src/lib.rs:242:20
[INFO] [stdout]     |
[INFO] [stdout] 242 | let mut mcp23s17 = mcp23s17_async::Mcp23s17::new(spi, cs_pin, 0b000).await.ok().unwrap();
[INFO] [stdout]     |                    ^^^^^^^^^^^^^^^^^^^^^^^^^^^^^              ----- unexpected argument #3 of type `{integer}`
[INFO] [stdout]     |
[INFO] [stdout] note: associated function defined here
[INFO] [stdout]    --> src/lib.rs:279:18
[INFO] [stdout]     |
[INFO] [stdout] 279 |     pub async fn new(spi: SPI, address: u8) -> Result<Self> {
[INFO] [stdout]     |                  ^^^
[INFO] [stdout] help: remove the extra argument
[INFO] [stdout]     |
[INFO] [stdout] 242 - let mut mcp23s17 = mcp23s17_async::Mcp23s17::new(spi, cs_pin, 0b000).await.ok().unwrap();
[INFO] [stdout] 242 + let mut mcp23s17 = mcp23s17_async::Mcp23s17::new(spi, cs_pin).await.ok().unwrap();
[INFO] [stdout]     |
[INFO] [stdout] 
[INFO] [stdout] error: aborting due to 8 previous errors
[INFO] [stdout] 
[INFO] [stdout] Some errors have detailed explanations: E0061, E0425, E0728.
[INFO] [stdout] For more information about an error, try `rustc --explain E0061`.
[INFO] [stdout] Couldn't compile the test.
[INFO] [stdout] 
[INFO] [stdout] failures:
[INFO] [stdout]     src/lib.rs - (line 11)
[INFO] [stdout]     src/lib.rs - Mcp23s17 (line 240)
[INFO] [stdout] 
[INFO] [stdout] test result: FAILED. 0 passed; 2 failed; 0 ignored; 0 measured; 0 filtered out; finished in 0.10s
[INFO] [stdout] 
[INFO] [stderr] error: doctest failed, to rerun pass `--doc`
[INFO] running `Command { std: "docker" "inspect" "c8d8a90502e447f6bcf304e9da3889fb8bb0a921ecbf97408669025387628b01", kill_on_drop: false }`
[INFO] running `Command { std: "docker" "rm" "-f" "c8d8a90502e447f6bcf304e9da3889fb8bb0a921ecbf97408669025387628b01", kill_on_drop: false }`
[INFO] [stdout] c8d8a90502e447f6bcf304e9da3889fb8bb0a921ecbf97408669025387628b01
