[INFO] fetching crate mcp-logger 0.2.0...
[INFO] testing mcp-logger-0.2.0 against 1.99.0-beta.8+cargoflags=--release for beta-release-1.100-2
[INFO] extracting crate mcp-logger 0.2.0 into /workspace/builds/worker-3-tc1/source
[INFO] started tweaking crates.io crate mcp-logger 0.2.0
[INFO] removed 0 missing examples
[INFO] removed 0 missing tests
[INFO] finished tweaking crates.io crate mcp-logger 0.2.0
[INFO] tweaked toml for crates.io crate mcp-logger 0.2.0 written to /workspace/builds/worker-3-tc1/source/Cargo.toml
[INFO] validating manifest of crates.io crate mcp-logger 0.2.0 on toolchain 1.99.0-beta.8
[INFO] running `Command { std: CARGO_HOME="/workspace/cargo-home" RUSTUP_HOME="/workspace/rustup-home" "/workspace/cargo-home/bin/cargo" "+1.99.0-beta.8" "metadata" "--manifest-path" "Cargo.toml" "--no-deps", kill_on_drop: false }`
[INFO] crate crates.io crate mcp-logger 0.2.0 already has a lockfile, it will not be regenerated
[INFO] running `Command { std: CARGO_HOME="/workspace/cargo-home" RUSTUP_HOME="/workspace/rustup-home" "/workspace/cargo-home/bin/cargo" "+1.99.0-beta.8" "fetch" "--manifest-path" "Cargo.toml", kill_on_drop: false }`
[INFO] running `Command { std: "docker" "create" "-v" "/var/lib/crater-agent-workspace/builds/worker-3-tc1/source:/opt/rustwide/workdir:ro,Z" "-v" "/var/lib/crater-agent-workspace/builds/worker-3-tc1/target:/opt/rustwide/target:rw,Z" "-v" "/var/lib/crater-agent-workspace/cargo-home:/opt/rustwide/cargo-home:ro,Z" "-v" "/var/lib/crater-agent-workspace/rustup-home:/opt/rustwide/rustup-home:ro,Z" "-m" "1610612736" "--network" "none" "ghcr.io/rust-lang/crates-build-env/linux@sha256:77db811e55d90add9212f6832c23229e3de5f1c1f9905e8cb07319ea15df73ac" "sleep" "infinity", kill_on_drop: false }`
[INFO] [stdout] c2102290e91af6428215876cf5d33f43c4f3faed5b27864103306cb130c18d17
[INFO] running `Command { std: "docker" "start" "c2102290e91af6428215876cf5d33f43c4f3faed5b27864103306cb130c18d17", kill_on_drop: false }`
[INFO] running `Command { std: "docker" "inspect" "c2102290e91af6428215876cf5d33f43c4f3faed5b27864103306cb130c18d17", kill_on_drop: false }`
[INFO] running `Command { std: "docker" "exec" "-e" "SOURCE_DIR=/opt/rustwide/workdir" "-e" "CARGO_HOME=/opt/rustwide/cargo-home" "-e" "RUSTUP_HOME=/opt/rustwide/rustup-home" "-e" "CARGO_TARGET_DIR=/opt/rustwide/target" "-w" "/opt/rustwide/workdir" "--user" "0:0" "c2102290e91af6428215876cf5d33f43c4f3faed5b27864103306cb130c18d17" "/opt/rustwide/cargo-home/bin/cargo" "+1.99.0-beta.8" "metadata" "--no-deps" "--format-version=1", kill_on_drop: false }`
[INFO] running `Command { std: "docker" "inspect" "c2102290e91af6428215876cf5d33f43c4f3faed5b27864103306cb130c18d17", kill_on_drop: false }`
[INFO] running `Command { std: "docker" "exec" "-e" "SOURCE_DIR=/opt/rustwide/workdir" "-e" "CARGO_HOME=/opt/rustwide/cargo-home" "-e" "RUSTUP_HOME=/opt/rustwide/rustup-home" "-e" "CARGO_TARGET_DIR=/opt/rustwide/target" "-e" "CARGO_INCREMENTAL=0" "-e" "RUST_BACKTRACE=full" "-e" "RUSTFLAGS=--cap-lints=warn" "-e" "RUSTDOCFLAGS=--cap-lints=warn" "-w" "/opt/rustwide/workdir" "--user" "0:0" "c2102290e91af6428215876cf5d33f43c4f3faed5b27864103306cb130c18d17" "/opt/rustwide/cargo-home/bin/cargo" "+1.99.0-beta.8" "build" "--frozen" "--message-format=json" "--release", kill_on_drop: false }`
[INFO] [stderr]    Compiling regex-automata v0.4.14
[INFO] [stderr]    Compiling deranged v0.5.8
[INFO] [stderr]    Compiling tokio-macros v2.7.0
[INFO] [stderr]    Compiling chrono v0.4.45
[INFO] [stderr]    Compiling tokio v1.52.3
[INFO] [stderr]    Compiling time v0.3.49
[INFO] [stderr]    Compiling matchers v0.2.0
[INFO] [stderr]    Compiling tracing-subscriber v0.3.23
[INFO] [stderr]    Compiling tracing-appender v0.2.5
[INFO] [stderr]    Compiling mcp-logger v0.2.0 (/opt/rustwide/workdir)
[INFO] [stderr]     Finished `release` profile [optimized] target(s) in 38.70s
[INFO] running `Command { std: "docker" "inspect" "c2102290e91af6428215876cf5d33f43c4f3faed5b27864103306cb130c18d17", kill_on_drop: false }`
[INFO] running `Command { std: "docker" "exec" "-e" "SOURCE_DIR=/opt/rustwide/workdir" "-e" "CARGO_HOME=/opt/rustwide/cargo-home" "-e" "RUSTUP_HOME=/opt/rustwide/rustup-home" "-e" "CARGO_TARGET_DIR=/opt/rustwide/target" "-e" "CARGO_INCREMENTAL=0" "-e" "RUST_BACKTRACE=full" "-e" "RUSTFLAGS=--cap-lints=warn" "-e" "RUSTDOCFLAGS=--cap-lints=warn" "-w" "/opt/rustwide/workdir" "--user" "0:0" "c2102290e91af6428215876cf5d33f43c4f3faed5b27864103306cb130c18d17" "/opt/rustwide/cargo-home/bin/cargo" "+1.99.0-beta.8" "test" "--frozen" "--no-run" "--message-format=json" "--release", kill_on_drop: false }`
[INFO] [stderr]    Compiling getrandom v0.4.2
[INFO] [stderr]    Compiling tempfile v3.27.0
[INFO] [stderr]    Compiling mcp-logger v0.2.0 (/opt/rustwide/workdir)
[INFO] [stderr]     Finished `release` profile [optimized] target(s) in 11.40s
[INFO] running `Command { std: "docker" "inspect" "c2102290e91af6428215876cf5d33f43c4f3faed5b27864103306cb130c18d17", kill_on_drop: false }`
[INFO] running `Command { std: "docker" "exec" "-e" "SOURCE_DIR=/opt/rustwide/workdir" "-e" "CARGO_HOME=/opt/rustwide/cargo-home" "-e" "RUSTUP_HOME=/opt/rustwide/rustup-home" "-e" "CARGO_TARGET_DIR=/opt/rustwide/target" "-e" "CARGO_INCREMENTAL=0" "-e" "RUST_BACKTRACE=full" "-e" "RUSTFLAGS=--cap-lints=warn" "-e" "RUSTDOCFLAGS=--cap-lints=warn" "-w" "/opt/rustwide/workdir" "--user" "0:0" "c2102290e91af6428215876cf5d33f43c4f3faed5b27864103306cb130c18d17" "/opt/rustwide/cargo-home/bin/cargo" "+1.99.0-beta.8" "test" "--frozen" "--release", kill_on_drop: false }`
[INFO] [stderr]     Finished `release` profile [optimized] target(s) in 0.16s
[INFO] [stderr]      Running unittests src/lib.rs (/opt/rustwide/target/release/deps/mcp_logger-4068d1be4f85cc76)
[INFO] [stdout] 
[INFO] [stdout] running 2 tests
[INFO] [stdout] test layer::tests::test_log_level_conversion ... ok
[INFO] [stdout] test layer::tests::test_format_log ... ok
[INFO] [stdout] 
[INFO] [stdout] test result: ok. 2 passed; 0 failed; 0 ignored; 0 measured; 0 filtered out; finished in 0.00s
[INFO] [stdout] 
[INFO] [stderr]      Running tests/file_dynamic_level_test.rs (/opt/rustwide/target/release/deps/file_dynamic_level_test-bcbd3504ed52b21b)
[INFO] [stdout] 
[INFO] [stdout] running 1 test
[INFO] [stdout] test test_file_output_dynamic_level_adjustment ... FAILED
[INFO] [stdout] 
[INFO] [stdout] failures:
[INFO] [stdout] 
[INFO] [stdout] ---- test_file_output_dynamic_level_adjustment stdout ----
[INFO] [stdout] ✓ 日志目录: /tmp/.tmpPJ1hlc
[INFO] [stdout] ✓ 日志保留天数: 7 天
[INFO] [stdout] ✓ 初始日志级别: warn
[INFO] [stdout] ✓ 文件输出: 启用
[INFO] [stdout] 
[INFO] [stdout] thread 'test_file_output_dynamic_level_adjustment' (598) panicked at tests/file_dynamic_level_test.rs:67:5:
[INFO] [stdout] 日志文件应该被创建
[INFO] [stdout] stack backtrace:
[INFO] [stdout]    0:     0x59d7bcfba751 - <<std[70759c8f55707aa4]::sys::backtrace::BacktraceLock>::print::DisplayBacktrace as core[df12db4294e9bfd3]::fmt::Display>::fmt
[INFO] [stdout]    1:     0x59d7bcfd0f6a - core[df12db4294e9bfd3]::fmt::write
[INFO] [stdout]    2:     0x59d7bcfbefcc - <alloc[2182bb758b4b3781]::vec::Vec<u8> as core[df12db4294e9bfd3]::io::write::Write>::write_fmt
[INFO] [stdout]    3:     0x59d7bcf93e86 - std[70759c8f55707aa4]::panicking::default_hook::{closure#0}
[INFO] [stdout]    4:     0x59d7bcfb15c9 - std[70759c8f55707aa4]::panicking::default_hook
[INFO] [stdout]    5:     0x59d7bcee7af0 - test[9d35eded1c95d3be]::test_main_inner::<test[9d35eded1c95d3be]::test_main_static::{closure#0}>::{closure#0}
[INFO] [stdout]    6:     0x59d7bcfb18f2 - std[70759c8f55707aa4]::panicking::panic_with_hook
[INFO] [stdout]    7:     0x59d7bcf93f64 - std[70759c8f55707aa4]::panicking::panic_handler::{closure#0}
[INFO] [stdout]    8:     0x59d7bcf8c909 - std[70759c8f55707aa4]::sys::backtrace::__rust_end_short_backtrace::<std[70759c8f55707aa4]::panicking::panic_handler::{closure#0}, !>
[INFO] [stdout]    9:     0x59d7bcf94c1d - __rustc[8fa7c3cbc660c2b3]::rust_begin_unwind
[INFO] [stdout]   10:     0x59d7bcfd16cc - core[df12db4294e9bfd3]::panicking::panic_fmt
[INFO] [stdout]   11:     0x59d7bced5a00 - file_dynamic_level_test[978d4e61641554dc]::test_file_output_dynamic_level_adjustment::{closure#0}
[INFO] [stdout]   12:     0x59d7bced9d93 - <tokio[a158aed799dff079]::runtime::scheduler::current_thread::Context>::enter::<core[df12db4294e9bfd3]::task::poll::Poll<()>, <tokio[a158aed799dff079]::runtime::scheduler::current_thread::CoreGuard>::block_on<core[df12db4294e9bfd3]::pin::Pin<&mut core[df12db4294e9bfd3]::pin::Pin<&mut dyn core[df12db4294e9bfd3]::future::future::Future<Output = ()>>>>::{closure#0}::{closure#0}>
[INFO] [stdout]   13:     0x59d7bced7f7c - <tokio[a158aed799dff079]::runtime::context::scoped::Scoped<tokio[a158aed799dff079]::runtime::scheduler::Context>>::set::<<tokio[a158aed799dff079]::runtime::scheduler::current_thread::CoreGuard>::enter<<tokio[a158aed799dff079]::runtime::scheduler::current_thread::CoreGuard>::block_on<core[df12db4294e9bfd3]::pin::Pin<&mut core[df12db4294e9bfd3]::pin::Pin<&mut dyn core[df12db4294e9bfd3]::future::future::Future<Output = ()>>>>::{closure#0}, core[df12db4294e9bfd3]::option::Option<()>>::{closure#0}, (alloc[2182bb758b4b3781]::boxed::Box<tokio[a158aed799dff079]::runtime::scheduler::current_thread::Core>, core[df12db4294e9bfd3]::option::Option<()>)>
[INFO] [stdout]   14:     0x59d7bceda0e7 - <tokio[a158aed799dff079]::runtime::scheduler::current_thread::CoreGuard>::block_on::<core[df12db4294e9bfd3]::pin::Pin<&mut core[df12db4294e9bfd3]::pin::Pin<&mut dyn core[df12db4294e9bfd3]::future::future::Future<Output = ()>>>>
[INFO] [stdout]   15:     0x59d7bced95d7 - tokio[a158aed799dff079]::runtime::context::runtime::enter_runtime::<<tokio[a158aed799dff079]::runtime::scheduler::current_thread::CurrentThread>::block_on<core[df12db4294e9bfd3]::pin::Pin<&mut dyn core[df12db4294e9bfd3]::future::future::Future<Output = ()>>>::{closure#0}, ()>
[INFO] [stdout]   16:     0x59d7bced874a - <tokio[a158aed799dff079]::runtime::runtime::Runtime>::block_on::<core[df12db4294e9bfd3]::pin::Pin<&mut dyn core[df12db4294e9bfd3]::future::future::Future<Output = ()>>>
[INFO] [stdout]   17:     0x59d7bced609c - <file_dynamic_level_test[978d4e61641554dc]::test_file_output_dynamic_level_adjustment::{closure#0} as core[df12db4294e9bfd3]::ops::function::FnOnce<()>>::call_once
[INFO] [stdout]   18:     0x59d7bcedaddb - test[9d35eded1c95d3be]::__rust_begin_short_backtrace::<core[df12db4294e9bfd3]::result::Result<(), alloc[2182bb758b4b3781]::string::String>, fn() -> core[df12db4294e9bfd3]::result::Result<(), alloc[2182bb758b4b3781]::string::String>>
[INFO] [stdout]   19:     0x59d7bcee8445 - test[9d35eded1c95d3be]::run_test::{closure#0}
[INFO] [stdout]   20:     0x59d7bcee1d04 - std[70759c8f55707aa4]::sys::backtrace::__rust_begin_short_backtrace::<test[9d35eded1c95d3be]::run_test::{closure#1}, ()>
[INFO] [stdout]   21:     0x59d7bceeb5a2 - <std[70759c8f55707aa4]::thread::lifecycle::spawn_unchecked<test[9d35eded1c95d3be]::run_test::{closure#1}, ()>::{closure#1} as core[df12db4294e9bfd3]::ops::function::FnOnce<()>>::call_once::{shim:vtable#0}
[INFO] [stdout]   22:     0x59d7bcfb9959 - <std[70759c8f55707aa4]::sys::thread::unix::Thread>::new::thread_start
[INFO] [stdout]   23:     0x746a74d35dfa - <unknown>
[INFO] [stdout]   24:     0x746a74dc93d4 - clone
[INFO] [stdout]   25:                0x0 - <unknown>
[INFO] [stdout] 
[INFO] [stdout] 
[INFO] [stdout] failures:
[INFO] [stdout]     test_file_output_dynamic_level_adjustment
[INFO] [stdout] 
[INFO] [stdout] test result: FAILED. 0 passed; 1 failed; 0 ignored; 0 measured; 0 filtered out; finished in 1.12s
[INFO] [stdout] 
[INFO] [stderr] error: test failed, to rerun pass `--test file_dynamic_level_test`
[INFO] running `Command { std: "docker" "inspect" "c2102290e91af6428215876cf5d33f43c4f3faed5b27864103306cb130c18d17", kill_on_drop: false }`
[INFO] running `Command { std: "docker" "rm" "-f" "c2102290e91af6428215876cf5d33f43c4f3faed5b27864103306cb130c18d17", kill_on_drop: false }`
[INFO] [stdout] c2102290e91af6428215876cf5d33f43c4f3faed5b27864103306cb130c18d17
