[INFO] fetching crate mcp-gmailcal 0.10.0...
[INFO] testing mcp-gmailcal-0.10.0 against 1.99.0-beta.8+cargoflags=--release for beta-release-1.100-2
[INFO] extracting crate mcp-gmailcal 0.10.0 into /workspace/builds/worker-4-tc1/source
[INFO] started tweaking crates.io crate mcp-gmailcal 0.10.0
[INFO] removed 0 missing tests
[INFO] finished tweaking crates.io crate mcp-gmailcal 0.10.0
[INFO] tweaked toml for crates.io crate mcp-gmailcal 0.10.0 written to /workspace/builds/worker-4-tc1/source/Cargo.toml
[INFO] validating manifest of crates.io crate mcp-gmailcal 0.10.0 on toolchain 1.99.0-beta.8
[INFO] running `Command { std: CARGO_HOME="/workspace/cargo-home" RUSTUP_HOME="/workspace/rustup-home" "/workspace/cargo-home/bin/cargo" "+1.99.0-beta.8" "metadata" "--manifest-path" "Cargo.toml" "--no-deps", kill_on_drop: false }`
[INFO] crate crates.io crate mcp-gmailcal 0.10.0 already has a lockfile, it will not be regenerated
[INFO] running `Command { std: CARGO_HOME="/workspace/cargo-home" RUSTUP_HOME="/workspace/rustup-home" "/workspace/cargo-home/bin/cargo" "+1.99.0-beta.8" "fetch" "--manifest-path" "Cargo.toml", kill_on_drop: false }`
[INFO] [stderr]     Updating crates.io index
[INFO] [stderr]  Downloading crates ...
[INFO] [stderr]   Downloaded deranged v0.4.1
[INFO] [stderr]   Downloaded raw-window-handle v0.5.2
[INFO] [stderr]   Downloaded webbrowser v0.8.15
[INFO] [stderr]   Downloaded predicates-core v1.0.9
[INFO] [stderr]   Downloaded fragile v2.0.1
[INFO] [stderr]   Downloaded predicates-tree v1.0.12
[INFO] [stderr]   Downloaded structmeta v0.3.0
[INFO] [stderr]   Downloaded parse-display v0.10.0
[INFO] [stderr]   Downloaded uri-template-ex v0.0.1
[INFO] [stderr]   Downloaded rusty-fork v0.3.0
[INFO] [stderr]   Downloaded structmeta-derive v0.3.0
[INFO] [stderr]   Downloaded redox_users v0.5.0
[INFO] [stderr]   Downloaded anstyle-wincon v3.0.7
[INFO] [stderr]   Downloaded simplelog v0.12.2
[INFO] [stderr]   Downloaded parse-display-derive v0.10.0
[INFO] [stderr]   Downloaded slabmap v0.2.1
[INFO] [stderr]   Downloaded mcp-attr-macros v0.0.4
[INFO] [stderr]   Downloaded hermit-abi v0.5.0
[INFO] [stderr]   Downloaded humantime v2.2.0
[INFO] [stderr]   Downloaded derive-ex v0.1.8
[INFO] [stderr]   Downloaded sigwake v0.0.1
[INFO] [stderr]   Downloaded jsoncall v0.0.3
[INFO] [stderr]   Downloaded clap_derive v4.5.32
[INFO] [stderr]   Downloaded iana-time-zone v0.1.62
[INFO] [stderr]   Downloaded clap v4.5.34
[INFO] [stderr]   Downloaded openssl-sys v0.9.106
[INFO] [stderr]   Downloaded indexmap v2.8.0
[INFO] [stderr]   Downloaded zerocopy-derive v0.8.24
[INFO] [stderr]   Downloaded mcp-attr v0.0.5
[INFO] [stderr]   Downloaded half v2.5.0
[INFO] [stderr]   Downloaded rand v0.9.0
[INFO] [stderr]   Downloaded cc v1.2.17
[INFO] [stderr]   Downloaded tokio-util v0.7.14
[INFO] [stderr]   Downloaded h2 v0.4.8
[INFO] [stderr]   Downloaded clap_builder v4.5.34
[INFO] [stderr]   Downloaded proptest v1.6.0
[INFO] [stderr]   Downloaded zerocopy v0.8.24
[INFO] [stderr]   Downloaded openssl v0.10.71
[INFO] [stderr]   Downloaded rustix v1.0.3
[INFO] [stderr]   Downloaded tokio v1.44.1
[INFO] [stderr]   Downloaded linux-raw-sys v0.9.3
[INFO] running `Command { std: "docker" "create" "-v" "/var/lib/crater-agent-workspace/builds/worker-4-tc1/source:/opt/rustwide/workdir:ro,Z" "-v" "/var/lib/crater-agent-workspace/builds/worker-4-tc1/target:/opt/rustwide/target:rw,Z" "-v" "/var/lib/crater-agent-workspace/cargo-home:/opt/rustwide/cargo-home:ro,Z" "-v" "/var/lib/crater-agent-workspace/rustup-home:/opt/rustwide/rustup-home:ro,Z" "-m" "1610612736" "--network" "none" "ghcr.io/rust-lang/crates-build-env/linux@sha256:77db811e55d90add9212f6832c23229e3de5f1c1f9905e8cb07319ea15df73ac" "sleep" "infinity", kill_on_drop: false }`
[INFO] [stdout] 324df31ca54d42da987cbba66a26f289eb4c8b37017391f40160d7b99755a193
[INFO] running `Command { std: "docker" "start" "324df31ca54d42da987cbba66a26f289eb4c8b37017391f40160d7b99755a193", kill_on_drop: false }`
[INFO] running `Command { std: "docker" "inspect" "324df31ca54d42da987cbba66a26f289eb4c8b37017391f40160d7b99755a193", kill_on_drop: false }`
[INFO] running `Command { std: "docker" "exec" "-e" "SOURCE_DIR=/opt/rustwide/workdir" "-e" "CARGO_HOME=/opt/rustwide/cargo-home" "-e" "RUSTUP_HOME=/opt/rustwide/rustup-home" "-e" "CARGO_TARGET_DIR=/opt/rustwide/target" "-w" "/opt/rustwide/workdir" "--user" "0:0" "324df31ca54d42da987cbba66a26f289eb4c8b37017391f40160d7b99755a193" "/opt/rustwide/cargo-home/bin/cargo" "+1.99.0-beta.8" "metadata" "--no-deps" "--format-version=1", kill_on_drop: false }`
[INFO] running `Command { std: "docker" "inspect" "324df31ca54d42da987cbba66a26f289eb4c8b37017391f40160d7b99755a193", kill_on_drop: false }`
[INFO] running `Command { std: "docker" "exec" "-e" "SOURCE_DIR=/opt/rustwide/workdir" "-e" "CARGO_HOME=/opt/rustwide/cargo-home" "-e" "RUSTUP_HOME=/opt/rustwide/rustup-home" "-e" "CARGO_TARGET_DIR=/opt/rustwide/target" "-e" "CARGO_INCREMENTAL=0" "-e" "RUST_BACKTRACE=full" "-e" "RUSTFLAGS=--cap-lints=warn" "-e" "RUSTDOCFLAGS=--cap-lints=warn" "-w" "/opt/rustwide/workdir" "--user" "0:0" "324df31ca54d42da987cbba66a26f289eb4c8b37017391f40160d7b99755a193" "/opt/rustwide/cargo-home/bin/cargo" "+1.99.0-beta.8" "build" "--frozen" "--message-format=json" "--release", kill_on_drop: false }`
[INFO] [stderr]    Compiling proc-macro2 v1.0.94
[INFO] [stderr]    Compiling libc v0.2.171
[INFO] [stderr]    Compiling autocfg v1.4.0
[INFO] [stderr]    Compiling memchr v2.7.4
[INFO] [stderr]    Compiling smallvec v1.14.0
[INFO] [stderr]    Compiling parking_lot_core v0.9.10
[INFO] [stderr]    Compiling log v0.4.27
[INFO] [stderr]    Compiling typenum v1.18.0
[INFO] [stderr]    Compiling serde v1.0.219
[INFO] [stderr]    Compiling writeable v0.5.5
[INFO] [stderr]    Compiling icu_locid_transform_data v1.5.1
[INFO] [stderr]    Compiling litemap v0.7.5
[INFO] [stderr]    Compiling tracing-core v0.1.33
[INFO] [stderr]    Compiling cc v1.2.17
[INFO] [stderr]    Compiling aho-corasick v1.1.3
[INFO] [stderr]    Compiling icu_properties_data v1.5.1
[INFO] [stderr]    Compiling regex-syntax v0.8.5
[INFO] [stderr]    Compiling icu_normalizer_data v1.5.1
[INFO] [stderr]    Compiling serde_json v1.0.140
[INFO] [stderr]    Compiling write16 v1.0.0
[INFO] [stderr]    Compiling percent-encoding v2.3.1
[INFO] [stderr]    Compiling utf16_iter v1.0.5
[INFO] [stderr]    Compiling openssl v0.10.71
[INFO] [stderr]    Compiling http-body v1.0.1
[INFO] [stderr]    Compiling http v0.2.12
[INFO] [stderr]    Compiling bitflags v2.9.0
[INFO] [stderr]    Compiling form_urlencoded v1.2.1
[INFO] [stderr]    Compiling slab v0.4.9
[INFO] [stderr]    Compiling lock_api v0.4.12
[INFO] [stderr]    Compiling generic-array v0.14.7
[INFO] [stderr]    Compiling num-traits v0.2.19
[INFO] [stderr]    Compiling hashbrown v0.15.2
[INFO] [stderr]    Compiling zerocopy v0.8.24
[INFO] [stderr]    Compiling ryu v1.0.20
[INFO] [stderr]    Compiling itoa v1.0.15
[INFO] [stderr]    Compiling quote v1.0.40
[INFO] [stderr]    Compiling rustversion v1.0.20
[INFO] [stderr]    Compiling signal-hook-registry v1.4.2
[INFO] [stderr]    Compiling syn v2.0.100
[INFO] [stderr]    Compiling mio v1.0.3
[INFO] [stderr]    Compiling socket2 v0.5.8
[INFO] [stderr]    Compiling getrandom v0.2.15
[INFO] [stderr]    Compiling parking_lot v0.12.3
[INFO] [stderr]    Compiling rand_core v0.6.4
[INFO] [stderr]    Compiling inout v0.1.4
[INFO] [stderr]    Compiling thiserror v2.0.12
[INFO] [stderr]    Compiling crypto-common v0.1.6
[INFO] [stderr]    Compiling indexmap v2.8.0
[INFO] [stderr]    Compiling cipher v0.4.4
[INFO] [stderr]    Compiling universal-hash v0.5.1
[INFO] [stderr]    Compiling anstyle-parse v0.2.6
[INFO] [stderr]    Compiling http-body v0.4.6
[INFO] [stderr]    Compiling openssl-sys v0.9.106
[INFO] [stderr]    Compiling schemars v0.8.22
[INFO] [stderr]    Compiling anstyle-query v1.1.2
[INFO] [stderr]    Compiling num-conv v0.1.0
[INFO] [stderr]    Compiling is_terminal_polyfill v1.70.1
[INFO] [stderr]    Compiling time-core v0.1.4
[INFO] [stderr]    Compiling colorchoice v1.0.3
[INFO] [stderr]    Compiling getrandom v0.3.2
[INFO] [stderr]    Compiling opaque-debug v0.3.1
[INFO] [stderr]    Compiling anstyle v1.0.10
[INFO] [stderr]    Compiling deranged v0.4.1
[INFO] [stderr]    Compiling time-macros v0.2.22
[INFO] [stderr]    Compiling polyval v0.6.2
[INFO] [stderr]    Compiling ordered-float v5.0.0
[INFO] [stderr]    Compiling native-tls v0.2.14
[INFO] [stderr]    Compiling anstream v0.6.18
[INFO] [stderr]    Compiling http-body-util v0.1.3
[INFO] [stderr]    Compiling clap_lex v0.7.4
[INFO] [stderr]    Compiling termcolor v1.4.1
[INFO] [stderr]    Compiling base64 v0.21.7
[INFO] [stderr]    Compiling dyn-clone v1.0.19
[INFO] [stderr]    Compiling clap_builder v4.5.34
[INFO] [stderr]    Compiling dirs-sys v0.5.0
[INFO] [stderr]    Compiling ghash v0.5.1
[INFO] [stderr]    Compiling aes v0.8.4
[INFO] [stderr]    Compiling ctr v0.9.2
[INFO] [stderr]    Compiling aead v0.5.2
[INFO] [stderr]    Compiling regex-automata v0.4.9
[INFO] [stderr]    Compiling is-terminal v0.4.16
[INFO] [stderr]    Compiling rustls-pemfile v1.0.4
[INFO] [stderr]    Compiling encoding_rs v0.8.35
[INFO] [stderr]    Compiling sync_wrapper v0.1.2
[INFO] [stderr]    Compiling humantime v2.2.0
[INFO] [stderr]    Compiling home v0.5.11
[INFO] [stderr]    Compiling iana-time-zone v0.1.62
[INFO] [stderr]    Compiling uuid v1.16.0
[INFO] [stderr]    Compiling dirs v6.0.0
[INFO] [stderr]    Compiling urlencoding v2.1.3
[INFO] [stderr]    Compiling time v0.3.41
[INFO] [stderr]    Compiling base64 v0.13.1
[INFO] [stderr]    Compiling aes-gcm v0.10.3
[INFO] [stderr]    Compiling ppv-lite86 v0.2.21
[INFO] [stderr]    Compiling rand_chacha v0.3.1
[INFO] [stderr]    Compiling rand v0.8.5
[INFO] [stderr]    Compiling regex v1.11.1
[INFO] [stderr]    Compiling simplelog v0.12.2
[INFO] [stderr]    Compiling synstructure v0.13.1
[INFO] [stderr]    Compiling serde_derive_internals v0.29.1
[INFO] [stderr]    Compiling zerofrom-derive v0.1.6
[INFO] [stderr]    Compiling serde_derive v1.0.219
[INFO] [stderr]    Compiling yoke-derive v0.7.5
[INFO] [stderr]    Compiling futures-macro v0.3.31
[INFO] [stderr]    Compiling zerovec-derive v0.10.3
[INFO] [stderr]    Compiling displaydoc v0.2.5
[INFO] [stderr]    Compiling tokio-macros v2.5.0
[INFO] [stderr]    Compiling structmeta-derive v0.3.0
[INFO] [stderr]    Compiling tracing-attributes v0.1.28
[INFO] [stderr]    Compiling icu_provider_macros v1.5.0
[INFO] [stderr]    Compiling openssl-macros v0.1.1
[INFO] [stderr]    Compiling thiserror-impl v2.0.12
[INFO] [stderr]    Compiling futures-util v0.3.31
[INFO] [stderr]    Compiling schemars_derive v0.8.22
[INFO] [stderr]    Compiling async-trait v0.1.88
[INFO] [stderr]    Compiling thiserror-impl v1.0.69
[INFO] [stderr]    Compiling clap_derive v4.5.32
[INFO] [stderr]    Compiling tokio v1.44.1
[INFO] [stderr]    Compiling env_logger v0.10.2
[INFO] [stderr]    Compiling zerofrom v0.1.6
[INFO] [stderr]    Compiling yoke v0.7.5
[INFO] [stderr]    Compiling structmeta v0.3.0
[INFO] [stderr]    Compiling parse-display-derive v0.10.0
[INFO] [stderr]    Compiling derive-ex v0.1.8
[INFO] [stderr]    Compiling zerovec v0.10.4
[INFO] [stderr]    Compiling tracing v0.1.41
[INFO] [stderr]    Compiling thiserror v1.0.69
[INFO] [stderr]    Compiling tinystr v0.7.6
[INFO] [stderr]    Compiling icu_collections v1.5.0
[INFO] [stderr]    Compiling icu_locid v1.5.0
[INFO] [stderr]    Compiling clap v4.5.34
[INFO] [stderr]    Compiling parse-display v0.10.0
[INFO] [stderr]    Compiling slabmap v0.2.1
[INFO] [stderr]    Compiling icu_provider v1.5.0
[INFO] [stderr]    Compiling icu_locid_transform v1.5.0
[INFO] [stderr]    Compiling futures-executor v0.3.31
[INFO] [stderr]    Compiling axum-core v0.4.5
[INFO] [stderr]    Compiling futures v0.3.31
[INFO] [stderr]    Compiling sigwake v0.0.1
[INFO] [stderr]    Compiling icu_properties v1.5.1
[INFO] [stderr]    Compiling uri-template-ex v0.0.1
[INFO] [stderr]    Compiling mcp-attr-macros v0.0.4
[INFO] [stderr]    Compiling serde_urlencoded v0.7.1
[INFO] [stderr]    Compiling serde_path_to_error v0.1.17
[INFO] [stderr]    Compiling chrono v0.4.40
[INFO] [stderr]    Compiling tokio-util v0.7.14
[INFO] [stderr]    Compiling hyper v1.6.0
[INFO] [stderr]    Compiling tokio-native-tls v0.3.1
[INFO] [stderr]    Compiling tower v0.5.2
[INFO] [stderr]    Compiling jsoncall v0.0.3
[INFO] [stderr]    Compiling icu_normalizer v1.5.0
[INFO] [stderr]    Compiling h2 v0.3.26
[INFO] [stderr]    Compiling idna_adapter v1.2.0
[INFO] [stderr]    Compiling idna v1.0.3
[INFO] [stderr]    Compiling hyper-util v0.1.11
[INFO] [stderr]    Compiling url v2.5.4
[INFO] [stderr]    Compiling axum v0.7.9
[INFO] [stderr]    Compiling mcp-attr v0.0.5
[INFO] [stderr]    Compiling webbrowser v0.8.15
[INFO] [stderr]    Compiling hyper v0.14.32
[INFO] [stderr]    Compiling hyper-tls v0.5.0
[INFO] [stderr]    Compiling reqwest v0.11.27
[INFO] [stderr]    Compiling mcp-gmailcal v0.10.0 (/opt/rustwide/workdir)
[INFO] [stderr]     Finished `release` profile [optimized] target(s) in 2m 35s
[INFO] running `Command { std: "docker" "inspect" "324df31ca54d42da987cbba66a26f289eb4c8b37017391f40160d7b99755a193", kill_on_drop: false }`
[INFO] running `Command { std: "docker" "exec" "-e" "SOURCE_DIR=/opt/rustwide/workdir" "-e" "CARGO_HOME=/opt/rustwide/cargo-home" "-e" "RUSTUP_HOME=/opt/rustwide/rustup-home" "-e" "CARGO_TARGET_DIR=/opt/rustwide/target" "-e" "CARGO_INCREMENTAL=0" "-e" "RUST_BACKTRACE=full" "-e" "RUSTFLAGS=--cap-lints=warn" "-e" "RUSTDOCFLAGS=--cap-lints=warn" "-w" "/opt/rustwide/workdir" "--user" "0:0" "324df31ca54d42da987cbba66a26f289eb4c8b37017391f40160d7b99755a193" "/opt/rustwide/cargo-home/bin/cargo" "+1.99.0-beta.8" "test" "--frozen" "--no-run" "--message-format=json" "--release", kill_on_drop: false }`
[INFO] [stderr]    Compiling serde v1.0.219
[INFO] [stderr]    Compiling num-traits v0.2.19
[INFO] [stderr]    Compiling getrandom v0.3.2
[INFO] [stderr]    Compiling bitflags v2.9.0
[INFO] [stderr]    Compiling h2 v0.4.8
[INFO] [stderr]    Compiling rustix v1.0.3
[INFO] [stderr]    Compiling linux-raw-sys v0.9.3
[INFO] [stderr]    Compiling rayon-core v1.12.1
[INFO] [stderr]    Compiling half v2.5.0
[INFO] [stderr]    Compiling fastrand v2.3.0
[INFO] [stderr]    Compiling predicates-core v1.0.9
[INFO] [stderr]    Compiling syn v1.0.109
[INFO] [stderr]    Compiling wait-timeout v0.2.1
[INFO] [stderr]    Compiling termtree v0.5.1
[INFO] [stderr]    Compiling bit-vec v0.8.0
[INFO] [stderr]    Compiling normalize-line-endings v0.3.0
[INFO] [stderr]    Compiling quick-error v1.2.3
[INFO] [stderr]    Compiling openssl v0.10.71
[INFO] [stderr]    Compiling difflib v0.4.0
[INFO] [stderr]    Compiling predicates-tree v1.0.12
[INFO] [stderr]    Compiling rand_xorshift v0.3.0
[INFO] [stderr]    Compiling rand_core v0.9.3
[INFO] [stderr]    Compiling uuid v1.16.0
[INFO] [stderr]    Compiling bit-set v0.8.0
[INFO] [stderr]    Compiling fragile v2.0.1
[INFO] [stderr]    Compiling ciborium-ll v0.2.2
[INFO] [stderr]    Compiling downcast v0.11.0
[INFO] [stderr]    Compiling unarray v0.1.4
[INFO] [stderr]    Compiling rand_chacha v0.9.0
[INFO] [stderr]    Compiling rand v0.9.0
[INFO] [stderr]    Compiling rayon v1.10.0
[INFO] [stderr]    Compiling ordered-float v5.0.0
[INFO] [stderr]    Compiling float-cmp v0.9.0
[INFO] [stderr]    Compiling plotters v0.3.7
[INFO] [stderr]    Compiling predicates v2.1.5
[INFO] [stderr]    Compiling serde_json v1.0.140
[INFO] [stderr]    Compiling serde_urlencoded v0.7.1
[INFO] [stderr]    Compiling serde_path_to_error v0.1.17
[INFO] [stderr]    Compiling chrono v0.4.40
[INFO] [stderr]    Compiling ciborium v0.2.2
[INFO] [stderr]    Compiling tempfile v3.19.1
[INFO] [stderr]    Compiling rusty-fork v0.3.0
[INFO] [stderr]    Compiling proptest v1.6.0
[INFO] [stderr]    Compiling native-tls v0.2.14
[INFO] [stderr]    Compiling tokio-native-tls v0.3.1
[INFO] [stderr]    Compiling hyper-tls v0.5.0
[INFO] [stderr]    Compiling jsoncall v0.0.3
[INFO] [stderr]    Compiling uri-template-ex v0.0.1
[INFO] [stderr]    Compiling schemars v0.8.22
[INFO] [stderr]    Compiling reqwest v0.11.27
[INFO] [stderr]    Compiling mockall_derive v0.11.4
[INFO] [stderr]    Compiling assert-json-diff v2.0.2
[INFO] [stderr]    Compiling tinytemplate v1.2.1
[INFO] [stderr]    Compiling criterion v0.5.1
[INFO] [stderr]    Compiling hyper v1.6.0
[INFO] [stderr]    Compiling mcp-attr v0.0.5
[INFO] [stderr]    Compiling hyper-util v0.1.11
[INFO] [stderr]    Compiling mockall v0.11.4
[INFO] [stderr]    Compiling axum v0.7.9
[INFO] [stderr]    Compiling mockito v1.7.0
[INFO] [stderr]    Compiling mcp-gmailcal v0.10.0 (/opt/rustwide/workdir)
[INFO] [stdout] warning: multiple methods are never used
[INFO] [stdout]   --> src/auth.rs:41:19
[INFO] [stdout]    |
[INFO] [stdout] 38 | impl TokenManager {
[INFO] [stdout]    | ----------------- methods in this implementation
[INFO] [stdout] ...
[INFO] [stdout] 41 |     pub(crate) fn get_access_token(&self) -> &str {
[INFO] [stdout]    |                   ^^^^^^^^^^^^^^^^
[INFO] [stdout] ...
[INFO] [stdout] 46 |     pub(crate) fn get_expiry(&self) -> SystemTime {
[INFO] [stdout]    |                   ^^^^^^^^^^
[INFO] [stdout] ...
[INFO] [stdout] 51 |     pub(crate) fn get_refresh_threshold(&self) -> u64 {
[INFO] [stdout]    |                   ^^^^^^^^^^^^^^^^^^^^^
[INFO] [stdout] ...
[INFO] [stdout] 56 |     pub(crate) fn get_expiry_buffer(&self) -> u64 {
[INFO] [stdout]    |                   ^^^^^^^^^^^^^^^^^
[INFO] [stdout] ...
[INFO] [stdout] 61 |     pub(crate) fn get_retry_count(&self) -> u8 {
[INFO] [stdout]    |                   ^^^^^^^^^^^^^^^
[INFO] [stdout] ...
[INFO] [stdout] 66 |     pub(crate) fn get_max_retries(&self) -> u8 {
[INFO] [stdout]    |                   ^^^^^^^^^^^^^^^
[INFO] [stdout] ...
[INFO] [stdout] 71 |     pub(crate) fn get_base_retry_delay_ms(&self) -> u64 {
[INFO] [stdout]    |                   ^^^^^^^^^^^^^^^^^^^^^^^
[INFO] [stdout] ...
[INFO] [stdout] 76 |     pub(crate) fn set_access_token(&mut self, token: String) {
[INFO] [stdout]    |                   ^^^^^^^^^^^^^^^^
[INFO] [stdout] ...
[INFO] [stdout] 81 |     pub(crate) fn set_expiry(&mut self, expiry: SystemTime) {
[INFO] [stdout]    |                   ^^^^^^^^^^
[INFO] [stdout] ...
[INFO] [stdout] 86 |     pub(crate) fn increment_retry_count(&mut self) {
[INFO] [stdout]    |                   ^^^^^^^^^^^^^^^^^^^^^
[INFO] [stdout] ...
[INFO] [stdout] 91 |     pub(crate) fn set_retry_count(&mut self, count: u8) {
[INFO] [stdout]    |                   ^^^^^^^^^^^^^^^
[INFO] [stdout] ...
[INFO] [stdout] 96 |     pub(crate) fn set_max_retries(&mut self, max: u8) {
[INFO] [stdout]    |                   ^^^^^^^^^^^^^^^
[INFO] [stdout]    |
[INFO] [stdout]    = note: `#[warn(dead_code)]` (part of `#[warn(unused)]`) on by default
[INFO] [stdout] 
[INFO] [stdout] 
[INFO] [stdout] warning: unused imports: `TokenCacheConfig` and `TokenCache`
[INFO] [stdout]  --> tests/token_cache_interactions_tests.rs:7:33
[INFO] [stdout]   |
[INFO] [stdout] 7 | use mcp_gmailcal::token_cache::{TokenCacheConfig, TokenCache};
[INFO] [stdout]   |                                 ^^^^^^^^^^^^^^^^  ^^^^^^^^^^
[INFO] [stdout]   |
[INFO] [stdout]   = note: `#[warn(unused_imports)]` (part of `#[warn(unused)]`) on by default
[INFO] [stdout] 
[INFO] [stdout] 
[INFO] [stdout] warning: unused import: `std::path::PathBuf`
[INFO] [stdout]  --> tests/token_cache_interactions_tests.rs:9:5
[INFO] [stdout]   |
[INFO] [stdout] 9 | use std::path::PathBuf;
[INFO] [stdout]   |     ^^^^^^^^^^^^^^^^^^
[INFO] [stdout] 
[INFO] [stdout] 
[INFO] [stdout] warning: unused import: `std::time::SystemTime`
[INFO] [stdout]   --> tests/helper.rs:13:5
[INFO] [stdout]    |
[INFO] [stdout] 13 | use std::time::SystemTime;
[INFO] [stdout]    |     ^^^^^^^^^^^^^^^^^^^^^
[INFO] [stdout] 
[INFO] [stdout] 
[INFO] [stdout] warning: unused import: `std::time::SystemTime`
[INFO] [stdout]   --> tests/helper.rs:13:5
[INFO] [stdout]    |
[INFO] [stdout] 13 | use std::time::SystemTime;
[INFO] [stdout]    |     ^^^^^^^^^^^^^^^^^^^^^
[INFO] [stdout]    |
[INFO] [stdout]    = note: `#[warn(unused_imports)]` (part of `#[warn(unused)]`) on by default
[INFO] [stdout] 
[INFO] [stdout] 
[INFO] [stdout] warning: unused import: `EmailMessage`
[INFO] [stdout]  --> tests/gmail_message_tests.rs:6:31
[INFO] [stdout]   |
[INFO] [stdout] 6 | use mcp_gmailcal::gmail_api::{EmailMessage, GmailService};
[INFO] [stdout]   |                               ^^^^^^^^^^^^
[INFO] [stdout]   |
[INFO] [stdout]   = note: `#[warn(unused_imports)]` (part of `#[warn(unused)]`) on by default
[INFO] [stdout] 
[INFO] [stdout] 
[INFO] [stdout] warning: unused import: `decode`
[INFO] [stdout]   --> tests/gmail_message_tests.rs:10:22
[INFO] [stdout]    |
[INFO] [stdout] 10 | use base64::{encode, decode};
[INFO] [stdout]    |                      ^^^^^^
[INFO] [stdout] 
[INFO] [stdout] 
[INFO] [stdout] warning: unused imports: `SystemTime` and `UNIX_EPOCH`
[INFO] [stdout]   --> tests/gmail_message_tests.rs:11:17
[INFO] [stdout]    |
[INFO] [stdout] 11 | use std::time::{SystemTime, UNIX_EPOCH};
[INFO] [stdout]    |                 ^^^^^^^^^^  ^^^^^^^^^^
[INFO] [stdout] 
[INFO] [stdout] 
[INFO] [stdout] warning: unused imports: `debug` and `error`
[INFO] [stdout]  --> tests/utils_line_targeting_tests.rs:6:11
[INFO] [stdout]   |
[INFO] [stdout] 6 | use log::{debug, error, LevelFilter};
[INFO] [stdout]   |           ^^^^^  ^^^^^
[INFO] [stdout]   |
[INFO] [stdout]   = note: `#[warn(unused_imports)]` (part of `#[warn(unused)]`) on by default
[INFO] [stdout] 
[INFO] [stdout] 
[INFO] [stdout] warning: unused imports: `Error as McpError` and `jsoncall::ErrorCode`
[INFO] [stdout]  --> tests/utils_line_targeting_tests.rs:7:16
[INFO] [stdout]   |
[INFO] [stdout] 7 | use mcp_attr::{jsoncall::ErrorCode, Error as McpError};
[INFO] [stdout]   |                ^^^^^^^^^^^^^^^^^^^  ^^^^^^^^^^^^^^^^^
[INFO] [stdout] 
[INFO] [stdout] 
[INFO] [stdout] warning: unused imports: `decode_base64` and `encode_base64_url_safe`
[INFO] [stdout]   --> tests/utils_line_targeting_tests.rs:10:5
[INFO] [stdout]    |
[INFO] [stdout] 10 |     decode_base64, encode_base64_url_safe, map_gmail_error, parse_max_results, to_mcp_error,
[INFO] [stdout]    |     ^^^^^^^^^^^^^  ^^^^^^^^^^^^^^^^^^^^^^
[INFO] [stdout] 
[INFO] [stdout] 
[INFO] [stdout] warning: unused imports: `GENERAL_ERROR`, `MESSAGE_FORMAT_ERROR`, `decode_base64`, and `encode_base64_url_safe`
[INFO] [stdout]  --> tests/utils_extended_tests.rs:7:5
[INFO] [stdout]   |
[INFO] [stdout] 7 |     decode_base64, encode_base64_url_safe, map_gmail_error, parse_max_results, to_mcp_error,
[INFO] [stdout]   |     ^^^^^^^^^^^^^  ^^^^^^^^^^^^^^^^^^^^^^
[INFO] [stdout] 8 |     error_codes::{get_error_description, get_troubleshooting_steps},
[INFO] [stdout] 9 |     error_codes::{AUTH_ERROR, API_ERROR, CONFIG_ERROR, MESSAGE_FORMAT_ERROR, GENERAL_ERROR}
[INFO] [stdout]   |                                                        ^^^^^^^^^^^^^^^^^^^^  ^^^^^^^^^^^^^
[INFO] [stdout]   |
[INFO] [stdout]   = note: `#[warn(unused_imports)]` (part of `#[warn(unused)]`) on by default
[INFO] [stdout] 
[INFO] [stdout] 
[INFO] [stdout] warning: struct `EnvVarGuard` is never constructed
[INFO] [stdout]   --> tests/helper.rs:18:12
[INFO] [stdout]    |
[INFO] [stdout] 18 | pub struct EnvVarGuard {
[INFO] [stdout]    |            ^^^^^^^^^^^
[INFO] [stdout]    |
[INFO] [stdout]    = note: `#[warn(dead_code)]` (part of `#[warn(unused)]`) on by default
[INFO] [stdout] 
[INFO] [stdout] 
[INFO] [stdout] warning: associated items `new`, `set`, and `remove` are never used
[INFO] [stdout]   --> tests/helper.rs:24:12
[INFO] [stdout]    |
[INFO] [stdout] 22 | impl EnvVarGuard {
[INFO] [stdout]    | ---------------- associated items in this implementation
[INFO] [stdout] 23 |     /// Create a new environment variable guard
[INFO] [stdout] 24 |     pub fn new() -> Self {
[INFO] [stdout]    |            ^^^
[INFO] [stdout] ...
[INFO] [stdout] 35 |     pub fn set(&mut self, key: &str, value: &str) {
[INFO] [stdout]    |            ^^^
[INFO] [stdout] ...
[INFO] [stdout] 45 |     pub fn remove(&mut self, key: &str) {
[INFO] [stdout]    |            ^^^^^^
[INFO] [stdout] 
[INFO] [stdout] 
[INFO] [stdout] warning: function `random_email` is never used
[INFO] [stdout]   --> tests/helper.rs:66:8
[INFO] [stdout]    |
[INFO] [stdout] 66 | pub fn random_email() -> String {
[INFO] [stdout]    |        ^^^^^^^^^^^^
[INFO] [stdout] 
[INFO] [stdout] 
[INFO] [stdout] warning: function `random_string` is never used
[INFO] [stdout]   --> tests/helper.rs:80:8
[INFO] [stdout]    |
[INFO] [stdout] 80 | pub fn random_string(length: usize) -> String {
[INFO] [stdout]    |        ^^^^^^^^^^^^^
[INFO] [stdout] 
[INFO] [stdout] 
[INFO] [stdout] warning: struct `TestCase` is never constructed
[INFO] [stdout]   --> tests/helper.rs:94:12
[INFO] [stdout]    |
[INFO] [stdout] 94 | pub struct TestCase<I, E> {
[INFO] [stdout]    |            ^^^^^^^^
[INFO] [stdout] 
[INFO] [stdout] 
[INFO] [stdout] warning: associated function `new` is never used
[INFO] [stdout]    --> tests/helper.rs:101:12
[INFO] [stdout]     |
[INFO] [stdout] 100 | impl<I, E> TestCase<I, E> {
[INFO] [stdout]     | ------------------------- associated function in this implementation
[INFO] [stdout] 101 |     pub fn new(name: &str, input: I, expected: E) -> Self {
[INFO] [stdout]     |            ^^^
[INFO] [stdout] 
[INFO] [stdout] 
[INFO] [stdout] warning: function `run_test_cases` is never used
[INFO] [stdout]    --> tests/helper.rs:111:8
[INFO] [stdout]     |
[INFO] [stdout] 111 | pub fn run_test_cases<I: Clone, E: PartialEq + std::fmt::Debug>(
[INFO] [stdout]     |        ^^^^^^^^^^^^^^
[INFO] [stdout] 
[INFO] [stdout] 
[INFO] [stdout] warning: function `api_error_response` is never used
[INFO] [stdout]    --> tests/helper.rs:128:8
[INFO] [stdout]     |
[INFO] [stdout] 128 | pub fn api_error_response(code: u16, message: &str) -> Value {
[INFO] [stdout]     |        ^^^^^^^^^^^^^^^^^^
[INFO] [stdout] 
[INFO] [stdout] 
[INFO] [stdout] warning: struct `MockTimeProvider` is never constructed
[INFO] [stdout]    --> tests/helper.rs:139:12
[INFO] [stdout]     |
[INFO] [stdout] 139 | pub struct MockTimeProvider {
[INFO] [stdout]     |            ^^^^^^^^^^^^^^^^
[INFO] [stdout] 
[INFO] [stdout] 
[INFO] [stdout] warning: associated items `new`, `now`, and `advance` are never used
[INFO] [stdout]    --> tests/helper.rs:144:12
[INFO] [stdout]     |
[INFO] [stdout] 143 | impl MockTimeProvider {
[INFO] [stdout]     | --------------------- associated items in this implementation
[INFO] [stdout] 144 |     pub fn new(seconds_from_epoch: u64) -> Self {
[INFO] [stdout]     |            ^^^
[INFO] [stdout] ...
[INFO] [stdout] 151 |     pub fn now(&self) -> std::time::SystemTime {
[INFO] [stdout]     |            ^^^
[INFO] [stdout] ...
[INFO] [stdout] 155 |     pub fn advance(&mut self, seconds: u64) {
[INFO] [stdout]     |            ^^^^^^^
[INFO] [stdout] 
[INFO] [stdout] 
[INFO] [stdout] warning: function `create_gmail_message` is never used
[INFO] [stdout]    --> tests/helper.rs:183:8
[INFO] [stdout]     |
[INFO] [stdout] 183 | pub fn create_gmail_message(
[INFO] [stdout]     |        ^^^^^^^^^^^^^^^^^^^^
[INFO] [stdout] 
[INFO] [stdout] 
[INFO] [stdout] warning: function `create_calendar_event` is never used
[INFO] [stdout]    --> tests/helper.rs:238:8
[INFO] [stdout]     |
[INFO] [stdout] 238 | pub fn create_calendar_event(
[INFO] [stdout]     |        ^^^^^^^^^^^^^^^^^^^^^
[INFO] [stdout] 
[INFO] [stdout] 
[INFO] [stdout] warning: function `create_contact` is never used
[INFO] [stdout]    --> tests/helper.rs:273:8
[INFO] [stdout]     |
[INFO] [stdout] 273 | pub fn create_contact(
[INFO] [stdout]     |        ^^^^^^^^^^^^^^
[INFO] [stdout] 
[INFO] [stdout] 
[INFO] [stdout] warning: function `encode` is never used
[INFO] [stdout]    --> tests/helper.rs:167:12
[INFO] [stdout]     |
[INFO] [stdout] 167 |     pub fn encode(s: &str) -> String {
[INFO] [stdout]     |            ^^^^^^
[INFO] [stdout] 
[INFO] [stdout] 
[INFO] [stdout] warning: function `decode` is never used
[INFO] [stdout]    --> tests/helper.rs:172:12
[INFO] [stdout]     |
[INFO] [stdout] 172 |     pub fn decode(s: &str) -> Result<String, String> {
[INFO] [stdout]     |            ^^^^^^
[INFO] [stdout] 
[INFO] [stdout] 
[INFO] [stdout] warning: unused imports: `CONFIG_ERROR` and `GENERAL_ERROR`
[INFO] [stdout]   --> tests/property_tests.rs:13:42
[INFO] [stdout]    |
[INFO] [stdout] 13 |     error_codes::{AUTH_ERROR, API_ERROR, CONFIG_ERROR, MESSAGE_FORMAT_ERROR, GENERAL_ERROR}
[INFO] [stdout]    |                                          ^^^^^^^^^^^^                        ^^^^^^^^^^^^^
[INFO] [stdout]    |
[INFO] [stdout]    = note: `#[warn(unused_imports)]` (part of `#[warn(unused)]`) on by default
[INFO] [stdout] 
[INFO] [stdout] 
[INFO] [stdout] warning: unused import: `std::time::SystemTime`
[INFO] [stdout]   --> tests/helper.rs:13:5
[INFO] [stdout]    |
[INFO] [stdout] 13 | use std::time::SystemTime;
[INFO] [stdout]    |     ^^^^^^^^^^^^^^^^^^^^^
[INFO] [stdout]    |
[INFO] [stdout]    = note: `#[warn(unused_imports)]` (part of `#[warn(unused)]`) on by default
[INFO] [stdout] 
[INFO] [stdout] 
[INFO] [stdout] warning: function `random_email` is never used
[INFO] [stdout]   --> tests/helper.rs:66:8
[INFO] [stdout]    |
[INFO] [stdout] 66 | pub fn random_email() -> String {
[INFO] [stdout]    |        ^^^^^^^^^^^^
[INFO] [stdout]    |
[INFO] [stdout]    = note: `#[warn(dead_code)]` (part of `#[warn(unused)]`) on by default
[INFO] [stdout] 
[INFO] [stdout] 
[INFO] [stdout] warning: function `random_string` is never used
[INFO] [stdout]   --> tests/helper.rs:80:8
[INFO] [stdout]    |
[INFO] [stdout] 80 | pub fn random_string(length: usize) -> String {
[INFO] [stdout]    |        ^^^^^^^^^^^^^
[INFO] [stdout] 
[INFO] [stdout] 
[INFO] [stdout] warning: struct `TestCase` is never constructed
[INFO] [stdout]   --> tests/helper.rs:94:12
[INFO] [stdout]    |
[INFO] [stdout] 94 | pub struct TestCase<I, E> {
[INFO] [stdout]    |            ^^^^^^^^
[INFO] [stdout] 
[INFO] [stdout] 
[INFO] [stdout] warning: associated function `new` is never used
[INFO] [stdout]    --> tests/helper.rs:101:12
[INFO] [stdout]     |
[INFO] [stdout] 100 | impl<I, E> TestCase<I, E> {
[INFO] [stdout]     | ------------------------- associated function in this implementation
[INFO] [stdout] 101 |     pub fn new(name: &str, input: I, expected: E) -> Self {
[INFO] [stdout]     |            ^^^
[INFO] [stdout] 
[INFO] [stdout] 
[INFO] [stdout] warning: function `run_test_cases` is never used
[INFO] [stdout]    --> tests/helper.rs:111:8
[INFO] [stdout]     |
[INFO] [stdout] 111 | pub fn run_test_cases<I: Clone, E: PartialEq + std::fmt::Debug>(
[INFO] [stdout]     |        ^^^^^^^^^^^^^^
[INFO] [stdout] 
[INFO] [stdout] 
[INFO] [stdout] warning: function `api_error_response` is never used
[INFO] [stdout]    --> tests/helper.rs:128:8
[INFO] [stdout]     |
[INFO] [stdout] 128 | pub fn api_error_response(code: u16, message: &str) -> Value {
[INFO] [stdout]     |        ^^^^^^^^^^^^^^^^^^
[INFO] [stdout] 
[INFO] [stdout] 
[INFO] [stdout] warning: struct `MockTimeProvider` is never constructed
[INFO] [stdout]    --> tests/helper.rs:139:12
[INFO] [stdout]     |
[INFO] [stdout] 139 | pub struct MockTimeProvider {
[INFO] [stdout]     |            ^^^^^^^^^^^^^^^^
[INFO] [stdout] 
[INFO] [stdout] 
[INFO] [stdout] warning: associated items `new`, `now`, and `advance` are never used
[INFO] [stdout]    --> tests/helper.rs:144:12
[INFO] [stdout]     |
[INFO] [stdout] 143 | impl MockTimeProvider {
[INFO] [stdout]     | --------------------- associated items in this implementation
[INFO] [stdout] 144 |     pub fn new(seconds_from_epoch: u64) -> Self {
[INFO] [stdout]     |            ^^^
[INFO] [stdout] ...
[INFO] [stdout] 151 |     pub fn now(&self) -> std::time::SystemTime {
[INFO] [stdout]     |            ^^^
[INFO] [stdout] ...
[INFO] [stdout] 155 |     pub fn advance(&mut self, seconds: u64) {
[INFO] [stdout]     |            ^^^^^^^
[INFO] [stdout] 
[INFO] [stdout] 
[INFO] [stdout] warning: function `create_gmail_message` is never used
[INFO] [stdout]    --> tests/helper.rs:183:8
[INFO] [stdout]     |
[INFO] [stdout] 183 | pub fn create_gmail_message(
[INFO] [stdout]     |        ^^^^^^^^^^^^^^^^^^^^
[INFO] [stdout] 
[INFO] [stdout] 
[INFO] [stdout] warning: function `create_calendar_event` is never used
[INFO] [stdout]    --> tests/helper.rs:238:8
[INFO] [stdout]     |
[INFO] [stdout] 238 | pub fn create_calendar_event(
[INFO] [stdout]     |        ^^^^^^^^^^^^^^^^^^^^^
[INFO] [stdout] 
[INFO] [stdout] 
[INFO] [stdout] warning: function `create_contact` is never used
[INFO] [stdout]    --> tests/helper.rs:273:8
[INFO] [stdout]     |
[INFO] [stdout] 273 | pub fn create_contact(
[INFO] [stdout]     |        ^^^^^^^^^^^^^^
[INFO] [stdout] 
[INFO] [stdout] 
[INFO] [stdout] warning: function `encode` is never used
[INFO] [stdout]    --> tests/helper.rs:167:12
[INFO] [stdout]     |
[INFO] [stdout] 167 |     pub fn encode(s: &str) -> String {
[INFO] [stdout]     |            ^^^^^^
[INFO] [stdout] 
[INFO] [stdout] 
[INFO] [stdout] warning: function `decode` is never used
[INFO] [stdout]    --> tests/helper.rs:172:12
[INFO] [stdout]     |
[INFO] [stdout] 172 |     pub fn decode(s: &str) -> Result<String, String> {
[INFO] [stdout]     |            ^^^^^^
[INFO] [stdout] 
[INFO] [stdout] 
[INFO] [stdout] warning: unused variable: `original_client_id`
[INFO] [stdout]   --> tests/config_module_tests.rs:71:13
[INFO] [stdout]    |
[INFO] [stdout] 71 |         let original_client_id = env::var("GMAIL_CLIENT_ID").ok();
[INFO] [stdout]    |             ^^^^^^^^^^^^^^^^^^ help: if this is intentional, prefix it with an underscore: `_original_client_id`
[INFO] [stdout]    |
[INFO] [stdout]    = note: `#[warn(unused_variables)]` (part of `#[warn(unused)]`) on by default
[INFO] [stdout] 
[INFO] [stdout] 
[INFO] [stdout] warning: unused variable: `original_client_secret`
[INFO] [stdout]   --> tests/config_module_tests.rs:72:13
[INFO] [stdout]    |
[INFO] [stdout] 72 |         let original_client_secret = env::var("GMAIL_CLIENT_SECRET").ok();
[INFO] [stdout]    |             ^^^^^^^^^^^^^^^^^^^^^^ help: if this is intentional, prefix it with an underscore: `_original_client_secret`
[INFO] [stdout] 
[INFO] [stdout] 
[INFO] [stdout] warning: unused variable: `original_refresh_token`
[INFO] [stdout]   --> tests/config_module_tests.rs:73:13
[INFO] [stdout]    |
[INFO] [stdout] 73 |         let original_refresh_token = env::var("GMAIL_REFRESH_TOKEN").ok();
[INFO] [stdout]    |             ^^^^^^^^^^^^^^^^^^^^^^ help: if this is intentional, prefix it with an underscore: `_original_refresh_token`
[INFO] [stdout] 
[INFO] [stdout] 
[INFO] [stdout] warning: unused variable: `original_access_token`
[INFO] [stdout]   --> tests/config_module_tests.rs:74:13
[INFO] [stdout]    |
[INFO] [stdout] 74 |         let original_access_token = env::var("GMAIL_ACCESS_TOKEN").ok();
[INFO] [stdout]    |             ^^^^^^^^^^^^^^^^^^^^^ help: if this is intentional, prefix it with an underscore: `_original_access_token`
[INFO] [stdout] 
[INFO] [stdout] 
[INFO] [stdout] warning: struct `EnvVarGuard` is never constructed
[INFO] [stdout]   --> tests/helper.rs:18:12
[INFO] [stdout]    |
[INFO] [stdout] 18 | pub struct EnvVarGuard {
[INFO] [stdout]    |            ^^^^^^^^^^^
[INFO] [stdout]    |
[INFO] [stdout]    = note: `#[warn(dead_code)]` (part of `#[warn(unused)]`) on by default
[INFO] [stdout] 
[INFO] [stdout] 
[INFO] [stdout] warning: associated items `new`, `set`, and `remove` are never used
[INFO] [stdout]   --> tests/helper.rs:24:12
[INFO] [stdout]    |
[INFO] [stdout] 22 | impl EnvVarGuard {
[INFO] [stdout]    | ---------------- associated items in this implementation
[INFO] [stdout] 23 |     /// Create a new environment variable guard
[INFO] [stdout] 24 |     pub fn new() -> Self {
[INFO] [stdout]    |            ^^^
[INFO] [stdout] ...
[INFO] [stdout] 35 |     pub fn set(&mut self, key: &str, value: &str) {
[INFO] [stdout]    |            ^^^
[INFO] [stdout] ...
[INFO] [stdout] 45 |     pub fn remove(&mut self, key: &str) {
[INFO] [stdout]    |            ^^^^^^
[INFO] [stdout] 
[INFO] [stdout] 
[INFO] [stdout] warning: function `random_email` is never used
[INFO] [stdout]   --> tests/helper.rs:66:8
[INFO] [stdout]    |
[INFO] [stdout] 66 | pub fn random_email() -> String {
[INFO] [stdout]    |        ^^^^^^^^^^^^
[INFO] [stdout] 
[INFO] [stdout] 
[INFO] [stdout] warning: function `random_string` is never used
[INFO] [stdout]   --> tests/helper.rs:80:8
[INFO] [stdout]    |
[INFO] [stdout] 80 | pub fn random_string(length: usize) -> String {
[INFO] [stdout]    |        ^^^^^^^^^^^^^
[INFO] [stdout] 
[INFO] [stdout] 
[INFO] [stdout] warning: struct `TestCase` is never constructed
[INFO] [stdout]   --> tests/helper.rs:94:12
[INFO] [stdout]    |
[INFO] [stdout] 94 | pub struct TestCase<I, E> {
[INFO] [stdout]    |            ^^^^^^^^
[INFO] [stdout] 
[INFO] [stdout] 
[INFO] [stdout] warning: associated function `new` is never used
[INFO] [stdout]    --> tests/helper.rs:101:12
[INFO] [stdout]     |
[INFO] [stdout] 100 | impl<I, E> TestCase<I, E> {
[INFO] [stdout]     | ------------------------- associated function in this implementation
[INFO] [stdout] 101 |     pub fn new(name: &str, input: I, expected: E) -> Self {
[INFO] [stdout]     |            ^^^
[INFO] [stdout] 
[INFO] [stdout] 
[INFO] [stdout] warning: function `run_test_cases` is never used
[INFO] [stdout]    --> tests/helper.rs:111:8
[INFO] [stdout]     |
[INFO] [stdout] 111 | pub fn run_test_cases<I: Clone, E: PartialEq + std::fmt::Debug>(
[INFO] [stdout]     |        ^^^^^^^^^^^^^^
[INFO] [stdout] 
[INFO] [stdout] 
[INFO] [stdout] warning: function `api_error_response` is never used
[INFO] [stdout]    --> tests/helper.rs:128:8
[INFO] [stdout]     |
[INFO] [stdout] 128 | pub fn api_error_response(code: u16, message: &str) -> Value {
[INFO] [stdout]     |        ^^^^^^^^^^^^^^^^^^
[INFO] [stdout] 
[INFO] [stdout] 
[INFO] [stdout] warning: struct `MockTimeProvider` is never constructed
[INFO] [stdout]    --> tests/helper.rs:139:12
[INFO] [stdout]     |
[INFO] [stdout] 139 | pub struct MockTimeProvider {
[INFO] [stdout]     |            ^^^^^^^^^^^^^^^^
[INFO] [stdout] 
[INFO] [stdout] 
[INFO] [stdout] warning: associated items `new`, `now`, and `advance` are never used
[INFO] [stdout]    --> tests/helper.rs:144:12
[INFO] [stdout]     |
[INFO] [stdout] 143 | impl MockTimeProvider {
[INFO] [stdout]     | --------------------- associated items in this implementation
[INFO] [stdout] 144 |     pub fn new(seconds_from_epoch: u64) -> Self {
[INFO] [stdout]     |            ^^^
[INFO] [stdout] ...
[INFO] [stdout] 151 |     pub fn now(&self) -> std::time::SystemTime {
[INFO] [stdout]     |            ^^^
[INFO] [stdout] ...
[INFO] [stdout] 155 |     pub fn advance(&mut self, seconds: u64) {
[INFO] [stdout]     |            ^^^^^^^
[INFO] [stdout] 
[INFO] [stdout] 
[INFO] [stdout] warning: function `create_gmail_message` is never used
[INFO] [stdout]    --> tests/helper.rs:183:8
[INFO] [stdout]     |
[INFO] [stdout] 183 | pub fn create_gmail_message(
[INFO] [stdout]     |        ^^^^^^^^^^^^^^^^^^^^
[INFO] [stdout] 
[INFO] [stdout] 
[INFO] [stdout] warning: function `create_calendar_event` is never used
[INFO] [stdout]    --> tests/helper.rs:238:8
[INFO] [stdout]     |
[INFO] [stdout] 238 | pub fn create_calendar_event(
[INFO] [stdout]     |        ^^^^^^^^^^^^^^^^^^^^^
[INFO] [stdout] 
[INFO] [stdout] 
[INFO] [stdout] warning: function `create_contact` is never used
[INFO] [stdout]    --> tests/helper.rs:273:8
[INFO] [stdout]     |
[INFO] [stdout] 273 | pub fn create_contact(
[INFO] [stdout]     |        ^^^^^^^^^^^^^^
[INFO] [stdout] 
[INFO] [stdout] 
[INFO] [stdout] warning: function `encode` is never used
[INFO] [stdout]    --> tests/helper.rs:167:12
[INFO] [stdout]     |
[INFO] [stdout] 167 |     pub fn encode(s: &str) -> String {
[INFO] [stdout]     |            ^^^^^^
[INFO] [stdout] 
[INFO] [stdout] 
[INFO] [stdout] warning: function `decode` is never used
[INFO] [stdout]    --> tests/helper.rs:172:12
[INFO] [stdout]     |
[INFO] [stdout] 172 |     pub fn decode(s: &str) -> Result<String, String> {
[INFO] [stdout]     |            ^^^^^^
[INFO] [stdout] 
[INFO] [stdout] 
[INFO] [stdout] warning: function `base64_strategy` is never used
[INFO] [stdout]   --> tests/property_tests.rs:22:4
[INFO] [stdout]    |
[INFO] [stdout] 22 | fn base64_strategy() -> impl Strategy<Value = String> {
[INFO] [stdout]    |    ^^^^^^^^^^^^^^^
[INFO] [stdout]    |
[INFO] [stdout]    = note: `#[warn(dead_code)]` (part of `#[warn(unused)]`) on by default
[INFO] [stdout] 
[INFO] [stdout] 
[INFO] [stdout] warning: static `LOGGING_INIT` is never used
[INFO] [stdout]  --> tests/logging_module_tests.rs:9:8
[INFO] [stdout]   |
[INFO] [stdout] 9 | static LOGGING_INIT: Once = Once::new();
[INFO] [stdout]   |        ^^^^^^^^^^^^
[INFO] [stdout]   |
[INFO] [stdout]   = note: `#[warn(dead_code)]` (part of `#[warn(unused)]`) on by default
[INFO] [stdout] 
[INFO] [stdout] 
[INFO] [stdout] warning: use of deprecated method `chrono::TimeZone::ymd`: use `with_ymd_and_hms()` instead
[INFO] [stdout]    --> tests/calendar_validation_tests.rs:503:32
[INFO] [stdout]     |
[INFO] [stdout] 503 |         event.start_time = Utc.ymd(2025, 5, 15).and_hms(0, 0, 0);
[INFO] [stdout]     |                                ^^^
[INFO] [stdout]     |
[INFO] [stdout]     = note: `#[warn(deprecated)]` on by default
[INFO] [stdout] 
[INFO] [stdout] 
[INFO] [stdout] warning: use of deprecated method `chrono::Date::<Tz>::and_hms`: Use and_hms_opt() instead
[INFO] [stdout]    --> tests/calendar_validation_tests.rs:503:49
[INFO] [stdout]     |
[INFO] [stdout] 503 |         event.start_time = Utc.ymd(2025, 5, 15).and_hms(0, 0, 0);
[INFO] [stdout]     |                                                 ^^^^^^^
[INFO] [stdout] 
[INFO] [stdout] 
[INFO] [stdout] warning: use of deprecated method `chrono::TimeZone::ymd`: use `with_ymd_and_hms()` instead
[INFO] [stdout]    --> tests/calendar_validation_tests.rs:506:30
[INFO] [stdout]     |
[INFO] [stdout] 506 |         event.end_time = Utc.ymd(2025, 5, 16).and_hms(0, 0, 0);
[INFO] [stdout]     |                              ^^^
[INFO] [stdout] 
[INFO] [stdout] 
[INFO] [stdout] warning: use of deprecated method `chrono::Date::<Tz>::and_hms`: Use and_hms_opt() instead
[INFO] [stdout]    --> tests/calendar_validation_tests.rs:506:47
[INFO] [stdout]     |
[INFO] [stdout] 506 |         event.end_time = Utc.ymd(2025, 5, 16).and_hms(0, 0, 0);
[INFO] [stdout]     |                                               ^^^^^^^
[INFO] [stdout] 
[INFO] [stdout] 
[INFO] [stdout] warning: unused import: `GmailService`
[INFO] [stdout]  --> tests/gmail_draft_tests.rs:7:43
[INFO] [stdout]   |
[INFO] [stdout] 7 | use mcp_gmailcal::gmail_api::{DraftEmail, GmailService};
[INFO] [stdout]   |                                           ^^^^^^^^^^^^
[INFO] [stdout]   |
[INFO] [stdout]   = note: `#[warn(unused_imports)]` (part of `#[warn(unused)]`) on by default
[INFO] [stdout] 
[INFO] [stdout] 
[INFO] [stdout] warning: unused imports: `SystemTime` and `UNIX_EPOCH`
[INFO] [stdout]   --> tests/gmail_draft_tests.rs:11:17
[INFO] [stdout]    |
[INFO] [stdout] 11 | use std::time::{SystemTime, UNIX_EPOCH};
[INFO] [stdout]    |                 ^^^^^^^^^^  ^^^^^^^^^^
[INFO] [stdout] 
[INFO] [stdout] 
[INFO] [stdout] warning: unused import: `mockito`
[INFO] [stdout]   --> tests/gmail_draft_tests.rs:12:5
[INFO] [stdout]    |
[INFO] [stdout] 12 | use mockito;
[INFO] [stdout]    |     ^^^^^^^
[INFO] [stdout] 
[INFO] [stdout] 
[INFO] [stdout] warning: unused import: `std::env`
[INFO] [stdout]   --> tests/gmail_draft_tests.rs:13:5
[INFO] [stdout]    |
[INFO] [stdout] 13 | use std::env;
[INFO] [stdout]    |     ^^^^^^^^
[INFO] [stdout] 
[INFO] [stdout] 
[INFO] [stdout] warning: function `create_mock_config` is never used
[INFO] [stdout]   --> tests/gmail_draft_tests.rs:16:4
[INFO] [stdout]    |
[INFO] [stdout] 16 | fn create_mock_config() -> Config {
[INFO] [stdout]    |    ^^^^^^^^^^^^^^^^^^
[INFO] [stdout]    |
[INFO] [stdout]    = note: `#[warn(dead_code)]` (part of `#[warn(unused)]`) on by default
[INFO] [stdout] 
[INFO] [stdout] 
[INFO] [stdout] warning: unused import: `std::time::SystemTime`
[INFO] [stdout]   --> tests/helper.rs:13:5
[INFO] [stdout]    |
[INFO] [stdout] 13 | use std::time::SystemTime;
[INFO] [stdout]    |     ^^^^^^^^^^^^^^^^^^^^^
[INFO] [stdout]    |
[INFO] [stdout]    = note: `#[warn(unused_imports)]` (part of `#[warn(unused)]`) on by default
[INFO] [stdout] 
[INFO] [stdout] 
[INFO] [stdout] warning: variant `NetworkError` is never constructed
[INFO] [stdout]   --> tests/test_macros_example.rs:18:5
[INFO] [stdout]    |
[INFO] [stdout] 15 | enum TestError {
[INFO] [stdout]    |      --------- variant in this enum
[INFO] [stdout] ...
[INFO] [stdout] 18 |     NetworkError(String),
[INFO] [stdout]    |     ^^^^^^^^^^^^
[INFO] [stdout]    |
[INFO] [stdout]    = note: `TestError` has a derived impl for the trait `Debug`, but this is intentionally ignored during dead code analysis
[INFO] [stdout]    = note: `#[warn(dead_code)]` (part of `#[warn(unused)]`) on by default
[INFO] [stdout] 
[INFO] [stdout] 
[INFO] [stdout] warning: function `async_operation` is never used
[INFO] [stdout]   --> tests/test_macros_example.rs:49:10
[INFO] [stdout]    |
[INFO] [stdout] 49 | async fn async_operation(succeed: bool) -> Result<String, TestError> {
[INFO] [stdout]    |          ^^^^^^^^^^^^^^^
[INFO] [stdout] 
[INFO] [stdout] 
[INFO] [stdout] warning: method `remove` is never used
[INFO] [stdout]   --> tests/helper.rs:45:12
[INFO] [stdout]    |
[INFO] [stdout] 22 | impl EnvVarGuard {
[INFO] [stdout]    | ---------------- method in this implementation
[INFO] [stdout] ...
[INFO] [stdout] 45 |     pub fn remove(&mut self, key: &str) {
[INFO] [stdout]    |            ^^^^^^
[INFO] [stdout] 
[INFO] [stdout] 
[INFO] [stdout] warning: function `random_email` is never used
[INFO] [stdout]   --> tests/helper.rs:66:8
[INFO] [stdout]    |
[INFO] [stdout] 66 | pub fn random_email() -> String {
[INFO] [stdout]    |        ^^^^^^^^^^^^
[INFO] [stdout] 
[INFO] [stdout] 
[INFO] [stdout] warning: function `random_string` is never used
[INFO] [stdout]   --> tests/helper.rs:80:8
[INFO] [stdout]    |
[INFO] [stdout] 80 | pub fn random_string(length: usize) -> String {
[INFO] [stdout]    |        ^^^^^^^^^^^^^
[INFO] [stdout] 
[INFO] [stdout] 
[INFO] [stdout] warning: struct `TestCase` is never constructed
[INFO] [stdout]   --> tests/helper.rs:94:12
[INFO] [stdout]    |
[INFO] [stdout] 94 | pub struct TestCase<I, E> {
[INFO] [stdout]    |            ^^^^^^^^
[INFO] [stdout] 
[INFO] [stdout] 
[INFO] [stdout] warning: associated function `new` is never used
[INFO] [stdout]    --> tests/helper.rs:101:12
[INFO] [stdout]     |
[INFO] [stdout] 100 | impl<I, E> TestCase<I, E> {
[INFO] [stdout]     | ------------------------- associated function in this implementation
[INFO] [stdout] 101 |     pub fn new(name: &str, input: I, expected: E) -> Self {
[INFO] [stdout]     |            ^^^
[INFO] [stdout] 
[INFO] [stdout] 
[INFO] [stdout] warning: function `run_test_cases` is never used
[INFO] [stdout]    --> tests/helper.rs:111:8
[INFO] [stdout]     |
[INFO] [stdout] 111 | pub fn run_test_cases<I: Clone, E: PartialEq + std::fmt::Debug>(
[INFO] [stdout]     |        ^^^^^^^^^^^^^^
[INFO] [stdout] 
[INFO] [stdout] 
[INFO] [stdout] warning: function `api_error_response` is never used
[INFO] [stdout]    --> tests/helper.rs:128:8
[INFO] [stdout]     |
[INFO] [stdout] 128 | pub fn api_error_response(code: u16, message: &str) -> Value {
[INFO] [stdout]     |        ^^^^^^^^^^^^^^^^^^
[INFO] [stdout] 
[INFO] [stdout] 
[INFO] [stdout] warning: function `create_gmail_message` is never used
[INFO] [stdout]    --> tests/helper.rs:183:8
[INFO] [stdout]     |
[INFO] [stdout] 183 | pub fn create_gmail_message(
[INFO] [stdout]     |        ^^^^^^^^^^^^^^^^^^^^
[INFO] [stdout] 
[INFO] [stdout] 
[INFO] [stdout] warning: function `create_calendar_event` is never used
[INFO] [stdout]    --> tests/helper.rs:238:8
[INFO] [stdout]     |
[INFO] [stdout] 238 | pub fn create_calendar_event(
[INFO] [stdout]     |        ^^^^^^^^^^^^^^^^^^^^^
[INFO] [stdout] 
[INFO] [stdout] 
[INFO] [stdout] warning: function `create_contact` is never used
[INFO] [stdout]    --> tests/helper.rs:273:8
[INFO] [stdout]     |
[INFO] [stdout] 273 | pub fn create_contact(
[INFO] [stdout]     |        ^^^^^^^^^^^^^^
[INFO] [stdout] 
[INFO] [stdout] 
[INFO] [stdout] warning: function `encode` is never used
[INFO] [stdout]    --> tests/helper.rs:167:12
[INFO] [stdout]     |
[INFO] [stdout] 167 |     pub fn encode(s: &str) -> String {
[INFO] [stdout]     |            ^^^^^^
[INFO] [stdout] 
[INFO] [stdout] 
[INFO] [stdout] warning: function `decode` is never used
[INFO] [stdout]    --> tests/helper.rs:172:12
[INFO] [stdout]     |
[INFO] [stdout] 172 |     pub fn decode(s: &str) -> Result<String, String> {
[INFO] [stdout]     |            ^^^^^^
[INFO] [stdout] 
[INFO] [stdout] 
[INFO] [stdout] warning: unused import: `to_mcp_error`
[INFO] [stdout]  --> tests/utils_final_coverage_tests.rs:7:41
[INFO] [stdout]   |
[INFO] [stdout] 7 |     map_gmail_error, parse_max_results, to_mcp_error,
[INFO] [stdout]   |                                         ^^^^^^^^^^^^
[INFO] [stdout]   |
[INFO] [stdout]   = note: `#[warn(unused_imports)]` (part of `#[warn(unused)]`) on by default
[INFO] [stdout] 
[INFO] [stdout] 
[INFO] [stdout] warning: unused import: `json`
[INFO] [stdout]   --> tests/utils_final_coverage_tests.rs:10:18
[INFO] [stdout]    |
[INFO] [stdout] 10 | use serde_json::{json, Number, Value};
[INFO] [stdout]    |                  ^^^^
[INFO] [stdout] 
[INFO] [stdout] 
[INFO] [stdout] warning: unused import: `std::time::SystemTime`
[INFO] [stdout]   --> tests/helper.rs:13:5
[INFO] [stdout]    |
[INFO] [stdout] 13 | use std::time::SystemTime;
[INFO] [stdout]    |     ^^^^^^^^^^^^^^^^^^^^^
[INFO] [stdout]    |
[INFO] [stdout]    = note: `#[warn(unused_imports)]` (part of `#[warn(unused)]`) on by default
[INFO] [stdout] 
[INFO] [stdout] 
[INFO] [stdout] warning: struct `EnvVarGuard` is never constructed
[INFO] [stdout]   --> tests/helper.rs:18:12
[INFO] [stdout]    |
[INFO] [stdout] 18 | pub struct EnvVarGuard {
[INFO] [stdout]    |            ^^^^^^^^^^^
[INFO] [stdout]    |
[INFO] [stdout]    = note: `#[warn(dead_code)]` (part of `#[warn(unused)]`) on by default
[INFO] [stdout] 
[INFO] [stdout] 
[INFO] [stdout] warning: associated items `new`, `set`, and `remove` are never used
[INFO] [stdout]   --> tests/helper.rs:24:12
[INFO] [stdout]    |
[INFO] [stdout] 22 | impl EnvVarGuard {
[INFO] [stdout]    | ---------------- associated items in this implementation
[INFO] [stdout] 23 |     /// Create a new environment variable guard
[INFO] [stdout] 24 |     pub fn new() -> Self {
[INFO] [stdout]    |            ^^^
[INFO] [stdout] ...
[INFO] [stdout] 35 |     pub fn set(&mut self, key: &str, value: &str) {
[INFO] [stdout]    |            ^^^
[INFO] [stdout] ...
[INFO] [stdout] 45 |     pub fn remove(&mut self, key: &str) {
[INFO] [stdout]    |            ^^^^^^
[INFO] [stdout] 
[INFO] [stdout] 
[INFO] [stdout] warning: function `random_email` is never used
[INFO] [stdout]   --> tests/helper.rs:66:8
[INFO] [stdout]    |
[INFO] [stdout] 66 | pub fn random_email() -> String {
[INFO] [stdout]    |        ^^^^^^^^^^^^
[INFO] [stdout] 
[INFO] [stdout] 
[INFO] [stdout] warning: function `random_string` is never used
[INFO] [stdout]   --> tests/helper.rs:80:8
[INFO] [stdout]    |
[INFO] [stdout] 80 | pub fn random_string(length: usize) -> String {
[INFO] [stdout]    |        ^^^^^^^^^^^^^
[INFO] [stdout] 
[INFO] [stdout] 
[INFO] [stdout] warning: function `api_error_response` is never used
[INFO] [stdout]    --> tests/helper.rs:128:8
[INFO] [stdout]     |
[INFO] [stdout] 128 | pub fn api_error_response(code: u16, message: &str) -> Value {
[INFO] [stdout]     |        ^^^^^^^^^^^^^^^^^^
[INFO] [stdout] 
[INFO] [stdout] 
[INFO] [stdout] warning: struct `MockTimeProvider` is never constructed
[INFO] [stdout]    --> tests/helper.rs:139:12
[INFO] [stdout]     |
[INFO] [stdout] 139 | pub struct MockTimeProvider {
[INFO] [stdout]     |            ^^^^^^^^^^^^^^^^
[INFO] [stdout] 
[INFO] [stdout] 
[INFO] [stdout] warning: associated items `new`, `now`, and `advance` are never used
[INFO] [stdout]    --> tests/helper.rs:144:12
[INFO] [stdout]     |
[INFO] [stdout] 143 | impl MockTimeProvider {
[INFO] [stdout]     | --------------------- associated items in this implementation
[INFO] [stdout] 144 |     pub fn new(seconds_from_epoch: u64) -> Self {
[INFO] [stdout]     |            ^^^
[INFO] [stdout] ...
[INFO] [stdout] 151 |     pub fn now(&self) -> std::time::SystemTime {
[INFO] [stdout]     |            ^^^
[INFO] [stdout] ...
[INFO] [stdout] 155 |     pub fn advance(&mut self, seconds: u64) {
[INFO] [stdout]     |            ^^^^^^^
[INFO] [stdout] 
[INFO] [stdout] 
[INFO] [stdout] warning: function `create_gmail_message` is never used
[INFO] [stdout]    --> tests/helper.rs:183:8
[INFO] [stdout]     |
[INFO] [stdout] 183 | pub fn create_gmail_message(
[INFO] [stdout]     |        ^^^^^^^^^^^^^^^^^^^^
[INFO] [stdout] 
[INFO] [stdout] 
[INFO] [stdout] warning: function `create_calendar_event` is never used
[INFO] [stdout]    --> tests/helper.rs:238:8
[INFO] [stdout]     |
[INFO] [stdout] 238 | pub fn create_calendar_event(
[INFO] [stdout]     |        ^^^^^^^^^^^^^^^^^^^^^
[INFO] [stdout] 
[INFO] [stdout] 
[INFO] [stdout] warning: function `create_contact` is never used
[INFO] [stdout]    --> tests/helper.rs:273:8
[INFO] [stdout]     |
[INFO] [stdout] 273 | pub fn create_contact(
[INFO] [stdout]     |        ^^^^^^^^^^^^^^
[INFO] [stdout] 
[INFO] [stdout] 
[INFO] [stdout] warning: function `encode` is never used
[INFO] [stdout]    --> tests/helper.rs:167:12
[INFO] [stdout]     |
[INFO] [stdout] 167 |     pub fn encode(s: &str) -> String {
[INFO] [stdout]     |            ^^^^^^
[INFO] [stdout] 
[INFO] [stdout] 
[INFO] [stdout] warning: function `decode` is never used
[INFO] [stdout]    --> tests/helper.rs:172:12
[INFO] [stdout]     |
[INFO] [stdout] 172 |     pub fn decode(s: &str) -> Result<String, String> {
[INFO] [stdout]     |            ^^^^^^
[INFO] [stdout] 
[INFO] [stdout] 
[INFO] [stdout] warning: unused import: `std::time::SystemTime`
[INFO] [stdout]   --> tests/helper.rs:13:5
[INFO] [stdout]    |
[INFO] [stdout] 13 | use std::time::SystemTime;
[INFO] [stdout]    |     ^^^^^^^^^^^^^^^^^^^^^
[INFO] [stdout]    |
[INFO] [stdout]    = note: `#[warn(unused_imports)]` (part of `#[warn(unused)]`) on by default
[INFO] [stdout] 
[INFO] [stdout] 
[INFO] [stdout] warning: unused import: `mcp_gmailcal::errors::GmailApiError`
[INFO] [stdout]  --> tests/auth_module_tests.rs:8:5
[INFO] [stdout]   |
[INFO] [stdout] 8 | use mcp_gmailcal::errors::GmailApiError;
[INFO] [stdout]   |     ^^^^^^^^^^^^^^^^^^^^^^^^^^^^^^^^^^^
[INFO] [stdout]   |
[INFO] [stdout]   = note: `#[warn(unused_imports)]` (part of `#[warn(unused)]`) on by default
[INFO] [stdout] 
[INFO] [stdout] 
[INFO] [stdout] warning: unused import: `mockito`
[INFO] [stdout]  --> tests/auth_module_tests.rs:9:5
[INFO] [stdout]   |
[INFO] [stdout] 9 | use mockito;
[INFO] [stdout]   |     ^^^^^^^
[INFO] [stdout] 
[INFO] [stdout] 
[INFO] [stdout] warning: unused import: `std::time::SystemTime`
[INFO] [stdout]   --> tests/helper.rs:13:5
[INFO] [stdout]    |
[INFO] [stdout] 13 | use std::time::SystemTime;
[INFO] [stdout]    |     ^^^^^^^^^^^^^^^^^^^^^
[INFO] [stdout] 
[INFO] [stdout] 
[INFO] [stdout] warning: struct `EnvVarGuard` is never constructed
[INFO] [stdout]   --> tests/helper.rs:18:12
[INFO] [stdout]    |
[INFO] [stdout] 18 | pub struct EnvVarGuard {
[INFO] [stdout]    |            ^^^^^^^^^^^
[INFO] [stdout]    |
[INFO] [stdout]    = note: `#[warn(dead_code)]` (part of `#[warn(unused)]`) on by default
[INFO] [stdout] 
[INFO] [stdout] 
[INFO] [stdout] warning: associated items `new`, `set`, and `remove` are never used
[INFO] [stdout]   --> tests/helper.rs:24:12
[INFO] [stdout]    |
[INFO] [stdout] 22 | impl EnvVarGuard {
[INFO] [stdout]    | ---------------- associated items in this implementation
[INFO] [stdout] 23 |     /// Create a new environment variable guard
[INFO] [stdout] 24 |     pub fn new() -> Self {
[INFO] [stdout]    |            ^^^
[INFO] [stdout] ...
[INFO] [stdout] 35 |     pub fn set(&mut self, key: &str, value: &str) {
[INFO] [stdout]    |            ^^^
[INFO] [stdout] ...
[INFO] [stdout] 45 |     pub fn remove(&mut self, key: &str) {
[INFO] [stdout]    |            ^^^^^^
[INFO] [stdout] 
[INFO] [stdout] 
[INFO] [stdout] warning: function `random_email` is never used
[INFO] [stdout]   --> tests/helper.rs:66:8
[INFO] [stdout]    |
[INFO] [stdout] 66 | pub fn random_email() -> String {
[INFO] [stdout]    |        ^^^^^^^^^^^^
[INFO] [stdout] 
[INFO] [stdout] 
[INFO] [stdout] warning: function `random_string` is never used
[INFO] [stdout]   --> tests/helper.rs:80:8
[INFO] [stdout]    |
[INFO] [stdout] 80 | pub fn random_string(length: usize) -> String {
[INFO] [stdout]    |        ^^^^^^^^^^^^^
[INFO] [stdout] 
[INFO] [stdout] 
[INFO] [stdout] warning: struct `TestCase` is never constructed
[INFO] [stdout]   --> tests/helper.rs:94:12
[INFO] [stdout]    |
[INFO] [stdout] 94 | pub struct TestCase<I, E> {
[INFO] [stdout]    |            ^^^^^^^^
[INFO] [stdout] 
[INFO] [stdout] 
[INFO] [stdout] warning: associated function `new` is never used
[INFO] [stdout]    --> tests/helper.rs:101:12
[INFO] [stdout]     |
[INFO] [stdout] 100 | impl<I, E> TestCase<I, E> {
[INFO] [stdout]     | ------------------------- associated function in this implementation
[INFO] [stdout] 101 |     pub fn new(name: &str, input: I, expected: E) -> Self {
[INFO] [stdout]     |            ^^^
[INFO] [stdout] 
[INFO] [stdout] 
[INFO] [stdout] warning: function `run_test_cases` is never used
[INFO] [stdout]    --> tests/helper.rs:111:8
[INFO] [stdout]     |
[INFO] [stdout] 111 | pub fn run_test_cases<I: Clone, E: PartialEq + std::fmt::Debug>(
[INFO] [stdout]     |        ^^^^^^^^^^^^^^
[INFO] [stdout] 
[INFO] [stdout] 
[INFO] [stdout] warning: function `api_error_response` is never used
[INFO] [stdout]    --> tests/helper.rs:128:8
[INFO] [stdout]     |
[INFO] [stdout] 128 | pub fn api_error_response(code: u16, message: &str) -> Value {
[INFO] [stdout]     |        ^^^^^^^^^^^^^^^^^^
[INFO] [stdout] 
[INFO] [stdout] 
[INFO] [stdout] warning: struct `MockTimeProvider` is never constructed
[INFO] [stdout]    --> tests/helper.rs:139:12
[INFO] [stdout]     |
[INFO] [stdout] 139 | pub struct MockTimeProvider {
[INFO] [stdout]     |            ^^^^^^^^^^^^^^^^
[INFO] [stdout] 
[INFO] [stdout] 
[INFO] [stdout] warning: associated items `new`, `now`, and `advance` are never used
[INFO] [stdout]    --> tests/helper.rs:144:12
[INFO] [stdout]     |
[INFO] [stdout] 143 | impl MockTimeProvider {
[INFO] [stdout]     | --------------------- associated items in this implementation
[INFO] [stdout] 144 |     pub fn new(seconds_from_epoch: u64) -> Self {
[INFO] [stdout]     |            ^^^
[INFO] [stdout] ...
[INFO] [stdout] 151 |     pub fn now(&self) -> std::time::SystemTime {
[INFO] [stdout]     |            ^^^
[INFO] [stdout] ...
[INFO] [stdout] 155 |     pub fn advance(&mut self, seconds: u64) {
[INFO] [stdout]     |            ^^^^^^^
[INFO] [stdout] 
[INFO] [stdout] 
[INFO] [stdout] warning: function `create_gmail_message` is never used
[INFO] [stdout]    --> tests/helper.rs:183:8
[INFO] [stdout]     |
[INFO] [stdout] 183 | pub fn create_gmail_message(
[INFO] [stdout]     |        ^^^^^^^^^^^^^^^^^^^^
[INFO] [stdout] 
[INFO] [stdout] 
[INFO] [stdout] warning: function `create_calendar_event` is never used
[INFO] [stdout]    --> tests/helper.rs:238:8
[INFO] [stdout]     |
[INFO] [stdout] 238 | pub fn create_calendar_event(
[INFO] [stdout]     |        ^^^^^^^^^^^^^^^^^^^^^
[INFO] [stdout] 
[INFO] [stdout] 
[INFO] [stdout] warning: function `create_contact` is never used
[INFO] [stdout]    --> tests/helper.rs:273:8
[INFO] [stdout]     |
[INFO] [stdout] 273 | pub fn create_contact(
[INFO] [stdout]     |        ^^^^^^^^^^^^^^
[INFO] [stdout] 
[INFO] [stdout] 
[INFO] [stdout] warning: function `encode` is never used
[INFO] [stdout]    --> tests/helper.rs:167:12
[INFO] [stdout]     |
[INFO] [stdout] 167 |     pub fn encode(s: &str) -> String {
[INFO] [stdout]     |            ^^^^^^
[INFO] [stdout] 
[INFO] [stdout] 
[INFO] [stdout] warning: function `decode` is never used
[INFO] [stdout]    --> tests/helper.rs:172:12
[INFO] [stdout]     |
[INFO] [stdout] 172 |     pub fn decode(s: &str) -> Result<String, String> {
[INFO] [stdout]     |            ^^^^^^
[INFO] [stdout] 
[INFO] [stdout] 
[INFO] [stdout] warning: unused imports: `DraftEmail` and `GmailService`
[INFO] [stdout]  --> tests/gmail_api_integration_tests.rs:6:31
[INFO] [stdout]   |
[INFO] [stdout] 6 | use mcp_gmailcal::gmail_api::{DraftEmail, GmailService};
[INFO] [stdout]   |                               ^^^^^^^^^^  ^^^^^^^^^^^^
[INFO] [stdout]   |
[INFO] [stdout]   = note: `#[warn(unused_imports)]` (part of `#[warn(unused)]`) on by default
[INFO] [stdout] 
[INFO] [stdout] 
[INFO] [stdout] warning: unused import: `mcp_gmailcal::errors::GmailApiError`
[INFO] [stdout]  --> tests/gmail_api_integration_tests.rs:8:5
[INFO] [stdout]   |
[INFO] [stdout] 8 | use mcp_gmailcal::errors::GmailApiError;
[INFO] [stdout]   |     ^^^^^^^^^^^^^^^^^^^^^^^^^^^^^^^^^^^
[INFO] [stdout] 
[INFO] [stdout] 
[INFO] [stdout] warning: unused import: `serde_json::json`
[INFO] [stdout]  --> tests/gmail_api_integration_tests.rs:9:5
[INFO] [stdout]   |
[INFO] [stdout] 9 | use serde_json::json;
[INFO] [stdout]   |     ^^^^^^^^^^^^^^^^
[INFO] [stdout] 
[INFO] [stdout] 
[INFO] [stdout] warning: unused import: `std::env`
[INFO] [stdout]   --> tests/gmail_api_integration_tests.rs:10:5
[INFO] [stdout]    |
[INFO] [stdout] 10 | use std::env;
[INFO] [stdout]    |     ^^^^^^^^
[INFO] [stdout] 
[INFO] [stdout] 
[INFO] [stdout] warning: function `create_mock_config` is never used
[INFO] [stdout]   --> tests/gmail_api_integration_tests.rs:13:4
[INFO] [stdout]    |
[INFO] [stdout] 13 | fn create_mock_config() -> Config {
[INFO] [stdout]    |    ^^^^^^^^^^^^^^^^^^
[INFO] [stdout]    |
[INFO] [stdout]    = note: `#[warn(dead_code)]` (part of `#[warn(unused)]`) on by default
[INFO] [stdout] 
[INFO] [stdout] 
[INFO] [stdout] warning: unused import: `mockito`
[INFO] [stdout]  --> tests/token_gmail_tests.rs:8:5
[INFO] [stdout]   |
[INFO] [stdout] 8 | use mockito;
[INFO] [stdout]   |     ^^^^^^^
[INFO] [stdout]   |
[INFO] [stdout]   = note: `#[warn(unused_imports)]` (part of `#[warn(unused)]`) on by default
[INFO] [stdout] 
[INFO] [stdout] 
[INFO] [stdout] warning: unused imports: `Duration` and `SystemTime`
[INFO] [stdout]   --> tests/token_gmail_tests.rs:11:17
[INFO] [stdout]    |
[INFO] [stdout] 11 | use std::time::{Duration, SystemTime};
[INFO] [stdout]    |                 ^^^^^^^^  ^^^^^^^^^^
[INFO] [stdout] 
[INFO] [stdout] 
[INFO] [stdout] warning: unused import: `std::time::SystemTime`
[INFO] [stdout]   --> tests/helper.rs:13:5
[INFO] [stdout]    |
[INFO] [stdout] 13 | use std::time::SystemTime;
[INFO] [stdout]    |     ^^^^^^^^^^^^^^^^^^^^^
[INFO] [stdout] 
[INFO] [stdout] 
[INFO] [stdout] warning: unused import: `mockall::mock`
[INFO] [stdout]  --> tests/calendar_api_tests.rs:7:5
[INFO] [stdout]   |
[INFO] [stdout] 7 | use mockall::mock;
[INFO] [stdout]   |     ^^^^^^^^^^^^^
[INFO] [stdout]   |
[INFO] [stdout]   = note: `#[warn(unused_imports)]` (part of `#[warn(unused)]`) on by default
[INFO] [stdout] 
[INFO] [stdout] 
[INFO] [stdout] warning: unused import: `reqwest::Client`
[INFO] [stdout]   --> tests/calendar_api_tests.rs:10:5
[INFO] [stdout]    |
[INFO] [stdout] 10 | use reqwest::Client;
[INFO] [stdout]    |     ^^^^^^^^^^^^^^^
[INFO] [stdout] 
[INFO] [stdout] 
[INFO] [stdout] warning: use of deprecated method `chrono::TimeZone::ymd`: use `with_ymd_and_hms()` instead
[INFO] [stdout]    --> tests/calendar_api_tests.rs:670:28
[INFO] [stdout]     |
[INFO] [stdout] 670 |         let utc_time = Utc.ymd(2025, 5, 15).and_hms(10, 0, 0);
[INFO] [stdout]     |                            ^^^
[INFO] [stdout]     |
[INFO] [stdout]     = note: `#[warn(deprecated)]` on by default
[INFO] [stdout] 
[INFO] [stdout] 
[INFO] [stdout] warning: use of deprecated method `chrono::Date::<Tz>::and_hms`: Use and_hms_opt() instead
[INFO] [stdout]    --> tests/calendar_api_tests.rs:670:45
[INFO] [stdout]     |
[INFO] [stdout] 670 |         let utc_time = Utc.ymd(2025, 5, 15).and_hms(10, 0, 0);
[INFO] [stdout]     |                                             ^^^^^^^
[INFO] [stdout] 
[INFO] [stdout] 
[INFO] [stdout] warning: use of deprecated method `chrono::TimeZone::ymd`: use `with_ymd_and_hms()` instead
[INFO] [stdout]    --> tests/calendar_api_tests.rs:693:32
[INFO] [stdout]     |
[INFO] [stdout] 693 |         let start_of_day = Utc.ymd(2025, 5, 15).and_hms(0, 0, 0);
[INFO] [stdout]     |                                ^^^
[INFO] [stdout] 
[INFO] [stdout] 
[INFO] [stdout] warning: use of deprecated method `chrono::Date::<Tz>::and_hms`: Use and_hms_opt() instead
[INFO] [stdout]    --> tests/calendar_api_tests.rs:693:49
[INFO] [stdout]     |
[INFO] [stdout] 693 |         let start_of_day = Utc.ymd(2025, 5, 15).and_hms(0, 0, 0);
[INFO] [stdout]     |                                                 ^^^^^^^
[INFO] [stdout] 
[INFO] [stdout] 
[INFO] [stdout] warning: use of deprecated method `chrono::TimeZone::ymd`: use `with_ymd_and_hms()` instead
[INFO] [stdout]    --> tests/calendar_api_tests.rs:696:30
[INFO] [stdout]     |
[INFO] [stdout] 696 |         let end_of_day = Utc.ymd(2025, 5, 15).and_hms(23, 59, 59);
[INFO] [stdout]     |                              ^^^
[INFO] [stdout] 
[INFO] [stdout] 
[INFO] [stdout] warning: use of deprecated method `chrono::Date::<Tz>::and_hms`: Use and_hms_opt() instead
[INFO] [stdout]    --> tests/calendar_api_tests.rs:696:47
[INFO] [stdout]     |
[INFO] [stdout] 696 |         let end_of_day = Utc.ymd(2025, 5, 15).and_hms(23, 59, 59);
[INFO] [stdout]     |                                               ^^^^^^^
[INFO] [stdout] 
[INFO] [stdout] 
[INFO] [stdout] warning: struct `EnvVarGuard` is never constructed
[INFO] [stdout]   --> tests/helper.rs:18:12
[INFO] [stdout]    |
[INFO] [stdout] 18 | pub struct EnvVarGuard {
[INFO] [stdout]    |            ^^^^^^^^^^^
[INFO] [stdout]    |
[INFO] [stdout]    = note: `#[warn(dead_code)]` (part of `#[warn(unused)]`) on by default
[INFO] [stdout] 
[INFO] [stdout] 
[INFO] [stdout] warning: associated items `new`, `set`, and `remove` are never used
[INFO] [stdout]   --> tests/helper.rs:24:12
[INFO] [stdout]    |
[INFO] [stdout] 22 | impl EnvVarGuard {
[INFO] [stdout]    | ---------------- associated items in this implementation
[INFO] [stdout] 23 |     /// Create a new environment variable guard
[INFO] [stdout] 24 |     pub fn new() -> Self {
[INFO] [stdout]    |            ^^^
[INFO] [stdout] ...
[INFO] [stdout] 35 |     pub fn set(&mut self, key: &str, value: &str) {
[INFO] [stdout]    |            ^^^
[INFO] [stdout] ...
[INFO] [stdout] 45 |     pub fn remove(&mut self, key: &str) {
[INFO] [stdout]    |            ^^^^^^
[INFO] [stdout] 
[INFO] [stdout] 
[INFO] [stdout] warning: function `random_email` is never used
[INFO] [stdout]   --> tests/helper.rs:66:8
[INFO] [stdout]    |
[INFO] [stdout] 66 | pub fn random_email() -> String {
[INFO] [stdout]    |        ^^^^^^^^^^^^
[INFO] [stdout] 
[INFO] [stdout] 
[INFO] [stdout] warning: function `random_string` is never used
[INFO] [stdout]   --> tests/helper.rs:80:8
[INFO] [stdout]    |
[INFO] [stdout] 80 | pub fn random_string(length: usize) -> String {
[INFO] [stdout]    |        ^^^^^^^^^^^^^
[INFO] [stdout] 
[INFO] [stdout] 
[INFO] [stdout] warning: struct `TestCase` is never constructed
[INFO] [stdout]   --> tests/helper.rs:94:12
[INFO] [stdout]    |
[INFO] [stdout] 94 | pub struct TestCase<I, E> {
[INFO] [stdout]    |            ^^^^^^^^
[INFO] [stdout] 
[INFO] [stdout] 
[INFO] [stdout] warning: associated function `new` is never used
[INFO] [stdout]    --> tests/helper.rs:101:12
[INFO] [stdout]     |
[INFO] [stdout] 100 | impl<I, E> TestCase<I, E> {
[INFO] [stdout]     | ------------------------- associated function in this implementation
[INFO] [stdout] 101 |     pub fn new(name: &str, input: I, expected: E) -> Self {
[INFO] [stdout]     |            ^^^
[INFO] [stdout] 
[INFO] [stdout] 
[INFO] [stdout] warning: function `run_test_cases` is never used
[INFO] [stdout]    --> tests/helper.rs:111:8
[INFO] [stdout]     |
[INFO] [stdout] 111 | pub fn run_test_cases<I: Clone, E: PartialEq + std::fmt::Debug>(
[INFO] [stdout]     |        ^^^^^^^^^^^^^^
[INFO] [stdout] 
[INFO] [stdout] 
[INFO] [stdout] warning: function `api_error_response` is never used
[INFO] [stdout]    --> tests/helper.rs:128:8
[INFO] [stdout]     |
[INFO] [stdout] 128 | pub fn api_error_response(code: u16, message: &str) -> Value {
[INFO] [stdout]     |        ^^^^^^^^^^^^^^^^^^
[INFO] [stdout] 
[INFO] [stdout] 
[INFO] [stdout] warning: struct `MockTimeProvider` is never constructed
[INFO] [stdout]    --> tests/helper.rs:139:12
[INFO] [stdout]     |
[INFO] [stdout] 139 | pub struct MockTimeProvider {
[INFO] [stdout]     |            ^^^^^^^^^^^^^^^^
[INFO] [stdout] 
[INFO] [stdout] 
[INFO] [stdout] warning: associated items `new`, `now`, and `advance` are never used
[INFO] [stdout]    --> tests/helper.rs:144:12
[INFO] [stdout]     |
[INFO] [stdout] 143 | impl MockTimeProvider {
[INFO] [stdout]     | --------------------- associated items in this implementation
[INFO] [stdout] 144 |     pub fn new(seconds_from_epoch: u64) -> Self {
[INFO] [stdout]     |            ^^^
[INFO] [stdout] ...
[INFO] [stdout] 151 |     pub fn now(&self) -> std::time::SystemTime {
[INFO] [stdout]     |            ^^^
[INFO] [stdout] ...
[INFO] [stdout] 155 |     pub fn advance(&mut self, seconds: u64) {
[INFO] [stdout]     |            ^^^^^^^
[INFO] [stdout] 
[INFO] [stdout] 
[INFO] [stdout] warning: function `create_gmail_message` is never used
[INFO] [stdout]    --> tests/helper.rs:183:8
[INFO] [stdout]     |
[INFO] [stdout] 183 | pub fn create_gmail_message(
[INFO] [stdout]     |        ^^^^^^^^^^^^^^^^^^^^
[INFO] [stdout] 
[INFO] [stdout] 
[INFO] [stdout] warning: function `create_calendar_event` is never used
[INFO] [stdout]    --> tests/helper.rs:238:8
[INFO] [stdout]     |
[INFO] [stdout] 238 | pub fn create_calendar_event(
[INFO] [stdout]     |        ^^^^^^^^^^^^^^^^^^^^^
[INFO] [stdout] 
[INFO] [stdout] 
[INFO] [stdout] warning: function `create_contact` is never used
[INFO] [stdout]    --> tests/helper.rs:273:8
[INFO] [stdout]     |
[INFO] [stdout] 273 | pub fn create_contact(
[INFO] [stdout]     |        ^^^^^^^^^^^^^^
[INFO] [stdout] 
[INFO] [stdout] 
[INFO] [stdout] warning: function `encode` is never used
[INFO] [stdout]    --> tests/helper.rs:167:12
[INFO] [stdout]     |
[INFO] [stdout] 167 |     pub fn encode(s: &str) -> String {
[INFO] [stdout]     |            ^^^^^^
[INFO] [stdout] 
[INFO] [stdout] 
[INFO] [stdout] warning: function `decode` is never used
[INFO] [stdout]    --> tests/helper.rs:172:12
[INFO] [stdout]     |
[INFO] [stdout] 172 |     pub fn decode(s: &str) -> Result<String, String> {
[INFO] [stdout]     |            ^^^^^^
[INFO] [stdout] 
[INFO] [stdout] 
[INFO] [stdout] warning: function `create_test_calendar` is never used
[INFO] [stdout]    --> tests/calendar_api_tests.rs:320:4
[INFO] [stdout]     |
[INFO] [stdout] 320 | fn create_test_calendar(id: &str, summary: &str, is_primary: bool) -> CalendarInfo {
[INFO] [stdout]     |    ^^^^^^^^^^^^^^^^^^^^
[INFO] [stdout]     |
[INFO] [stdout]     = note: `#[warn(dead_code)]` (part of `#[warn(unused)]`) on by default
[INFO] [stdout] 
[INFO] [stdout] 
[INFO] [stdout] warning: unused variable: `expected_pattern`
[INFO] [stdout]   --> tests/logging_final_coverage_tests.rs:85:13
[INFO] [stdout]    |
[INFO] [stdout] 85 |         let expected_pattern = format!("====== GMAIL MCP SERVER LOG - Started at {} ======", timestamp_part);
[INFO] [stdout]    |             ^^^^^^^^^^^^^^^^ help: if this is intentional, prefix it with an underscore: `_expected_pattern`
[INFO] [stdout]    |
[INFO] [stdout]    = note: `#[warn(unused_variables)]` (part of `#[warn(unused)]`) on by default
[INFO] [stdout] 
[INFO] [stdout] 
[INFO] [stdout] warning: function `setup_test_env` is never used
[INFO] [stdout]   --> tests/logging_final_coverage_tests.rs:26:4
[INFO] [stdout]    |
[INFO] [stdout] 26 | fn setup_test_env() {
[INFO] [stdout]    |    ^^^^^^^^^^^^^^
[INFO] [stdout]    |
[INFO] [stdout]    = note: `#[warn(dead_code)]` (part of `#[warn(unused)]`) on by default
[INFO] [stdout] 
[INFO] [stdout] 
[INFO] [stdout] warning: unused import: `DateTime`
[INFO] [stdout]  --> tests/gmail_api_tests.rs:6:14
[INFO] [stdout]   |
[INFO] [stdout] 6 | use chrono::{DateTime, TimeZone, Utc};
[INFO] [stdout]   |              ^^^^^^^^
[INFO] [stdout]   |
[INFO] [stdout]   = note: `#[warn(unused_imports)]` (part of `#[warn(unused)]`) on by default
[INFO] [stdout] 
[INFO] [stdout] 
[INFO] [stdout] warning: unused import: `mockall::mock`
[INFO] [stdout]  --> tests/gmail_api_tests.rs:7:5
[INFO] [stdout]   |
[INFO] [stdout] 7 | use mockall::mock;
[INFO] [stdout]   |     ^^^^^^^^^^^^^
[INFO] [stdout] 
[INFO] [stdout] 
[INFO] [stdout] warning: unused import: `GmailService`
[INFO] [stdout]  --> tests/gmail_api_tests.rs:9:57
[INFO] [stdout]   |
[INFO] [stdout] 9 | use mcp_gmailcal::gmail_api::{DraftEmail, EmailMessage, GmailService};
[INFO] [stdout]   |                                                         ^^^^^^^^^^^^
[INFO] [stdout] 
[INFO] [stdout] 
[INFO] [stdout] warning: unused import: `reqwest::Client`
[INFO] [stdout]   --> tests/gmail_api_tests.rs:10:5
[INFO] [stdout]    |
[INFO] [stdout] 10 | use reqwest::Client;
[INFO] [stdout]    |     ^^^^^^^^^^^^^^^
[INFO] [stdout] 
[INFO] [stdout] 
[INFO] [stdout] warning: use of deprecated method `chrono::TimeZone::timestamp`: use `timestamp_opt()` instead
[INFO] [stdout]   --> tests/gmail_api_tests.rs:66:20
[INFO] [stdout]    |
[INFO] [stdout] 66 |     let date = Utc.timestamp(now as i64, 0).to_rfc3339();
[INFO] [stdout]    |                    ^^^^^^^^^
[INFO] [stdout]    |
[INFO] [stdout]    = note: `#[warn(deprecated)]` on by default
[INFO] [stdout] 
[INFO] [stdout] 
[INFO] [stdout] warning: unused import: `mockito`
[INFO] [stdout]  --> tests/token_refresh_tests.rs:8:5
[INFO] [stdout]   |
[INFO] [stdout] 8 | use mockito;
[INFO] [stdout]   |     ^^^^^^^
[INFO] [stdout]   |
[INFO] [stdout]   = note: `#[warn(unused_imports)]` (part of `#[warn(unused)]`) on by default
[INFO] [stdout] 
[INFO] [stdout] 
[INFO] [stdout] warning: unused imports: `Duration` and `SystemTime`
[INFO] [stdout]   --> tests/token_refresh_tests.rs:11:17
[INFO] [stdout]    |
[INFO] [stdout] 11 | use std::time::{Duration, SystemTime};
[INFO] [stdout]    |                 ^^^^^^^^  ^^^^^^^^^^
[INFO] [stdout] 
[INFO] [stdout] 
[INFO] [stdout] warning: unused import: `std::time::SystemTime`
[INFO] [stdout]   --> tests/helper.rs:13:5
[INFO] [stdout]    |
[INFO] [stdout] 13 | use std::time::SystemTime;
[INFO] [stdout]    |     ^^^^^^^^^^^^^^^^^^^^^
[INFO] [stdout] 
[INFO] [stdout] 
[INFO] [stdout] warning: struct `EnvVarGuard` is never constructed
[INFO] [stdout]   --> tests/helper.rs:18:12
[INFO] [stdout]    |
[INFO] [stdout] 18 | pub struct EnvVarGuard {
[INFO] [stdout]    |            ^^^^^^^^^^^
[INFO] [stdout]    |
[INFO] [stdout]    = note: `#[warn(dead_code)]` (part of `#[warn(unused)]`) on by default
[INFO] [stdout] 
[INFO] [stdout] 
[INFO] [stdout] warning: associated items `new`, `set`, and `remove` are never used
[INFO] [stdout]   --> tests/helper.rs:24:12
[INFO] [stdout]    |
[INFO] [stdout] 22 | impl EnvVarGuard {
[INFO] [stdout]    | ---------------- associated items in this implementation
[INFO] [stdout] 23 |     /// Create a new environment variable guard
[INFO] [stdout] 24 |     pub fn new() -> Self {
[INFO] [stdout]    |            ^^^
[INFO] [stdout] ...
[INFO] [stdout] 35 |     pub fn set(&mut self, key: &str, value: &str) {
[INFO] [stdout]    |            ^^^
[INFO] [stdout] ...
[INFO] [stdout] 45 |     pub fn remove(&mut self, key: &str) {
[INFO] [stdout]    |            ^^^^^^
[INFO] [stdout] 
[INFO] [stdout] 
[INFO] [stdout] warning: function `random_email` is never used
[INFO] [stdout]   --> tests/helper.rs:66:8
[INFO] [stdout]    |
[INFO] [stdout] 66 | pub fn random_email() -> String {
[INFO] [stdout]    |        ^^^^^^^^^^^^
[INFO] [stdout] 
[INFO] [stdout] 
[INFO] [stdout] warning: function `random_string` is never used
[INFO] [stdout]   --> tests/helper.rs:80:8
[INFO] [stdout]    |
[INFO] [stdout] 80 | pub fn random_string(length: usize) -> String {
[INFO] [stdout]    |        ^^^^^^^^^^^^^
[INFO] [stdout] 
[INFO] [stdout] 
[INFO] [stdout] warning: struct `TestCase` is never constructed
[INFO] [stdout]   --> tests/helper.rs:94:12
[INFO] [stdout]    |
[INFO] [stdout] 94 | pub struct TestCase<I, E> {
[INFO] [stdout]    |            ^^^^^^^^
[INFO] [stdout] 
[INFO] [stdout] 
[INFO] [stdout] warning: associated function `new` is never used
[INFO] [stdout]    --> tests/helper.rs:101:12
[INFO] [stdout]     |
[INFO] [stdout] 100 | impl<I, E> TestCase<I, E> {
[INFO] [stdout]     | ------------------------- associated function in this implementation
[INFO] [stdout] 101 |     pub fn new(name: &str, input: I, expected: E) -> Self {
[INFO] [stdout]     |            ^^^
[INFO] [stdout] 
[INFO] [stdout] 
[INFO] [stdout] warning: function `run_test_cases` is never used
[INFO] [stdout]    --> tests/helper.rs:111:8
[INFO] [stdout]     |
[INFO] [stdout] 111 | pub fn run_test_cases<I: Clone, E: PartialEq + std::fmt::Debug>(
[INFO] [stdout]     |        ^^^^^^^^^^^^^^
[INFO] [stdout] 
[INFO] [stdout] 
[INFO] [stdout] warning: function `api_error_response` is never used
[INFO] [stdout]    --> tests/helper.rs:128:8
[INFO] [stdout]     |
[INFO] [stdout] 128 | pub fn api_error_response(code: u16, message: &str) -> Value {
[INFO] [stdout]     |        ^^^^^^^^^^^^^^^^^^
[INFO] [stdout] 
[INFO] [stdout] 
[INFO] [stdout] warning: struct `MockTimeProvider` is never constructed
[INFO] [stdout]    --> tests/helper.rs:139:12
[INFO] [stdout]     |
[INFO] [stdout] 139 | pub struct MockTimeProvider {
[INFO] [stdout]     |            ^^^^^^^^^^^^^^^^
[INFO] [stdout] 
[INFO] [stdout] 
[INFO] [stdout] warning: associated items `new`, `now`, and `advance` are never used
[INFO] [stdout]    --> tests/helper.rs:144:12
[INFO] [stdout]     |
[INFO] [stdout] 143 | impl MockTimeProvider {
[INFO] [stdout]     | --------------------- associated items in this implementation
[INFO] [stdout] 144 |     pub fn new(seconds_from_epoch: u64) -> Self {
[INFO] [stdout]     |            ^^^
[INFO] [stdout] ...
[INFO] [stdout] 151 |     pub fn now(&self) -> std::time::SystemTime {
[INFO] [stdout]     |            ^^^
[INFO] [stdout] ...
[INFO] [stdout] 155 |     pub fn advance(&mut self, seconds: u64) {
[INFO] [stdout]     |            ^^^^^^^
[INFO] [stdout] 
[INFO] [stdout] 
[INFO] [stdout] warning: function `create_gmail_message` is never used
[INFO] [stdout]    --> tests/helper.rs:183:8
[INFO] [stdout]     |
[INFO] [stdout] 183 | pub fn create_gmail_message(
[INFO] [stdout]     |        ^^^^^^^^^^^^^^^^^^^^
[INFO] [stdout] 
[INFO] [stdout] 
[INFO] [stdout] warning: function `create_calendar_event` is never used
[INFO] [stdout]    --> tests/helper.rs:238:8
[INFO] [stdout]     |
[INFO] [stdout] 238 | pub fn create_calendar_event(
[INFO] [stdout]     |        ^^^^^^^^^^^^^^^^^^^^^
[INFO] [stdout] 
[INFO] [stdout] 
[INFO] [stdout] warning: function `create_contact` is never used
[INFO] [stdout]    --> tests/helper.rs:273:8
[INFO] [stdout]     |
[INFO] [stdout] 273 | pub fn create_contact(
[INFO] [stdout]     |        ^^^^^^^^^^^^^^
[INFO] [stdout] 
[INFO] [stdout] 
[INFO] [stdout] warning: function `encode` is never used
[INFO] [stdout]    --> tests/helper.rs:167:12
[INFO] [stdout]     |
[INFO] [stdout] 167 |     pub fn encode(s: &str) -> String {
[INFO] [stdout]     |            ^^^^^^
[INFO] [stdout] 
[INFO] [stdout] 
[INFO] [stdout] warning: function `decode` is never used
[INFO] [stdout]    --> tests/helper.rs:172:12
[INFO] [stdout]     |
[INFO] [stdout] 172 |     pub fn decode(s: &str) -> Result<String, String> {
[INFO] [stdout]     |            ^^^^^^
[INFO] [stdout] 
[INFO] [stdout] 
[INFO] [stderr]     Finished `release` profile [optimized] target(s) in 2m 18s
[INFO] running `Command { std: "docker" "inspect" "324df31ca54d42da987cbba66a26f289eb4c8b37017391f40160d7b99755a193", kill_on_drop: false }`
[INFO] running `Command { std: "docker" "exec" "-e" "SOURCE_DIR=/opt/rustwide/workdir" "-e" "CARGO_HOME=/opt/rustwide/cargo-home" "-e" "RUSTUP_HOME=/opt/rustwide/rustup-home" "-e" "CARGO_TARGET_DIR=/opt/rustwide/target" "-e" "CARGO_INCREMENTAL=0" "-e" "RUST_BACKTRACE=full" "-e" "RUSTFLAGS=--cap-lints=warn" "-e" "RUSTDOCFLAGS=--cap-lints=warn" "-w" "/opt/rustwide/workdir" "--user" "0:0" "324df31ca54d42da987cbba66a26f289eb4c8b37017391f40160d7b99755a193" "/opt/rustwide/cargo-home/bin/cargo" "+1.99.0-beta.8" "test" "--frozen" "--release", kill_on_drop: false }`
[INFO] [stderr] warning: use of deprecated method `chrono::TimeZone::ymd`: use `with_ymd_and_hms()` instead
[INFO] [stderr]    --> tests/calendar_validation_tests.rs:503:32
[INFO] [stderr]     |
[INFO] [stderr] 503 |         event.start_time = Utc.ymd(2025, 5, 15).and_hms(0, 0, 0);
[INFO] [stderr]     |                                ^^^
[INFO] [stderr]     |
[INFO] [stderr]     = note: `#[warn(deprecated)]` on by default
[INFO] [stderr] 
[INFO] [stderr] warning: use of deprecated method `chrono::Date::<Tz>::and_hms`: Use and_hms_opt() instead
[INFO] [stderr]    --> tests/calendar_validation_tests.rs:503:49
[INFO] [stderr]     |
[INFO] [stderr] 503 |         event.start_time = Utc.ymd(2025, 5, 15).and_hms(0, 0, 0);
[INFO] [stderr]     |                                                 ^^^^^^^
[INFO] [stderr] 
[INFO] [stderr] warning: use of deprecated method `chrono::TimeZone::ymd`: use `with_ymd_and_hms()` instead
[INFO] [stderr]    --> tests/calendar_validation_tests.rs:506:30
[INFO] [stderr]     |
[INFO] [stderr] 506 |         event.end_time = Utc.ymd(2025, 5, 16).and_hms(0, 0, 0);
[INFO] [stderr]     |                              ^^^
[INFO] [stderr] 
[INFO] [stderr] warning: use of deprecated method `chrono::Date::<Tz>::and_hms`: Use and_hms_opt() instead
[INFO] [stderr]    --> tests/calendar_validation_tests.rs:506:47
[INFO] [stderr]     |
[INFO] [stderr] 506 |         event.end_time = Utc.ymd(2025, 5, 16).and_hms(0, 0, 0);
[INFO] [stderr]     |                                               ^^^^^^^
[INFO] [stderr] 
[INFO] [stderr] warning: unused import: `GmailService`
[INFO] [stderr]  --> tests/gmail_draft_tests.rs:7:43
[INFO] [stderr]   |
[INFO] [stderr] 7 | use mcp_gmailcal::gmail_api::{DraftEmail, GmailService};
[INFO] [stderr]   |                                           ^^^^^^^^^^^^
[INFO] [stderr]   |
[INFO] [stderr]   = note: `#[warn(unused_imports)]` (part of `#[warn(unused)]`) on by default
[INFO] [stderr] 
[INFO] [stderr] warning: unused imports: `SystemTime` and `UNIX_EPOCH`
[INFO] [stderr]   --> tests/gmail_draft_tests.rs:11:17
[INFO] [stderr]    |
[INFO] [stderr] 11 | use std::time::{SystemTime, UNIX_EPOCH};
[INFO] [stderr]    |                 ^^^^^^^^^^  ^^^^^^^^^^
[INFO] [stderr] 
[INFO] [stderr] warning: unused import: `mockito`
[INFO] [stderr]   --> tests/gmail_draft_tests.rs:12:5
[INFO] [stderr]    |
[INFO] [stderr] 12 | use mockito;
[INFO] [stderr]    |     ^^^^^^^
[INFO] [stderr] 
[INFO] [stderr] warning: unused import: `std::env`
[INFO] [stderr]   --> tests/gmail_draft_tests.rs:13:5
[INFO] [stderr]    |
[INFO] [stderr] 13 | use std::env;
[INFO] [stderr]    |     ^^^^^^^^
[INFO] [stderr] 
[INFO] [stderr] warning: function `create_mock_config` is never used
[INFO] [stderr]   --> tests/gmail_draft_tests.rs:16:4
[INFO] [stderr]    |
[INFO] [stderr] 16 | fn create_mock_config() -> Config {
[INFO] [stderr]    |    ^^^^^^^^^^^^^^^^^^
[INFO] [stderr]    |
[INFO] [stderr]    = note: `#[warn(dead_code)]` (part of `#[warn(unused)]`) on by default
[INFO] [stderr] 
[INFO] [stderr] warning: unused import: `std::time::SystemTime`
[INFO] [stderr]   --> tests/helper.rs:13:5
[INFO] [stderr]    |
[INFO] [stderr] 13 | use std::time::SystemTime;
[INFO] [stderr]    |     ^^^^^^^^^^^^^^^^^^^^^
[INFO] [stderr]    |
[INFO] [stderr]    = note: `#[warn(unused_imports)]` (part of `#[warn(unused)]`) on by default
[INFO] [stderr] 
[INFO] [stderr] warning: variant `NetworkError` is never constructed
[INFO] [stderr]   --> tests/test_macros_example.rs:18:5
[INFO] [stderr]    |
[INFO] [stderr] 15 | enum TestError {
[INFO] [stderr]    |      --------- variant in this enum
[INFO] [stderr] ...
[INFO] [stderr] 18 |     NetworkError(String),
[INFO] [stderr]    |     ^^^^^^^^^^^^
[INFO] [stderr]    |
[INFO] [stderr]    = note: `TestError` has a derived impl for the trait `Debug`, but this is intentionally ignored during dead code analysis
[INFO] [stderr]    = note: `#[warn(dead_code)]` (part of `#[warn(unused)]`) on by default
[INFO] [stderr] 
[INFO] [stderr] warning: function `async_operation` is never used
[INFO] [stderr]   --> tests/test_macros_example.rs:49:10
[INFO] [stderr]    |
[INFO] [stderr] 49 | async fn async_operation(succeed: bool) -> Result<String, TestError> {
[INFO] [stderr]    |          ^^^^^^^^^^^^^^^
[INFO] [stderr] 
[INFO] [stderr] warning: method `remove` is never used
[INFO] [stderr]   --> tests/helper.rs:45:12
[INFO] [stderr]    |
[INFO] [stderr] 22 | impl EnvVarGuard {
[INFO] [stderr]    | ---------------- method in this implementation
[INFO] [stderr] ...
[INFO] [stderr] 45 |     pub fn remove(&mut self, key: &str) {
[INFO] [stderr]    |            ^^^^^^
[INFO] [stderr] 
[INFO] [stderr] warning: function `random_email` is never used
[INFO] [stderr]   --> tests/helper.rs:66:8
[INFO] [stderr]    |
[INFO] [stderr] 66 | pub fn random_email() -> String {
[INFO] [stderr]    |        ^^^^^^^^^^^^
[INFO] [stderr] 
[INFO] [stderr] warning: function `random_string` is never used
[INFO] [stderr]   --> tests/helper.rs:80:8
[INFO] [stderr]    |
[INFO] [stderr] 80 | pub fn random_string(length: usize) -> String {
[INFO] [stderr]    |        ^^^^^^^^^^^^^
[INFO] [stderr] 
[INFO] [stderr] warning: struct `TestCase` is never constructed
[INFO] [stderr]   --> tests/helper.rs:94:12
[INFO] [stderr]    |
[INFO] [stderr] 94 | pub struct TestCase<I, E> {
[INFO] [stderr]    |            ^^^^^^^^
[INFO] [stderr] 
[INFO] [stderr] warning: associated function `new` is never used
[INFO] [stderr]    --> tests/helper.rs:101:12
[INFO] [stderr]     |
[INFO] [stderr] 100 | impl<I, E> TestCase<I, E> {
[INFO] [stderr]     | ------------------------- associated function in this implementation
[INFO] [stderr] 101 |     pub fn new(name: &str, input: I, expected: E) -> Self {
[INFO] [stderr]     |            ^^^
[INFO] [stderr] 
[INFO] [stderr] warning: function `run_test_cases` is never used
[INFO] [stderr]    --> tests/helper.rs:111:8
[INFO] [stderr]     |
[INFO] [stderr] 111 | pub fn run_test_cases<I: Clone, E: PartialEq + std::fmt::Debug>(
[INFO] [stderr]     |        ^^^^^^^^^^^^^^
[INFO] [stderr] 
[INFO] [stderr] warning: function `api_error_response` is never used
[INFO] [stderr]    --> tests/helper.rs:128:8
[INFO] [stderr]     |
[INFO] [stderr] 128 | pub fn api_error_response(code: u16, message: &str) -> Value {
[INFO] [stderr]     |        ^^^^^^^^^^^^^^^^^^
[INFO] [stderr] 
[INFO] [stderr] warning: function `create_gmail_message` is never used
[INFO] [stderr]    --> tests/helper.rs:183:8
[INFO] [stderr]     |
[INFO] [stderr] 183 | pub fn create_gmail_message(
[INFO] [stderr]     |        ^^^^^^^^^^^^^^^^^^^^
[INFO] [stderr] 
[INFO] [stderr] warning: function `create_calendar_event` is never used
[INFO] [stderr]    --> tests/helper.rs:238:8
[INFO] [stderr]     |
[INFO] [stderr] 238 | pub fn create_calendar_event(
[INFO] [stderr]     |        ^^^^^^^^^^^^^^^^^^^^^
[INFO] [stderr] 
[INFO] [stderr] warning: function `create_contact` is never used
[INFO] [stderr]    --> tests/helper.rs:273:8
[INFO] [stderr]     |
[INFO] [stderr] 273 | pub fn create_contact(
[INFO] [stderr]     |        ^^^^^^^^^^^^^^
[INFO] [stderr] 
[INFO] [stderr] warning: function `encode` is never used
[INFO] [stderr]    --> tests/helper.rs:167:12
[INFO] [stderr]     |
[INFO] [stderr] 167 |     pub fn encode(s: &str) -> String {
[INFO] [stderr]     |            ^^^^^^
[INFO] [stderr] 
[INFO] [stderr] warning: function `decode` is never used
[INFO] [stderr]    --> tests/helper.rs:172:12
[INFO] [stderr]     |
[INFO] [stderr] 172 |     pub fn decode(s: &str) -> Result<String, String> {
[INFO] [stderr]     |            ^^^^^^
[INFO] [stderr] 
[INFO] [stderr] warning: unused import: `to_mcp_error`
[INFO] [stderr]  --> tests/utils_final_coverage_tests.rs:7:41
[INFO] [stderr]   |
[INFO] [stderr] 7 |     map_gmail_error, parse_max_results, to_mcp_error,
[INFO] [stderr]   |                                         ^^^^^^^^^^^^
[INFO] [stderr]   |
[INFO] [stderr]   = note: `#[warn(unused_imports)]` (part of `#[warn(unused)]`) on by default
[INFO] [stderr] 
[INFO] [stderr] warning: unused import: `json`
[INFO] [stderr]   --> tests/utils_final_coverage_tests.rs:10:18
[INFO] [stderr]    |
[INFO] [stderr] 10 | use serde_json::{json, Number, Value};
[INFO] [stderr]    |                  ^^^^
[INFO] [stderr] 
[INFO] [stderr] warning: multiple methods are never used
[INFO] [stderr]   --> src/auth.rs:41:19
[INFO] [stderr]    |
[INFO] [stderr] 38 | impl TokenManager {
[INFO] [stderr]    | ----------------- methods in this implementation
[INFO] [stderr] ...
[INFO] [stderr] 41 |     pub(crate) fn get_access_token(&self) -> &str {
[INFO] [stderr]    |                   ^^^^^^^^^^^^^^^^
[INFO] [stderr] ...
[INFO] [stderr] 46 |     pub(crate) fn get_expiry(&self) -> SystemTime {
[INFO] [stderr]    |                   ^^^^^^^^^^
[INFO] [stderr] ...
[INFO] [stderr] 51 |     pub(crate) fn get_refresh_threshold(&self) -> u64 {
[INFO] [stderr]    |                   ^^^^^^^^^^^^^^^^^^^^^
[INFO] [stderr] ...
[INFO] [stderr] 56 |     pub(crate) fn get_expiry_buffer(&self) -> u64 {
[INFO] [stderr]    |                   ^^^^^^^^^^^^^^^^^
[INFO] [stderr] ...
[INFO] [stderr] 61 |     pub(crate) fn get_retry_count(&self) -> u8 {
[INFO] [stderr]    |                   ^^^^^^^^^^^^^^^
[INFO] [stderr] ...
[INFO] [stderr] 66 |     pub(crate) fn get_max_retries(&self) -> u8 {
[INFO] [stderr]    |                   ^^^^^^^^^^^^^^^
[INFO] [stderr] ...
[INFO] [stderr] 71 |     pub(crate) fn get_base_retry_delay_ms(&self) -> u64 {
[INFO] [stderr]    |                   ^^^^^^^^^^^^^^^^^^^^^^^
[INFO] [stderr] ...
[INFO] [stderr] 76 |     pub(crate) fn set_access_token(&mut self, token: String) {
[INFO] [stderr]    |                   ^^^^^^^^^^^^^^^^
[INFO] [stderr] ...
[INFO] [stderr] 81 |     pub(crate) fn set_expiry(&mut self, expiry: SystemTime) {
[INFO] [stderr]    |                   ^^^^^^^^^^
[INFO] [stderr] ...
[INFO] [stderr] 86 |     pub(crate) fn increment_retry_count(&mut self) {
[INFO] [stderr]    |                   ^^^^^^^^^^^^^^^^^^^^^
[INFO] [stderr] ...
[INFO] [stderr] 91 |     pub(crate) fn set_retry_count(&mut self, count: u8) {
[INFO] [stderr]    |                   ^^^^^^^^^^^^^^^
[INFO] [stderr] ...
[INFO] [stderr] 96 |     pub(crate) fn set_max_retries(&mut self, max: u8) {
[INFO] [stderr]    |                   ^^^^^^^^^^^^^^^
[INFO] [stderr]    |
[INFO] [stderr]    = note: `#[warn(dead_code)]` (part of `#[warn(unused)]`) on by default
[INFO] [stderr] 
[INFO] [stderr] warning: struct `EnvVarGuard` is never constructed
[INFO] [stderr]   --> tests/helper.rs:18:12
[INFO] [stderr]    |
[INFO] [stderr] 18 | pub struct EnvVarGuard {
[INFO] [stderr]    |            ^^^^^^^^^^^
[INFO] [stderr]    |
[INFO] [stderr]    = note: `#[warn(dead_code)]` (part of `#[warn(unused)]`) on by default
[INFO] [stderr] 
[INFO] [stderr] warning: associated items `new`, `set`, and `remove` are never used
[INFO] [stderr]   --> tests/helper.rs:24:12
[INFO] [stderr]    |
[INFO] [stderr] 22 | impl EnvVarGuard {
[INFO] [stderr]    | ---------------- associated items in this implementation
[INFO] [stderr] 23 |     /// Create a new environment variable guard
[INFO] [stderr] 24 |     pub fn new() -> Self {
[INFO] [stderr]    |            ^^^
[INFO] [stderr] ...
[INFO] [stderr] 35 |     pub fn set(&mut self, key: &str, value: &str) {
[INFO] [stderr]    |            ^^^
[INFO] [stderr] ...
[INFO] [stderr] 45 |     pub fn remove(&mut self, key: &str) {
[INFO] [stderr]    |            ^^^^^^
[INFO] [stderr] 
[INFO] [stderr] warning: struct `MockTimeProvider` is never constructed
[INFO] [stderr]    --> tests/helper.rs:139:12
[INFO] [stderr]     |
[INFO] [stderr] 139 | pub struct MockTimeProvider {
[INFO] [stderr]     |            ^^^^^^^^^^^^^^^^
[INFO] [stderr] 
[INFO] [stderr] warning: associated items `new`, `now`, and `advance` are never used
[INFO] [stderr]    --> tests/helper.rs:144:12
[INFO] [stderr]     |
[INFO] [stderr] 143 | impl MockTimeProvider {
[INFO] [stderr]     | --------------------- associated items in this implementation
[INFO] [stderr] 144 |     pub fn new(seconds_from_epoch: u64) -> Self {
[INFO] [stderr]     |            ^^^
[INFO] [stderr] ...
[INFO] [stderr] 151 |     pub fn now(&self) -> std::time::SystemTime {
[INFO] [stderr]     |            ^^^
[INFO] [stderr] ...
[INFO] [stderr] 155 |     pub fn advance(&mut self, seconds: u64) {
[INFO] [stderr]     |            ^^^^^^^
[INFO] [stderr] 
[INFO] [stderr] warning: `mcp-gmailcal` (test "calendar_validation_tests") generated 4 warnings
[INFO] [stderr] warning: `mcp-gmailcal` (test "gmail_draft_tests") generated 5 warnings (run `cargo fix --test "gmail_draft_tests" -p mcp-gmailcal` to apply 4 suggestions)
[INFO] [stderr] warning: `mcp-gmailcal` (test "test_macros_example") generated 15 warnings (run `cargo fix --test "test_macros_example" -p mcp-gmailcal` to apply 1 suggestion)
[INFO] [stderr] warning: `mcp-gmailcal` (test "utils_final_coverage_tests") generated 2 warnings (run `cargo fix --test "utils_final_coverage_tests" -p mcp-gmailcal` to apply 2 suggestions)
[INFO] [stderr] warning: `mcp-gmailcal` (lib test) generated 1 warning
[INFO] [stderr] warning: `mcp-gmailcal` (test "parameterized_test_example") generated 13 warnings (9 duplicates)
[INFO] [stderr] warning: `mcp-gmailcal` (test "helper") generated 1 warning (1 duplicate)
[INFO] [stderr] warning: unused import: `mcp_gmailcal::errors::GmailApiError`
[INFO] [stderr]  --> tests/auth_module_tests.rs:8:5
[INFO] [stderr]   |
[INFO] [stderr] 8 | use mcp_gmailcal::errors::GmailApiError;
[INFO] [stderr]   |     ^^^^^^^^^^^^^^^^^^^^^^^^^^^^^^^^^^^
[INFO] [stderr]   |
[INFO] [stderr]   = note: `#[warn(unused_imports)]` (part of `#[warn(unused)]`) on by default
[INFO] [stderr] 
[INFO] [stderr] warning: unused import: `mockito`
[INFO] [stderr]  --> tests/auth_module_tests.rs:9:5
[INFO] [stderr]   |
[INFO] [stderr] 9 | use mockito;
[INFO] [stderr]   |     ^^^^^^^
[INFO] [stderr] 
[INFO] [stderr] warning: unused import: `std::time::SystemTime`
[INFO] [stderr]   --> tests/helper.rs:13:5
[INFO] [stderr]    |
[INFO] [stderr] 13 | use std::time::SystemTime;
[INFO] [stderr]    |     ^^^^^^^^^^^^^^^^^^^^^
[INFO] [stderr] 
[INFO] [stderr] warning: unused imports: `DraftEmail` and `GmailService`
[INFO] [stderr]  --> tests/gmail_api_integration_tests.rs:6:31
[INFO] [stderr]   |
[INFO] [stderr] 6 | use mcp_gmailcal::gmail_api::{DraftEmail, GmailService};
[INFO] [stderr]   |                               ^^^^^^^^^^  ^^^^^^^^^^^^
[INFO] [stderr]   |
[INFO] [stderr]   = note: `#[warn(unused_imports)]` (part of `#[warn(unused)]`) on by default
[INFO] [stderr] 
[INFO] [stderr] warning: unused import: `mcp_gmailcal::errors::GmailApiError`
[INFO] [stderr]  --> tests/gmail_api_integration_tests.rs:8:5
[INFO] [stderr]   |
[INFO] [stderr] 8 | use mcp_gmailcal::errors::GmailApiError;
[INFO] [stderr]   |     ^^^^^^^^^^^^^^^^^^^^^^^^^^^^^^^^^^^
[INFO] [stderr] 
[INFO] [stderr] warning: unused import: `serde_json::json`
[INFO] [stderr]  --> tests/gmail_api_integration_tests.rs:9:5
[INFO] [stderr]   |
[INFO] [stderr] 9 | use serde_json::json;
[INFO] [stderr]   |     ^^^^^^^^^^^^^^^^
[INFO] [stderr] 
[INFO] [stderr] warning: unused import: `std::env`
[INFO] [stderr]   --> tests/gmail_api_integration_tests.rs:10:5
[INFO] [stderr]    |
[INFO] [stderr] 10 | use std::env;
[INFO] [stderr]    |     ^^^^^^^^
[INFO] [stderr] 
[INFO] [stderr] warning: function `create_mock_config` is never used
[INFO] [stderr]   --> tests/gmail_api_integration_tests.rs:13:4
[INFO] [stderr]    |
[INFO] [stderr] 13 | fn create_mock_config() -> Config {
[INFO] [stderr]    |    ^^^^^^^^^^^^^^^^^^
[INFO] [stderr]    |
[INFO] [stderr]    = note: `#[warn(dead_code)]` (part of `#[warn(unused)]`) on by default
[INFO] [stderr] 
[INFO] [stderr] warning: unused import: `mockito`
[INFO] [stderr]  --> tests/token_gmail_tests.rs:8:5
[INFO] [stderr]   |
[INFO] [stderr] 8 | use mockito;
[INFO] [stderr]   |     ^^^^^^^
[INFO] [stderr]   |
[INFO] [stderr]   = note: `#[warn(unused_imports)]` (part of `#[warn(unused)]`) on by default
[INFO] [stderr] 
[INFO] [stderr] warning: unused imports: `Duration` and `SystemTime`
[INFO] [stderr]   --> tests/token_gmail_tests.rs:11:17
[INFO] [stderr]    |
[INFO] [stderr] 11 | use std::time::{Duration, SystemTime};
[INFO] [stderr]    |                 ^^^^^^^^  ^^^^^^^^^^
[INFO] [stderr] 
[INFO] [stderr] warning: unused variable: `expected_pattern`
[INFO] [stderr]   --> tests/logging_final_coverage_tests.rs:85:13
[INFO] [stderr]    |
[INFO] [stderr] 85 |         let expected_pattern = format!("====== GMAIL MCP SERVER LOG - Started at {} ======", timestamp_part);
[INFO] [stderr]    |             ^^^^^^^^^^^^^^^^ help: if this is intentional, prefix it with an underscore: `_expected_pattern`
[INFO] [stderr]    |
[INFO] [stderr]    = note: `#[warn(unused_variables)]` (part of `#[warn(unused)]`) on by default
[INFO] [stderr] 
[INFO] [stderr] warning: function `setup_test_env` is never used
[INFO] [stderr]   --> tests/logging_final_coverage_tests.rs:26:4
[INFO] [stderr]    |
[INFO] [stderr] 26 | fn setup_test_env() {
[INFO] [stderr]    |    ^^^^^^^^^^^^^^
[INFO] [stderr]    |
[INFO] [stderr]    = note: `#[warn(dead_code)]` (part of `#[warn(unused)]`) on by default
[INFO] [stderr] 
[INFO] [stderr] warning: unused import: `mockall::mock`
[INFO] [stderr]  --> tests/calendar_api_tests.rs:7:5
[INFO] [stderr]   |
[INFO] [stderr] 7 | use mockall::mock;
[INFO] [stderr]   |     ^^^^^^^^^^^^^
[INFO] [stderr]   |
[INFO] [stderr]   = note: `#[warn(unused_imports)]` (part of `#[warn(unused)]`) on by default
[INFO] [stderr] 
[INFO] [stderr] warning: unused import: `reqwest::Client`
[INFO] [stderr]   --> tests/calendar_api_tests.rs:10:5
[INFO] [stderr]    |
[INFO] [stderr] 10 | use reqwest::Client;
[INFO] [stderr]    |     ^^^^^^^^^^^^^^^
[INFO] [stderr] 
[INFO] [stderr] warning: use of deprecated method `chrono::TimeZone::ymd`: use `with_ymd_and_hms()` instead
[INFO] [stderr]    --> tests/calendar_api_tests.rs:670:28
[INFO] [stderr]     |
[INFO] [stderr] 670 |         let utc_time = Utc.ymd(2025, 5, 15).and_hms(10, 0, 0);
[INFO] [stderr]     |                            ^^^
[INFO] [stderr]     |
[INFO] [stderr]     = note: `#[warn(deprecated)]` on by default
[INFO] [stderr] 
[INFO] [stderr] warning: use of deprecated method `chrono::Date::<Tz>::and_hms`: Use and_hms_opt() instead
[INFO] [stderr]    --> tests/calendar_api_tests.rs:670:45
[INFO] [stderr]     |
[INFO] [stderr] 670 |         let utc_time = Utc.ymd(2025, 5, 15).and_hms(10, 0, 0);
[INFO] [stderr]     |                                             ^^^^^^^
[INFO] [stderr] 
[INFO] [stderr] warning: use of deprecated method `chrono::TimeZone::ymd`: use `with_ymd_and_hms()` instead
[INFO] [stderr]    --> tests/calendar_api_tests.rs:693:32
[INFO] [stderr]     |
[INFO] [stderr] 693 |         let start_of_day = Utc.ymd(2025, 5, 15).and_hms(0, 0, 0);
[INFO] [stderr]     |                                ^^^
[INFO] [stderr] 
[INFO] [stderr] warning: use of deprecated method `chrono::Date::<Tz>::and_hms`: Use and_hms_opt() instead
[INFO] [stderr]    --> tests/calendar_api_tests.rs:693:49
[INFO] [stderr]     |
[INFO] [stderr] 693 |         let start_of_day = Utc.ymd(2025, 5, 15).and_hms(0, 0, 0);
[INFO] [stderr]     |                                                 ^^^^^^^
[INFO] [stderr] 
[INFO] [stderr] warning: use of deprecated method `chrono::TimeZone::ymd`: use `with_ymd_and_hms()` instead
[INFO] [stderr]    --> tests/calendar_api_tests.rs:696:30
[INFO] [stderr]     |
[INFO] [stderr] 696 |         let end_of_day = Utc.ymd(2025, 5, 15).and_hms(23, 59, 59);
[INFO] [stderr]     |                              ^^^
[INFO] [stderr] 
[INFO] [stderr] warning: use of deprecated method `chrono::Date::<Tz>::and_hms`: Use and_hms_opt() instead
[INFO] [stderr]    --> tests/calendar_api_tests.rs:696:47
[INFO] [stderr]     |
[INFO] [stderr] 696 |         let end_of_day = Utc.ymd(2025, 5, 15).and_hms(23, 59, 59);
[INFO] [stderr]     |                                               ^^^^^^^
[INFO] [stderr] 
[INFO] [stderr] warning: function `create_test_calendar` is never used
[INFO] [stderr]    --> tests/calendar_api_tests.rs:320:4
[INFO] [stderr]     |
[INFO] [stderr] 320 | fn create_test_calendar(id: &str, summary: &str, is_primary: bool) -> CalendarInfo {
[INFO] [stderr]     |    ^^^^^^^^^^^^^^^^^^^^
[INFO] [stderr]     |
[INFO] [stderr]     = note: `#[warn(dead_code)]` (part of `#[warn(unused)]`) on by default
[INFO] [stderr] 
[INFO] [stderr] warning: unused import: `DateTime`
[INFO] [stderr]  --> tests/gmail_api_tests.rs:6:14
[INFO] [stderr]   |
[INFO] [stderr] 6 | use chrono::{DateTime, TimeZone, Utc};
[INFO] [stderr]   |              ^^^^^^^^
[INFO] [stderr]   |
[INFO] [stderr]   = note: `#[warn(unused_imports)]` (part of `#[warn(unused)]`) on by default
[INFO] [stderr] 
[INFO] [stderr] warning: unused import: `mockall::mock`
[INFO] [stderr]  --> tests/gmail_api_tests.rs:7:5
[INFO] [stderr]   |
[INFO] [stderr] 7 | use mockall::mock;
[INFO] [stderr]   |     ^^^^^^^^^^^^^
[INFO] [stderr] 
[INFO] [stderr] warning: unused import: `GmailService`
[INFO] [stderr]  --> tests/gmail_api_tests.rs:9:57
[INFO] [stderr]   |
[INFO] [stderr] 9 | use mcp_gmailcal::gmail_api::{DraftEmail, EmailMessage, GmailService};
[INFO] [stderr]   |                                                         ^^^^^^^^^^^^
[INFO] [stderr] 
[INFO] [stderr] warning: unused import: `reqwest::Client`
[INFO] [stderr]   --> tests/gmail_api_tests.rs:10:5
[INFO] [stderr]    |
[INFO] [stderr] 10 | use reqwest::Client;
[INFO] [stderr]    |     ^^^^^^^^^^^^^^^
[INFO] [stderr] 
[INFO] [stderr] warning: use of deprecated method `chrono::TimeZone::timestamp`: use `timestamp_opt()` instead
[INFO] [stderr]   --> tests/gmail_api_tests.rs:66:20
[INFO] [stderr]    |
[INFO] [stderr] 66 |     let date = Utc.timestamp(now as i64, 0).to_rfc3339();
[INFO] [stderr]    |                    ^^^^^^^^^
[INFO] [stderr]    |
[INFO] [stderr]    = note: `#[warn(deprecated)]` on by default
[INFO] [stderr] 
[INFO] [stderr] warning: unused import: `mockito`
[INFO] [stderr]  --> tests/token_refresh_tests.rs:8:5
[INFO] [stderr]   |
[INFO] [stderr] 8 | use mockito;
[INFO] [stderr]   |     ^^^^^^^
[INFO] [stderr]   |
[INFO] [stderr]   = note: `#[warn(unused_imports)]` (part of `#[warn(unused)]`) on by default
[INFO] [stderr] 
[INFO] [stderr] warning: unused imports: `Duration` and `SystemTime`
[INFO] [stderr]   --> tests/token_refresh_tests.rs:11:17
[INFO] [stderr]    |
[INFO] [stderr] 11 | use std::time::{Duration, SystemTime};
[INFO] [stderr]    |                 ^^^^^^^^  ^^^^^^^^^^
[INFO] [stderr] 
[INFO] [stderr] warning: unused variable: `original_client_id`
[INFO] [stderr]   --> tests/config_module_tests.rs:71:13
[INFO] [stderr]    |
[INFO] [stderr] 71 |         let original_client_id = env::var("GMAIL_CLIENT_ID").ok();
[INFO] [stderr]    |             ^^^^^^^^^^^^^^^^^^ help: if this is intentional, prefix it with an underscore: `_original_client_id`
[INFO] [stderr]    |
[INFO] [stderr]    = note: `#[warn(unused_variables)]` (part of `#[warn(unused)]`) on by default
[INFO] [stderr] 
[INFO] [stderr] warning: unused variable: `original_client_secret`
[INFO] [stderr]   --> tests/config_module_tests.rs:72:13
[INFO] [stderr]    |
[INFO] [stderr] 72 |         let original_client_secret = env::var("GMAIL_CLIENT_SECRET").ok();
[INFO] [stderr]    |             ^^^^^^^^^^^^^^^^^^^^^^ help: if this is intentional, prefix it with an underscore: `_original_client_secret`
[INFO] [stderr] 
[INFO] [stderr] warning: unused variable: `original_refresh_token`
[INFO] [stderr]   --> tests/config_module_tests.rs:73:13
[INFO] [stderr]    |
[INFO] [stderr] 73 |         let original_refresh_token = env::var("GMAIL_REFRESH_TOKEN").ok();
[INFO] [stderr]    |             ^^^^^^^^^^^^^^^^^^^^^^ help: if this is intentional, prefix it with an underscore: `_original_refresh_token`
[INFO] [stderr] 
[INFO] [stderr] warning: unused variable: `original_access_token`
[INFO] [stderr]   --> tests/config_module_tests.rs:74:13
[INFO] [stderr]    |
[INFO] [stderr] 74 |         let original_access_token = env::var("GMAIL_ACCESS_TOKEN").ok();
[INFO] [stderr]    |             ^^^^^^^^^^^^^^^^^^^^^ help: if this is intentional, prefix it with an underscore: `_original_access_token`
[INFO] [stderr] 
[INFO] [stderr] warning: unused import: `EmailMessage`
[INFO] [stderr]  --> tests/gmail_message_tests.rs:6:31
[INFO] [stderr]   |
[INFO] [stderr] 6 | use mcp_gmailcal::gmail_api::{EmailMessage, GmailService};
[INFO] [stderr]   |                               ^^^^^^^^^^^^
[INFO] [stderr]   |
[INFO] [stderr]   = note: `#[warn(unused_imports)]` (part of `#[warn(unused)]`) on by default
[INFO] [stderr] 
[INFO] [stderr] warning: unused import: `decode`
[INFO] [stderr]   --> tests/gmail_message_tests.rs:10:22
[INFO] [stderr]    |
[INFO] [stderr] 10 | use base64::{encode, decode};
[INFO] [stderr]    |                      ^^^^^^
[INFO] [stderr] 
[INFO] [stderr] warning: unused imports: `SystemTime` and `UNIX_EPOCH`
[INFO] [stderr]   --> tests/gmail_message_tests.rs:11:17
[INFO] [stderr]    |
[INFO] [stderr] 11 | use std::time::{SystemTime, UNIX_EPOCH};
[INFO] [stderr]    |                 ^^^^^^^^^^  ^^^^^^^^^^
[INFO] [stderr] 
[INFO] [stderr] warning: unused imports: `GENERAL_ERROR`, `MESSAGE_FORMAT_ERROR`, `decode_base64`, and `encode_base64_url_safe`
[INFO] [stderr]  --> tests/utils_extended_tests.rs:7:5
[INFO] [stderr]   |
[INFO] [stderr] 7 |     decode_base64, encode_base64_url_safe, map_gmail_error, parse_max_results, to_mcp_error,
[INFO] [stderr]   |     ^^^^^^^^^^^^^  ^^^^^^^^^^^^^^^^^^^^^^
[INFO] [stderr] 8 |     error_codes::{get_error_description, get_troubleshooting_steps},
[INFO] [stderr] 9 |     error_codes::{AUTH_ERROR, API_ERROR, CONFIG_ERROR, MESSAGE_FORMAT_ERROR, GENERAL_ERROR}
[INFO] [stderr]   |                                                        ^^^^^^^^^^^^^^^^^^^^  ^^^^^^^^^^^^^
[INFO] [stderr]   |
[INFO] [stderr]   = note: `#[warn(unused_imports)]` (part of `#[warn(unused)]`) on by default
[INFO] [stderr] 
[INFO] [stderr] warning: `mcp-gmailcal` (test "auth_module_tests") generated 18 warnings (15 duplicates) (run `cargo fix --test "auth_module_tests" -p mcp-gmailcal` to apply 3 suggestions)
[INFO] [stderr] warning: `mcp-gmailcal` (test "gmail_api_integration_tests") generated 5 warnings (run `cargo fix --test "gmail_api_integration_tests" -p mcp-gmailcal` to apply 4 suggestions)
[INFO] [stderr] warning: `mcp-gmailcal` (test "token_gmail_tests") generated 18 warnings (16 duplicates) (run `cargo fix --test "token_gmail_tests" -p mcp-gmailcal` to apply 2 suggestions)
[INFO] [stderr] warning: `mcp-gmailcal` (test "logging_final_coverage_tests") generated 2 warnings (run `cargo fix --test "logging_final_coverage_tests" -p mcp-gmailcal` to apply 1 suggestion)
[INFO] [stderr] warning: `mcp-gmailcal` (test "calendar_api_tests") generated 9 warnings (run `cargo fix --test "calendar_api_tests" -p mcp-gmailcal` to apply 2 suggestions)
[INFO] [stderr] warning: `mcp-gmailcal` (test "gmail_api_tests") generated 5 warnings (run `cargo fix --test "gmail_api_tests" -p mcp-gmailcal` to apply 4 suggestions)
[INFO] [stderr] warning: `mcp-gmailcal` (test "token_refresh_tests") generated 18 warnings (16 duplicates) (run `cargo fix --test "token_refresh_tests" -p mcp-gmailcal` to apply 2 suggestions)
[INFO] [stderr] warning: `mcp-gmailcal` (test "config_module_tests") generated 20 warnings (16 duplicates) (run `cargo fix --test "config_module_tests" -p mcp-gmailcal` to apply 4 suggestions)
[INFO] [stderr] warning: `mcp-gmailcal` (test "gmail_message_tests") generated 3 warnings (run `cargo fix --test "gmail_message_tests" -p mcp-gmailcal` to apply 3 suggestions)
[INFO] [stderr] warning: `mcp-gmailcal` (test "utils_extended_tests") generated 1 warning (run `cargo fix --test "utils_extended_tests" -p mcp-gmailcal` to apply 1 suggestion)
[INFO] [stderr] warning: unused imports: `TokenCacheConfig` and `TokenCache`
[INFO] [stderr]  --> tests/token_cache_interactions_tests.rs:7:33
[INFO] [stderr]   |
[INFO] [stderr] 7 | use mcp_gmailcal::token_cache::{TokenCacheConfig, TokenCache};
[INFO] [stderr]   |                                 ^^^^^^^^^^^^^^^^  ^^^^^^^^^^
[INFO] [stderr]   |
[INFO] [stderr]   = note: `#[warn(unused_imports)]` (part of `#[warn(unused)]`) on by default
[INFO] [stderr] 
[INFO] [stderr] warning: unused import: `std::path::PathBuf`
[INFO] [stderr]  --> tests/token_cache_interactions_tests.rs:9:5
[INFO] [stderr]   |
[INFO] [stderr] 9 | use std::path::PathBuf;
[INFO] [stderr]   |     ^^^^^^^^^^^^^^^^^^
[INFO] [stderr] 
[INFO] [stderr] warning: unused imports: `debug` and `error`
[INFO] [stderr]  --> tests/utils_line_targeting_tests.rs:6:11
[INFO] [stderr]   |
[INFO] [stderr] 6 | use log::{debug, error, LevelFilter};
[INFO] [stderr]   |           ^^^^^  ^^^^^
[INFO] [stderr]   |
[INFO] [stderr]   = note: `#[warn(unused_imports)]` (part of `#[warn(unused)]`) on by default
[INFO] [stderr] 
[INFO] [stderr] warning: unused imports: `Error as McpError` and `jsoncall::ErrorCode`
[INFO] [stderr]  --> tests/utils_line_targeting_tests.rs:7:16
[INFO] [stderr]   |
[INFO] [stderr] 7 | use mcp_attr::{jsoncall::ErrorCode, Error as McpError};
[INFO] [stderr]   |                ^^^^^^^^^^^^^^^^^^^  ^^^^^^^^^^^^^^^^^
[INFO] [stderr] 
[INFO] [stderr] warning: unused imports: `decode_base64` and `encode_base64_url_safe`
[INFO] [stderr]   --> tests/utils_line_targeting_tests.rs:10:5
[INFO] [stderr]    |
[INFO] [stderr] 10 |     decode_base64, encode_base64_url_safe, map_gmail_error, parse_max_results, to_mcp_error,
[INFO] [stderr]    |     ^^^^^^^^^^^^^  ^^^^^^^^^^^^^^^^^^^^^^
[INFO] [stderr] 
[INFO] [stderr] warning: function `random_email` is never used
[INFO] [stderr]   --> tests/helper.rs:66:8
[INFO] [stderr]    |
[INFO] [stderr] 66 | pub fn random_email() -> String {
[INFO] [stderr]    |        ^^^^^^^^^^^^
[INFO] [stderr]    |
[INFO] [stderr]    = note: `#[warn(dead_code)]` (part of `#[warn(unused)]`) on by default
[INFO] [stderr] 
[INFO] [stderr] warning: unused imports: `CONFIG_ERROR` and `GENERAL_ERROR`
[INFO] [stderr]   --> tests/property_tests.rs:13:42
[INFO] [stderr]    |
[INFO] [stderr] 13 |     error_codes::{AUTH_ERROR, API_ERROR, CONFIG_ERROR, MESSAGE_FORMAT_ERROR, GENERAL_ERROR}
[INFO] [stderr]    |                                          ^^^^^^^^^^^^                        ^^^^^^^^^^^^^
[INFO] [stderr]    |
[INFO] [stderr]    = note: `#[warn(unused_imports)]` (part of `#[warn(unused)]`) on by default
[INFO] [stderr] 
[INFO] [stderr] warning: function `base64_strategy` is never used
[INFO] [stderr]   --> tests/property_tests.rs:22:4
[INFO] [stderr]    |
[INFO] [stderr] 22 | fn base64_strategy() -> impl Strategy<Value = String> {
[INFO] [stderr]    |    ^^^^^^^^^^^^^^^
[INFO] [stderr]    |
[INFO] [stderr]    = note: `#[warn(dead_code)]` (part of `#[warn(unused)]`) on by default
[INFO] [stderr] 
[INFO] [stderr] warning: static `LOGGING_INIT` is never used
[INFO] [stderr]  --> tests/logging_module_tests.rs:9:8
[INFO] [stderr]   |
[INFO] [stderr] 9 | static LOGGING_INIT: Once = Once::new();
[INFO] [stderr]   |        ^^^^^^^^^^^^
[INFO] [stderr]   |
[INFO] [stderr]   = note: `#[warn(dead_code)]` (part of `#[warn(unused)]`) on by default
[INFO] [stderr] 
[INFO] [stderr] warning: `mcp-gmailcal` (test "token_cache_interactions_tests") generated 18 warnings (16 duplicates) (run `cargo fix --test "token_cache_interactions_tests" -p mcp-gmailcal` to apply 2 suggestions)
[INFO] [stderr] warning: `mcp-gmailcal` (test "utils_line_targeting_tests") generated 3 warnings (run `cargo fix --test "utils_line_targeting_tests" -p mcp-gmailcal` to apply 3 suggestions)
[INFO] [stderr] warning: `mcp-gmailcal` (test "token_exchange_tests") generated 14 warnings (13 duplicates)
[INFO] [stderr] warning: `mcp-gmailcal` (test "property_tests") generated 2 warnings (run `cargo fix --test "property_tests" -p mcp-gmailcal` to apply 1 suggestion)
[INFO] [stderr] warning: `mcp-gmailcal` (test "logging_module_tests") generated 1 warning
[INFO] [stderr]     Finished `release` profile [optimized] target(s) in 0.48s
[INFO] [stderr]      Running unittests src/lib.rs (/opt/rustwide/target/release/deps/mcp_gmailcal-35cb2eea8927d275)
[INFO] [stderr]      Running unittests src/main.rs (/opt/rustwide/target/release/deps/mcp_gmailcal-37c7304ae4d55899)
[INFO] [stdout] 
[INFO] [stdout] running 0 tests
[INFO] [stdout] 
[INFO] [stdout] test result: ok. 0 passed; 0 failed; 0 ignored; 0 measured; 0 filtered out; finished in 0.00s
[INFO] [stdout] 
[INFO] [stdout] 
[INFO] [stderr]      Running tests/auth_module_tests.rs (/opt/rustwide/target/release/deps/auth_module_tests-7a51c938ae18cc8f)
[INFO] [stdout] running 0 tests
[INFO] [stdout] 
[INFO] [stdout] test result: ok. 0 passed; 0 failed; 0 ignored; 0 measured; 0 filtered out; finished in 0.00s
[INFO] [stdout] 
[INFO] [stdout] 
[INFO] [stdout] running 6 tests
[INFO] [stdout] test test_token_manager_thread_safety ... ok
[INFO] [stdout] test test_token_manager_initialization ... ok
[INFO] [stdout] test test_empty_credentials ... ok
[INFO] [stdout] test test_token_expiry_from_env ... ok
[INFO] [stdout] test test_token_expiry_behavior ... ok
[INFO] [stdout] test test_token_scenarios ... ok
[INFO] [stdout] 
[INFO] [stdout] test result: ok. 6 passed; 0 failed; 0 ignored; 0 measured; 0 filtered out; finished in 0.19s
[INFO] [stdout] 
[INFO] [stderr]      Running tests/calendar_api_mock_tests.rs (/opt/rustwide/target/release/deps/calendar_api_mock_tests-cde6f529bc786fa0)
[INFO] [stdout] 
[INFO] [stdout] running 15 tests
[INFO] [stdout] test tests::test_create_event_failure ... ok
[INFO] [stdout] test tests::test_all_day_event_format ... ok
[INFO] [stdout] test tests::test_get_event_not_found ... ok
[INFO] [stdout] test tests::test_list_events_with_filters ... ok
[INFO] [stdout] test tests::test_get_event_invalid_parameters ... ok
[INFO] [stdout] test tests::test_list_events_failure ... ok
[INFO] [stdout] test tests::test_timezone_parsing ... ok
[INFO] [stdout] test tests::test_list_calendars_success ... ok
[INFO] [stdout] test tests::test_list_calendars_failure ... ok
[INFO] [stdout] test tests::test_create_event_success ... ok
[INFO] [stdout] test tests::test_list_events_success ... ok
[INFO] [stdout] test tests::test_create_event_with_conference ... ok
[INFO] [stdout] test tests::test_get_event_success ... ok
[INFO] [stdout] test tests::test_get_event_failure ... ok
[INFO] [stderr]      Running tests/calendar_api_tests.rs (/opt/rustwide/target/release/deps/calendar_api_tests-bd3c3e7d8c1ca006)
[INFO] [stdout] test tests::test_create_event_validation_failures ... ok
[INFO] [stdout] 
[INFO] [stdout] test result: ok. 15 passed; 0 failed; 0 ignored; 0 measured; 0 filtered out; finished in 0.03s
[INFO] [stdout] 
[INFO] [stdout] 
[INFO] [stdout] running 15 tests
[INFO] [stdout] test comprehensive_calendar_tests::test_list_calendars_success ... ok
[INFO] [stdout] test comprehensive_calendar_tests::test_create_event_success ... ok
[INFO] [stdout] test comprehensive_calendar_tests::test_list_events_failure ... ok
[INFO] [stdout] test comprehensive_calendar_tests::test_list_events_success ... ok
[INFO] [stdout] test comprehensive_calendar_tests::test_get_event_invalid_params ... ok
[INFO] [stdout] test comprehensive_calendar_tests::test_all_day_event_handling ... ok
[INFO] [stdout] test comprehensive_calendar_tests::test_get_event_not_found ... ok
[INFO] [stdout] test comprehensive_calendar_tests::test_create_event_validation_failure ... ok
[INFO] [stdout] test comprehensive_calendar_tests::test_get_event_success ... ok
[INFO] [stdout] test comprehensive_calendar_tests::test_list_calendars_failure ... ok
[INFO] [stderr]      Running tests/calendar_validation_tests.rs (/opt/rustwide/target/release/deps/calendar_validation_tests-89424dc969eaa398)
[INFO] [stdout] test comprehensive_calendar_tests::test_get_event_failure ... ok
[INFO] [stdout] test comprehensive_calendar_tests::test_create_event_failure ... ok
[INFO] [stdout] test comprehensive_calendar_tests::test_recurring_event_parameters ... ok
[INFO] [stdout] test comprehensive_calendar_tests::test_conference_data_handling ... ok
[INFO] [stdout] test comprehensive_calendar_tests::test_timezone_handling ... ok
[INFO] [stdout] 
[INFO] [stdout] test result: ok. 15 passed; 0 failed; 0 ignored; 0 measured; 0 filtered out; finished in 0.01s
[INFO] [stdout] 
[INFO] [stdout] 
[INFO] [stdout] running 16 tests
[INFO] [stdout] test calendar_validation_tests::test_datetime_formats ... ok
[INFO] [stdout] test calendar_validation_tests::test_all_day_event ... ok
[INFO] [stdout] test calendar_validation_tests::test_invalid_uri_format ... ok
[INFO] [stdout] test calendar_validation_tests::test_invalid_entry_points ... ok
[INFO] [stdout] test calendar_validation_tests::test_conference_data_validation ... ok
[INFO] [stdout] test calendar_validation_tests::test_missing_required_fields ... ok
[INFO] [stdout] test calendar_validation_tests::test_valid_event ... ok
[INFO] [stdout] test calendar_validation_tests::test_malformed_attendee_email ... ok
[INFO] [stdout] test calendar_validation_tests::test_timezone_conversion ... ok
[INFO] [stdout] test calendar_validation_tests::test_invalid_conference_solution ... ok
[INFO] [stdout] test calendar_validation_tests::test_very_long_duration_event ... ok
[INFO] [stdout] test calendar_validation_tests::test_optional_attendee ... ok
[INFO] [stdout] test calendar_validation_tests::test_resource_room_attendee ... ok
[INFO] [stdout] test calendar_validation_tests::test_invalid_date_range ... ok
[INFO] [stdout] test calendar_validation_tests::test_recurring_event_validation ... ok
[INFO] [stdout] test calendar_validation_tests::test_zero_duration_event ... ok
[INFO] [stdout] 
[INFO] [stdout] test result: ok. 16 passed; 0 failed; 0 ignored; 0 measured; 0 filtered out; finished in 0.01s
[INFO] [stdout] 
[INFO] [stderr]      Running tests/config_module_tests.rs (/opt/rustwide/target/release/deps/config_module_tests-b3224bc8f2eec7d4)
[INFO] [stdout] 
[INFO] [stdout] running 10 tests
[INFO] [stdout] test test_config_from_dotenv_file ... ok
[INFO] [stdout] test test_missing_refresh_token ... ok
[INFO] [stdout] test test_token_expiry_seconds ... ok
[INFO] [stdout] test test_missing_client_secret ... ok
[INFO] [stdout] test test_config_with_access_token ... ok
[INFO] [stdout] test test_minimum_config ... ok
[INFO] [stdout] test test_config_from_env_success ... ok
[INFO] [stdout] test test_missing_client_id ... ok
[INFO] [stdout] test test_api_url_constants ... ok
[INFO] [stdout] test test_full_config ... ok
[INFO] [stdout] 
[INFO] [stdout] test result: ok. 10 passed; 0 failed; 0 ignored; 0 measured; 0 filtered out; finished in 0.04s
[INFO] [stdout] 
[INFO] [stderr]      Running tests/config_tests.rs (/opt/rustwide/target/release/deps/config_tests-3a035d1d96a88a26)
[INFO] [stdout] 
[INFO] [stdout] running 4 tests
[INFO] [stdout] test test_api_url_constants ... ok
[INFO] [stdout] test test_token_expiry_seconds ... ok
[INFO] [stdout] test test_config_direct_creation ... ok
[INFO] [stdout] test test_env_error_conversion ... ok
[INFO] [stdout] 
[INFO] [stderr]      Running tests/error_recovery_tests.rs (/opt/rustwide/target/release/deps/error_recovery_tests-fa0060c7dde90fda)
[INFO] [stdout] test result: ok. 4 passed; 0 failed; 0 ignored; 0 measured; 0 filtered out; finished in 0.00s
[INFO] [stdout] 
[INFO] [stdout] 
[INFO] [stdout] running 8 tests
[INFO] [stdout] test error_recovery_tests::test_max_retries_with_helper ... ok
[INFO] [stdout] test error_recovery_tests::test_people_api_retry ... ok
[INFO] [stdout] test error_recovery_tests::test_different_error_types ... ok
[INFO] [stdout] test error_recovery_tests::test_calendar_api_retry ... ok
[INFO] [stdout] test error_recovery_tests::test_retry_helper_function ... ok
[INFO] [stdout] test error_recovery_tests::test_max_retries_exceeded ... ok
[INFO] [stdout] test error_recovery_tests::test_network_error_recovery ... ok
[INFO] [stdout] test error_recovery_tests::test_retry_with_backoff ... ok
[INFO] [stdout] 
[INFO] [stdout] test result: ok. 8 passed; 0 failed; 0 ignored; 0 measured; 0 filtered out; finished in 0.31s
[INFO] [stdout] 
[INFO] [stdout] 
[INFO] [stderr]      Running tests/error_tests.rs (/opt/rustwide/target/release/deps/error_tests-a276968c009299e6)
[INFO] [stdout] running 7 tests
[INFO] [stdout] test error_tests::test_app_error ... ok
[INFO] [stdout] test error_tests::test_error_from_impls ... ok
[INFO] [stdout] test error_tests::test_people_api_error ... ok
[INFO] [stdout] test error_tests::test_error_code_constants ... ok
[INFO] [stdout] test error_tests::test_config_error ... ok
[INFO] [stdout] test error_tests::test_calendar_api_error ... ok
[INFO] [stdout] test error_tests::test_gmail_api_error ... ok
[INFO] [stdout] 
[INFO] [stdout] test result: ok. 7 passed; 0 failed; 0 ignored; 0 measured; 0 filtered out; finished in 0.00s
[INFO] [stdout] 
[INFO] [stderr]      Running tests/extended_integration_tests.rs (/opt/rustwide/target/release/deps/extended_integration_tests-9bfe1ec068e1a4da)
[INFO] [stdout] 
[INFO] [stdout] running 4 tests
[INFO] [stdout] test extended_integration_tests::test_end_to_end_workflow ... ok
[INFO] [stdout] test extended_integration_tests::test_calendar_integration_with_email ... ok
[INFO] [stdout] test extended_integration_tests::test_email_workflow ... ok
[INFO] [stdout] test extended_integration_tests::test_parallel_operations ... ok
[INFO] [stdout] 
[INFO] [stdout] test result: ok. 4 passed; 0 failed; 0 ignored; 0 measured; 0 filtered out; finished in 0.16s
[INFO] [stdout] 
[INFO] [stderr]      Running tests/gmail_api_integration_tests.rs (/opt/rustwide/target/release/deps/gmail_api_integration_tests-e7bdd5df27a1a8d9)
[INFO] [stderr]      Running tests/gmail_api_mock_tests.rs (/opt/rustwide/target/release/deps/gmail_api_mock_tests-6b82c67f0330f868)
[INFO] [stdout] 
[INFO] [stdout] running 8 tests
[INFO] [stdout] test test_check_connection ... ignored
[INFO] [stdout] test test_check_connection_auth_error ... ignored
[INFO] [stdout] test test_check_connection_raw ... ignored
[INFO] [stdout] test test_create_draft_error_handling ... ignored
[INFO] [stdout] test test_create_draft_with_all_fields ... ignored
[INFO] [stdout] test test_create_simple_draft ... ignored
[INFO] [stdout] test test_list_labels ... ignored
[INFO] [stdout] test test_list_labels_error ... ignored
[INFO] [stdout] 
[INFO] [stdout] test result: ok. 0 passed; 0 failed; 8 ignored; 0 measured; 0 filtered out; finished in 0.00s
[INFO] [stdout] 
[INFO] [stdout] 
[INFO] [stdout] running 12 tests
[INFO] [stdout] test tests::test_list_labels_success ... ok
[INFO] [stdout] test tests::test_list_labels_failure ... ok
[INFO] [stdout] test tests::test_check_connection_success ... ok
[INFO] [stdout] test tests::test_check_connection_failure ... ok
[INFO] [stdout] test tests::test_create_draft_success ... ok
[INFO] [stdout] test tests::test_get_message_details_success ... ok
[INFO] [stdout] test tests::test_get_message_details_failure ... ok
[INFO] [stdout] test tests::test_create_draft_with_all_fields ... ok
[INFO] [stdout] test tests::test_list_messages_failure ... ok
[INFO] [stdout] test tests::test_create_draft_failure ... ok
[INFO] [stdout] test tests::test_list_messages_with_query ... ok
[INFO] [stdout] test tests::test_list_messages_success ... ok
[INFO] [stdout] 
[INFO] [stdout] test result: ok. 12 passed; 0 failed; 0 ignored; 0 measured; 0 filtered out; finished in 0.00s
[INFO] [stdout] 
[INFO] [stderr]      Running tests/gmail_api_tests.rs (/opt/rustwide/target/release/deps/gmail_api_tests-a0664f18c4494f54)
[INFO] [stdout] 
[INFO] [stdout] running 17 tests
[INFO] [stderr]      Running tests/gmail_draft_tests.rs (/opt/rustwide/target/release/deps/gmail_draft_tests-2f5fc0066098f0d5)
[INFO] [stdout] test comprehensive_gmail_tests::test_get_message_details_not_found ... ok
[INFO] [stdout] test comprehensive_gmail_tests::test_check_connection_failure ... ok
[INFO] [stdout] test comprehensive_gmail_tests::test_check_connection_success ... ok
[INFO] [stdout] test comprehensive_gmail_tests::test_get_message_details_success ... ok
[INFO] [stdout] test comprehensive_gmail_tests::test_create_draft_failure ... ok
[INFO] [stdout] test comprehensive_gmail_tests::test_create_draft_with_optional_fields ... ok
[INFO] [stdout] test comprehensive_gmail_tests::test_create_draft_validation_failure ... ok
[INFO] [stdout] test comprehensive_gmail_tests::test_create_draft_success ... ok
[INFO] [stdout] test comprehensive_gmail_tests::test_get_message_details_failure ... ok
[INFO] [stdout] test comprehensive_gmail_tests::test_list_labels_success ... ok
[INFO] [stdout] test comprehensive_gmail_tests::test_list_messages_failure ... ok
[INFO] [stdout] test comprehensive_gmail_tests::test_list_messages_success ... ok
[INFO] [stdout] test comprehensive_gmail_tests::test_message_thread_handling ... ok
[INFO] [stdout] test comprehensive_gmail_tests::test_specialized_email_formats ... ok
[INFO] [stdout] test comprehensive_gmail_tests::test_list_labels_failure ... ok
[INFO] [stdout] test comprehensive_gmail_tests::test_mime_message_format ... ok
[INFO] [stdout] test comprehensive_gmail_tests::test_parsing_email_message ... ok
[INFO] [stdout] 
[INFO] [stdout] test result: ok. 17 passed; 0 failed; 0 ignored; 0 measured; 0 filtered out; finished in 0.00s
[INFO] [stdout] 
[INFO] [stdout] 
[INFO] [stdout] running 10 tests
[INFO] [stdout] test test_create_draft_auth_error ... ignored
[INFO] [stdout] test test_create_draft_error_handling ... ignored
[INFO] [stdout] test test_create_draft_network_error ... ignored
[INFO] [stdout] test test_create_draft_server_error ... ignored
[INFO] [stdout] test test_create_draft_with_all_fields ... ignored
[INFO] [stdout] test test_create_draft_with_special_characters ... ignored
[INFO] [stdout] test test_create_simple_draft ... ignored
[INFO] [stdout] test draft_email_tests::test_draft_creation ... ok
[INFO] [stderr]      Running tests/gmail_message_tests.rs (/opt/rustwide/target/release/deps/gmail_message_tests-ad057d4231e00b3e)
[INFO] [stdout] test draft_email_tests::test_draft_to_api_format ... ok
[INFO] [stdout] test draft_email_tests::test_draft_validation ... ok
[INFO] [stdout] 
[INFO] [stdout] test result: ok. 3 passed; 0 failed; 7 ignored; 0 measured; 0 filtered out; finished in 0.00s
[INFO] [stdout] 
[INFO] [stderr]      Running tests/gmail_parsing_edge_tests.rs (/opt/rustwide/target/release/deps/gmail_parsing_edge_tests-b6a94c78dc1dc302)
[INFO] [stdout] 
[INFO] [stdout] running 11 tests
[INFO] [stdout] test test_error_handling_network_error ... ignored
[INFO] [stdout] test test_error_handling_not_found ... ignored
[INFO] [stdout] test test_error_handling_rate_limit ... ignored
[INFO] [stdout] test test_error_handling_server_error ... ignored
[INFO] [stdout] test test_error_handling_unauthorized ... ignored
[INFO] [stdout] test test_list_messages ... ignored
[INFO] [stdout] test test_list_messages_with_query ... ignored
[INFO] [stdout] test test_parse_malformed_message ... ignored
[INFO] [stdout] test test_parse_multipart_message ... ignored
[INFO] [stdout] test test_parse_simple_message ... ignored
[INFO] [stdout] test test_special_characters_in_messages ... ignored
[INFO] [stdout] 
[INFO] [stdout] test result: ok. 0 passed; 0 failed; 11 ignored; 0 measured; 0 filtered out; finished in 0.00s
[INFO] [stdout] 
[INFO] [stdout] 
[INFO] [stdout] running 8 tests
[INFO] [stdout] test gmail_parsing_tests::test_base64_decoding_edge_cases ... ok
[INFO] [stdout] test gmail_parsing_tests::test_empty_and_large_encoding ... ok
[INFO] [stdout] test gmail_parsing_tests::test_invalid_base64 ... ok
[INFO] [stdout] test gmail_parsing_tests::test_malformed_email_structure ... ok
[INFO] [stdout] test gmail_parsing_tests::test_nested_multipart_email ... ok
[INFO] [stdout] test gmail_parsing_tests::test_special_characters_encoding ... ok
[INFO] [stdout] test gmail_parsing_tests::test_extremely_long_fields ... ok
[INFO] [stdout] test gmail_parsing_tests::test_email_json_structure ... ok
[INFO] [stderr]      Running tests/gmail_simple_test.rs (/opt/rustwide/target/release/deps/gmail_simple_test-dcd78d66dd8b1acd)
[INFO] [stdout] 
[INFO] [stdout] test result: ok. 8 passed; 0 failed; 0 ignored; 0 measured; 0 filtered out; finished in 0.00s
[INFO] [stdout] 
[INFO] [stdout] 
[INFO] [stdout] running 1 test
[INFO] [stdout] test test_check_connection ... ignored
[INFO] [stdout] 
[INFO] [stdout] test result: ok. 0 passed; 0 failed; 1 ignored; 0 measured; 0 filtered out; finished in 0.00s
[INFO] [stdout] 
[INFO] [stdout] 
[INFO] [stderr]      Running tests/helper.rs (/opt/rustwide/target/release/deps/helper-654efa757a9dd71c)
[INFO] [stdout] running 0 tests
[INFO] [stderr]      Running tests/integration_tests.rs (/opt/rustwide/target/release/deps/integration_tests-e407ccc700f88f59)
[INFO] [stdout] 
[INFO] [stdout] test result: ok. 0 passed; 0 failed; 0 ignored; 0 measured; 0 filtered out; finished in 0.00s
[INFO] [stdout] 
[INFO] [stdout] 
[INFO] [stdout] running 10 tests
[INFO] [stdout] test test_authentication_flows ... ok
[INFO] [stdout] test test_calendar_operations ... ok
[INFO] [stdout] test test_contact_operations ... ok
[INFO] [stdout] test test_command_handling ... ok
[INFO] [stdout] test test_configuration ... ok
[INFO] [stdout] test test_server_creation ... ok
[INFO] [stdout] test test_email_workflows ... ok
[INFO] [stdout] test test_gmail_prompt ... ok
[INFO] [stdout] test test_error_recovery ... ok
[INFO] [stdout] test test_cross_api_workflows ... ok
[INFO] [stdout] 
[INFO] [stdout] test result: ok. 10 passed; 0 failed; 0 ignored; 0 measured; 0 filtered out; finished in 0.01s
[INFO] [stdout] 
[INFO] [stderr]      Running tests/logging_final_coverage_tests.rs (/opt/rustwide/target/release/deps/logging_final_coverage_tests-c0da76871ee91dea)
[INFO] [stdout] 
[INFO] [stdout] running 5 tests
[INFO] [stdout] test logging_final_coverage_tests::test_log_file_creation_with_header ... FAILED
[INFO] [stdout] test logging_final_coverage_tests::test_file_append_behavior ... FAILED
[INFO] [stdout] test logging_final_coverage_tests::test_log_header_direct ... ok
[INFO] [stdout] test logging_final_coverage_tests::test_log_path_determination_direct ... ok
[INFO] [stdout] test logging_final_coverage_tests::test_actual_logging_setup ... ok
[INFO] [stdout] 
[INFO] [stdout] failures:
[INFO] [stdout] 
[INFO] [stdout] ---- logging_final_coverage_tests::test_log_file_creation_with_header stdout ----
[INFO] [stdout] 
[INFO] [stdout] thread 'logging_final_coverage_tests::test_log_file_creation_with_header' (6477) panicked at tests/logging_final_coverage_tests.rs:105:18:
[INFO] [stdout] Failed to create test log file: Os { code: 30, kind: ReadOnlyFilesystem, message: "Read-only file system" }
[INFO] [stdout] stack backtrace:
[INFO] [stdout]    0:     0x63b94a0c1f71 - <<std[70759c8f55707aa4]::sys::backtrace::BacktraceLock>::print::DisplayBacktrace as core[df12db4294e9bfd3]::fmt::Display>::fmt
[INFO] [stdout]    1:     0x63b94a0d677a - core[df12db4294e9bfd3]::fmt::write
[INFO] [stdout]    2:     0x63b94a0c676c - <alloc[2182bb758b4b3781]::vec::Vec<u8> as core[df12db4294e9bfd3]::io::write::Write>::write_fmt
[INFO] [stdout]    3:     0x63b94a09d986 - std[70759c8f55707aa4]::panicking::default_hook::{closure#0}
[INFO] [stdout]    4:     0x63b94a0b9d09 - std[70759c8f55707aa4]::panicking::default_hook
[INFO] [stdout]    5:     0x63b94a039a80 - test[9d35eded1c95d3be]::test_main_inner::<test[9d35eded1c95d3be]::test_main_static::{closure#0}>::{closure#0}
[INFO] [stdout]    6:     0x63b94a0b9ec2 - std[70759c8f55707aa4]::panicking::panic_with_hook
[INFO] [stdout]    7:     0x63b94a09da32 - std[70759c8f55707aa4]::panicking::panic_handler::{closure#0}
[INFO] [stdout]    8:     0x63b94a096579 - std[70759c8f55707aa4]::sys::backtrace::__rust_end_short_backtrace::<std[70759c8f55707aa4]::panicking::panic_handler::{closure#0}, !>
[INFO] [stdout]    9:     0x63b94a09e62d - __rustc[8fa7c3cbc660c2b3]::rust_begin_unwind
[INFO] [stdout]   10:     0x63b94a0d6eac - core[df12db4294e9bfd3]::panicking::panic_fmt
[INFO] [stdout]   11:     0x63b94a0d6c82 - core[df12db4294e9bfd3]::result::unwrap_failed
[INFO] [stdout]   12:     0x63b94a02bd74 - logging_final_coverage_tests[8ab73ab3a8ad72ff]::logging_final_coverage_tests::test_log_file_creation_with_header
[INFO] [stdout]   13:     0x63b94a0274b9 - <logging_final_coverage_tests[8ab73ab3a8ad72ff]::logging_final_coverage_tests::test_log_file_creation_with_header::{closure#0} as core[df12db4294e9bfd3]::ops::function::FnOnce<()>>::call_once
[INFO] [stdout]   14:     0x63b94a02cd6b - test[9d35eded1c95d3be]::__rust_begin_short_backtrace::<core[df12db4294e9bfd3]::result::Result<(), alloc[2182bb758b4b3781]::string::String>, fn() -> core[df12db4294e9bfd3]::result::Result<(), alloc[2182bb758b4b3781]::string::String>>
[INFO] [stdout]   15:     0x63b94a03a3d5 - test[9d35eded1c95d3be]::run_test::{closure#0}
[INFO] [stdout]   16:     0x63b94a033c94 - std[70759c8f55707aa4]::sys::backtrace::__rust_begin_short_backtrace::<test[9d35eded1c95d3be]::run_test::{closure#1}, ()>
[INFO] [stdout]   17:     0x63b94a03d532 - <std[70759c8f55707aa4]::thread::lifecycle::spawn_unchecked<test[9d35eded1c95d3be]::run_test::{closure#1}, ()>::{closure#1} as core[df12db4294e9bfd3]::ops::function::FnOnce<()>>::call_once::{shim:vtable#0}
[INFO] [stdout]   18:     0x63b94a0c11b9 - <std[70759c8f55707aa4]::sys::thread::unix::Thread>::new::thread_start
[INFO] [stdout]   19:     0x792df855fdfa - <unknown>
[INFO] [stdout]   20:     0x792df85f33d4 - clone
[INFO] [stdout]   21:                0x0 - <unknown>
[INFO] [stdout] 
[INFO] [stdout] ---- logging_final_coverage_tests::test_file_append_behavior stdout ----
[INFO] [stdout] 
[INFO] [stdout] thread 'logging_final_coverage_tests::test_file_append_behavior' (6476) panicked at tests/logging_final_coverage_tests.rs:169:55:
[INFO] [stdout] Failed to create test file: Os { code: 30, kind: ReadOnlyFilesystem, message: "Read-only file system" }
[INFO] [stdout] stack backtrace:
[INFO] [stdout]    0:     0x63b94a0c1f71 - <<std[70759c8f55707aa4]::sys::backtrace::BacktraceLock>::print::DisplayBacktrace as core[df12db4294e9bfd3]::fmt::Display>::fmt
[INFO] [stdout]    1:     0x63b94a0d677a - core[df12db4294e9bfd3]::fmt::write
[INFO] [stdout]    2:     0x63b94a0c676c - <alloc[2182bb758b4b3781]::vec::Vec<u8> as core[df12db4294e9bfd3]::io::write::Write>::write_fmt
[INFO] [stdout]    3:     0x63b94a09d986 - std[70759c8f55707aa4]::panicking::default_hook::{closure#0}
[INFO] [stdout]    4:     0x63b94a0b9d09 - std[70759c8f55707aa4]::panicking::default_hook
[INFO] [stdout]    5:     0x63b94a039a80 - test[9d35eded1c95d3be]::test_main_inner::<test[9d35eded1c95d3be]::test_main_static::{closure#0}>::{closure#0}
[INFO] [stdout]    6:     0x63b94a0b9ec2 - std[70759c8f55707aa4]::panicking::panic_with_hook
[INFO] [stdout]    7:     0x63b94a09da32 - std[70759c8f55707aa4]::panicking::panic_handler::{closure#0}
[INFO] [stdout]    8:     0x63b94a096579 - std[70759c8f55707aa4]::sys::backtrace::__rust_end_short_backtrace::<std[70759c8f55707aa4]::panicking::panic_handler::{closure#0}, !>
[INFO] [stdout]    9:     0x63b94a09e62d - __rustc[8fa7c3cbc660c2b3]::rust_begin_unwind
[INFO] [stdout]   10:     0x63b94a0d6eac - core[df12db4294e9bfd3]::panicking::panic_fmt
[INFO] [stdout]   11:     0x63b94a0d6c82 - core[df12db4294e9bfd3]::result::unwrap_failed
[INFO] [stdout]   12:     0x63b94a02b9f7 - logging_final_coverage_tests[8ab73ab3a8ad72ff]::logging_final_coverage_tests::test_file_append_behavior
[INFO] [stdout]   13:     0x63b94a027499 - <logging_final_coverage_tests[8ab73ab3a8ad72ff]::logging_final_coverage_tests::test_file_append_behavior::{closure#0} as core[df12db4294e9bfd3]::ops::function::FnOnce<()>>::call_once
[INFO] [stdout]   14:     0x63b94a02cd6b - test[9d35eded1c95d3be]::__rust_begin_short_backtrace::<core[df12db4294e9bfd3]::result::Result<(), alloc[2182bb758b4b3781]::string::String>, fn() -> core[df12db4294e9bfd3]::result::Result<(), alloc[2182bb758b4b3781]::string::String>>
[INFO] [stdout]   15:     0x63b94a03a3d5 - test[9d35eded1c95d3be]::run_test::{closure#0}
[INFO] [stdout]   16:     0x63b94a033c94 - std[70759c8f55707aa4]::sys::backtrace::__rust_begin_short_backtrace::<test[9d35eded1c95d3be]::run_test::{closure#1}, ()>
[INFO] [stdout]   17:     0x63b94a03d532 - <std[70759c8f55707aa4]::thread::lifecycle::spawn_unchecked<test[9d35eded1c95d3be]::run_test::{closure#1}, ()>::{closure#1} as core[df12db4294e9bfd3]::ops::function::FnOnce<()>>::call_once::{shim:vtable#0}
[INFO] [stdout]   18:     0x63b94a0c11b9 - <std[70759c8f55707aa4]::sys::thread::unix::Thread>::new::thread_start
[INFO] [stdout]   19:     0x792df855fdfa - <unknown>
[INFO] [stdout]   20:     0x792df85f33d4 - clone
[INFO] [stdout]   21:                0x0 - <unknown>
[INFO] [stdout] 
[INFO] [stdout] 
[INFO] [stdout] failures:
[INFO] [stdout]     logging_final_coverage_tests::test_file_append_behavior
[INFO] [stdout]     logging_final_coverage_tests::test_log_file_creation_with_header
[INFO] [stdout] 
[INFO] [stdout] test result: FAILED. 3 passed; 2 failed; 0 ignored; 0 measured; 0 filtered out; finished in 0.02s
[INFO] [stdout] 
[INFO] [stderr] error: test failed, to rerun pass `--test logging_final_coverage_tests`
[INFO] running `Command { std: "docker" "inspect" "324df31ca54d42da987cbba66a26f289eb4c8b37017391f40160d7b99755a193", kill_on_drop: false }`
[INFO] running `Command { std: "docker" "rm" "-f" "324df31ca54d42da987cbba66a26f289eb4c8b37017391f40160d7b99755a193", kill_on_drop: false }`
[INFO] [stdout] 324df31ca54d42da987cbba66a26f289eb4c8b37017391f40160d7b99755a193
