[INFO] fetching crate mcmodsmgr 0.0.4...
[INFO] testing mcmodsmgr-0.0.4 against 1.100.0-beta.1+cargoflags=--release for beta-release-1.100-2
[INFO] extracting crate mcmodsmgr 0.0.4 into /workspace/builds/worker-7-tc2/source
[INFO] started tweaking crates.io crate mcmodsmgr 0.0.4
[INFO] finished tweaking crates.io crate mcmodsmgr 0.0.4
[INFO] tweaked toml for crates.io crate mcmodsmgr 0.0.4 written to /workspace/builds/worker-7-tc2/source/Cargo.toml
[INFO] validating manifest of crates.io crate mcmodsmgr 0.0.4 on toolchain 1.100.0-beta.1
[INFO] running `Command { std: CARGO_HOME="/workspace/cargo-home" RUSTUP_HOME="/workspace/rustup-home" "/workspace/cargo-home/bin/cargo" "+1.100.0-beta.1" "metadata" "--manifest-path" "Cargo.toml" "--no-deps", kill_on_drop: false }`
[INFO] crate crates.io crate mcmodsmgr 0.0.4 already has a lockfile, it will not be regenerated
[INFO] running `Command { std: CARGO_HOME="/workspace/cargo-home" RUSTUP_HOME="/workspace/rustup-home" "/workspace/cargo-home/bin/cargo" "+1.100.0-beta.1" "fetch" "--manifest-path" "Cargo.toml", kill_on_drop: false }`
[INFO] running `Command { std: "docker" "create" "-v" "/var/lib/crater-agent-workspace/builds/worker-7-tc2/source:/opt/rustwide/workdir:ro,Z" "-v" "/var/lib/crater-agent-workspace/builds/worker-7-tc2/target:/opt/rustwide/target:rw,Z" "-v" "/var/lib/crater-agent-workspace/cargo-home:/opt/rustwide/cargo-home:ro,Z" "-v" "/var/lib/crater-agent-workspace/rustup-home:/opt/rustwide/rustup-home:ro,Z" "-m" "1610612736" "--network" "none" "ghcr.io/rust-lang/crates-build-env/linux@sha256:77db811e55d90add9212f6832c23229e3de5f1c1f9905e8cb07319ea15df73ac" "sleep" "infinity", kill_on_drop: false }`
[INFO] [stdout] c73dde64df4fd17f51dbece80f809d47b3ec7aa7b5a31dbe44e00406d86d768f
[INFO] running `Command { std: "docker" "start" "c73dde64df4fd17f51dbece80f809d47b3ec7aa7b5a31dbe44e00406d86d768f", kill_on_drop: false }`
[INFO] running `Command { std: "docker" "inspect" "c73dde64df4fd17f51dbece80f809d47b3ec7aa7b5a31dbe44e00406d86d768f", kill_on_drop: false }`
[INFO] running `Command { std: "docker" "exec" "-e" "SOURCE_DIR=/opt/rustwide/workdir" "-e" "CARGO_HOME=/opt/rustwide/cargo-home" "-e" "RUSTUP_HOME=/opt/rustwide/rustup-home" "-e" "CARGO_TARGET_DIR=/opt/rustwide/target" "-w" "/opt/rustwide/workdir" "--user" "0:0" "c73dde64df4fd17f51dbece80f809d47b3ec7aa7b5a31dbe44e00406d86d768f" "/opt/rustwide/cargo-home/bin/cargo" "+1.100.0-beta.1" "metadata" "--no-deps" "--format-version=1", kill_on_drop: false }`
[INFO] running `Command { std: "docker" "inspect" "c73dde64df4fd17f51dbece80f809d47b3ec7aa7b5a31dbe44e00406d86d768f", kill_on_drop: false }`
[INFO] running `Command { std: "docker" "exec" "-e" "SOURCE_DIR=/opt/rustwide/workdir" "-e" "CARGO_HOME=/opt/rustwide/cargo-home" "-e" "RUSTUP_HOME=/opt/rustwide/rustup-home" "-e" "CARGO_TARGET_DIR=/opt/rustwide/target" "-e" "CARGO_INCREMENTAL=0" "-e" "RUST_BACKTRACE=full" "-e" "RUSTFLAGS=--cap-lints=warn" "-e" "RUSTDOCFLAGS=--cap-lints=warn" "-w" "/opt/rustwide/workdir" "--user" "0:0" "c73dde64df4fd17f51dbece80f809d47b3ec7aa7b5a31dbe44e00406d86d768f" "/opt/rustwide/cargo-home/bin/cargo" "+1.100.0-beta.1" "build" "--frozen" "--message-format=json" "--release", kill_on_drop: false }`
[INFO] [stderr]    Compiling libc v0.2.103
[INFO] [stderr]    Compiling proc-macro2 v1.0.29
[INFO] [stderr]    Compiling syn v1.0.80
[INFO] [stderr]    Compiling serde_derive v1.0.130
[INFO] [stderr]    Compiling pkg-config v0.3.20
[INFO] [stderr]    Compiling cc v1.0.71
[INFO] [stderr]    Compiling parking_lot_core v0.8.5
[INFO] [stderr]    Compiling itoa v0.4.8
[INFO] [stderr]    Compiling futures-core v0.3.17
[INFO] [stderr]    Compiling serde v1.0.130
[INFO] [stderr]    Compiling instant v0.1.11
[INFO] [stderr]    Compiling bytes v1.1.0
[INFO] [stderr]    Compiling smallvec v1.7.0
[INFO] [stderr]    Compiling lock_api v0.4.5
[INFO] [stderr]    Compiling tokio v1.12.0
[INFO] [stderr]    Compiling futures-task v0.3.17
[INFO] [stderr]    Compiling futures-util v0.3.17
[INFO] [stderr]    Compiling openssl v0.10.36
[INFO] [stderr]    Compiling tracing-core v0.1.21
[INFO] [stderr]    Compiling futures-sink v0.3.17
[INFO] [stderr]    Compiling httparse v1.5.1
[INFO] [stderr]    Compiling native-tls v0.2.8
[INFO] [stderr]    Compiling matches v0.1.9
[INFO] [stderr]    Compiling futures-channel v0.3.17
[INFO] [stderr]    Compiling tinyvec v1.5.0
[INFO] [stderr]    Compiling form_urlencoded v1.0.1
[INFO] [stderr]    Compiling unicode-bidi v0.3.6
[INFO] [stderr]    Compiling unicode-width v0.1.9
[INFO] [stderr]    Compiling csv-core v0.1.10
[INFO] [stderr]    Compiling serde_json v1.0.68
[INFO] [stderr]    Compiling textwrap v0.11.0
[INFO] [stderr]    Compiling encode_unicode v0.3.6
[INFO] [stderr]    Compiling quote v1.0.10
[INFO] [stderr]    Compiling regex-syntax v0.6.25
[INFO] [stderr]    Compiling http v0.2.5
[INFO] [stderr]    Compiling tracing v0.1.29
[INFO] [stderr]    Compiling num_cpus v1.13.0
[INFO] [stderr]    Compiling mio v0.7.13
[INFO] [stderr]    Compiling openssl-sys v0.9.67
[INFO] [stderr]    Compiling signal-hook-registry v1.4.0
[INFO] [stderr]    Compiling socket2 v0.4.2
[INFO] [stderr]    Compiling dirs v1.0.5
[INFO] [stderr]    Compiling atty v0.2.14
[INFO] [stderr]    Compiling time v0.1.43
[INFO] [stderr]    Compiling term v0.5.2
[INFO] [stderr]    Compiling parking_lot v0.11.2
[INFO] [stderr]    Compiling clap v2.33.3
[INFO] [stderr]    Compiling unicode-normalization v0.1.19
[INFO] [stderr]    Compiling idna v0.2.3
[INFO] [stderr]    Compiling url v2.2.2
[INFO] [stderr]    Compiling regex v1.5.4
[INFO] [stderr]    Compiling tokio-macros v1.4.1
[INFO] [stderr]    Compiling http-body v0.4.3
[INFO] [stderr]    Compiling tokio-util v0.6.8
[INFO] [stderr]    Compiling tokio-native-tls v0.3.0
[INFO] [stderr]    Compiling bstr v0.2.17
[INFO] [stderr]    Compiling serde_urlencoded v0.7.0
[INFO] [stderr]    Compiling chrono v0.4.19
[INFO] [stderr]    Compiling h2 v0.3.6
[INFO] [stderr]    Compiling csv v1.1.6
[INFO] [stderr]    Compiling prettytable-rs v0.8.0
[INFO] [stderr]    Compiling hyper v0.14.13
[INFO] [stderr]    Compiling hyper-tls v0.5.0
[INFO] [stderr]    Compiling reqwest v0.11.4
[INFO] [stderr]    Compiling mcmodsmgr v0.0.4 (/opt/rustwide/workdir)
[INFO] [stdout] warning: unused imports: `AppSettings` and `ArgMatches`
[INFO] [stdout]  --> src/cli.rs:2:21
[INFO] [stdout]   |
[INFO] [stdout] 2 | pub use clap::{App, AppSettings, Arg, ArgMatches};
[INFO] [stdout]   |                     ^^^^^^^^^^^       ^^^^^^^^^^
[INFO] [stdout]   |
[INFO] [stdout]   = note: `#[warn(unused_imports)]` (part of `#[warn(unused)]`) on by default
[INFO] [stdout] 
[INFO] [stdout] 
[INFO] [stdout] warning: unused import: `AddonFile`
[INFO] [stdout]  --> src/api/curseforge.rs:5:47
[INFO] [stdout]   |
[INFO] [stdout] 5 | pub use crate::api::curseforge_types::{Addon, AddonFile};
[INFO] [stdout]   |                                               ^^^^^^^^^
[INFO] [stdout] 
[INFO] [stdout] 
[INFO] [stdout] warning: method `print` is never used
[INFO] [stdout]    --> src/lockfile.rs:129:12
[INFO] [stdout]     |
[INFO] [stdout]  43 | impl Lockfile {
[INFO] [stdout]     | ------------- method in this implementation
[INFO] [stdout] ...
[INFO] [stdout] 129 |     pub fn print(&self) {
[INFO] [stdout]     |            ^^^^^
[INFO] [stdout]     |
[INFO] [stdout]     = note: `#[warn(dead_code)]` (part of `#[warn(unused)]`) on by default
[INFO] [stdout] 
[INFO] [stdout] 
[INFO] [stderr]     Finished `release` profile [optimized] target(s) in 1m 15s
[INFO] running `Command { std: "docker" "inspect" "c73dde64df4fd17f51dbece80f809d47b3ec7aa7b5a31dbe44e00406d86d768f", kill_on_drop: false }`
[INFO] running `Command { std: "docker" "exec" "-e" "SOURCE_DIR=/opt/rustwide/workdir" "-e" "CARGO_HOME=/opt/rustwide/cargo-home" "-e" "RUSTUP_HOME=/opt/rustwide/rustup-home" "-e" "CARGO_TARGET_DIR=/opt/rustwide/target" "-e" "CARGO_INCREMENTAL=0" "-e" "RUST_BACKTRACE=full" "-e" "RUSTFLAGS=--cap-lints=warn" "-e" "RUSTDOCFLAGS=--cap-lints=warn" "-w" "/opt/rustwide/workdir" "--user" "0:0" "c73dde64df4fd17f51dbece80f809d47b3ec7aa7b5a31dbe44e00406d86d768f" "/opt/rustwide/cargo-home/bin/cargo" "+1.100.0-beta.1" "test" "--frozen" "--no-run" "--message-format=json" "--release", kill_on_drop: false }`
[INFO] [stderr]    Compiling mcmodsmgr v0.0.4 (/opt/rustwide/workdir)
[INFO] [stdout] warning: unused imports: `AppSettings` and `ArgMatches`
[INFO] [stdout]  --> src/cli.rs:2:21
[INFO] [stdout]   |
[INFO] [stdout] 2 | pub use clap::{App, AppSettings, Arg, ArgMatches};
[INFO] [stdout]   |                     ^^^^^^^^^^^       ^^^^^^^^^^
[INFO] [stdout]   |
[INFO] [stdout]   = note: `#[warn(unused_imports)]` (part of `#[warn(unused)]`) on by default
[INFO] [stdout] 
[INFO] [stdout] 
[INFO] [stdout] warning: unused import: `AddonFile`
[INFO] [stdout]  --> src/api/curseforge.rs:5:47
[INFO] [stdout]   |
[INFO] [stdout] 5 | pub use crate::api::curseforge_types::{Addon, AddonFile};
[INFO] [stdout]   |                                               ^^^^^^^^^
[INFO] [stdout] 
[INFO] [stdout] 
[INFO] [stdout] warning: method `print` is never used
[INFO] [stdout]    --> src/lockfile.rs:129:12
[INFO] [stdout]     |
[INFO] [stdout]  43 | impl Lockfile {
[INFO] [stdout]     | ------------- method in this implementation
[INFO] [stdout] ...
[INFO] [stdout] 129 |     pub fn print(&self) {
[INFO] [stdout]     |            ^^^^^
[INFO] [stdout]     |
[INFO] [stdout]     = note: `#[warn(dead_code)]` (part of `#[warn(unused)]`) on by default
[INFO] [stdout] 
[INFO] [stdout] 
[INFO] [stderr]     Finished `release` profile [optimized] target(s) in 3.83s
[INFO] running `Command { std: "docker" "inspect" "c73dde64df4fd17f51dbece80f809d47b3ec7aa7b5a31dbe44e00406d86d768f", kill_on_drop: false }`
[INFO] running `Command { std: "docker" "exec" "-e" "SOURCE_DIR=/opt/rustwide/workdir" "-e" "CARGO_HOME=/opt/rustwide/cargo-home" "-e" "RUSTUP_HOME=/opt/rustwide/rustup-home" "-e" "CARGO_TARGET_DIR=/opt/rustwide/target" "-e" "CARGO_INCREMENTAL=0" "-e" "RUST_BACKTRACE=full" "-e" "RUSTFLAGS=--cap-lints=warn" "-e" "RUSTDOCFLAGS=--cap-lints=warn" "-w" "/opt/rustwide/workdir" "--user" "0:0" "c73dde64df4fd17f51dbece80f809d47b3ec7aa7b5a31dbe44e00406d86d768f" "/opt/rustwide/cargo-home/bin/cargo" "+1.100.0-beta.1" "test" "--frozen" "--release", kill_on_drop: false }`
[INFO] [stderr] warning: unused imports: `AppSettings` and `ArgMatches`
[INFO] [stderr]  --> src/cli.rs:2:21
[INFO] [stderr]   |
[INFO] [stderr] 2 | pub use clap::{App, AppSettings, Arg, ArgMatches};
[INFO] [stderr]   |                     ^^^^^^^^^^^       ^^^^^^^^^^
[INFO] [stderr]   |
[INFO] [stderr]   = note: `#[warn(unused_imports)]` (part of `#[warn(unused)]`) on by default
[INFO] [stderr] 
[INFO] [stderr] warning: unused import: `AddonFile`
[INFO] [stderr]  --> src/api/curseforge.rs:5:47
[INFO] [stderr]   |
[INFO] [stderr] 5 | pub use crate::api::curseforge_types::{Addon, AddonFile};
[INFO] [stderr]   |                                               ^^^^^^^^^
[INFO] [stderr] 
[INFO] [stderr] warning: method `print` is never used
[INFO] [stderr]    --> src/lockfile.rs:129:12
[INFO] [stderr]     |
[INFO] [stderr]  43 | impl Lockfile {
[INFO] [stderr]     | ------------- method in this implementation
[INFO] [stderr] ...
[INFO] [stderr] 129 |     pub fn print(&self) {
[INFO] [stderr]     |            ^^^^^
[INFO] [stderr]     |
[INFO] [stderr]     = note: `#[warn(dead_code)]` (part of `#[warn(unused)]`) on by default
[INFO] [stderr] 
[INFO] [stderr] warning: `mcmodsmgr` (bin "mcmodsmgr" test) generated 3 warnings (run `cargo fix --bin "mcmodsmgr" -p mcmodsmgr --tests` to apply 2 suggestions)
[INFO] [stderr]     Finished `release` profile [optimized] target(s) in 0.14s
[INFO] [stderr]      Running unittests src/main.rs (/opt/rustwide/target/release/build/mcmodsmgr/dc450994f03344d6/out/mcmodsmgr-dc450994f03344d6)
[INFO] [stdout] 
[INFO] [stdout] running 4 tests
[INFO] [stdout] test tests::util::test_game_version_tags_to_modloader ... ok
[INFO] [stdout] test tests::util::test_game_version_tags_to_modloader_default ... ok
[INFO] [stdout] test tests::api::curseforge::test_search ... FAILED
[INFO] [stdout] test tests::api::curseforge::test_get_files ... FAILED
[INFO] [stdout] 
[INFO] [stdout] failures:
[INFO] [stdout] 
[INFO] [stdout] ---- tests::api::curseforge::test_search stdout ----
[INFO] [stdout] 
[INFO] [stdout] thread 'tests::api::curseforge::test_search' (1712) panicked at src/tests/api/curseforge.rs:9:5:
[INFO] [stdout] assertion failed: result.is_ok()
[INFO] [stdout] stack backtrace:
[INFO] [stdout]    0:     0x58923a06cc11 - <<std[617be2ca0a6fd877]::sys::backtrace::BacktraceLock>::print::DisplayBacktrace as core[a373ad73a504971]::fmt::Display>::fmt
[INFO] [stdout]    1:     0x58923a0840fa - core[a373ad73a504971]::fmt::write
[INFO] [stdout]    2:     0x58923a07204c - <alloc[2e1b2a31b91974c5]::vec::Vec<u8> as core[a373ad73a504971]::io::write::Write>::write_fmt
[INFO] [stdout]    3:     0x58923a047f16 - std[617be2ca0a6fd877]::panicking::default_hook::{closure#0}
[INFO] [stdout]    4:     0x58923a064b19 - std[617be2ca0a6fd877]::panicking::default_hook
[INFO] [stdout]    5:     0x589239fef840 - test[aada8e7e76ba119b]::test_main_inner::{closure#0}
[INFO] [stdout]    6:     0x58923a064e42 - std[617be2ca0a6fd877]::panicking::panic_with_hook
[INFO] [stdout]    7:     0x58923a047ff4 - std[617be2ca0a6fd877]::panicking::panic_handler::{closure#0}
[INFO] [stdout]    8:     0x58923a0409b9 - std[617be2ca0a6fd877]::sys::backtrace::__rust_end_short_backtrace::<std[617be2ca0a6fd877]::panicking::panic_handler::{closure#0}, !>
[INFO] [stdout]    9:     0x58923a048e5d - __rustc[ea4f61d10b84890b]::rust_begin_unwind
[INFO] [stdout]   10:     0x58923a08485c - core[a373ad73a504971]::panicking::panic_fmt
[INFO] [stdout]   11:     0x58923a084822 - core[a373ad73a504971]::panicking::panic
[INFO] [stdout]   12:     0x589239e8bdc9 - <core[a373ad73a504971]::pin::Pin<&mut mcmodsmgr[b391d10872b5441a]::tests::api::curseforge::test_search::{closure#0}> as core[a373ad73a504971]::future::future::Future>::poll
[INFO] [stdout]   13:     0x589239e84c77 - <tokio[707a3efbafdd4af4]::macros::scoped_tls::ScopedKey<tokio[707a3efbafdd4af4]::runtime::basic_scheduler::Context>>::set::<tokio[707a3efbafdd4af4]::runtime::basic_scheduler::enter<<tokio[707a3efbafdd4af4]::runtime::basic_scheduler::Inner<tokio[707a3efbafdd4af4]::runtime::driver::Driver>>::block_on<core[a373ad73a504971]::pin::Pin<&mut mcmodsmgr[b391d10872b5441a]::tests::api::curseforge::test_search::{closure#0}>>::{closure#0}, (), tokio[707a3efbafdd4af4]::runtime::driver::Driver>::{closure#0}, ()>
[INFO] [stdout]   14:     0x589239e8c955 - <tokio[707a3efbafdd4af4]::runtime::basic_scheduler::BasicScheduler<tokio[707a3efbafdd4af4]::runtime::driver::Driver>>::block_on::<mcmodsmgr[b391d10872b5441a]::tests::api::curseforge::test_search::{closure#0}>
[INFO] [stdout]   15:     0x589239e88816 - <tokio[707a3efbafdd4af4]::runtime::Runtime>::block_on::<mcmodsmgr[b391d10872b5441a]::tests::api::curseforge::test_search::{closure#0}>
[INFO] [stdout]   16:     0x589239e848ee - <mcmodsmgr[b391d10872b5441a]::tests::api::curseforge::test_search::{closure#0} as core[a373ad73a504971]::ops::function::FnOnce<()>>::call_once
[INFO] [stdout]   17:     0x589239fe2c8b - test[aada8e7e76ba119b]::__rust_begin_short_backtrace::<core[a373ad73a504971]::result::Result<(), alloc[2e1b2a31b91974c5]::string::String>, fn() -> core[a373ad73a504971]::result::Result<(), alloc[2e1b2a31b91974c5]::string::String>>
[INFO] [stdout]   18:     0x589239fefe65 - test[aada8e7e76ba119b]::run_test::{closure#0}
[INFO] [stdout]   19:     0x589239fe9754 - std[617be2ca0a6fd877]::sys::backtrace::__rust_begin_short_backtrace::<test[aada8e7e76ba119b]::run_test::{closure#1}, ()>
[INFO] [stdout]   20:     0x589239ff2ef2 - <std[617be2ca0a6fd877]::thread::lifecycle::spawn_unchecked<test[aada8e7e76ba119b]::run_test::{closure#1}, ()>::{closure#1} as core[a373ad73a504971]::ops::function::FnOnce<()>>::call_once::{shim:vtable#0}
[INFO] [stdout]   21:     0x58923a06c0bf - <std[617be2ca0a6fd877]::sys::thread::unix::Thread>::new::thread_start
[INFO] [stdout]   22:     0x7ead6f4e9dfa - <unknown>
[INFO] [stdout]   23:     0x7ead6f57d3d4 - clone
[INFO] [stdout]   24:                0x0 - <unknown>
[INFO] [stdout] 
[INFO] [stdout] ---- tests::api::curseforge::test_get_files stdout ----
[INFO] [stdout] 
[INFO] [stdout] thread 'tests::api::curseforge::test_get_files' (1711) panicked at src/tests/api/curseforge.rs:17:5:
[INFO] [stdout] assertion failed: result.is_ok()
[INFO] [stdout] stack backtrace:
[INFO] [stdout]    0:     0x58923a06cc11 - <<std[617be2ca0a6fd877]::sys::backtrace::BacktraceLock>::print::DisplayBacktrace as core[a373ad73a504971]::fmt::Display>::fmt
[INFO] [stdout]    1:     0x58923a0840fa - core[a373ad73a504971]::fmt::write
[INFO] [stdout]    2:     0x58923a07204c - <alloc[2e1b2a31b91974c5]::vec::Vec<u8> as core[a373ad73a504971]::io::write::Write>::write_fmt
[INFO] [stdout]    3:     0x58923a047f16 - std[617be2ca0a6fd877]::panicking::default_hook::{closure#0}
[INFO] [stdout]    4:     0x58923a064b19 - std[617be2ca0a6fd877]::panicking::default_hook
[INFO] [stdout]    5:     0x589239fef840 - test[aada8e7e76ba119b]::test_main_inner::{closure#0}
[INFO] [stdout]    6:     0x58923a064e42 - std[617be2ca0a6fd877]::panicking::panic_with_hook
[INFO] [stdout]    7:     0x58923a047ff4 - std[617be2ca0a6fd877]::panicking::panic_handler::{closure#0}
[INFO] [stdout]    8:     0x58923a0409b9 - std[617be2ca0a6fd877]::sys::backtrace::__rust_end_short_backtrace::<std[617be2ca0a6fd877]::panicking::panic_handler::{closure#0}, !>
[INFO] [stdout]    9:     0x58923a048e5d - __rustc[ea4f61d10b84890b]::rust_begin_unwind
[INFO] [stdout]   10:     0x58923a08485c - core[a373ad73a504971]::panicking::panic_fmt
[INFO] [stdout]   11:     0x58923a084822 - core[a373ad73a504971]::panicking::panic
[INFO] [stdout]   12:     0x589239e8c206 - <core[a373ad73a504971]::pin::Pin<&mut mcmodsmgr[b391d10872b5441a]::tests::api::curseforge::test_get_files::{closure#0}> as core[a373ad73a504971]::future::future::Future>::poll
[INFO] [stdout]   13:     0x589239e85117 - <tokio[707a3efbafdd4af4]::macros::scoped_tls::ScopedKey<tokio[707a3efbafdd4af4]::runtime::basic_scheduler::Context>>::set::<tokio[707a3efbafdd4af4]::runtime::basic_scheduler::enter<<tokio[707a3efbafdd4af4]::runtime::basic_scheduler::Inner<tokio[707a3efbafdd4af4]::runtime::driver::Driver>>::block_on<core[a373ad73a504971]::pin::Pin<&mut mcmodsmgr[b391d10872b5441a]::tests::api::curseforge::test_get_files::{closure#0}>>::{closure#0}, (), tokio[707a3efbafdd4af4]::runtime::driver::Driver>::{closure#0}, ()>
[INFO] [stdout]   14:     0x589239e8cd85 - <tokio[707a3efbafdd4af4]::runtime::basic_scheduler::BasicScheduler<tokio[707a3efbafdd4af4]::runtime::driver::Driver>>::block_on::<mcmodsmgr[b391d10872b5441a]::tests::api::curseforge::test_get_files::{closure#0}>
[INFO] [stdout]   15:     0x589239e888d6 - <tokio[707a3efbafdd4af4]::runtime::Runtime>::block_on::<mcmodsmgr[b391d10872b5441a]::tests::api::curseforge::test_get_files::{closure#0}>
[INFO] [stdout]   16:     0x589239e84a5e - <mcmodsmgr[b391d10872b5441a]::tests::api::curseforge::test_get_files::{closure#0} as core[a373ad73a504971]::ops::function::FnOnce<()>>::call_once
[INFO] [stdout]   17:     0x589239fe2c8b - test[aada8e7e76ba119b]::__rust_begin_short_backtrace::<core[a373ad73a504971]::result::Result<(), alloc[2e1b2a31b91974c5]::string::String>, fn() -> core[a373ad73a504971]::result::Result<(), alloc[2e1b2a31b91974c5]::string::String>>
[INFO] [stdout]   18:     0x589239fefe65 - test[aada8e7e76ba119b]::run_test::{closure#0}
[INFO] [stdout]   19:     0x589239fe9754 - std[617be2ca0a6fd877]::sys::backtrace::__rust_begin_short_backtrace::<test[aada8e7e76ba119b]::run_test::{closure#1}, ()>
[INFO] [stdout]   20:     0x589239ff2ef2 - <std[617be2ca0a6fd877]::thread::lifecycle::spawn_unchecked<test[aada8e7e76ba119b]::run_test::{closure#1}, ()>::{closure#1} as core[a373ad73a504971]::ops::function::FnOnce<()>>::call_once::{shim:vtable#0}
[INFO] [stdout]   21:     0x58923a06c0bf - <std[617be2ca0a6fd877]::sys::thread::unix::Thread>::new::thread_start
[INFO] [stdout]   22:     0x7ead6f4e9dfa - <unknown>
[INFO] [stdout]   23:     0x7ead6f57d3d4 - clone
[INFO] [stdout]   24:                0x0 - <unknown>
[INFO] [stdout] 
[INFO] [stdout] 
[INFO] [stdout] failures:
[INFO] [stdout]     tests::api::curseforge::test_get_files
[INFO] [stdout]     tests::api::curseforge::test_search
[INFO] [stdout] 
[INFO] [stdout] test result: FAILED. 2 passed; 2 failed; 0 ignored; 0 measured; 0 filtered out; finished in 0.08s
[INFO] [stdout] 
[INFO] [stderr] error: test failed, to rerun pass `--bin mcmodsmgr`
[INFO] running `Command { std: "docker" "inspect" "c73dde64df4fd17f51dbece80f809d47b3ec7aa7b5a31dbe44e00406d86d768f", kill_on_drop: false }`
[INFO] running `Command { std: "docker" "rm" "-f" "c73dde64df4fd17f51dbece80f809d47b3ec7aa7b5a31dbe44e00406d86d768f", kill_on_drop: false }`
[INFO] [stdout] c73dde64df4fd17f51dbece80f809d47b3ec7aa7b5a31dbe44e00406d86d768f
