[INFO] fetching crate mcfly 0.9.4...
[INFO] testing mcfly-0.9.4 against 1.99.0-beta.8+cargoflags=--release for beta-release-1.100-2
[INFO] extracting crate mcfly 0.9.4 into /workspace/builds/worker-6-tc1/source
[INFO] started tweaking crates.io crate mcfly 0.9.4
[INFO] finished tweaking crates.io crate mcfly 0.9.4
[INFO] tweaked toml for crates.io crate mcfly 0.9.4 written to /workspace/builds/worker-6-tc1/source/Cargo.toml
[INFO] validating manifest of crates.io crate mcfly 0.9.4 on toolchain 1.99.0-beta.8
[INFO] running `Command { std: CARGO_HOME="/workspace/cargo-home" RUSTUP_HOME="/workspace/rustup-home" "/workspace/cargo-home/bin/cargo" "+1.99.0-beta.8" "metadata" "--manifest-path" "Cargo.toml" "--no-deps", kill_on_drop: false }`
[INFO] crate crates.io crate mcfly 0.9.4 already has a lockfile, it will not be regenerated
[INFO] running `Command { std: CARGO_HOME="/workspace/cargo-home" RUSTUP_HOME="/workspace/rustup-home" "/workspace/cargo-home/bin/cargo" "+1.99.0-beta.8" "fetch" "--manifest-path" "Cargo.toml", kill_on_drop: false }`
[INFO] [stderr]     Updating crates.io index
[INFO] [stderr]  Downloading crates ...
[INFO] [stderr]   Downloaded rusqlite v0.38.0
[INFO] [stderr]   Downloaded zmij v0.1.8
[INFO] [stderr]   Downloaded serde_json v1.0.147
[INFO] [stderr]   Downloaded chrono-systemd-time v0.3.0
[INFO] [stderr]   Downloaded tiff v0.3.1
[INFO] [stderr]   Downloaded image v0.22.5
[INFO] [stderr]   Downloaded autopilot v0.4.1
[INFO] [stderr]   Downloaded png v0.15.3
[INFO] [stderr]   Downloaded cocoa v0.20.2
[INFO] [stderr]   Downloaded libsqlite3-sys v0.36.0
[INFO] [stderr]   Downloaded sqlite-wasm-rs v0.5.1
[INFO] running `Command { std: "docker" "create" "-v" "/var/lib/crater-agent-workspace/builds/worker-6-tc1/source:/opt/rustwide/workdir:ro,Z" "-v" "/var/lib/crater-agent-workspace/builds/worker-6-tc1/target:/opt/rustwide/target:rw,Z" "-v" "/var/lib/crater-agent-workspace/cargo-home:/opt/rustwide/cargo-home:ro,Z" "-v" "/var/lib/crater-agent-workspace/rustup-home:/opt/rustwide/rustup-home:ro,Z" "-m" "1610612736" "--network" "none" "ghcr.io/rust-lang/crates-build-env/linux@sha256:77db811e55d90add9212f6832c23229e3de5f1c1f9905e8cb07319ea15df73ac" "sleep" "infinity", kill_on_drop: false }`
[INFO] [stdout] d545edb4c721dd67c9c4acd3af895ad7b73129d4ee60332063a0e53f26d889b6
[INFO] running `Command { std: "docker" "start" "d545edb4c721dd67c9c4acd3af895ad7b73129d4ee60332063a0e53f26d889b6", kill_on_drop: false }`
[INFO] running `Command { std: "docker" "inspect" "d545edb4c721dd67c9c4acd3af895ad7b73129d4ee60332063a0e53f26d889b6", kill_on_drop: false }`
[INFO] running `Command { std: "docker" "exec" "-e" "SOURCE_DIR=/opt/rustwide/workdir" "-e" "CARGO_HOME=/opt/rustwide/cargo-home" "-e" "RUSTUP_HOME=/opt/rustwide/rustup-home" "-e" "CARGO_TARGET_DIR=/opt/rustwide/target" "-w" "/opt/rustwide/workdir" "--user" "0:0" "d545edb4c721dd67c9c4acd3af895ad7b73129d4ee60332063a0e53f26d889b6" "/opt/rustwide/cargo-home/bin/cargo" "+1.99.0-beta.8" "metadata" "--no-deps" "--format-version=1", kill_on_drop: false }`
[INFO] running `Command { std: "docker" "inspect" "d545edb4c721dd67c9c4acd3af895ad7b73129d4ee60332063a0e53f26d889b6", kill_on_drop: false }`
[INFO] running `Command { std: "docker" "exec" "-e" "SOURCE_DIR=/opt/rustwide/workdir" "-e" "CARGO_HOME=/opt/rustwide/cargo-home" "-e" "RUSTUP_HOME=/opt/rustwide/rustup-home" "-e" "CARGO_TARGET_DIR=/opt/rustwide/target" "-e" "CARGO_INCREMENTAL=0" "-e" "RUST_BACKTRACE=full" "-e" "RUSTFLAGS=--cap-lints=warn" "-e" "RUSTDOCFLAGS=--cap-lints=warn" "-w" "/opt/rustwide/workdir" "--user" "0:0" "d545edb4c721dd67c9c4acd3af895ad7b73129d4ee60332063a0e53f26d889b6" "/opt/rustwide/cargo-home/bin/cargo" "+1.99.0-beta.8" "build" "--frozen" "--message-format=json" "--release", kill_on_drop: false }`
[INFO] [stderr]    Compiling libc v0.2.178
[INFO] [stderr]    Compiling proc-macro2 v1.0.103
[INFO] [stderr]    Compiling unicode-ident v1.0.22
[INFO] [stderr]    Compiling quote v1.0.42
[INFO] [stderr]    Compiling serde_core v1.0.228
[INFO] [stderr]    Compiling cfg-if v1.0.4
[INFO] [stderr]    Compiling memchr v2.7.6
[INFO] [stderr]    Compiling autocfg v1.5.0
[INFO] [stderr]    Compiling getrandom v0.3.4
[INFO] [stderr]    Compiling shlex v1.3.0
[INFO] [stderr]    Compiling zerocopy v0.8.31
[INFO] [stderr]    Compiling find-msvc-tools v0.1.5
[INFO] [stderr]    Compiling pkg-config v0.3.32
[INFO] [stderr]    Compiling thiserror v1.0.69
[INFO] [stderr]    Compiling smallvec v1.15.1
[INFO] [stderr]    Compiling parking_lot_core v0.9.12
[INFO] [stderr]    Compiling utf8parse v0.2.2
[INFO] [stderr]    Compiling vcpkg v0.2.15
[INFO] [stderr]    Compiling signal-hook v0.3.18
[INFO] [stderr]    Compiling anstyle-parse v0.2.7
[INFO] [stderr]    Compiling cc v1.2.50
[INFO] [stderr]    Compiling winnow v0.7.14
[INFO] [stderr]    Compiling rustix v0.38.44
[INFO] [stderr]    Compiling colorchoice v1.0.4
[INFO] [stderr]    Compiling once_cell v1.21.3
[INFO] [stderr]    Compiling log v0.4.29
[INFO] [stderr]    Compiling option-ext v0.2.0
[INFO] [stderr]    Compiling bitflags v2.10.0
[INFO] [stderr]    Compiling scopeguard v1.2.0
[INFO] [stderr]    Compiling anstyle v1.0.13
[INFO] [stderr]    Compiling is_terminal_polyfill v1.70.2
[INFO] [stderr]    Compiling anstyle-query v1.1.5
[INFO] [stderr]    Compiling foldhash v0.2.0
[INFO] [stderr]    Compiling lock_api v0.4.14
[INFO] [stderr]    Compiling regex-syntax v0.8.8
[INFO] [stderr]    Compiling iana-time-zone v0.1.64
[INFO] [stderr]    Compiling num-traits v0.2.19
[INFO] [stderr]    Compiling anstream v0.6.21
[INFO] [stderr]    Compiling hashbrown v0.16.1
[INFO] [stderr]    Compiling heck v0.5.0
[INFO] [stderr]    Compiling clap_lex v0.7.6
[INFO] [stderr]    Compiling serde_json v1.0.147
[INFO] [stderr]    Compiling linux-raw-sys v0.4.15
[INFO] [stderr]    Compiling strsim v0.11.1
[INFO] [stderr]    Compiling itoa v1.0.16
[INFO] [stderr]    Compiling serde v1.0.228
[INFO] [stderr]    Compiling path-dedot v3.1.1
[INFO] [stderr]    Compiling aho-corasick v1.1.4
[INFO] [stderr]    Compiling clap_builder v4.5.53
[INFO] [stderr]    Compiling csv-core v0.1.13
[INFO] [stderr]    Compiling fallible-iterator v0.3.0
[INFO] [stderr]    Compiling hashlink v0.11.0
[INFO] [stderr]    Compiling either v1.15.0
[INFO] [stderr]    Compiling syn v2.0.111
[INFO] [stderr]    Compiling zmij v0.1.8
[INFO] [stderr]    Compiling ryu v1.0.21
[INFO] [stderr]    Compiling pathdiff v0.2.3
[INFO] [stderr]    Compiling fallible-streaming-iterator v0.1.9
[INFO] [stderr]    Compiling itertools v0.14.0
[INFO] [stderr]    Compiling path-absolutize v3.1.1
[INFO] [stderr]    Compiling signal-hook-registry v1.4.7
[INFO] [stderr]    Compiling mio v1.1.1
[INFO] [stderr]    Compiling dirs-sys v0.5.0
[INFO] [stderr]    Compiling rand_core v0.9.3
[INFO] [stderr]    Compiling parking_lot v0.12.5
[INFO] [stderr]    Compiling dirs v6.0.0
[INFO] [stderr]    Compiling chrono v0.4.42
[INFO] [stderr]    Compiling libsqlite3-sys v0.36.0
[INFO] [stderr]    Compiling dirs-sys-next v0.1.2
[INFO] [stderr]    Compiling signal-hook-mio v0.2.5
[INFO] [stderr]    Compiling shellexpand v3.1.1
[INFO] [stderr]    Compiling humantime v2.3.0
[INFO] [stderr]    Compiling unicode-segmentation v1.12.0
[INFO] [stderr]    Compiling directories-next v2.0.0
[INFO] [stderr]    Compiling regex-automata v0.4.13
[INFO] [stderr]    Compiling ppv-lite86 v0.2.21
[INFO] [stderr]    Compiling toml_parser v1.0.6+spec-1.1.0
[INFO] [stderr]    Compiling toml_datetime v0.7.5+spec-1.1.0
[INFO] [stderr]    Compiling serde_spanned v1.0.4
[INFO] [stderr]    Compiling chrono-systemd-time v0.3.0
[INFO] [stderr]    Compiling csv v1.4.0
[INFO] [stderr]    Compiling rand_chacha v0.9.0
[INFO] [stderr]    Compiling rand v0.9.2
[INFO] [stderr]    Compiling toml v0.9.10+spec-1.1.0
[INFO] [stderr]    Compiling config v0.15.19
[INFO] [stderr]    Compiling thiserror-impl v1.0.69
[INFO] [stderr]    Compiling serde_derive v1.0.228
[INFO] [stderr]    Compiling clap_derive v4.5.49
[INFO] [stderr]    Compiling filedescriptor v0.8.3
[INFO] [stderr]    Compiling crossterm v0.28.1
[INFO] [stderr]    Compiling clap v4.5.53
[INFO] [stderr]    Compiling regex v1.12.2
[INFO] [stderr]    Compiling rusqlite v0.38.0
[INFO] [stderr]    Compiling mcfly v0.9.4 (/opt/rustwide/workdir)
[INFO] [stderr]     Finished `release` profile [optimized] target(s) in 2m 43s
[INFO] running `Command { std: "docker" "inspect" "d545edb4c721dd67c9c4acd3af895ad7b73129d4ee60332063a0e53f26d889b6", kill_on_drop: false }`
[INFO] running `Command { std: "docker" "exec" "-e" "SOURCE_DIR=/opt/rustwide/workdir" "-e" "CARGO_HOME=/opt/rustwide/cargo-home" "-e" "RUSTUP_HOME=/opt/rustwide/rustup-home" "-e" "CARGO_TARGET_DIR=/opt/rustwide/target" "-e" "CARGO_INCREMENTAL=0" "-e" "RUST_BACKTRACE=full" "-e" "RUSTFLAGS=--cap-lints=warn" "-e" "RUSTDOCFLAGS=--cap-lints=warn" "-w" "/opt/rustwide/workdir" "--user" "0:0" "d545edb4c721dd67c9c4acd3af895ad7b73129d4ee60332063a0e53f26d889b6" "/opt/rustwide/cargo-home/bin/cargo" "+1.99.0-beta.8" "test" "--frozen" "--no-run" "--message-format=json" "--release", kill_on_drop: false }`
[INFO] [stderr]    Compiling mcfly v0.9.4 (/opt/rustwide/workdir)
[INFO] [stderr]     Finished `release` profile [optimized] target(s) in 15.01s
[INFO] running `Command { std: "docker" "inspect" "d545edb4c721dd67c9c4acd3af895ad7b73129d4ee60332063a0e53f26d889b6", kill_on_drop: false }`
[INFO] running `Command { std: "docker" "exec" "-e" "SOURCE_DIR=/opt/rustwide/workdir" "-e" "CARGO_HOME=/opt/rustwide/cargo-home" "-e" "RUSTUP_HOME=/opt/rustwide/rustup-home" "-e" "CARGO_TARGET_DIR=/opt/rustwide/target" "-e" "CARGO_INCREMENTAL=0" "-e" "RUST_BACKTRACE=full" "-e" "RUSTFLAGS=--cap-lints=warn" "-e" "RUSTDOCFLAGS=--cap-lints=warn" "-w" "/opt/rustwide/workdir" "--user" "0:0" "d545edb4c721dd67c9c4acd3af895ad7b73129d4ee60332063a0e53f26d889b6" "/opt/rustwide/cargo-home/bin/cargo" "+1.99.0-beta.8" "test" "--frozen" "--release", kill_on_drop: false }`
[INFO] [stderr]     Finished `release` profile [optimized] target(s) in 0.13s
[INFO] [stderr]      Running unittests src/lib.rs (/opt/rustwide/target/release/deps/mcfly-67b99bbcce7a5b7b)
[INFO] [stdout] 
[INFO] [stdout] running 21 tests
[INFO] [stdout] test path_update_helpers::tests::parse_mv_command_works_with_escaped_strings ... ok
[INFO] [stdout] test path_update_helpers::tests::parse_mv_command_works_with_escaping ... ok
[INFO] [stdout] test simplified_command::tests::it_ignores_escaping_otherwise ... ok
[INFO] [stdout] test node::tests::test_dot ... ok
[INFO] [stdout] test simplified_command::tests::it_handles_one_level_of_quote_escaping ... ok
[INFO] [stdout] test simplified_command::tests::it_truncates_after_simplification ... ok
[INFO] [stdout] test simplified_command::tests::it_works_for_simple_commands ... ok
[INFO] [stdout] test simplified_command::tests::it_simplifies_obvious_paths ... ok
[INFO] [stdout] test path_update_helpers::tests::normalize_path_works_with_double_dots ... FAILED
[INFO] [stdout] test path_update_helpers::tests::parse_mv_command_works_in_the_basic_case ... ok
[INFO] [stdout] test simplified_command::tests::it_ignores_leading_paths ... ok
[INFO] [stdout] test shell_history::tests::has_leading_timestamp_works ... ok
[INFO] [stdout] test command_input::tests::display_works ... ok
[INFO] [stdout] test fixed_length_grapheme_string::tests::length_works ... ok
[INFO] [stdout] test fixed_length_grapheme_string::tests::max_length_works ... ok
[INFO] [stdout] test simplified_command::tests::it_simplifies_simple_quoted_strings ... ok
[INFO] [stdout] test path_update_helpers::tests::parse_mv_command_works_with_options ... ok
[INFO] [stdout] test command_input::tests::previous_word_boundary_works ... ok
[INFO] [stdout] test path_update_helpers::tests::normalize_path_works_with_tilda ... FAILED
[INFO] [stdout] test command_input::tests::next_word_boundary_works ... ok
[INFO] [stdout] test path_update_helpers::tests::normalize_path_works_absolute_paths ... FAILED
[INFO] [stdout] 
[INFO] [stdout] failures:
[INFO] [stdout] 
[INFO] [stdout] ---- path_update_helpers::tests::normalize_path_works_with_double_dots stdout ----
[INFO] [stdout] 
[INFO] [stdout] thread 'path_update_helpers::tests::normalize_path_works_with_double_dots' (1581) panicked at src/settings.rs:709:31:
[INFO] [stdout] McFly error: Unable to determine current directory (environment variable not found)
[INFO] [stdout] stack backtrace:
[INFO] [stdout]    0:     0x5c472b1dfa87 - <<std[70759c8f55707aa4]::sys::backtrace::BacktraceLock>::print::DisplayBacktrace as core[df12db4294e9bfd3]::fmt::Display>::fmt
[INFO] [stdout]    1:     0x5c472b1bf15a - core[df12db4294e9bfd3]::fmt::write
[INFO] [stdout]    2:     0x5c472b1df03b - <alloc[2182bb758b4b3781]::vec::Vec<u8> as core[df12db4294e9bfd3]::io::write::Write>::write_fmt
[INFO] [stdout]    3:     0x5c472b1deb1f - std[70759c8f55707aa4]::panicking::default_hook::{closure#0}
[INFO] [stdout]    4:     0x5c472b1de74a - std[70759c8f55707aa4]::panicking::default_hook
[INFO] [stdout]    5:     0x5c472b1de282 - std[70759c8f55707aa4]::panicking::panic_with_hook
[INFO] [stdout]    6:     0x5c472b2055f1 - std[70759c8f55707aa4]::panicking::panic_handler::{closure#0}
[INFO] [stdout]    7:     0x5c472b2055a9 - std[70759c8f55707aa4]::sys::backtrace::__rust_end_short_backtrace::<std[70759c8f55707aa4]::panicking::panic_handler::{closure#0}, !>
[INFO] [stdout]    8:     0x5c472b205abc - __rustc[8fa7c3cbc660c2b3]::rust_begin_unwind
[INFO] [stdout]    9:     0x5c472b1befeb - core[df12db4294e9bfd3]::panicking::panic_fmt
[INFO] [stdout]   10:     0x5c472b1b8803 - mcfly[11e077a76033e6f]::settings::pwd::{closure#0}
[INFO] [stdout]   11:     0x5c472b1d3c34 - mcfly[11e077a76033e6f]::path_update_helpers::normalize_path
[INFO] [stdout]   12:     0x5c472b1bcca8 - <mcfly[11e077a76033e6f]::path_update_helpers::tests::normalize_path_works_with_double_dots::{closure#0} as core[df12db4294e9bfd3]::ops::function::FnOnce<()>>::call_once
[INFO] [stdout]   13:     0x5c472b21d6ab - test[9d35eded1c95d3be]::__rust_begin_short_backtrace::<core[df12db4294e9bfd3]::result::Result<(), alloc[2182bb758b4b3781]::string::String>, fn() -> core[df12db4294e9bfd3]::result::Result<(), alloc[2182bb758b4b3781]::string::String>>
[INFO] [stdout]   14:     0x5c472b218cbf - test[9d35eded1c95d3be]::run_test::{closure#0}
[INFO] [stdout]   15:     0x5c472b21873c - std[70759c8f55707aa4]::sys::backtrace::__rust_begin_short_backtrace::<test[9d35eded1c95d3be]::run_test::{closure#1}, ()>
[INFO] [stdout]   16:     0x5c472b2358fc - <std[70759c8f55707aa4]::thread::lifecycle::spawn_unchecked<test[9d35eded1c95d3be]::run_test::{closure#1}, ()>::{closure#1} as core[df12db4294e9bfd3]::ops::function::FnOnce<()>>::call_once::{shim:vtable#0}
[INFO] [stdout]   17:     0x5c472b206e72 - <std[70759c8f55707aa4]::sys::thread::unix::Thread>::new::thread_start
[INFO] [stdout]   18:     0x72f5a35dadfa - <unknown>
[INFO] [stdout]   19:     0x72f5a366e3d4 - clone
[INFO] [stdout]   20:                0x0 - <unknown>
[INFO] [stdout] 
[INFO] [stdout] ---- path_update_helpers::tests::normalize_path_works_with_tilda stdout ----
[INFO] [stdout] 
[INFO] [stdout] thread 'path_update_helpers::tests::normalize_path_works_with_tilda' (1582) panicked at src/settings.rs:709:31:
[INFO] [stdout] McFly error: Unable to determine current directory (environment variable not found)
[INFO] [stdout] stack backtrace:
[INFO] [stdout]    0:     0x5c472b1dfa87 - <<std[70759c8f55707aa4]::sys::backtrace::BacktraceLock>::print::DisplayBacktrace as core[df12db4294e9bfd3]::fmt::Display>::fmt
[INFO] [stdout]    1:     0x5c472b1bf15a - core[df12db4294e9bfd3]::fmt::write
[INFO] [stdout]    2:     0x5c472b1df03b - <alloc[2182bb758b4b3781]::vec::Vec<u8> as core[df12db4294e9bfd3]::io::write::Write>::write_fmt
[INFO] [stdout]    3:     0x5c472b1deb1f - std[70759c8f55707aa4]::panicking::default_hook::{closure#0}
[INFO] [stdout]    4:     0x5c472b1de74a - std[70759c8f55707aa4]::panicking::default_hook
[INFO] [stdout]    5:     0x5c472b1de282 - std[70759c8f55707aa4]::panicking::panic_with_hook
[INFO] [stdout]    6:     0x5c472b2055f1 - std[70759c8f55707aa4]::panicking::panic_handler::{closure#0}
[INFO] [stdout]    7:     0x5c472b2055a9 - std[70759c8f55707aa4]::sys::backtrace::__rust_end_short_backtrace::<std[70759c8f55707aa4]::panicking::panic_handler::{closure#0}, !>
[INFO] [stdout]    8:     0x5c472b205abc - __rustc[8fa7c3cbc660c2b3]::rust_begin_unwind
[INFO] [stdout]    9:     0x5c472b1befeb - core[df12db4294e9bfd3]::panicking::panic_fmt
[INFO] [stdout]   10:     0x5c472b1b8803 - mcfly[11e077a76033e6f]::settings::pwd::{closure#0}
[INFO] [stdout]   11:     0x5c472b1d3c34 - mcfly[11e077a76033e6f]::path_update_helpers::normalize_path
[INFO] [stdout]   12:     0x5c472b1bbc1a - <mcfly[11e077a76033e6f]::path_update_helpers::tests::normalize_path_works_with_tilda::{closure#0} as core[df12db4294e9bfd3]::ops::function::FnOnce<()>>::call_once
[INFO] [stdout]   13:     0x5c472b21d6ab - test[9d35eded1c95d3be]::__rust_begin_short_backtrace::<core[df12db4294e9bfd3]::result::Result<(), alloc[2182bb758b4b3781]::string::String>, fn() -> core[df12db4294e9bfd3]::result::Result<(), alloc[2182bb758b4b3781]::string::String>>
[INFO] [stdout]   14:     0x5c472b218cbf - test[9d35eded1c95d3be]::run_test::{closure#0}
[INFO] [stdout]   15:     0x5c472b21873c - std[70759c8f55707aa4]::sys::backtrace::__rust_begin_short_backtrace::<test[9d35eded1c95d3be]::run_test::{closure#1}, ()>
[INFO] [stdout]   16:     0x5c472b2358fc - <std[70759c8f55707aa4]::thread::lifecycle::spawn_unchecked<test[9d35eded1c95d3be]::run_test::{closure#1}, ()>::{closure#1} as core[df12db4294e9bfd3]::ops::function::FnOnce<()>>::call_once::{shim:vtable#0}
[INFO] [stdout]   17:     0x5c472b206e72 - <std[70759c8f55707aa4]::sys::thread::unix::Thread>::new::thread_start
[INFO] [stdout]   18:     0x72f5a35dadfa - <unknown>
[INFO] [stdout]   19:     0x72f5a366e3d4 - clone
[INFO] [stdout]   20:                0x0 - <unknown>
[INFO] [stdout] 
[INFO] [stdout] ---- path_update_helpers::tests::normalize_path_works_absolute_paths stdout ----
[INFO] [stdout] 
[INFO] [stdout] thread 'path_update_helpers::tests::normalize_path_works_absolute_paths' (1580) panicked at src/settings.rs:709:31:
[INFO] [stdout] McFly error: Unable to determine current directory (environment variable not found)
[INFO] [stdout] stack backtrace:
[INFO] [stdout]    0:     0x5c472b1dfa87 - <<std[70759c8f55707aa4]::sys::backtrace::BacktraceLock>::print::DisplayBacktrace as core[df12db4294e9bfd3]::fmt::Display>::fmt
[INFO] [stdout]    1:     0x5c472b1bf15a - core[df12db4294e9bfd3]::fmt::write
[INFO] [stdout]    2:     0x5c472b1df03b - <alloc[2182bb758b4b3781]::vec::Vec<u8> as core[df12db4294e9bfd3]::io::write::Write>::write_fmt
[INFO] [stdout]    3:     0x5c472b1deb1f - std[70759c8f55707aa4]::panicking::default_hook::{closure#0}
[INFO] [stdout]    4:     0x5c472b1de74a - std[70759c8f55707aa4]::panicking::default_hook
[INFO] [stdout]    5:     0x5c472b1de282 - std[70759c8f55707aa4]::panicking::panic_with_hook
[INFO] [stdout]    6:     0x5c472b2055f1 - std[70759c8f55707aa4]::panicking::panic_handler::{closure#0}
[INFO] [stdout]    7:     0x5c472b2055a9 - std[70759c8f55707aa4]::sys::backtrace::__rust_end_short_backtrace::<std[70759c8f55707aa4]::panicking::panic_handler::{closure#0}, !>
[INFO] [stdout]    8:     0x5c472b205abc - __rustc[8fa7c3cbc660c2b3]::rust_begin_unwind
[INFO] [stdout]    9:     0x5c472b1befeb - core[df12db4294e9bfd3]::panicking::panic_fmt
[INFO] [stdout]   10:     0x5c472b1b8803 - mcfly[11e077a76033e6f]::settings::pwd::{closure#0}
[INFO] [stdout]   11:     0x5c472b1d3c34 - mcfly[11e077a76033e6f]::path_update_helpers::normalize_path
[INFO] [stdout]   12:     0x5c472b1bbed7 - <mcfly[11e077a76033e6f]::path_update_helpers::tests::normalize_path_works_absolute_paths::{closure#0} as core[df12db4294e9bfd3]::ops::function::FnOnce<()>>::call_once
[INFO] [stdout]   13:     0x5c472b21d6ab - test[9d35eded1c95d3be]::__rust_begin_short_backtrace::<core[df12db4294e9bfd3]::result::Result<(), alloc[2182bb758b4b3781]::string::String>, fn() -> core[df12db4294e9bfd3]::result::Result<(), alloc[2182bb758b4b3781]::string::String>>
[INFO] [stdout]   14:     0x5c472b218cbf - test[9d35eded1c95d3be]::run_test::{closure#0}
[INFO] [stdout]   15:     0x5c472b21873c - std[70759c8f55707aa4]::sys::backtrace::__rust_begin_short_backtrace::<test[9d35eded1c95d3be]::run_test::{closure#1}, ()>
[INFO] [stdout]   16:     0x5c472b2358fc - <std[70759c8f55707aa4]::thread::lifecycle::spawn_unchecked<test[9d35eded1c95d3be]::run_test::{closure#1}, ()>::{closure#1} as core[df12db4294e9bfd3]::ops::function::FnOnce<()>>::call_once::{shim:vtable#0}
[INFO] [stdout]   17:     0x5c472b206e72 - <std[70759c8f55707aa4]::sys::thread::unix::Thread>::new::thread_start
[INFO] [stdout]   18:     0x72f5a35dadfa - <unknown>
[INFO] [stdout]   19:     0x72f5a366e3d4 - clone
[INFO] [stdout]   20:                0x0 - <unknown>
[INFO] [stdout] 
[INFO] [stdout] 
[INFO] [stdout] failures:
[INFO] [stdout]     path_update_helpers::tests::normalize_path_works_absolute_paths
[INFO] [stdout]     path_update_helpers::tests::normalize_path_works_with_double_dots
[INFO] [stdout]     path_update_helpers::tests::normalize_path_works_with_tilda
[INFO] [stdout] 
[INFO] [stdout] test result: FAILED. 18 passed; 3 failed; 0 ignored; 0 measured; 0 filtered out; finished in 0.01s
[INFO] [stdout] 
[INFO] [stderr] error: test failed, to rerun pass `--lib`
[INFO] running `Command { std: "docker" "inspect" "d545edb4c721dd67c9c4acd3af895ad7b73129d4ee60332063a0e53f26d889b6", kill_on_drop: false }`
[INFO] running `Command { std: "docker" "rm" "-f" "d545edb4c721dd67c9c4acd3af895ad7b73129d4ee60332063a0e53f26d889b6", kill_on_drop: false }`
[INFO] [stdout] d545edb4c721dd67c9c4acd3af895ad7b73129d4ee60332063a0e53f26d889b6
