[INFO] fetching crate maxbot 5.0.0...
[INFO] testing maxbot-5.0.0 against 1.100.0-beta.1+cargoflags=--release for beta-release-1.100-2
[INFO] extracting crate maxbot 5.0.0 into /workspace/builds/worker-5-tc2/source
[INFO] started tweaking crates.io crate maxbot 5.0.0
[INFO] removed 0 missing examples
[INFO] finished tweaking crates.io crate maxbot 5.0.0
[INFO] tweaked toml for crates.io crate maxbot 5.0.0 written to /workspace/builds/worker-5-tc2/source/Cargo.toml
[INFO] validating manifest of crates.io crate maxbot 5.0.0 on toolchain 1.100.0-beta.1
[INFO] running `Command { std: CARGO_HOME="/workspace/cargo-home" RUSTUP_HOME="/workspace/rustup-home" "/workspace/cargo-home/bin/cargo" "+1.100.0-beta.1" "metadata" "--manifest-path" "Cargo.toml" "--no-deps", kill_on_drop: false }`
[INFO] crate crates.io crate maxbot 5.0.0 already has a lockfile, it will not be regenerated
[INFO] running `Command { std: CARGO_HOME="/workspace/cargo-home" RUSTUP_HOME="/workspace/rustup-home" "/workspace/cargo-home/bin/cargo" "+1.100.0-beta.1" "fetch" "--manifest-path" "Cargo.toml", kill_on_drop: false }`
[INFO] running `Command { std: "docker" "create" "-v" "/var/lib/crater-agent-workspace/builds/worker-5-tc2/source:/opt/rustwide/workdir:ro,Z" "-v" "/var/lib/crater-agent-workspace/builds/worker-5-tc2/target:/opt/rustwide/target:rw,Z" "-v" "/var/lib/crater-agent-workspace/cargo-home:/opt/rustwide/cargo-home:ro,Z" "-v" "/var/lib/crater-agent-workspace/rustup-home:/opt/rustwide/rustup-home:ro,Z" "-m" "1610612736" "--network" "none" "ghcr.io/rust-lang/crates-build-env/linux@sha256:77db811e55d90add9212f6832c23229e3de5f1c1f9905e8cb07319ea15df73ac" "sleep" "infinity", kill_on_drop: false }`
[INFO] [stdout] c625367860cbb947efe86bd2e981921efda1974d2fa05595061c62ad553d19a3
[INFO] running `Command { std: "docker" "start" "c625367860cbb947efe86bd2e981921efda1974d2fa05595061c62ad553d19a3", kill_on_drop: false }`
[INFO] running `Command { std: "docker" "inspect" "c625367860cbb947efe86bd2e981921efda1974d2fa05595061c62ad553d19a3", kill_on_drop: false }`
[INFO] running `Command { std: "docker" "exec" "-e" "SOURCE_DIR=/opt/rustwide/workdir" "-e" "CARGO_HOME=/opt/rustwide/cargo-home" "-e" "RUSTUP_HOME=/opt/rustwide/rustup-home" "-e" "CARGO_TARGET_DIR=/opt/rustwide/target" "-w" "/opt/rustwide/workdir" "--user" "0:0" "c625367860cbb947efe86bd2e981921efda1974d2fa05595061c62ad553d19a3" "/opt/rustwide/cargo-home/bin/cargo" "+1.100.0-beta.1" "metadata" "--no-deps" "--format-version=1", kill_on_drop: false }`
[INFO] running `Command { std: "docker" "inspect" "c625367860cbb947efe86bd2e981921efda1974d2fa05595061c62ad553d19a3", kill_on_drop: false }`
[INFO] running `Command { std: "docker" "exec" "-e" "SOURCE_DIR=/opt/rustwide/workdir" "-e" "CARGO_HOME=/opt/rustwide/cargo-home" "-e" "RUSTUP_HOME=/opt/rustwide/rustup-home" "-e" "CARGO_TARGET_DIR=/opt/rustwide/target" "-e" "CARGO_INCREMENTAL=0" "-e" "RUST_BACKTRACE=full" "-e" "RUSTFLAGS=--cap-lints=warn" "-e" "RUSTDOCFLAGS=--cap-lints=warn" "-w" "/opt/rustwide/workdir" "--user" "0:0" "c625367860cbb947efe86bd2e981921efda1974d2fa05595061c62ad553d19a3" "/opt/rustwide/cargo-home/bin/cargo" "+1.100.0-beta.1" "build" "--frozen" "--message-format=json" "--release", kill_on_drop: false }`
[INFO] [stderr]    Compiling futures-core v0.3.33
[INFO] [stderr]    Compiling aws-lc-rs v1.17.3
[INFO] [stderr]    Compiling syn v2.0.119
[INFO] [stderr]    Compiling errno v0.3.14
[INFO] [stderr]    Compiling parking_lot_core v0.9.12
[INFO] [stderr]    Compiling futures-task v0.3.33
[INFO] [stderr]    Compiling rustls v0.23.43
[INFO] [stderr]    Compiling cc v1.4.0
[INFO] [stderr]    Compiling displaydoc v0.2.7
[INFO] [stderr]    Compiling futures-sink v0.3.33
[INFO] [stderr]    Compiling hybrid-array v0.4.13
[INFO] [stderr]    Compiling mime_guess v2.0.5
[INFO] [stderr]    Compiling aho-corasick v1.1.4
[INFO] [stderr]    Compiling serde_derive v1.0.229
[INFO] [stderr]    Compiling unicase v2.9.0
[INFO] [stderr]    Compiling thiserror v2.0.19
[INFO] [stderr]    Compiling signal-hook-registry v1.4.8
[INFO] [stderr]    Compiling futures-channel v0.3.33
[INFO] [stderr]    Compiling sync_wrapper v1.0.2
[INFO] [stderr]    Compiling http-body-util v0.1.4
[INFO] [stderr]    Compiling serde_json v1.0.151
[INFO] [stderr]    Compiling thiserror-impl v2.0.19
[INFO] [stderr]    Compiling uuid v1.24.0
[INFO] [stderr]    Compiling parking_lot v0.12.5
[INFO] [stderr]    Compiling futures-util v0.3.33
[INFO] [stderr]    Compiling tokio v1.53.1
[INFO] [stderr]    Compiling block-buffer v0.12.1
[INFO] [stderr]    Compiling crypto-common v0.2.2
[INFO] [stderr]    Compiling cmake v0.1.58
[INFO] [stderr]    Compiling regex-automata v0.4.16
[INFO] [stderr]    Compiling aws-lc-sys v0.43.0
[INFO] [stderr]    Compiling digest v0.11.3
[INFO] [stderr]    Compiling sha2 v0.11.0
[INFO] [stderr]    Compiling hmac v0.13.0
[INFO] [stderr]    Compiling synstructure v0.13.2
[INFO] [stderr]    Compiling zerovec-derive v0.11.3
[INFO] [stderr]    Compiling serde v1.0.229
[INFO] [stderr]    Compiling zerofrom-derive v0.1.7
[INFO] [stderr]    Compiling yoke-derive v0.8.2
[INFO] [stderr]    Compiling zerofrom v0.1.8
[INFO] [stderr]    Compiling yoke v0.8.3
[INFO] [stderr]    Compiling zerotrie v0.2.4
[INFO] [stderr]    Compiling zerovec v0.11.6
[INFO] [stderr]    Compiling regex v1.13.1
[INFO] [stderr]    Compiling tinystr v0.8.3
[INFO] [stderr]    Compiling icu_locale_core v2.2.0
[INFO] [stderr]    Compiling potential_utf v0.1.5
[INFO] [stderr]    Compiling icu_collections v2.2.0
[INFO] [stderr]    Compiling tokio-util v0.7.19
[INFO] [stderr]    Compiling tower v0.5.3
[INFO] [stderr]    Compiling icu_provider v2.2.0
[INFO] [stderr]    Compiling icu_normalizer v2.2.0
[INFO] [stderr]    Compiling icu_properties v2.2.0
[INFO] [stderr]    Compiling h2 v0.4.15
[INFO] [stderr]    Compiling idna_adapter v1.2.2
[INFO] [stderr]    Compiling idna v1.1.0
[INFO] [stderr]    Compiling url v2.5.8
[INFO] [stderr]    Compiling hyper v1.11.0
[INFO] [stderr]    Compiling tower-http v0.6.11
[INFO] [stderr]    Compiling hyper-util v0.1.20
[INFO] [stderr]    Compiling rustls-webpki v0.103.13
[INFO] [stderr]    Compiling tokio-rustls v0.26.4
[INFO] [stderr]    Compiling rustls-platform-verifier v0.7.0
[INFO] [stderr]    Compiling hyper-rustls v0.27.9
[INFO] [stderr]    Compiling reqwest v0.13.4
[INFO] [stderr]    Compiling maxbot v5.0.0 (/opt/rustwide/workdir)
[INFO] [stderr]     Finished `release` profile [optimized] target(s) in 1m 49s
[INFO] running `Command { std: "docker" "inspect" "c625367860cbb947efe86bd2e981921efda1974d2fa05595061c62ad553d19a3", kill_on_drop: false }`
[INFO] running `Command { std: "docker" "exec" "-e" "SOURCE_DIR=/opt/rustwide/workdir" "-e" "CARGO_HOME=/opt/rustwide/cargo-home" "-e" "RUSTUP_HOME=/opt/rustwide/rustup-home" "-e" "CARGO_TARGET_DIR=/opt/rustwide/target" "-e" "CARGO_INCREMENTAL=0" "-e" "RUST_BACKTRACE=full" "-e" "RUSTFLAGS=--cap-lints=warn" "-e" "RUSTDOCFLAGS=--cap-lints=warn" "-w" "/opt/rustwide/workdir" "--user" "0:0" "c625367860cbb947efe86bd2e981921efda1974d2fa05595061c62ad553d19a3" "/opt/rustwide/cargo-home/bin/cargo" "+1.100.0-beta.1" "test" "--frozen" "--no-run" "--message-format=json" "--release", kill_on_drop: false }`
[INFO] [stderr]    Compiling maxbot v5.0.0 (/opt/rustwide/workdir)
[INFO] [stderr]     Finished `release` profile [optimized] target(s) in 2m 45s
[INFO] running `Command { std: "docker" "inspect" "c625367860cbb947efe86bd2e981921efda1974d2fa05595061c62ad553d19a3", kill_on_drop: false }`
[INFO] running `Command { std: "docker" "exec" "-e" "SOURCE_DIR=/opt/rustwide/workdir" "-e" "CARGO_HOME=/opt/rustwide/cargo-home" "-e" "RUSTUP_HOME=/opt/rustwide/rustup-home" "-e" "CARGO_TARGET_DIR=/opt/rustwide/target" "-e" "CARGO_INCREMENTAL=0" "-e" "RUST_BACKTRACE=full" "-e" "RUSTFLAGS=--cap-lints=warn" "-e" "RUSTDOCFLAGS=--cap-lints=warn" "-w" "/opt/rustwide/workdir" "--user" "0:0" "c625367860cbb947efe86bd2e981921efda1974d2fa05595061c62ad553d19a3" "/opt/rustwide/cargo-home/bin/cargo" "+1.100.0-beta.1" "test" "--frozen" "--release", kill_on_drop: false }`
[INFO] [stderr]     Finished `release` profile [optimized] target(s) in 0.32s
[INFO] [stderr]      Running unittests src/lib.rs (/opt/rustwide/target/release/build/maxbot/4a137a38a6dd2692/out/maxbot-4a137a38a6dd2692)
[INFO] [stdout] 
[INFO] [stdout] running 0 tests
[INFO] [stdout] 
[INFO] [stdout] test result: ok. 0 passed; 0 failed; 0 ignored; 0 measured; 0 filtered out; finished in 0.00s
[INFO] [stdout] 
[INFO] [stderr]    Doc-tests maxbot
[INFO] [stdout] 
[INFO] [stdout] running 26 tests
[INFO] [stdout] test src/api/age.rs - api::age::MaxClient::age_verification (line 141) - compile ... ok
[INFO] [stdout] test src/api/messages.rs - api::messages::MaxClient::get_messages (line 756) - compile ... ok
[INFO] [stdout] test src/api/updates.rs - api::updates::MaxClient::answer_callback_query_limited (line 80) - compile ... ok
[INFO] [stdout] test src/api/messages.rs - api::messages::MaxClient::edit_message (line 805) - compile ... ok
[INFO] [stdout] test src/config.rs - config::set_global_base_url (line 20) ... FAILED
[INFO] [stdout] test src/api/messages.rs - api::messages::SendMessageParamsBuilder (line 50) - compile ... ok
[INFO] [stdout] test src/client.rs - client::MaxClient::upload_file (line 262) - compile ... ok
[INFO] [stdout] test src/api/chats.rs - api::chats::MaxClient::add_chat_admins (line 346) - compile ... ok
[INFO] [stdout] test src/config.rs - config::set_global_max_rps (line 52) ... FAILED
[INFO] [stdout] test src/client.rs - client::MaxClient (line 30) - compile ... ok
[INFO] [stdout] test src/api/chats.rs - api::chats::MaxClient::remove_chat_admin (line 408) - compile ... ok
[INFO] [stdout] test src/vcard.rs - vcard (line 17) - compile ... ok
[INFO] [stdout] test src/api/chats.rs - api::chats::MaxClient::remove_chat_admins (line 447) - compile ... ok
[INFO] [stdout] test src/api/videos.rs - api::videos::MaxClient::get_video_info (line 41) - compile ... FAILED
[INFO] [stdout] test src/api/chats.rs - api::chats::MaxClient::add_chat_admin (line 296) - compile ... ok
[INFO] [stdout] test src/api/messages.rs - api::messages::MaxClient::edit_multimessage (line 889) - compile ... ok
[INFO] [stdout] test src/simple.rs - simple::MaxClientSimpleExt::send_plain_text_to_user (line 234) - compile ... ok
[INFO] [stdout] test src/simple.rs - simple::MaxClientSimpleExt::send_markdown_to_chat (line 55) - compile ... ok
[INFO] [stdout] test src/api/bot.rs - api::bot::MaxClient::get_me (line 9) - compile ... ok
[INFO] [stdout] test src/simple.rs - simple::MaxClientSimpleExt::send_plain_text_to_chat (line 32) - compile ... ok
[INFO] [stdout] test src/attachments.rs - attachments::Attachment::get_type (line 181) ... ok
[INFO] [stdout] test src/vcard.rs - vcard (line 7) - compile ... ok
[INFO] [stdout] test src/api/chats.rs - api::chats::MaxClient::get_chat_members_by_ids (line 225) - compile ... ok
[INFO] [stdout] test src/lib.rs - (line 11) - compile ... ok
[INFO] [stdout] test src/simple.rs - simple::MaxClientSimpleExt::send_markdown_to_user (line 257) - compile ... ok
[INFO] [stdout] test src/attachments.rs - attachments::InlineKeyboardBuilder (line 379) ... ok
[INFO] [stdout] 
[INFO] [stdout] failures:
[INFO] [stdout] 
[INFO] [stdout] ---- src/config.rs - config::set_global_base_url (line 20) stdout ----
[INFO] [stdout] error[E0603]: module `config` is private
[INFO] [stdout]   --> src/config.rs:22:13
[INFO] [stdout]    |
[INFO] [stdout] 22 | use maxbot::config::set_global_base_url;
[INFO] [stdout]    |             ^^^^^^  ------------------- function `set_global_base_url` is not publicly re-exported
[INFO] [stdout]    |             |
[INFO] [stdout]    |             private module
[INFO] [stdout]    |
[INFO] [stdout] note: the module `config` is defined here
[INFO] [stdout]   --> src/lib.rs:32:1
[INFO] [stdout]    |
[INFO] [stdout] 32 | mod config;
[INFO] [stdout]    | ^^^^^^^^^^
[INFO] [stdout] 
[INFO] [stdout] error: aborting due to 1 previous error
[INFO] [stdout] 
[INFO] [stdout] For more information about this error, try `rustc --explain E0603`.
[INFO] [stdout] Couldn't compile the test.
[INFO] [stdout] ---- src/config.rs - config::set_global_max_rps (line 52) stdout ----
[INFO] [stdout] error[E0603]: module `config` is private
[INFO] [stdout]   --> src/config.rs:54:13
[INFO] [stdout]    |
[INFO] [stdout] 54 | use maxbot::config::set_global_max_rps;
[INFO] [stdout]    |             ^^^^^^  ------------------ function `set_global_max_rps` is not publicly re-exported
[INFO] [stdout]    |             |
[INFO] [stdout]    |             private module
[INFO] [stdout]    |
[INFO] [stdout] note: the module `config` is defined here
[INFO] [stdout]   --> src/lib.rs:32:1
[INFO] [stdout]    |
[INFO] [stdout] 32 | mod config;
[INFO] [stdout]    | ^^^^^^^^^^
[INFO] [stdout] 
[INFO] [stdout] error: aborting due to 1 previous error
[INFO] [stdout] 
[INFO] [stdout] For more information about this error, try `rustc --explain E0603`.
[INFO] [stdout] Couldn't compile the test.
[INFO] [stdout] ---- src/api/videos.rs - api::videos::MaxClient::get_video_info (line 41) stdout ----
[INFO] [stdout] error[E0609]: no field `filename` on type `VideoInfo`
[INFO] [stdout]   --> src/api/videos.rs:47:15
[INFO] [stdout]    |
[INFO] [stdout] 47 |          info.filename, info.size, info.duration);
[INFO] [stdout]    |               ^^^^^^^^ unknown field
[INFO] [stdout]    |
[INFO] [stdout]    = note: available fields are: `token`, `urls`, `thumbnail`, `width`, `height`, `duration`
[INFO] [stdout] 
[INFO] [stdout] error[E0609]: no field `size` on type `VideoInfo`
[INFO] [stdout]   --> src/api/videos.rs:47:30
[INFO] [stdout]    |
[INFO] [stdout] 47 |          info.filename, info.size, info.duration);
[INFO] [stdout]    |                              ^^^^ unknown field
[INFO] [stdout]    |
[INFO] [stdout]    = note: available fields are: `token`, `urls`, `thumbnail`, `width`, `height`, `duration`
[INFO] [stdout] 
[INFO] [stdout] error: aborting due to 2 previous errors
[INFO] [stdout] 
[INFO] [stdout] For more information about this error, try `rustc --explain E0609`.
[INFO] [stdout] Couldn't compile the test.
[INFO] [stdout] 
[INFO] [stdout] failures:
[INFO] [stdout]     src/api/videos.rs - api::videos::MaxClient::get_video_info (line 41)
[INFO] [stdout]     src/config.rs - config::set_global_base_url (line 20)
[INFO] [stdout]     src/config.rs - config::set_global_max_rps (line 52)
[INFO] [stdout] 
[INFO] [stdout] test result: FAILED. 23 passed; 3 failed; 0 ignored; 0 measured; 0 filtered out; finished in 0.75s
[INFO] [stdout] 
[INFO] [stderr] error: doctest failed, to rerun pass `--doc`
[INFO] running `Command { std: "docker" "inspect" "c625367860cbb947efe86bd2e981921efda1974d2fa05595061c62ad553d19a3", kill_on_drop: false }`
[INFO] running `Command { std: "docker" "rm" "-f" "c625367860cbb947efe86bd2e981921efda1974d2fa05595061c62ad553d19a3", kill_on_drop: false }`
[INFO] [stdout] c625367860cbb947efe86bd2e981921efda1974d2fa05595061c62ad553d19a3
