[INFO] fetching crate max_rss 0.4.1...
[INFO] testing max_rss-0.4.1 against 1.100.0-beta.1+cargoflags=--release for beta-release-1.100-2
[INFO] extracting crate max_rss 0.4.1 into /workspace/builds/worker-4-tc2/source
[INFO] started tweaking crates.io crate max_rss 0.4.1
[INFO] finished tweaking crates.io crate max_rss 0.4.1
[INFO] tweaked toml for crates.io crate max_rss 0.4.1 written to /workspace/builds/worker-4-tc2/source/Cargo.toml
[INFO] validating manifest of crates.io crate max_rss 0.4.1 on toolchain 1.100.0-beta.1
[INFO] running `Command { std: CARGO_HOME="/workspace/cargo-home" RUSTUP_HOME="/workspace/rustup-home" "/workspace/cargo-home/bin/cargo" "+1.100.0-beta.1" "metadata" "--manifest-path" "Cargo.toml" "--no-deps", kill_on_drop: false }`
[INFO] crate crates.io crate max_rss 0.4.1 already has a lockfile, it will not be regenerated
[INFO] running `Command { std: CARGO_HOME="/workspace/cargo-home" RUSTUP_HOME="/workspace/rustup-home" "/workspace/cargo-home/bin/cargo" "+1.100.0-beta.1" "fetch" "--manifest-path" "Cargo.toml", kill_on_drop: false }`
[INFO] [stderr] warning: `package.homepage` is redundant with `package.repository`
[INFO] [stderr]   --> Cargo.toml:22:12
[INFO] [stderr]    |
[INFO] [stderr] 22 | homepage = "https://github.com/acheronfail/max_rss"
[INFO] [stderr]    |            ^^^^^^^^^^^^^^^^^^^^^^^^^^^^^^^^^^^^^^^^
[INFO] [stderr] ...
[INFO] [stderr] 27 | repository = "https://github.com/acheronfail/max_rss"
[INFO] [stderr]    |              ----------------------------------------
[INFO] [stderr]    |
[INFO] [stderr]    = note: `cargo::redundant_homepage` is set to `warn` by default
[INFO] [stderr] help: consider removing `package.homepage`
[INFO] [stderr] warning: `max_rss` (manifest) generated 1 warning
[INFO] running `Command { std: "docker" "create" "-v" "/var/lib/crater-agent-workspace/builds/worker-4-tc2/source:/opt/rustwide/workdir:ro,Z" "-v" "/var/lib/crater-agent-workspace/builds/worker-4-tc2/target:/opt/rustwide/target:rw,Z" "-v" "/var/lib/crater-agent-workspace/cargo-home:/opt/rustwide/cargo-home:ro,Z" "-v" "/var/lib/crater-agent-workspace/rustup-home:/opt/rustwide/rustup-home:ro,Z" "-m" "1610612736" "--network" "none" "ghcr.io/rust-lang/crates-build-env/linux@sha256:77db811e55d90add9212f6832c23229e3de5f1c1f9905e8cb07319ea15df73ac" "sleep" "infinity", kill_on_drop: false }`
[INFO] [stdout] c7ca4bbe3e464ba980615dd56cdc186b0a84f4f1b49fa878f6a11b1fe62925e1
[INFO] running `Command { std: "docker" "start" "c7ca4bbe3e464ba980615dd56cdc186b0a84f4f1b49fa878f6a11b1fe62925e1", kill_on_drop: false }`
[INFO] running `Command { std: "docker" "inspect" "c7ca4bbe3e464ba980615dd56cdc186b0a84f4f1b49fa878f6a11b1fe62925e1", kill_on_drop: false }`
[INFO] running `Command { std: "docker" "exec" "-e" "SOURCE_DIR=/opt/rustwide/workdir" "-e" "CARGO_HOME=/opt/rustwide/cargo-home" "-e" "RUSTUP_HOME=/opt/rustwide/rustup-home" "-e" "CARGO_TARGET_DIR=/opt/rustwide/target" "-w" "/opt/rustwide/workdir" "--user" "0:0" "c7ca4bbe3e464ba980615dd56cdc186b0a84f4f1b49fa878f6a11b1fe62925e1" "/opt/rustwide/cargo-home/bin/cargo" "+1.100.0-beta.1" "metadata" "--no-deps" "--format-version=1", kill_on_drop: false }`
[INFO] running `Command { std: "docker" "inspect" "c7ca4bbe3e464ba980615dd56cdc186b0a84f4f1b49fa878f6a11b1fe62925e1", kill_on_drop: false }`
[INFO] running `Command { std: "docker" "exec" "-e" "SOURCE_DIR=/opt/rustwide/workdir" "-e" "CARGO_HOME=/opt/rustwide/cargo-home" "-e" "RUSTUP_HOME=/opt/rustwide/rustup-home" "-e" "CARGO_TARGET_DIR=/opt/rustwide/target" "-e" "CARGO_INCREMENTAL=0" "-e" "RUST_BACKTRACE=full" "-e" "RUSTFLAGS=--cap-lints=warn" "-e" "RUSTDOCFLAGS=--cap-lints=warn" "-w" "/opt/rustwide/workdir" "--user" "0:0" "c7ca4bbe3e464ba980615dd56cdc186b0a84f4f1b49fa878f6a11b1fe62925e1" "/opt/rustwide/cargo-home/bin/cargo" "+1.100.0-beta.1" "build" "--frozen" "--message-format=json" "--release", kill_on_drop: false }`
[INFO] [stderr] warning: `package.homepage` is redundant with `package.repository`
[INFO] [stderr]   --> Cargo.toml:22:12
[INFO] [stderr]    |
[INFO] [stderr] 22 | homepage = "https://github.com/acheronfail/max_rss"
[INFO] [stderr]    |            ^^^^^^^^^^^^^^^^^^^^^^^^^^^^^^^^^^^^^^^^
[INFO] [stderr] ...
[INFO] [stderr] 27 | repository = "https://github.com/acheronfail/max_rss"
[INFO] [stderr]    |              ----------------------------------------
[INFO] [stderr]    |
[INFO] [stderr]    = note: `cargo::redundant_homepage` is set to `warn` by default
[INFO] [stderr] help: consider removing `package.homepage`
[INFO] [stderr] warning: `max_rss` (manifest) generated 1 warning
[INFO] [stderr]    Compiling serde v1.0.195
[INFO] [stderr]    Compiling libc v0.2.152
[INFO] [stderr]    Compiling anyhow v1.0.79
[INFO] [stderr]    Compiling serde_json v1.0.111
[INFO] [stderr]    Compiling itoa v1.0.10
[INFO] [stderr]    Compiling bitflags v2.4.1
[INFO] [stderr]    Compiling cfg-if v1.0.0
[INFO] [stderr]    Compiling ryu v1.0.16
[INFO] [stderr]    Compiling lexopt v0.3.0
[INFO] [stderr]    Compiling nix v0.27.1
[INFO] [stderr]    Compiling max_rss v0.4.1 (/opt/rustwide/workdir)
[INFO] [stderr]     Finished `release` profile [optimized] target(s) in 12.01s
[INFO] running `Command { std: "docker" "inspect" "c7ca4bbe3e464ba980615dd56cdc186b0a84f4f1b49fa878f6a11b1fe62925e1", kill_on_drop: false }`
[INFO] running `Command { std: "docker" "exec" "-e" "SOURCE_DIR=/opt/rustwide/workdir" "-e" "CARGO_HOME=/opt/rustwide/cargo-home" "-e" "RUSTUP_HOME=/opt/rustwide/rustup-home" "-e" "CARGO_TARGET_DIR=/opt/rustwide/target" "-e" "CARGO_INCREMENTAL=0" "-e" "RUST_BACKTRACE=full" "-e" "RUSTFLAGS=--cap-lints=warn" "-e" "RUSTDOCFLAGS=--cap-lints=warn" "-w" "/opt/rustwide/workdir" "--user" "0:0" "c7ca4bbe3e464ba980615dd56cdc186b0a84f4f1b49fa878f6a11b1fe62925e1" "/opt/rustwide/cargo-home/bin/cargo" "+1.100.0-beta.1" "test" "--frozen" "--no-run" "--message-format=json" "--release", kill_on_drop: false }`
[INFO] [stderr] warning: `package.homepage` is redundant with `package.repository`
[INFO] [stderr]   --> Cargo.toml:22:12
[INFO] [stderr]    |
[INFO] [stderr] 22 | homepage = "https://github.com/acheronfail/max_rss"
[INFO] [stderr]    |            ^^^^^^^^^^^^^^^^^^^^^^^^^^^^^^^^^^^^^^^^
[INFO] [stderr] ...
[INFO] [stderr] 27 | repository = "https://github.com/acheronfail/max_rss"
[INFO] [stderr]    |              ----------------------------------------
[INFO] [stderr]    |
[INFO] [stderr]    = note: `cargo::redundant_homepage` is set to `warn` by default
[INFO] [stderr] help: consider removing `package.homepage`
[INFO] [stderr] warning: `max_rss` (manifest) generated 1 warning
[INFO] [stderr]    Compiling bitflags v2.4.1
[INFO] [stderr]    Compiling cfg-if v1.0.0
[INFO] [stderr]    Compiling itoa v1.0.10
[INFO] [stderr]    Compiling ryu v1.0.16
[INFO] [stderr]    Compiling lexopt v0.3.0
[INFO] [stderr]    Compiling libc v0.2.152
[INFO] [stderr]    Compiling serde v1.0.195
[INFO] [stderr]    Compiling anyhow v1.0.79
[INFO] [stderr]    Compiling nix v0.27.1
[INFO] [stderr]    Compiling serde_json v1.0.111
[INFO] [stderr]    Compiling max_rss v0.4.1 (/opt/rustwide/workdir)
[INFO] [stderr]     Finished `release` profile [optimized] target(s) in 29.80s
[INFO] running `Command { std: "docker" "inspect" "c7ca4bbe3e464ba980615dd56cdc186b0a84f4f1b49fa878f6a11b1fe62925e1", kill_on_drop: false }`
[INFO] running `Command { std: "docker" "exec" "-e" "SOURCE_DIR=/opt/rustwide/workdir" "-e" "CARGO_HOME=/opt/rustwide/cargo-home" "-e" "RUSTUP_HOME=/opt/rustwide/rustup-home" "-e" "CARGO_TARGET_DIR=/opt/rustwide/target" "-e" "CARGO_INCREMENTAL=0" "-e" "RUST_BACKTRACE=full" "-e" "RUSTFLAGS=--cap-lints=warn" "-e" "RUSTDOCFLAGS=--cap-lints=warn" "-w" "/opt/rustwide/workdir" "--user" "0:0" "c7ca4bbe3e464ba980615dd56cdc186b0a84f4f1b49fa878f6a11b1fe62925e1" "/opt/rustwide/cargo-home/bin/cargo" "+1.100.0-beta.1" "test" "--frozen" "--release", kill_on_drop: false }`
[INFO] [stderr] warning: `package.homepage` is redundant with `package.repository`
[INFO] [stderr]   --> Cargo.toml:22:12
[INFO] [stderr]    |
[INFO] [stderr] 22 | homepage = "https://github.com/acheronfail/max_rss"
[INFO] [stderr]    |            ^^^^^^^^^^^^^^^^^^^^^^^^^^^^^^^^^^^^^^^^
[INFO] [stderr] ...
[INFO] [stderr] 27 | repository = "https://github.com/acheronfail/max_rss"
[INFO] [stderr]    |              ----------------------------------------
[INFO] [stderr]    |
[INFO] [stderr]    = note: `cargo::redundant_homepage` is set to `warn` by default
[INFO] [stderr] help: consider removing `package.homepage`
[INFO] [stderr] warning: `max_rss` (manifest) generated 1 warning
[INFO] [stderr]     Finished `release` profile [optimized] target(s) in 0.02s
[INFO] [stderr]      Running unittests src/main.rs (/opt/rustwide/target/release/build/max_rss/1649d8229d6dc6ec/out/max_rss-1649d8229d6dc6ec)
[INFO] [stdout] 
[INFO] [stdout] running 5 tests
[INFO] [stdout] test cli::tests::output ... ok
[INFO] [stdout] test cli::tests::return_result ... ok
[INFO] [stdout] test cli::tests::command_required ... ok
[INFO] [stdout] test cli::tests::debug ... ok
[INFO] [stdout] test cli::tests::command ... ok
[INFO] [stdout] 
[INFO] [stdout] test result: ok. 5 passed; 0 failed; 0 ignored; 0 measured; 0 filtered out; finished in 0.00s
[INFO] [stdout] 
[INFO] [stderr]      Running tests/examples.rs (/opt/rustwide/target/release/build/max_rss/445754a4bb86827f/out/examples-445754a4bb86827f)
[INFO] [stdout] 
[INFO] [stdout] running 8 tests
[INFO] [stdout] test print ... FAILED
[INFO] [stdout] test double_fork ... FAILED
[INFO] [stdout] test fork_threads ... FAILED
[INFO] [stdout] test fork ... FAILED
[INFO] [stdout] test tracee_exit_1 ... FAILED
[INFO] [stdout] test kill_threads ... FAILED
[INFO] [stdout] test tracee_exit_0 ... FAILED
[INFO] [stdout] test threads ... FAILED
[INFO] [stdout] 
[INFO] [stderr] error: test failed, to rerun pass `--test examples`
[INFO] [stdout] failures:
[INFO] [stdout] 
[INFO] [stdout] ---- print stdout ----
[INFO] [stdout] 
[INFO] [stdout] thread 'print' (668) panicked at tests/examples.rs:33:19:
[INFO] [stdout] Read-only file system (os error 30)
[INFO] [stdout] stack backtrace:
[INFO] [stdout]    0:     0x5c7a7b61aac7 - <unknown>
[INFO] [stdout]    1:     0x5c7a7b5ff4ba - <unknown>
[INFO] [stdout]    2:     0x5c7a7b61a07b - <unknown>
[INFO] [stdout]    3:     0x5c7a7b619b5f - <unknown>
[INFO] [stdout]    4:     0x5c7a7b61978a - <unknown>
[INFO] [stdout]    5:     0x5c7a7b6192c5 - <unknown>
[INFO] [stdout]    6:     0x5c7a7b640071 - <unknown>
[INFO] [stdout]    7:     0x5c7a7b640029 - <unknown>
[INFO] [stdout]    8:     0x5c7a7b64052c - <unknown>
[INFO] [stdout]    9:     0x5c7a7b5ff34b - <unknown>
[INFO] [stdout]   10:     0x5c7a7b5f8626 - <unknown>
[INFO] [stdout]   11:     0x5c7a7b5fd757 - <unknown>
[INFO] [stdout]   12:     0x5c7a7b65889b - <unknown>
[INFO] [stdout]   13:     0x5c7a7b654861 - <unknown>
[INFO] [stdout]   14:     0x5c7a7b65404c - <unknown>
[INFO] [stdout]   15:     0x5c7a7b673cec - <unknown>
[INFO] [stdout]   16:     0x5c7a7b641db4 - <unknown>
[INFO] [stdout]   17:     0x73356acb5dfa - <unknown>
[INFO] [stdout]   18:     0x73356ad493d4 - clone
[INFO] [stdout]   19:                0x0 - <unknown>
[INFO] [stdout] 
[INFO] [stdout] ---- double_fork stdout ----
[INFO] [stdout] 
[INFO] [stdout] thread 'double_fork' (664) panicked at tests/examples.rs:33:19:
[INFO] [stdout] Read-only file system (os error 30)
[INFO] [stdout] stack backtrace:
[INFO] [stdout]    0:     0x5c7a7b61aac7 - <unknown>
[INFO] [stdout]    1:     0x5c7a7b5ff4ba - <unknown>
[INFO] [stdout]    2:     0x5c7a7b61a07b - <unknown>
[INFO] [stdout]    3:     0x5c7a7b619b5f - <unknown>
[INFO] [stdout]    4:     0x5c7a7b61978a - <unknown>
[INFO] [stdout]    5:     0x5c7a7b6192c5 - <unknown>
[INFO] [stdout]    6:     0x5c7a7b640071 - <unknown>
[INFO] [stdout]    7:     0x5c7a7b640029 - <unknown>
[INFO] [stdout]    8:     0x5c7a7b64052c - <unknown>
[INFO] [stdout]    9:     0x5c7a7b5ff34b - <unknown>
[INFO] [stdout]   10:     0x5c7a7b5f8626 - <unknown>
[INFO] [stdout]   11:     0x5c7a7b5fc0c7 - <unknown>
[INFO] [stdout]   12:     0x5c7a7b65889b - <unknown>
[INFO] [stdout]   13:     0x5c7a7b654861 - <unknown>
[INFO] [stdout]   14:     0x5c7a7b65404c - <unknown>
[INFO] [stdout]   15:     0x5c7a7b673cec - <unknown>
[INFO] [stdout]   16:     0x5c7a7b641db4 - <unknown>
[INFO] [stdout]   17:     0x73356acb5dfa - <unknown>
[INFO] [stdout]   18:     0x73356ad493d4 - clone
[INFO] [stdout]   19:                0x0 - <unknown>
[INFO] [stdout] 
[INFO] [stdout] ---- fork_threads stdout ----
[INFO] [stdout] 
[INFO] [stdout] thread 'fork_threads' (666) panicked at tests/examples.rs:33:19:
[INFO] [stdout] Read-only file system (os error 30)
[INFO] [stdout] stack backtrace:
[INFO] [stdout]    0:     0x5c7a7b61aac7 - <unknown>
[INFO] [stdout]    1:     0x5c7a7b5ff4ba - <unknown>
[INFO] [stdout]    2:     0x5c7a7b61a07b - <unknown>
[INFO] [stdout]    3:     0x5c7a7b619b5f - <unknown>
[INFO] [stdout]    4:     0x5c7a7b61978a - <unknown>
[INFO] [stdout]    5:     0x5c7a7b6192c5 - <unknown>
[INFO] [stdout]    6:     0x5c7a7b640071 - <unknown>
[INFO] [stdout]    7:     0x5c7a7b640029 - <unknown>
[INFO] [stdout]    8:     0x5c7a7b64052c - <unknown>
[INFO] [stdout]    9:     0x5c7a7b5ff34b - <unknown>
[INFO] [stdout]   10:     0x5c7a7b5f8626 - <unknown>
[INFO] [stdout]   11:     0x5c7a7b5fc417 - <unknown>
[INFO] [stdout]   12:     0x5c7a7b65889b - <unknown>
[INFO] [stdout]   13:     0x5c7a7b654861 - <unknown>
[INFO] [stdout]   14:     0x5c7a7b65404c - <unknown>
[INFO] [stdout]   15:     0x5c7a7b673cec - <unknown>
[INFO] [stdout]   16:     0x5c7a7b641db4 - <unknown>
[INFO] [stdout]   17:     0x73356acb5dfa - <unknown>
[INFO] [stdout]   18:     0x73356ad493d4 - clone
[INFO] [stdout]   19:                0x0 - <unknown>
[INFO] [stdout] 
[INFO] [stdout] ---- fork stdout ----
[INFO] [stdout] 
[INFO] [stdout] thread 'fork' (665) panicked at tests/examples.rs:33:19:
[INFO] [stdout] Read-only file system (os error 30)
[INFO] [stdout] stack backtrace:
[INFO] [stdout]    0:     0x5c7a7b61aac7 - <unknown>
[INFO] [stdout]    1:     0x5c7a7b5ff4ba - <unknown>
[INFO] [stdout]    2:     0x5c7a7b61a07b - <unknown>
[INFO] [stdout]    3:     0x5c7a7b619b5f - <unknown>
[INFO] [stdout]    4:     0x5c7a7b61978a - <unknown>
[INFO] [stdout]    5:     0x5c7a7b6192c5 - <unknown>
[INFO] [stdout]    6:     0x5c7a7b640071 - <unknown>
[INFO] [stdout]    7:     0x5c7a7b640029 - <unknown>
[INFO] [stdout]    8:     0x5c7a7b64052c - <unknown>
[INFO] [stdout]    9:     0x5c7a7b5ff34b - <unknown>
[INFO] [stdout]   10:     0x5c7a7b5f8626 - <unknown>
[INFO] [stdout]   11:     0x5c7a7b5fd407 - <unknown>
[INFO] [stdout]   12:     0x5c7a7b65889b - <unknown>
[INFO] [stdout]   13:     0x5c7a7b654861 - <unknown>
[INFO] [stdout]   14:     0x5c7a7b65404c - <unknown>
[INFO] [stdout]   15:     0x5c7a7b673cec - <unknown>
[INFO] [stdout]   16:     0x5c7a7b641db4 - <unknown>
[INFO] [stdout]   17:     0x73356acb5dfa - <unknown>
[INFO] [stdout]   18:     0x73356ad493d4 - clone
[INFO] [stdout]   19:                0x0 - <unknown>
[INFO] [stdout] 
[INFO] [stdout] ---- tracee_exit_1 stdout ----
[INFO] [stdout] 
[INFO] [stdout] thread 'tracee_exit_1' (671) panicked at tests/examples.rs:33:19:
[INFO] [stdout] Read-only file system (os error 30)
[INFO] [stdout] stack backtrace:
[INFO] [stdout]    0:     0x5c7a7b61aac7 - <unknown>
[INFO] [stdout]    1:     0x5c7a7b5ff4ba - <unknown>
[INFO] [stdout]    2:     0x5c7a7b61a07b - <unknown>
[INFO] [stdout]    3:     0x5c7a7b619b5f - <unknown>
[INFO] [stdout]    4:     0x5c7a7b61978a - <unknown>
[INFO] [stdout]    5:     0x5c7a7b6192c5 - <unknown>
[INFO] [stdout]    6:     0x5c7a7b640071 - <unknown>
[INFO] [stdout]    7:     0x5c7a7b640029 - <unknown>
[INFO] [stdout]    8:     0x5c7a7b64052c - <unknown>
[INFO] [stdout]    9:     0x5c7a7b5ff34b - <unknown>
[INFO] [stdout]   10:     0x5c7a7b5f8626 - <unknown>
[INFO] [stdout]   11:     0x5c7a7b5fcf57 - <unknown>
[INFO] [stdout]   12:     0x5c7a7b65889b - <unknown>
[INFO] [stdout]   13:     0x5c7a7b654861 - <unknown>
[INFO] [stdout]   14:     0x5c7a7b65404c - <unknown>
[INFO] [stdout]   15:     0x5c7a7b673cec - <unknown>
[INFO] [stdout]   16:     0x5c7a7b641db4 - <unknown>
[INFO] [stdout]   17:     0x73356acb5dfa - <unknown>
[INFO] [stdout]   18:     0x73356ad493d4 - clone
[INFO] [stdout]   19:                0x0 - <unknown>
[INFO] [stdout] 
[INFO] [stdout] ---- kill_threads stdout ----
[INFO] [stdout] 
[INFO] [stdout] thread 'kill_threads' (667) panicked at tests/examples.rs:33:19:
[INFO] [stdout] Read-only file system (os error 30)
[INFO] [stdout] stack backtrace:
[INFO] [stdout]    0:     0x5c7a7b61aac7 - <unknown>
[INFO] [stdout]    1:     0x5c7a7b5ff4ba - <unknown>
[INFO] [stdout]    2:     0x5c7a7b61a07b - <unknown>
[INFO] [stdout]    3:     0x5c7a7b619b5f - <unknown>
[INFO] [stdout]    4:     0x5c7a7b61978a - <unknown>
[INFO] [stdout]    5:     0x5c7a7b6192c5 - <unknown>
[INFO] [stdout]    6:     0x5c7a7b640071 - <unknown>
[INFO] [stdout]    7:     0x5c7a7b640029 - <unknown>
[INFO] [stdout]    8:     0x5c7a7b64052c - <unknown>
[INFO] [stdout]    9:     0x5c7a7b5ff34b - <unknown>
[INFO] [stdout]   10:     0x5c7a7b5f8626 - <unknown>
[INFO] [stdout]   11:     0x5c7a7b5fc767 - <unknown>
[INFO] [stdout]   12:     0x5c7a7b65889b - <unknown>
[INFO] [stdout]   13:     0x5c7a7b654861 - <unknown>
[INFO] [stdout]   14:     0x5c7a7b65404c - <unknown>
[INFO] [stdout]   15:     0x5c7a7b673cec - <unknown>
[INFO] [stdout]   16:     0x5c7a7b641db4 - <unknown>
[INFO] [stdout]   17:     0x73356acb5dfa - <unknown>
[INFO] [stdout]   18:     0x73356ad493d4 - clone
[INFO] [stdout]   19:                0x0 - <unknown>
[INFO] [stdout] 
[INFO] [stdout] ---- tracee_exit_0 stdout ----
[INFO] [stdout] 
[INFO] [stdout] thread 'tracee_exit_0' (670) panicked at tests/examples.rs:33:19:
[INFO] [stdout] Read-only file system (os error 30)
[INFO] [stdout] stack backtrace:
[INFO] [stdout]    0:     0x5c7a7b61aac7 - <unknown>
[INFO] [stdout]    1:     0x5c7a7b5ff4ba - <unknown>
[INFO] [stdout]    2:     0x5c7a7b61a07b - <unknown>
[INFO] [stdout]    3:     0x5c7a7b619b5f - <unknown>
[INFO] [stdout]    4:     0x5c7a7b61978a - <unknown>
[INFO] [stdout]    5:     0x5c7a7b6192c5 - <unknown>
[INFO] [stdout]    6:     0x5c7a7b640071 - <unknown>
[INFO] [stdout]    7:     0x5c7a7b640029 - <unknown>
[INFO] [stdout]    8:     0x5c7a7b64052c - <unknown>
[INFO] [stdout]    9:     0x5c7a7b5ff34b - <unknown>
[INFO] [stdout]   10:     0x5c7a7b5f8626 - <unknown>
[INFO] [stdout]   11:     0x5c7a7b5fcab9 - <unknown>
[INFO] [stdout]   12:     0x5c7a7b65889b - <unknown>
[INFO] [stdout]   13:     0x5c7a7b654861 - <unknown>
[INFO] [stdout]   14:     0x5c7a7b65404c - <unknown>
[INFO] [stdout]   15:     0x5c7a7b673cec - <unknown>
[INFO] [stdout]   16:     0x5c7a7b641db4 - <unknown>
[INFO] [stdout]   17:     0x73356acb5dfa - <unknown>
[INFO] [stdout]   18:     0x73356ad493d4 - clone
[INFO] [stdout]   19:                0x0 - <unknown>
[INFO] [stdout] 
[INFO] [stdout] ---- threads stdout ----
[INFO] [stdout] 
[INFO] [stdout] thread 'threads' (669) panicked at tests/examples.rs:33:19:
[INFO] [stdout] Read-only file system (os error 30)
[INFO] [stdout] stack backtrace:
[INFO] [stdout]    0:     0x5c7a7b61aac7 - <unknown>
[INFO] [stdout]    1:     0x5c7a7b5ff4ba - <unknown>
[INFO] [stdout]    2:     0x5c7a7b61a07b - <unknown>
[INFO] [stdout]    3:     0x5c7a7b619b5f - <unknown>
[INFO] [stdout]    4:     0x5c7a7b61978a - <unknown>
[INFO] [stdout]    5:     0x5c7a7b6192c5 - <unknown>
[INFO] [stdout]    6:     0x5c7a7b640071 - <unknown>
[INFO] [stdout]    7:     0x5c7a7b640029 - <unknown>
[INFO] [stdout]    8:     0x5c7a7b64052c - <unknown>
[INFO] [stdout]    9:     0x5c7a7b5ff34b - <unknown>
[INFO] [stdout]   10:     0x5c7a7b5f8626 - <unknown>
[INFO] [stdout]   11:     0x5c7a7b5fdaa7 - <unknown>
[INFO] [stdout]   12:     0x5c7a7b65889b - <unknown>
[INFO] [stdout]   13:     0x5c7a7b654861 - <unknown>
[INFO] [stdout]   14:     0x5c7a7b65404c - <unknown>
[INFO] [stdout]   15:     0x5c7a7b673cec - <unknown>
[INFO] [stdout]   16:     0x5c7a7b641db4 - <unknown>
[INFO] [stdout]   17:     0x73356acb5dfa - <unknown>
[INFO] [stdout]   18:     0x73356ad493d4 - clone
[INFO] [stdout]   19:                0x0 - <unknown>
[INFO] [stdout] 
[INFO] [stdout] 
[INFO] [stdout] failures:
[INFO] [stdout]     double_fork
[INFO] [stdout]     fork
[INFO] [stdout]     fork_threads
[INFO] [stdout]     kill_threads
[INFO] [stdout]     print
[INFO] [stdout]     threads
[INFO] [stdout]     tracee_exit_0
[INFO] [stdout]     tracee_exit_1
[INFO] [stdout] 
[INFO] [stdout] test result: FAILED. 0 passed; 8 failed; 0 ignored; 0 measured; 0 filtered out; finished in 0.01s
[INFO] [stdout] 
[INFO] running `Command { std: "docker" "inspect" "c7ca4bbe3e464ba980615dd56cdc186b0a84f4f1b49fa878f6a11b1fe62925e1", kill_on_drop: false }`
[INFO] running `Command { std: "docker" "rm" "-f" "c7ca4bbe3e464ba980615dd56cdc186b0a84f4f1b49fa878f6a11b1fe62925e1", kill_on_drop: false }`
[INFO] [stdout] c7ca4bbe3e464ba980615dd56cdc186b0a84f4f1b49fa878f6a11b1fe62925e1
