[INFO] fetching crate maw-assurance 1.0.0-pre.19...
[INFO] testing maw-assurance-1.0.0-pre.19 against 1.100.0-beta.1+cargoflags=--release for beta-release-1.100-2
[INFO] extracting crate maw-assurance 1.0.0-pre.19 into /workspace/builds/worker-0-tc2/source
[INFO] started tweaking crates.io crate maw-assurance 1.0.0-pre.19
[INFO] removed 0 missing tests
[INFO] finished tweaking crates.io crate maw-assurance 1.0.0-pre.19
[INFO] tweaked toml for crates.io crate maw-assurance 1.0.0-pre.19 written to /workspace/builds/worker-0-tc2/source/Cargo.toml
[INFO] validating manifest of crates.io crate maw-assurance 1.0.0-pre.19 on toolchain 1.100.0-beta.1
[INFO] running `Command { std: CARGO_HOME="/workspace/cargo-home" RUSTUP_HOME="/workspace/rustup-home" "/workspace/cargo-home/bin/cargo" "+1.100.0-beta.1" "metadata" "--manifest-path" "Cargo.toml" "--no-deps", kill_on_drop: false }`
[INFO] crate crates.io crate maw-assurance 1.0.0-pre.19 already has a lockfile, it will not be regenerated
[INFO] running `Command { std: CARGO_HOME="/workspace/cargo-home" RUSTUP_HOME="/workspace/rustup-home" "/workspace/cargo-home/bin/cargo" "+1.100.0-beta.1" "fetch" "--manifest-path" "Cargo.toml", kill_on_drop: false }`
[INFO] running `Command { std: "docker" "create" "-v" "/var/lib/crater-agent-workspace/builds/worker-0-tc2/source:/opt/rustwide/workdir:ro,Z" "-v" "/var/lib/crater-agent-workspace/builds/worker-0-tc2/target:/opt/rustwide/target:rw,Z" "-v" "/var/lib/crater-agent-workspace/cargo-home:/opt/rustwide/cargo-home:ro,Z" "-v" "/var/lib/crater-agent-workspace/rustup-home:/opt/rustwide/rustup-home:ro,Z" "-m" "1610612736" "--network" "none" "ghcr.io/rust-lang/crates-build-env/linux@sha256:77db811e55d90add9212f6832c23229e3de5f1c1f9905e8cb07319ea15df73ac" "sleep" "infinity", kill_on_drop: false }`
[INFO] [stdout] b89c67468a75b7f7eb6150ba9538ad29084af104727e98f077cb96201743abec
[INFO] running `Command { std: "docker" "start" "b89c67468a75b7f7eb6150ba9538ad29084af104727e98f077cb96201743abec", kill_on_drop: false }`
[INFO] running `Command { std: "docker" "inspect" "b89c67468a75b7f7eb6150ba9538ad29084af104727e98f077cb96201743abec", kill_on_drop: false }`
[INFO] running `Command { std: "docker" "exec" "-e" "SOURCE_DIR=/opt/rustwide/workdir" "-e" "CARGO_HOME=/opt/rustwide/cargo-home" "-e" "RUSTUP_HOME=/opt/rustwide/rustup-home" "-e" "CARGO_TARGET_DIR=/opt/rustwide/target" "-w" "/opt/rustwide/workdir" "--user" "0:0" "b89c67468a75b7f7eb6150ba9538ad29084af104727e98f077cb96201743abec" "/opt/rustwide/cargo-home/bin/cargo" "+1.100.0-beta.1" "metadata" "--no-deps" "--format-version=1", kill_on_drop: false }`
[INFO] running `Command { std: "docker" "inspect" "b89c67468a75b7f7eb6150ba9538ad29084af104727e98f077cb96201743abec", kill_on_drop: false }`
[INFO] running `Command { std: "docker" "exec" "-e" "SOURCE_DIR=/opt/rustwide/workdir" "-e" "CARGO_HOME=/opt/rustwide/cargo-home" "-e" "RUSTUP_HOME=/opt/rustwide/rustup-home" "-e" "CARGO_TARGET_DIR=/opt/rustwide/target" "-e" "CARGO_INCREMENTAL=0" "-e" "RUST_BACKTRACE=full" "-e" "RUSTFLAGS=--cap-lints=warn" "-e" "RUSTDOCFLAGS=--cap-lints=warn" "-w" "/opt/rustwide/workdir" "--user" "0:0" "b89c67468a75b7f7eb6150ba9538ad29084af104727e98f077cb96201743abec" "/opt/rustwide/cargo-home/bin/cargo" "+1.100.0-beta.1" "build" "--frozen" "--message-format=json" "--release", kill_on_drop: false }`
[INFO] [stderr]    Compiling proc-macro2 v1.0.107
[INFO] [stderr]    Compiling quote v1.0.47
[INFO] [stderr]    Compiling serde_core v1.0.229
[INFO] [stderr]    Compiling zmij v1.0.23
[INFO] [stderr]    Compiling serde v1.0.229
[INFO] [stderr]    Compiling serde_json v1.0.151
[INFO] [stderr]    Compiling memchr v2.8.3
[INFO] [stderr]    Compiling syn v3.0.3
[INFO] [stderr]    Compiling serde_derive v1.0.229
[INFO] [stderr]    Compiling maw-assurance v1.0.0-pre.19 (/opt/rustwide/workdir)
[INFO] [stderr]     Finished `release` profile [optimized] target(s) in 11.67s
[INFO] running `Command { std: "docker" "inspect" "b89c67468a75b7f7eb6150ba9538ad29084af104727e98f077cb96201743abec", kill_on_drop: false }`
[INFO] running `Command { std: "docker" "exec" "-e" "SOURCE_DIR=/opt/rustwide/workdir" "-e" "CARGO_HOME=/opt/rustwide/cargo-home" "-e" "RUSTUP_HOME=/opt/rustwide/rustup-home" "-e" "CARGO_TARGET_DIR=/opt/rustwide/target" "-e" "CARGO_INCREMENTAL=0" "-e" "RUST_BACKTRACE=full" "-e" "RUSTFLAGS=--cap-lints=warn" "-e" "RUSTDOCFLAGS=--cap-lints=warn" "-w" "/opt/rustwide/workdir" "--user" "0:0" "b89c67468a75b7f7eb6150ba9538ad29084af104727e98f077cb96201743abec" "/opt/rustwide/cargo-home/bin/cargo" "+1.100.0-beta.1" "test" "--frozen" "--no-run" "--message-format=json" "--release", kill_on_drop: false }`
[INFO] [stderr]    Compiling libc v0.2.189
[INFO] [stderr]    Compiling getrandom v0.4.3
[INFO] [stderr]    Compiling rustix v1.1.4
[INFO] [stderr]    Compiling bitflags v2.13.1
[INFO] [stderr]    Compiling linux-raw-sys v0.12.1
[INFO] [stderr]    Compiling once_cell v1.21.4
[INFO] [stderr]    Compiling fastrand v2.5.0
[INFO] [stderr]    Compiling tempfile v3.27.0
[INFO] [stderr]    Compiling maw-assurance v1.0.0-pre.19 (/opt/rustwide/workdir)
[INFO] [stderr]     Finished `release` profile [optimized] target(s) in 9.96s
[INFO] running `Command { std: "docker" "inspect" "b89c67468a75b7f7eb6150ba9538ad29084af104727e98f077cb96201743abec", kill_on_drop: false }`
[INFO] running `Command { std: "docker" "exec" "-e" "SOURCE_DIR=/opt/rustwide/workdir" "-e" "CARGO_HOME=/opt/rustwide/cargo-home" "-e" "RUSTUP_HOME=/opt/rustwide/rustup-home" "-e" "CARGO_TARGET_DIR=/opt/rustwide/target" "-e" "CARGO_INCREMENTAL=0" "-e" "RUST_BACKTRACE=full" "-e" "RUSTFLAGS=--cap-lints=warn" "-e" "RUSTDOCFLAGS=--cap-lints=warn" "-w" "/opt/rustwide/workdir" "--user" "0:0" "b89c67468a75b7f7eb6150ba9538ad29084af104727e98f077cb96201743abec" "/opt/rustwide/cargo-home/bin/cargo" "+1.100.0-beta.1" "test" "--frozen" "--release", kill_on_drop: false }`
[INFO] [stderr]     Finished `release` profile [optimized] target(s) in 0.15s
[INFO] [stderr]      Running unittests src/lib.rs (/opt/rustwide/target/release/build/maw-assurance/6e20db0873ac4ec2/out/maw_assurance-6e20db0873ac4ec2)
[INFO] [stdout] 
[INFO] [stdout] running 47 tests
[INFO] [stdout] test infra::tests::error_kinds_classify ... ok
[INFO] [stdout] test infra::tests::git_stderr_from_the_halted_campaign_classifies ... ok
[INFO] [stdout] test infra::tests::marker_line_is_one_line ... ok
[INFO] [stdout] test infra::tests::panic_payloads_classify_both_directions ... ok
[INFO] [stdout] test infra::tests::errno_codes_classify ... ok
[INFO] [stdout] test oracle::tests::g2_pass_head_changed_but_clean ... ok
[INFO] [stdout] test oracle::tests::g2_pass_head_changed_dirty_with_recovery ... ok
[INFO] [stdout] test oracle::tests::g2_pass_workspace_destroyed_with_recovery ... ok
[INFO] [stdout] test infra::tests::non_infra_errors_do_not_classify ... ok
[INFO] [stdout] test infra::tests::raise_carries_a_typed_payload ... ok
[INFO] [stdout] test oracle::tests::g2_violation_head_changed_dirty_no_recovery ... ok
[INFO] [stdout] test oracle::tests::g4_pass_destroyed_with_recovery ... ok
[INFO] [stdout] test oracle::tests::g3_pass_same_epoch ... ok
[INFO] [stdout] test oracle::tests::g3_violation_epoch_disappeared ... ok
[INFO] [stdout] test oracle::tests::g2_violation_workspace_destroyed_dirty_no_recovery ... ok
[INFO] [stdout] test oracle::tests::g4_pass_no_destruction ... ok
[INFO] [stdout] test oracle::tests::g3_pass_cleanup_phase ... ok
[INFO] [stdout] test oracle::tests::g4_pass_workspace_never_existed ... ok
[INFO] [stdout] test oracle::tests::g6_pass_no_recovery_refs ... ok
[INFO] [stdout] test oracle::tests::g5_pass_no_recovery_refs ... ok
[INFO] [stdout] test oracle::tests::g3_pass_no_phase ... ok
[INFO] [stdout] test oracle::tests::g3_pass_not_committed ... ok
[INFO] [stdout] test trace::tests::capture_state_in_real_repo ... ok
[INFO] [stdout] test trace::tests::invariant_result_serde_roundtrip ... ok
[INFO] [stdout] test oracle::tests::g4_violation_destroyed_without_recovery ... ok
[INFO] [stdout] test trace::tests::json_schema_matches_spec ... ok
[INFO] [stdout] test oracle::tests::violation_display_messages ... ok
[INFO] [stdout] test trace::tests::state_snapshot_serde_roundtrip ... ok
[INFO] [stdout] test trace::tests::trace_entry_new_sets_timestamp ... ok
[INFO] [stdout] test trace::tests::trace_entry_serde_roundtrip ... ok
[INFO] [stdout] test trace::tests::trace_entry_with_invariants_builder ... ok
[INFO] [stdout] test trace::tests::trace_logger_writes_valid_jsonl ... ok
[INFO] [stdout] test trace::tests::trace_entry_with_failpoint ... ok
[INFO] [stdout] test trace::tests::capture_state_nonexistent_repo ... ok
[INFO] [stdout] test trace::tests::trace_logger_next_seq ... ok
[INFO] [stdout] test trace::tests::trace_op_serde_roundtrip ... ok
[INFO] [stdout] test oracle::tests::g2_pass_no_head_change ... ok
[INFO] [stdout] test oracle::tests::g6_violation_invalid_oid ... ok
[INFO] [stdout] test oracle::tests::g5_pass_with_real_git_repo ... ok
[INFO] [stdout] test oracle::tests::check_all_pass_empty_states ... ok
[INFO] [stdout] test oracle::tests::g6_pass_valid_commit ... ok
[INFO] [stdout] test oracle::tests::g1_pass_same_refs ... ok
[INFO] [stdout] test oracle::tests::g6_violation_points_to_tree_not_commit ... ok
[INFO] [stdout] test oracle::tests::g1_pass_ref_advanced ... ok
[INFO] [stdout] test oracle::tests::g5_violation_ref_not_resolvable ... ok
[INFO] [stdout] test oracle::tests::g1_pass_orphaned_oid_saved_by_recovery_ref ... ok
[INFO] [stdout] test oracle::tests::g1_violation_orphaned_oid ... ok
[INFO] [stdout] 
[INFO] [stdout] test result: ok. 47 passed; 0 failed; 0 ignored; 0 measured; 0 filtered out; finished in 0.21s
[INFO] [stdout] 
[INFO] [stdout] 
[INFO] [stderr]      Running tests/formal_model.rs (/opt/rustwide/target/release/build/maw-assurance/d4b1ccb1af3dab04/out/formal_model-d4b1ccb1af3dab04)
[INFO] [stdout] running 0 tests
[INFO] [stdout] 
[INFO] [stdout] test result: ok. 0 passed; 0 failed; 0 ignored; 0 measured; 0 filtered out; finished in 0.00s
[INFO] [stdout] 
[INFO] [stderr]      Running tests/sg1_corpus_emit.rs (/opt/rustwide/target/release/build/maw-assurance/d9f85302217f510a/out/sg1_corpus_emit-d9f85302217f510a)
[INFO] [stdout] 
[INFO] [stdout] running 0 tests
[INFO] [stdout] 
[INFO] [stdout] test result: ok. 0 passed; 0 failed; 0 ignored; 0 measured; 0 filtered out; finished in 0.00s
[INFO] [stdout] 
[INFO] [stderr]      Running tests/sg1_dst.rs (/opt/rustwide/target/release/build/maw-assurance/1346e73ba94f6c62/out/sg1_dst-1346e73ba94f6c62)
[INFO] [stdout] 
[INFO] [stdout] running 0 tests
[INFO] [stdout] 
[INFO] [stdout] test result: ok. 0 passed; 0 failed; 0 ignored; 0 measured; 0 filtered out; finished in 0.00s
[INFO] [stdout] 
[INFO] [stderr]      Running tests/sg1_soak_slot.rs (/opt/rustwide/target/release/build/maw-assurance/9adc5fbaa0c2ad08/out/sg1_soak_slot-9adc5fbaa0c2ad08)
[INFO] [stdout] 
[INFO] [stdout] running 8 tests
[INFO] [stdout] test every_non_infra_failure_shape_is_still_a_violation ... FAILED
[INFO] [stdout] test a_bare_stop_file_is_not_reported_as_infra ... FAILED
[INFO] [stdout] test infra_halt_never_overwrites_a_peer_violation_stop ... FAILED
[INFO] [stdout] test clean_slots_accrue_only_the_allocated_range_run_as_allocated ... FAILED
[INFO] [stdout] test a_peer_violation_is_never_reported_as_done ... FAILED
[INFO] [stdout] test clean_rows_record_evidence_totals ... FAILED
[INFO] [stdout] test infra_slots_record_but_do_not_accrue_or_halt_until_the_streak_limit ... FAILED
[INFO] [stdout] test clean_slots_below_the_trunk_evidence_floor_stop_the_campaign ... FAILED
[INFO] [stdout] 
[INFO] [stdout] failures:
[INFO] [stdout] 
[INFO] [stdout] ---- every_non_infra_failure_shape_is_still_a_violation stdout ----
[INFO] [stdout] 
[INFO] [stdout] thread 'every_non_infra_failure_shape_is_still_a_violation' (1007) panicked at tests/sg1_soak_slot.rs:322:9:
[INFO] [stdout] assertion `left == right` failed: violation: bash: /opt/rustwide/workdir/../../scripts/sg1-soak/slot.sh: No such file or directory
[INFO] [stdout] 
[INFO] [stdout]   left: 127
[INFO] [stdout]  right: 1
[INFO] [stdout] stack backtrace:
[INFO] [stdout]    0:     0x63a9ded263f1 - <<std[617be2ca0a6fd877]::sys::backtrace::BacktraceLock>::print::DisplayBacktrace as core[a373ad73a504971]::fmt::Display>::fmt
[INFO] [stdout]    1:     0x63a9ded3b0fa - core[a373ad73a504971]::fmt::write
[INFO] [stdout]    2:     0x63a9ded2a8dc - <alloc[2e1b2a31b91974c5]::vec::Vec<u8> as core[a373ad73a504971]::io::write::Write>::write_fmt
[INFO] [stdout]    3:     0x63a9ded00ac6 - std[617be2ca0a6fd877]::panicking::default_hook::{closure#0}
[INFO] [stdout]    4:     0x63a9ded1dad9 - std[617be2ca0a6fd877]::panicking::default_hook
[INFO] [stdout]    5:     0x63a9decb8bc0 - test[aada8e7e76ba119b]::test_main_inner::{closure#0}
[INFO] [stdout]    6:     0x63a9ded1dc92 - std[617be2ca0a6fd877]::panicking::panic_with_hook
[INFO] [stdout]    7:     0x63a9ded00b72 - std[617be2ca0a6fd877]::panicking::panic_handler::{closure#0}
[INFO] [stdout]    8:     0x63a9decf9539 - std[617be2ca0a6fd877]::sys::backtrace::__rust_end_short_backtrace::<std[617be2ca0a6fd877]::panicking::panic_handler::{closure#0}, !>
[INFO] [stdout]    9:     0x63a9ded0183d - __rustc[ea4f61d10b84890b]::rust_begin_unwind
[INFO] [stdout]   10:     0x63a9ded3b82c - core[a373ad73a504971]::panicking::panic_fmt
[INFO] [stdout]   11:     0x63a9ded3b7a3 - core[a373ad73a504971]::panicking::assert_failed_inner
[INFO] [stdout]   12:     0x63a9decf8d15 - core[a373ad73a504971]::panicking::assert_failed::<i32, i32>
[INFO] [stdout]   13:     0x63a9dec9d21b - <sg1_soak_slot[256349121c2c7038]::every_non_infra_failure_shape_is_still_a_violation::{closure#0} as core[a373ad73a504971]::ops::function::FnOnce<()>>::call_once
[INFO] [stdout]   14:     0x63a9decac00b - test[aada8e7e76ba119b]::__rust_begin_short_backtrace::<core[a373ad73a504971]::result::Result<(), alloc[2e1b2a31b91974c5]::string::String>, fn() -> core[a373ad73a504971]::result::Result<(), alloc[2e1b2a31b91974c5]::string::String>>
[INFO] [stdout]   15:     0x63a9decb91e5 - test[aada8e7e76ba119b]::run_test::{closure#0}
[INFO] [stdout]   16:     0x63a9decb2ad4 - std[617be2ca0a6fd877]::sys::backtrace::__rust_begin_short_backtrace::<test[aada8e7e76ba119b]::run_test::{closure#1}, ()>
[INFO] [stdout]   17:     0x63a9decbc272 - <std[617be2ca0a6fd877]::thread::lifecycle::spawn_unchecked<test[aada8e7e76ba119b]::run_test::{closure#1}, ()>::{closure#1} as core[a373ad73a504971]::ops::function::FnOnce<()>>::call_once::{shim:vtable#0}
[INFO] [stdout]   18:     0x63a9ded2570f - <std[617be2ca0a6fd877]::sys::thread::unix::Thread>::new::thread_start
[INFO] [stdout]   19:     0x7db43f009dfa - <unknown>
[INFO] [stdout]   20:     0x7db43f09d3d4 - clone
[INFO] [stdout]   21:                0x0 - <unknown>
[INFO] [stdout] 
[INFO] [stdout] ---- a_bare_stop_file_is_not_reported_as_infra stdout ----
[INFO] [stdout] 
[INFO] [stdout] thread 'a_bare_stop_file_is_not_reported_as_infra' (1002) panicked at tests/sg1_soak_slot.rs:197:9:
[INFO] [stdout] assertion `left == right` failed: bash: /opt/rustwide/workdir/../../scripts/sg1-soak/status.sh: No such file or directory
[INFO] [stdout] 
[INFO] [stdout]   left: 127
[INFO] [stdout]  right: 0
[INFO] [stdout] stack backtrace:
[INFO] [stdout]    0:     0x63a9ded263f1 - <<std[617be2ca0a6fd877]::sys::backtrace::BacktraceLock>::print::DisplayBacktrace as core[a373ad73a504971]::fmt::Display>::fmt
[INFO] [stdout]    1:     0x63a9ded3b0fa - core[a373ad73a504971]::fmt::write
[INFO] [stdout]    2:     0x63a9ded2a8dc - <alloc[2e1b2a31b91974c5]::vec::Vec<u8> as core[a373ad73a504971]::io::write::Write>::write_fmt
[INFO] [stdout]    3:     0x63a9ded00ac6 - std[617be2ca0a6fd877]::panicking::default_hook::{closure#0}
[INFO] [stdout]    4:     0x63a9ded1dad9 - std[617be2ca0a6fd877]::panicking::default_hook
[INFO] [stdout]    5:     0x63a9decb8bc0 - test[aada8e7e76ba119b]::test_main_inner::{closure#0}
[INFO] [stdout]    6:     0x63a9ded1dc92 - std[617be2ca0a6fd877]::panicking::panic_with_hook
[INFO] [stdout]    7:     0x63a9ded00b72 - std[617be2ca0a6fd877]::panicking::panic_handler::{closure#0}
[INFO] [stdout]    8:     0x63a9decf9539 - std[617be2ca0a6fd877]::sys::backtrace::__rust_end_short_backtrace::<std[617be2ca0a6fd877]::panicking::panic_handler::{closure#0}, !>
[INFO] [stdout]    9:     0x63a9ded0183d - __rustc[ea4f61d10b84890b]::rust_begin_unwind
[INFO] [stdout]   10:     0x63a9ded3b82c - core[a373ad73a504971]::panicking::panic_fmt
[INFO] [stdout]   11:     0x63a9ded3b7a3 - core[a373ad73a504971]::panicking::assert_failed_inner
[INFO] [stdout]   12:     0x63a9decf8d15 - core[a373ad73a504971]::panicking::assert_failed::<i32, i32>
[INFO] [stdout]   13:     0x63a9dec9c0d4 - <sg1_soak_slot[256349121c2c7038]::a_bare_stop_file_is_not_reported_as_infra::{closure#0} as core[a373ad73a504971]::ops::function::FnOnce<()>>::call_once
[INFO] [stdout]   14:     0x63a9decac00b - test[aada8e7e76ba119b]::__rust_begin_short_backtrace::<core[a373ad73a504971]::result::Result<(), alloc[2e1b2a31b91974c5]::string::String>, fn() -> core[a373ad73a504971]::result::Result<(), alloc[2e1b2a31b91974c5]::string::String>>
[INFO] [stdout]   15:     0x63a9decb91e5 - test[aada8e7e76ba119b]::run_test::{closure#0}
[INFO] [stdout]   16:     0x63a9decb2ad4 - std[617be2ca0a6fd877]::sys::backtrace::__rust_begin_short_backtrace::<test[aada8e7e76ba119b]::run_test::{closure#1}, ()>
[INFO] [stdout]   17:     0x63a9decbc272 - <std[617be2ca0a6fd877]::thread::lifecycle::spawn_unchecked<test[aada8e7e76ba119b]::run_test::{closure#1}, ()>::{closure#1} as core[a373ad73a504971]::ops::function::FnOnce<()>>::call_once::{shim:vtable#0}
[INFO] [stdout]   18:     0x63a9ded2570f - <std[617be2ca0a6fd877]::sys::thread::unix::Thread>::new::thread_start
[INFO] [stdout]   19:     0x7db43f009dfa - <unknown>
[INFO] [stdout]   20:     0x7db43f09d3d4 - clone
[INFO] [stdout]   21:                0x0 - <unknown>
[INFO] [stdout] 
[INFO] [stdout] ---- infra_halt_never_overwrites_a_peer_violation_stop stdout ----
[INFO] [stdout] 
[INFO] [stdout] thread 'infra_halt_never_overwrites_a_peer_violation_stop' (1008) panicked at tests/sg1_soak_slot.rs:475:5:
[INFO] [stdout] assertion `left == right` failed: the streak limit still halts: bash: /opt/rustwide/workdir/../../scripts/sg1-soak/slot.sh: No such file or directory
[INFO] [stdout] 
[INFO] [stdout]   left: 127
[INFO] [stdout]  right: 1
[INFO] [stdout] stack backtrace:
[INFO] [stdout]    0:     0x63a9ded263f1 - <<std[617be2ca0a6fd877]::sys::backtrace::BacktraceLock>::print::DisplayBacktrace as core[a373ad73a504971]::fmt::Display>::fmt
[INFO] [stdout]    1:     0x63a9ded3b0fa - core[a373ad73a504971]::fmt::write
[INFO] [stdout]    2:     0x63a9ded2a8dc - <alloc[2e1b2a31b91974c5]::vec::Vec<u8> as core[a373ad73a504971]::io::write::Write>::write_fmt
[INFO] [stdout]    3:     0x63a9ded00ac6 - std[617be2ca0a6fd877]::panicking::default_hook::{closure#0}
[INFO] [stdout]    4:     0x63a9ded1dad9 - std[617be2ca0a6fd877]::panicking::default_hook
[INFO] [stdout]    5:     0x63a9decb8bc0 - test[aada8e7e76ba119b]::test_main_inner::{closure#0}
[INFO] [stdout]    6:     0x63a9ded1dc92 - std[617be2ca0a6fd877]::panicking::panic_with_hook
[INFO] [stdout]    7:     0x63a9ded00b72 - std[617be2ca0a6fd877]::panicking::panic_handler::{closure#0}
[INFO] [stdout]    8:     0x63a9decf9539 - std[617be2ca0a6fd877]::sys::backtrace::__rust_end_short_backtrace::<std[617be2ca0a6fd877]::panicking::panic_handler::{closure#0}, !>
[INFO] [stdout]    9:     0x63a9ded0183d - __rustc[ea4f61d10b84890b]::rust_begin_unwind
[INFO] [stdout]   10:     0x63a9ded3b82c - core[a373ad73a504971]::panicking::panic_fmt
[INFO] [stdout]   11:     0x63a9ded3b7a3 - core[a373ad73a504971]::panicking::assert_failed_inner
[INFO] [stdout]   12:     0x63a9decf8d15 - core[a373ad73a504971]::panicking::assert_failed::<i32, i32>
[INFO] [stdout]   13:     0x63a9dec9cbc8 - <sg1_soak_slot[256349121c2c7038]::infra_halt_never_overwrites_a_peer_violation_stop::{closure#0} as core[a373ad73a504971]::ops::function::FnOnce<()>>::call_once
[INFO] [stdout]   14:     0x63a9decac00b - test[aada8e7e76ba119b]::__rust_begin_short_backtrace::<core[a373ad73a504971]::result::Result<(), alloc[2e1b2a31b91974c5]::string::String>, fn() -> core[a373ad73a504971]::result::Result<(), alloc[2e1b2a31b91974c5]::string::String>>
[INFO] [stdout]   15:     0x63a9decb91e5 - test[aada8e7e76ba119b]::run_test::{closure#0}
[INFO] [stdout]   16:     0x63a9decb2ad4 - std[617be2ca0a6fd877]::sys::backtrace::__rust_begin_short_backtrace::<test[aada8e7e76ba119b]::run_test::{closure#1}, ()>
[INFO] [stdout]   17:     0x63a9decbc272 - <std[617be2ca0a6fd877]::thread::lifecycle::spawn_unchecked<test[aada8e7e76ba119b]::run_test::{closure#1}, ()>::{closure#1} as core[a373ad73a504971]::ops::function::FnOnce<()>>::call_once::{shim:vtable#0}
[INFO] [stdout]   18:     0x63a9ded2570f - <std[617be2ca0a6fd877]::sys::thread::unix::Thread>::new::thread_start
[INFO] [stdout]   19:     0x7db43f009dfa - <unknown>
[INFO] [stdout]   20:     0x7db43f09d3d4 - clone
[INFO] [stdout]   21:                0x0 - <unknown>
[INFO] [stdout] 
[INFO] [stdout] ---- clean_slots_accrue_only_the_allocated_range_run_as_allocated stdout ----
[INFO] [stdout] 
[INFO] [stdout] thread 'clean_slots_accrue_only_the_allocated_range_run_as_allocated' (1005) panicked at tests/sg1_soak_slot.rs:401:5:
[INFO] [stdout] assertion `left == right` failed: bash: /opt/rustwide/workdir/../../scripts/sg1-soak/slot.sh: No such file or directory
[INFO] [stdout] 
[INFO] [stdout]   left: 127
[INFO] [stdout]  right: 0
[INFO] [stdout] stack backtrace:
[INFO] [stdout]    0:     0x63a9ded263f1 - <<std[617be2ca0a6fd877]::sys::backtrace::BacktraceLock>::print::DisplayBacktrace as core[a373ad73a504971]::fmt::Display>::fmt
[INFO] [stdout]    1:     0x63a9ded3b0fa - core[a373ad73a504971]::fmt::write
[INFO] [stdout]    2:     0x63a9ded2a8dc - <alloc[2e1b2a31b91974c5]::vec::Vec<u8> as core[a373ad73a504971]::io::write::Write>::write_fmt
[INFO] [stdout]    3:     0x63a9ded00ac6 - std[617be2ca0a6fd877]::panicking::default_hook::{closure#0}
[INFO] [stdout]    4:     0x63a9ded1dad9 - std[617be2ca0a6fd877]::panicking::default_hook
[INFO] [stdout]    5:     0x63a9decb8bc0 - test[aada8e7e76ba119b]::test_main_inner::{closure#0}
[INFO] [stdout]    6:     0x63a9ded1dc92 - std[617be2ca0a6fd877]::panicking::panic_with_hook
[INFO] [stdout]    7:     0x63a9ded00b72 - std[617be2ca0a6fd877]::panicking::panic_handler::{closure#0}
[INFO] [stdout]    8:     0x63a9decf9539 - std[617be2ca0a6fd877]::sys::backtrace::__rust_end_short_backtrace::<std[617be2ca0a6fd877]::panicking::panic_handler::{closure#0}, !>
[INFO] [stdout]    9:     0x63a9ded0183d - __rustc[ea4f61d10b84890b]::rust_begin_unwind
[INFO] [stdout]   10:     0x63a9ded3b82c - core[a373ad73a504971]::panicking::panic_fmt
[INFO] [stdout]   11:     0x63a9ded3b7a3 - core[a373ad73a504971]::panicking::assert_failed_inner
[INFO] [stdout]   12:     0x63a9decf8d15 - core[a373ad73a504971]::panicking::assert_failed::<i32, i32>
[INFO] [stdout]   13:     0x63a9dec9dc60 - <sg1_soak_slot[256349121c2c7038]::clean_slots_accrue_only_the_allocated_range_run_as_allocated::{closure#0} as core[a373ad73a504971]::ops::function::FnOnce<()>>::call_once
[INFO] [stdout]   14:     0x63a9decac00b - test[aada8e7e76ba119b]::__rust_begin_short_backtrace::<core[a373ad73a504971]::result::Result<(), alloc[2e1b2a31b91974c5]::string::String>, fn() -> core[a373ad73a504971]::result::Result<(), alloc[2e1b2a31b91974c5]::string::String>>
[INFO] [stdout]   15:     0x63a9decb91e5 - test[aada8e7e76ba119b]::run_test::{closure#0}
[INFO] [stdout]   16:     0x63a9decb2ad4 - std[617be2ca0a6fd877]::sys::backtrace::__rust_begin_short_backtrace::<test[aada8e7e76ba119b]::run_test::{closure#1}, ()>
[INFO] [stdout]   17:     0x63a9decbc272 - <std[617be2ca0a6fd877]::thread::lifecycle::spawn_unchecked<test[aada8e7e76ba119b]::run_test::{closure#1}, ()>::{closure#1} as core[a373ad73a504971]::ops::function::FnOnce<()>>::call_once::{shim:vtable#0}
[INFO] [stdout]   18:     0x63a9ded2570f - <std[617be2ca0a6fd877]::sys::thread::unix::Thread>::new::thread_start
[INFO] [stdout]   19:     0x7db43f009dfa - <unknown>
[INFO] [stdout]   20:     0x7db43f09d3d4 - clone
[INFO] [stdout]   21:                0x0 - <unknown>
[INFO] [stdout] 
[INFO] [stdout] ---- a_peer_violation_is_never_reported_as_done stdout ----
[INFO] [stdout] 
[INFO] [stdout] thread 'a_peer_violation_is_never_reported_as_done' (1003) panicked at tests/sg1_soak_slot.rs:441:5:
[INFO] [stdout] assertion `left == right` failed: bash: /opt/rustwide/workdir/../../scripts/sg1-soak/slot.sh: No such file or directory
[INFO] [stdout] 
[INFO] [stdout]   left: 127
[INFO] [stdout]  right: 0
[INFO] [stdout] stack backtrace:
[INFO] [stdout]    0:     0x63a9ded263f1 - <<std[617be2ca0a6fd877]::sys::backtrace::BacktraceLock>::print::DisplayBacktrace as core[a373ad73a504971]::fmt::Display>::fmt
[INFO] [stdout]    1:     0x63a9ded3b0fa - core[a373ad73a504971]::fmt::write
[INFO] [stdout]    2:     0x63a9ded2a8dc - <alloc[2e1b2a31b91974c5]::vec::Vec<u8> as core[a373ad73a504971]::io::write::Write>::write_fmt
[INFO] [stdout]    3:     0x63a9ded00ac6 - std[617be2ca0a6fd877]::panicking::default_hook::{closure#0}
[INFO] [stdout]    4:     0x63a9ded1dad9 - std[617be2ca0a6fd877]::panicking::default_hook
[INFO] [stdout]    5:     0x63a9decb8bc0 - test[aada8e7e76ba119b]::test_main_inner::{closure#0}
[INFO] [stdout]    6:     0x63a9ded1dc92 - std[617be2ca0a6fd877]::panicking::panic_with_hook
[INFO] [stdout]    7:     0x63a9ded00b72 - std[617be2ca0a6fd877]::panicking::panic_handler::{closure#0}
[INFO] [stdout]    8:     0x63a9decf9539 - std[617be2ca0a6fd877]::sys::backtrace::__rust_end_short_backtrace::<std[617be2ca0a6fd877]::panicking::panic_handler::{closure#0}, !>
[INFO] [stdout]    9:     0x63a9ded0183d - __rustc[ea4f61d10b84890b]::rust_begin_unwind
[INFO] [stdout]   10:     0x63a9ded3b82c - core[a373ad73a504971]::panicking::panic_fmt
[INFO] [stdout]   11:     0x63a9ded3b7a3 - core[a373ad73a504971]::panicking::assert_failed_inner
[INFO] [stdout]   12:     0x63a9decf8d15 - core[a373ad73a504971]::panicking::assert_failed::<i32, i32>
[INFO] [stdout]   13:     0x63a9dec9c640 - <sg1_soak_slot[256349121c2c7038]::a_peer_violation_is_never_reported_as_done::{closure#0} as core[a373ad73a504971]::ops::function::FnOnce<()>>::call_once
[INFO] [stdout]   14:     0x63a9decac00b - test[aada8e7e76ba119b]::__rust_begin_short_backtrace::<core[a373ad73a504971]::result::Result<(), alloc[2e1b2a31b91974c5]::string::String>, fn() -> core[a373ad73a504971]::result::Result<(), alloc[2e1b2a31b91974c5]::string::String>>
[INFO] [stdout]   15:     0x63a9decb91e5 - test[aada8e7e76ba119b]::run_test::{closure#0}
[INFO] [stdout]   16:     0x63a9decb2ad4 - std[617be2ca0a6fd877]::sys::backtrace::__rust_begin_short_backtrace::<test[aada8e7e76ba119b]::run_test::{closure#1}, ()>
[INFO] [stdout]   17:     0x63a9decbc272 - <std[617be2ca0a6fd877]::thread::lifecycle::spawn_unchecked<test[aada8e7e76ba119b]::run_test::{closure#1}, ()>::{closure#1} as core[a373ad73a504971]::ops::function::FnOnce<()>>::call_once::{shim:vtable#0}
[INFO] [stdout]   18:     0x63a9ded2570f - <std[617be2ca0a6fd877]::sys::thread::unix::Thread>::new::thread_start
[INFO] [stdout]   19:     0x7db43f009dfa - <unknown>
[INFO] [stdout]   20:     0x7db43f09d3d4 - clone
[INFO] [stdout]   21:                0x0 - <unknown>
[INFO] [stdout] 
[INFO] [stdout] ---- clean_rows_record_evidence_totals stdout ----
[INFO] [stdout] 
[INFO] [stdout] thread 'clean_rows_record_evidence_totals' (1004) panicked at tests/sg1_soak_slot.rs:363:5:
[INFO] [stdout] assertion `left == right` failed: bash: /opt/rustwide/workdir/../../scripts/sg1-soak/slot.sh: No such file or directory
[INFO] [stdout] 
[INFO] [stdout]   left: 127
[INFO] [stdout]  right: 0
[INFO] [stdout] stack backtrace:
[INFO] [stdout]    0:     0x63a9ded263f1 - <<std[617be2ca0a6fd877]::sys::backtrace::BacktraceLock>::print::DisplayBacktrace as core[a373ad73a504971]::fmt::Display>::fmt
[INFO] [stdout]    1:     0x63a9ded3b0fa - core[a373ad73a504971]::fmt::write
[INFO] [stdout]    2:     0x63a9ded2a8dc - <alloc[2e1b2a31b91974c5]::vec::Vec<u8> as core[a373ad73a504971]::io::write::Write>::write_fmt
[INFO] [stdout]    3:     0x63a9ded00ac6 - std[617be2ca0a6fd877]::panicking::default_hook::{closure#0}
[INFO] [stdout]    4:     0x63a9ded1dad9 - std[617be2ca0a6fd877]::panicking::default_hook
[INFO] [stdout]    5:     0x63a9decb8bc0 - test[aada8e7e76ba119b]::test_main_inner::{closure#0}
[INFO] [stdout]    6:     0x63a9ded1dc92 - std[617be2ca0a6fd877]::panicking::panic_with_hook
[INFO] [stdout]    7:     0x63a9ded00b72 - std[617be2ca0a6fd877]::panicking::panic_handler::{closure#0}
[INFO] [stdout]    8:     0x63a9decf9539 - std[617be2ca0a6fd877]::sys::backtrace::__rust_end_short_backtrace::<std[617be2ca0a6fd877]::panicking::panic_handler::{closure#0}, !>
[INFO] [stdout]    9:     0x63a9ded0183d - __rustc[ea4f61d10b84890b]::rust_begin_unwind
[INFO] [stdout]   10:     0x63a9ded3b82c - core[a373ad73a504971]::panicking::panic_fmt
[INFO] [stdout]   11:     0x63a9ded3b7a3 - core[a373ad73a504971]::panicking::assert_failed_inner
[INFO] [stdout]   12:     0x63a9decf8d15 - core[a373ad73a504971]::panicking::assert_failed::<i32, i32>
[INFO] [stdout]   13:     0x63a9dec9bd4f - <sg1_soak_slot[256349121c2c7038]::clean_rows_record_evidence_totals::{closure#0} as core[a373ad73a504971]::ops::function::FnOnce<()>>::call_once
[INFO] [stdout]   14:     0x63a9decac00b - test[aada8e7e76ba119b]::__rust_begin_short_backtrace::<core[a373ad73a504971]::result::Result<(), alloc[2e1b2a31b91974c5]::string::String>, fn() -> core[a373ad73a504971]::result::Result<(), alloc[2e1b2a31b91974c5]::string::String>>
[INFO] [stdout]   15:     0x63a9decb91e5 - test[aada8e7e76ba119b]::run_test::{closure#0}
[INFO] [stdout]   16:     0x63a9decb2ad4 - std[617be2ca0a6fd877]::sys::backtrace::__rust_begin_short_backtrace::<test[aada8e7e76ba119b]::run_test::{closure#1}, ()>
[INFO] [stdout]   17:     0x63a9decbc272 - <std[617be2ca0a6fd877]::thread::lifecycle::spawn_unchecked<test[aada8e7e76ba119b]::run_test::{closure#1}, ()>::{closure#1} as core[a373ad73a504971]::ops::function::FnOnce<()>>::call_once::{shim:vtable#0}
[INFO] [stdout]   18:     0x63a9ded2570f - <std[617be2ca0a6fd877]::sys::thread::unix::Thread>::new::thread_start
[INFO] [stdout]   19:     0x7db43f009dfa - <unknown>
[INFO] [stdout]   20:     0x7db43f09d3d4 - clone
[INFO] [stdout]   21:                0x0 - <unknown>
[INFO] [stdout] 
[INFO] [stdout] ---- infra_slots_record_but_do_not_accrue_or_halt_until_the_streak_limit stdout ----
[INFO] [stdout] 
[INFO] [stdout] thread 'infra_slots_record_but_do_not_accrue_or_halt_until_the_streak_limit' (1009) panicked at tests/sg1_soak_slot.rs:238:5:
[INFO] [stdout] assertion `left == right` failed: bash: /opt/rustwide/workdir/../../scripts/sg1-soak/slot.sh: No such file or directory
[INFO] [stdout] 
[INFO] [stdout]   left: 127
[INFO] [stdout]  right: 0
[INFO] [stdout] stack backtrace:
[INFO] [stdout]    0:     0x63a9ded263f1 - <<std[617be2ca0a6fd877]::sys::backtrace::BacktraceLock>::print::DisplayBacktrace as core[a373ad73a504971]::fmt::Display>::fmt
[INFO] [stdout]    1:     0x63a9ded3b0fa - core[a373ad73a504971]::fmt::write
[INFO] [stdout]    2:     0x63a9ded2a8dc - <alloc[2e1b2a31b91974c5]::vec::Vec<u8> as core[a373ad73a504971]::io::write::Write>::write_fmt
[INFO] [stdout]    3:     0x63a9ded00ac6 - std[617be2ca0a6fd877]::panicking::default_hook::{closure#0}
[INFO] [stdout]    4:     0x63a9ded1dad9 - std[617be2ca0a6fd877]::panicking::default_hook
[INFO] [stdout]    5:     0x63a9decb8bc0 - test[aada8e7e76ba119b]::test_main_inner::{closure#0}
[INFO] [stdout]    6:     0x63a9ded1dc92 - std[617be2ca0a6fd877]::panicking::panic_with_hook
[INFO] [stdout]    7:     0x63a9ded00b72 - std[617be2ca0a6fd877]::panicking::panic_handler::{closure#0}
[INFO] [stdout]    8:     0x63a9decf9539 - std[617be2ca0a6fd877]::sys::backtrace::__rust_end_short_backtrace::<std[617be2ca0a6fd877]::panicking::panic_handler::{closure#0}, !>
[INFO] [stdout]    9:     0x63a9ded0183d - __rustc[ea4f61d10b84890b]::rust_begin_unwind
[INFO] [stdout]   10:     0x63a9ded3b82c - core[a373ad73a504971]::panicking::panic_fmt
[INFO] [stdout]   11:     0x63a9ded3b7a3 - core[a373ad73a504971]::panicking::assert_failed_inner
[INFO] [stdout]   12:     0x63a9decf8d15 - core[a373ad73a504971]::panicking::assert_failed::<i32, i32>
[INFO] [stdout]   13:     0x63a9dec9f775 - <sg1_soak_slot[256349121c2c7038]::infra_slots_record_but_do_not_accrue_or_halt_until_the_streak_limit::{closure#0} as core[a373ad73a504971]::ops::function::FnOnce<()>>::call_once
[INFO] [stdout]   14:     0x63a9decac00b - test[aada8e7e76ba119b]::__rust_begin_short_backtrace::<core[a373ad73a504971]::result::Result<(), alloc[2e1b2a31b91974c5]::string::String>, fn() -> core[a373ad73a504971]::result::Result<(), alloc[2e1b2a31b91974c5]::string::String>>
[INFO] [stdout]   15:     0x63a9decb91e5 - test[aada8e7e76ba119b]::run_test::{closure#0}
[INFO] [stdout]   16:     0x63a9decb2ad4 - std[617be2ca0a6fd877]::sys::backtrace::__rust_begin_short_backtrace::<test[aada8e7e76ba119b]::run_test::{closure#1}, ()>
[INFO] [stdout]   17:     0x63a9decbc272 - <std[617be2ca0a6fd877]::thread::lifecycle::spawn_unchecked<test[aada8e7e76ba119b]::run_test::{closure#1}, ()>::{closure#1} as core[a373ad73a504971]::ops::function::FnOnce<()>>::call_once::{shim:vtable#0}
[INFO] [stdout]   18:     0x63a9ded2570f - <std[617be2ca0a6fd877]::sys::thread::unix::Thread>::new::thread_start
[INFO] [stdout]   19:     0x7db43f009dfa - <unknown>
[INFO] [stdout]   20:     0x7db43f09d3d4 - clone
[INFO] [stdout]   21:                0x0 - <unknown>
[INFO] [stdout] 
[INFO] [stdout] ---- clean_slots_below_the_trunk_evidence_floor_stop_the_campaign stdout ----
[INFO] [stdout] 
[INFO] [stdout] thread 'clean_slots_below_the_trunk_evidence_floor_stop_the_campaign' (1006) panicked at tests/sg1_soak_slot.rs:509:9:
[INFO] [stdout] assertion `left == right` failed: clean_no_crashes: bash: /opt/rustwide/workdir/../../scripts/sg1-soak/slot.sh: No such file or directory
[INFO] [stdout] 
[INFO] [stdout]   left: 127
[INFO] [stdout]  right: 1
[INFO] [stdout] stack backtrace:
[INFO] [stdout]    0:     0x63a9ded263f1 - <<std[617be2ca0a6fd877]::sys::backtrace::BacktraceLock>::print::DisplayBacktrace as core[a373ad73a504971]::fmt::Display>::fmt
[INFO] [stdout]    1:     0x63a9ded3b0fa - core[a373ad73a504971]::fmt::write
[INFO] [stdout]    2:     0x63a9ded2a8dc - <alloc[2e1b2a31b91974c5]::vec::Vec<u8> as core[a373ad73a504971]::io::write::Write>::write_fmt
[INFO] [stdout]    3:     0x63a9ded00ac6 - std[617be2ca0a6fd877]::panicking::default_hook::{closure#0}
[INFO] [stdout]    4:     0x63a9ded1dad9 - std[617be2ca0a6fd877]::panicking::default_hook
[INFO] [stdout]    5:     0x63a9decb8bc0 - test[aada8e7e76ba119b]::test_main_inner::{closure#0}
[INFO] [stdout]    6:     0x63a9ded1dc92 - std[617be2ca0a6fd877]::panicking::panic_with_hook
[INFO] [stdout]    7:     0x63a9ded00b72 - std[617be2ca0a6fd877]::panicking::panic_handler::{closure#0}
[INFO] [stdout]    8:     0x63a9decf9539 - std[617be2ca0a6fd877]::sys::backtrace::__rust_end_short_backtrace::<std[617be2ca0a6fd877]::panicking::panic_handler::{closure#0}, !>
[INFO] [stdout]    9:     0x63a9ded0183d - __rustc[ea4f61d10b84890b]::rust_begin_unwind
[INFO] [stdout]   10:     0x63a9ded3b82c - core[a373ad73a504971]::panicking::panic_fmt
[INFO] [stdout]   11:     0x63a9ded3b7a3 - core[a373ad73a504971]::panicking::assert_failed_inner
[INFO] [stdout]   12:     0x63a9decf8d15 - core[a373ad73a504971]::panicking::assert_failed::<i32, i32>
[INFO] [stdout]   13:     0x63a9dec9e51e - <sg1_soak_slot[256349121c2c7038]::clean_slots_below_the_trunk_evidence_floor_stop_the_campaign::{closure#0} as core[a373ad73a504971]::ops::function::FnOnce<()>>::call_once
[INFO] [stdout]   14:     0x63a9decac00b - test[aada8e7e76ba119b]::__rust_begin_short_backtrace::<core[a373ad73a504971]::result::Result<(), alloc[2e1b2a31b91974c5]::string::String>, fn() -> core[a373ad73a504971]::result::Result<(), alloc[2e1b2a31b91974c5]::string::String>>
[INFO] [stdout]   15:     0x63a9decb91e5 - test[aada8e7e76ba119b]::run_test::{closure#0}
[INFO] [stdout]   16:     0x63a9decb2ad4 - std[617be2ca0a6fd877]::sys::backtrace::__rust_begin_short_backtrace::<test[aada8e7e76ba119b]::run_test::{closure#1}, ()>
[INFO] [stdout]   17:     0x63a9decbc272 - <std[617be2ca0a6fd877]::thread::lifecycle::spawn_unchecked<test[aada8e7e76ba119b]::run_test::{closure#1}, ()>::{closure#1} as core[a373ad73a504971]::ops::function::FnOnce<()>>::call_once::{shim:vtable#0}
[INFO] [stdout]   18:     0x63a9ded2570f - <std[617be2ca0a6fd877]::sys::thread::unix::Thread>::new::thread_start
[INFO] [stdout]   19:     0x7db43f009dfa - <unknown>
[INFO] [stdout]   20:     0x7db43f09d3d4 - clone
[INFO] [stdout]   21:                0x0 - <unknown>
[INFO] [stdout] 
[INFO] [stdout] 
[INFO] [stdout] failures:
[INFO] [stdout]     a_bare_stop_file_is_not_reported_as_infra
[INFO] [stdout]     a_peer_violation_is_never_reported_as_done
[INFO] [stdout]     clean_rows_record_evidence_totals
[INFO] [stdout]     clean_slots_accrue_only_the_allocated_range_run_as_allocated
[INFO] [stdout]     clean_slots_below_the_trunk_evidence_floor_stop_the_campaign
[INFO] [stdout]     every_non_infra_failure_shape_is_still_a_violation
[INFO] [stdout]     infra_halt_never_overwrites_a_peer_violation_stop
[INFO] [stdout]     infra_slots_record_but_do_not_accrue_or_halt_until_the_streak_limit
[INFO] [stdout] 
[INFO] [stdout] test result: FAILED. 0 passed; 8 failed; 0 ignored; 0 measured; 0 filtered out; finished in 0.06s
[INFO] [stdout] 
[INFO] [stderr] error: test failed, to rerun pass `--test sg1_soak_slot`
[INFO] running `Command { std: "docker" "inspect" "b89c67468a75b7f7eb6150ba9538ad29084af104727e98f077cb96201743abec", kill_on_drop: false }`
[INFO] running `Command { std: "docker" "rm" "-f" "b89c67468a75b7f7eb6150ba9538ad29084af104727e98f077cb96201743abec", kill_on_drop: false }`
[INFO] [stdout] b89c67468a75b7f7eb6150ba9538ad29084af104727e98f077cb96201743abec
