[INFO] fetching crate maur-o 1.0.0...
[INFO] testing maur-o-1.0.0 against 1.99.0-beta.8+cargoflags=--release for beta-release-1.100-2
[INFO] extracting crate maur-o 1.0.0 into /workspace/builds/worker-2-tc1/source
[INFO] started tweaking crates.io crate maur-o 1.0.0
[INFO] removed 0 missing tests
[INFO] finished tweaking crates.io crate maur-o 1.0.0
[INFO] tweaked toml for crates.io crate maur-o 1.0.0 written to /workspace/builds/worker-2-tc1/source/Cargo.toml
[INFO] validating manifest of crates.io crate maur-o 1.0.0 on toolchain 1.99.0-beta.8
[INFO] running `Command { std: CARGO_HOME="/workspace/cargo-home" RUSTUP_HOME="/workspace/rustup-home" "/workspace/cargo-home/bin/cargo" "+1.99.0-beta.8" "metadata" "--manifest-path" "Cargo.toml" "--no-deps", kill_on_drop: false }`
[INFO] crate crates.io crate maur-o 1.0.0 already has a lockfile, it will not be regenerated
[INFO] running `Command { std: CARGO_HOME="/workspace/cargo-home" RUSTUP_HOME="/workspace/rustup-home" "/workspace/cargo-home/bin/cargo" "+1.99.0-beta.8" "fetch" "--manifest-path" "Cargo.toml", kill_on_drop: false }`
[INFO] [stderr]     Updating crates.io index
[INFO] [stderr]  Downloading crates ...
[INFO] [stderr]   Downloaded unicode-ccc v0.4.0
[INFO] [stderr]   Downloaded unicode-script v0.5.8
[INFO] [stderr]   Downloaded unicode-bidi-mirroring v0.4.0
[INFO] [stderr]   Downloaded yeslogic-fontconfig-sys v6.0.1
[INFO] [stderr]   Downloaded fontconfig v0.11.0
[INFO] [stderr]   Downloaded fontconfig-parser v0.5.8
[INFO] [stderr]   Downloaded fontdb v0.21.0
[INFO] [stderr]   Downloaded ttf-parser v0.24.1
[INFO] [stderr]   Downloaded rustybuzz v0.20.1
[INFO] running `Command { std: "docker" "create" "-v" "/var/lib/crater-agent-workspace/builds/worker-2-tc1/source:/opt/rustwide/workdir:ro,Z" "-v" "/var/lib/crater-agent-workspace/builds/worker-2-tc1/target:/opt/rustwide/target:rw,Z" "-v" "/var/lib/crater-agent-workspace/cargo-home:/opt/rustwide/cargo-home:ro,Z" "-v" "/var/lib/crater-agent-workspace/rustup-home:/opt/rustwide/rustup-home:ro,Z" "-m" "1610612736" "--network" "none" "ghcr.io/rust-lang/crates-build-env/linux@sha256:77db811e55d90add9212f6832c23229e3de5f1c1f9905e8cb07319ea15df73ac" "sleep" "infinity", kill_on_drop: false }`
[INFO] [stdout] 245f8ed5cc719bcdd9c847addd8ef3a74cdb36b39601cb10f853378843c2219b
[INFO] running `Command { std: "docker" "start" "245f8ed5cc719bcdd9c847addd8ef3a74cdb36b39601cb10f853378843c2219b", kill_on_drop: false }`
[INFO] running `Command { std: "docker" "inspect" "245f8ed5cc719bcdd9c847addd8ef3a74cdb36b39601cb10f853378843c2219b", kill_on_drop: false }`
[INFO] running `Command { std: "docker" "exec" "-e" "SOURCE_DIR=/opt/rustwide/workdir" "-e" "CARGO_HOME=/opt/rustwide/cargo-home" "-e" "RUSTUP_HOME=/opt/rustwide/rustup-home" "-e" "CARGO_TARGET_DIR=/opt/rustwide/target" "-w" "/opt/rustwide/workdir" "--user" "0:0" "245f8ed5cc719bcdd9c847addd8ef3a74cdb36b39601cb10f853378843c2219b" "/opt/rustwide/cargo-home/bin/cargo" "+1.99.0-beta.8" "metadata" "--no-deps" "--format-version=1", kill_on_drop: false }`
[INFO] running `Command { std: "docker" "inspect" "245f8ed5cc719bcdd9c847addd8ef3a74cdb36b39601cb10f853378843c2219b", kill_on_drop: false }`
[INFO] running `Command { std: "docker" "exec" "-e" "SOURCE_DIR=/opt/rustwide/workdir" "-e" "CARGO_HOME=/opt/rustwide/cargo-home" "-e" "RUSTUP_HOME=/opt/rustwide/rustup-home" "-e" "CARGO_TARGET_DIR=/opt/rustwide/target" "-e" "CARGO_INCREMENTAL=0" "-e" "RUST_BACKTRACE=full" "-e" "RUSTFLAGS=--cap-lints=warn" "-e" "RUSTDOCFLAGS=--cap-lints=warn" "-w" "/opt/rustwide/workdir" "--user" "0:0" "245f8ed5cc719bcdd9c847addd8ef3a74cdb36b39601cb10f853378843c2219b" "/opt/rustwide/cargo-home/bin/cargo" "+1.99.0-beta.8" "build" "--frozen" "--message-format=json" "--release", kill_on_drop: false }`
[INFO] [stderr]    Compiling libm v0.2.16
[INFO] [stderr]    Compiling flate2 v1.1.9
[INFO] [stderr]    Compiling syn v2.0.119
[INFO] [stderr]    Compiling zerocopy v0.8.56
[INFO] [stderr]    Compiling libloading v0.8.9
[INFO] [stderr]    Compiling yeslogic-fontconfig-sys v6.0.1
[INFO] [stderr]    Compiling slotmap v1.1.1
[INFO] [stderr]    Compiling zune-core v0.5.3
[INFO] [stderr]    Compiling thiserror-impl v2.0.20
[INFO] [stderr]    Compiling num-traits v0.2.19
[INFO] [stderr]    Compiling zip v2.4.2
[INFO] [stderr]    Compiling roxmltree v0.20.0
[INFO] [stderr]    Compiling fax v0.2.7
[INFO] [stderr]    Compiling strict-num v0.1.1
[INFO] [stderr]    Compiling bumpalo v3.20.3
[INFO] [stderr]    Compiling quick-error v2.0.1
[INFO] [stderr]    Compiling pxfm v0.1.30
[INFO] [stderr]    Compiling fontconfig v0.11.0
[INFO] [stderr]    Compiling clap_builder v4.6.6
[INFO] [stderr]    Compiling dlib v0.5.3
[INFO] [stderr]    Compiling time v0.3.55
[INFO] [stderr]    Compiling zopfli v0.8.3
[INFO] [stderr]    Compiling zune-jpeg v0.5.15
[INFO] [stderr]    Compiling tiny-skia-path v0.11.4
[INFO] [stderr]    Compiling byteorder-lite v0.1.0
[INFO] [stderr]    Compiling unicode-script v0.5.8
[INFO] [stderr]    Compiling png v0.17.16
[INFO] [stderr]    Compiling fontconfig-parser v0.5.8
[INFO] [stderr]    Compiling png v0.18.1
[INFO] [stderr]    Compiling smallvec v1.15.2
[INFO] [stderr]    Compiling unicode-properties v0.1.4
[INFO] [stderr]    Compiling unicode-ccc v0.4.0
[INFO] [stderr]    Compiling thiserror v2.0.20
[INFO] [stderr]    Compiling unicode-bidi-mirroring v0.4.0
[INFO] [stderr]    Compiling chrono v0.4.45
[INFO] [stderr]    Compiling tempfile v3.27.0
[INFO] [stderr]    Compiling quick-xml v0.37.5
[INFO] [stderr]    Compiling core_maths v0.1.1
[INFO] [stderr]    Compiling ttf-parser v0.25.1
[INFO] [stderr]    Compiling ttf-parser v0.24.1
[INFO] [stderr]    Compiling tiny-skia v0.11.4
[INFO] [stderr]    Compiling moxcms v0.8.1
[INFO] [stderr]    Compiling clap v4.6.6
[INFO] [stderr]    Compiling zerocopy-derive v0.8.56
[INFO] [stderr]    Compiling rustybuzz v0.20.1
[INFO] [stderr]    Compiling fontdb v0.21.0
[INFO] [stderr]    Compiling half v2.7.1
[INFO] [stderr]    Compiling tiff v0.11.3
[INFO] [stderr]    Compiling image v0.25.10
[INFO] [stderr]    Compiling maur-o v1.0.0 (/opt/rustwide/workdir)
[INFO] [stderr]     Finished `release` profile [optimized] target(s) in 1m 58s
[INFO] running `Command { std: "docker" "inspect" "245f8ed5cc719bcdd9c847addd8ef3a74cdb36b39601cb10f853378843c2219b", kill_on_drop: false }`
[INFO] running `Command { std: "docker" "exec" "-e" "SOURCE_DIR=/opt/rustwide/workdir" "-e" "CARGO_HOME=/opt/rustwide/cargo-home" "-e" "RUSTUP_HOME=/opt/rustwide/rustup-home" "-e" "CARGO_TARGET_DIR=/opt/rustwide/target" "-e" "CARGO_INCREMENTAL=0" "-e" "RUST_BACKTRACE=full" "-e" "RUSTFLAGS=--cap-lints=warn" "-e" "RUSTDOCFLAGS=--cap-lints=warn" "-w" "/opt/rustwide/workdir" "--user" "0:0" "245f8ed5cc719bcdd9c847addd8ef3a74cdb36b39601cb10f853378843c2219b" "/opt/rustwide/cargo-home/bin/cargo" "+1.99.0-beta.8" "test" "--frozen" "--no-run" "--message-format=json" "--release", kill_on_drop: false }`
[INFO] [stderr]    Compiling regex-automata v0.4.18
[INFO] [stderr]    Compiling float-cmp v0.10.0
[INFO] [stderr]    Compiling normalize-line-endings v0.3.0
[INFO] [stderr]    Compiling regex v1.13.1
[INFO] [stderr]    Compiling bstr v1.13.1
[INFO] [stderr]    Compiling predicates v3.1.4
[INFO] [stderr]    Compiling assert_cmd v2.2.2
[INFO] [stderr]    Compiling maur-o v1.0.0 (/opt/rustwide/workdir)
[INFO] [stderr]     Finished `release` profile [optimized] target(s) in 26.31s
[INFO] running `Command { std: "docker" "inspect" "245f8ed5cc719bcdd9c847addd8ef3a74cdb36b39601cb10f853378843c2219b", kill_on_drop: false }`
[INFO] running `Command { std: "docker" "exec" "-e" "SOURCE_DIR=/opt/rustwide/workdir" "-e" "CARGO_HOME=/opt/rustwide/cargo-home" "-e" "RUSTUP_HOME=/opt/rustwide/rustup-home" "-e" "CARGO_TARGET_DIR=/opt/rustwide/target" "-e" "CARGO_INCREMENTAL=0" "-e" "RUST_BACKTRACE=full" "-e" "RUSTFLAGS=--cap-lints=warn" "-e" "RUSTDOCFLAGS=--cap-lints=warn" "-w" "/opt/rustwide/workdir" "--user" "0:0" "245f8ed5cc719bcdd9c847addd8ef3a74cdb36b39601cb10f853378843c2219b" "/opt/rustwide/cargo-home/bin/cargo" "+1.99.0-beta.8" "test" "--frozen" "--release", kill_on_drop: false }`
[INFO] [stderr]     Finished `release` profile [optimized] target(s) in 0.13s
[INFO] [stderr]      Running unittests src/lib.rs (/opt/rustwide/target/release/deps/maur_o-1a431d94a0e34af2)
[INFO] [stdout] 
[INFO] [stdout] running 70 tests
[INFO] [stdout] test all_symbols::tests::a_file_name_component_keeps_only_what_every_platform_allows ... ok
[INFO] [stdout] test all_symbols::tests::a_plain_symbol_needs_nothing_but_itself ... ok
[INFO] [stdout] test all_symbols::tests::markup_is_taken_out_of_a_name_which_has_any ... ok
[INFO] [stdout] test all_symbols::tests::a_combined_symbol_brings_its_parts_in_the_order_the_source_had_them ... ok
[INFO] [stdout] test all_symbols::tests::a_label_rounds_the_way_qt_rounds_it ... ok
[INFO] [stdout] test all_symbols::tests::a_square_with_a_hole_is_two_parts ... ok
[INFO] [stderr]      Running unittests src/bin/benchmark.rs (/opt/rustwide/target/release/deps/benchmark-9b107026898bc246)
[INFO] [stdout] test all_symbols::tests::a_symbol_number_is_numbers_not_text ... ok
[INFO] [stderr]      Running unittests src/bin/create_benchmark.rs (/opt/rustwide/target/release/deps/create_benchmark-2d6d66221f3e861f)
[INFO] [stdout] test all_symbols::tests::a_circle_is_four_bezier_segments_which_close_on_their_start ... ok
[INFO] [stderr]      Running unittests src/bin/map_to_image.rs (/opt/rustwide/target/release/deps/map_to_image-46fa1660791e1fe2)
[INFO] [stdout] test archive_info::tests::a_file_without_the_settings_parses_to_nothing ... ok
[INFO] [stderr]      Running tests/all_symbols.rs (/opt/rustwide/target/release/deps/all_symbols-bb49fd08ee26698b)
[INFO] [stdout] test archive_info::tests::a_prose_line_which_happens_to_start_with_the_word_is_not_mistaken_for_the_setting ... ok
[INFO] [stdout] test archive_info::tests::resolution_and_frame_survive_a_round_trip ... ok
[INFO] [stdout] test differences::tests::a_crop_is_padded_where_the_image_ends ... ok
[INFO] [stdout] test all_symbols::tests::a_closed_square_repeats_its_first_coordinate ... ok
[INFO] [stdout] test differences::tests::a_pair_within_the_overview_budget_is_not_too_big ... ok
[INFO] [stdout] test all_symbols::tests::a_symbol_which_came_without_an_id_is_given_one ... ok
[INFO] [stdout] test all_symbols::tests::the_parts_are_renumbered_to_where_they_end_up ... ok
[INFO] [stdout] test differences::tests::a_flat_area_off_by_a_rounding_step_is_within_the_default_tolerance ... ok
[INFO] [stdout] test differences::tests::a_difference_within_the_tolerance_does_not_count ... ok
[INFO] [stdout] test all_symbols::tests::coordinates_are_rounded_to_what_the_file_can_hold ... ok
[INFO] [stdout] test differences::tests::a_raised_tolerance_moves_pixels_out_of_the_average_too ... ok
[INFO] [stdout] test differences::tests::a_shape_displaced_inside_the_window_is_forgiven ... ok
[INFO] [stdout] test differences::tests::a_sub_pixel_feature_no_window_can_see_is_still_antialiasing ... ok
[INFO] [stdout] test differences::tests::an_area_filled_in_the_wrong_colour_is_a_real_difference ... ok
[INFO] [stdout] test differences::tests::a_shape_displaced_beyond_the_window_is_a_real_difference ... ok
[INFO] [stdout] test differences::tests::either_image_past_the_overview_budget_makes_the_pair_too_big ... ok
[INFO] [stdout] test differences::tests::identical_images_have_an_empty_mask ... ok
[INFO] [stdout] test differences::tests::python_rounds_a_tie_to_the_even_number ... ok
[INFO] [stdout] test differences::tests::the_mean_error_leaves_out_the_pixels_which_are_not_wrong ... ok
[INFO] [stdout] test differences::tests::pixels_outside_the_overlap_all_differ ... ok
[INFO] [stdout] test differences::tests::the_same_edge_covered_differently_is_antialiasing ... ok
[INFO] [stdout] test geometry::tests::copy_path_slice_round_trip_covers_whole_part ... ok
[INFO] [stdout] test geometry::tests::flatten_closed_square ... ok
[INFO] [stdout] test geometry::tests::flattened_extent_matches_bounds ... ok
[INFO] [stdout] test geometry::tests::locate_on_path_midpoint_of_straight_line ... ok
[INFO] [stdout] test geometry::tests::stroked_path_extent_round_cap_extends_along_line ... ok
[INFO] [stdout] test naming::tests::a_dot_in_the_name_is_not_mistaken_for_a_suffix ... ok
[INFO] [stdout] test naming::tests::a_map_without_an_ordinal_sorts_last ... ok
[INFO] [stdout] test differences::tests::regions_are_taken_worst_first_and_do_not_overlap ... ok
[INFO] [stdout] test naming::tests::an_archive_which_follows_the_rules_is_left_alone ... ok
[INFO] [stdout] test naming::tests::holes_in_the_sequence_are_closed_and_reported ... ok
[INFO] [stdout] test naming::tests::spaces_become_underscores ... ok
[INFO] [stdout] test naming::tests::the_old_ordinal_and_its_separator_are_replaced ... ok
[INFO] [stdout] test geometry::tests::shift_coordinates_offsets_a_straight_segment ... ok
[INFO] [stdout] test naming::tests::the_summary_counts_kinds_not_lines ... ok
[INFO] [stdout] test geometry::tests::stroked_path_extent_open_line_with_flat_cap ... ok
[INFO] [stdout] test qbezier::tests::shifts_a_gentle_curve_outward_by_the_offset ... ok
[INFO] [stdout] test report::tests::a_paragraph_is_folded_at_the_width ... ok
[INFO] [stdout] test report::tests::a_word_longer_than_the_width_is_left_alone_rather_than_cut ... ok
[INFO] [stdout] test report::tests::blank_lines_stay_blank_and_lines_wrap_on_their_own ... ok
[INFO] [stdout] test report::tests::the_indent_counts_towards_the_width ... ok
[INFO] [stdout] test xml_writer::tests::a_carry_across_every_digit_moves_the_point ... ok
[INFO] [stdout] test naming::tests::missing_and_orphan_reference_images_are_reported_but_not_invented ... ok
[INFO] [stdout] test xml_writer::tests::a_number_keeps_the_zeros_which_are_not_decimals ... ok
[INFO] [stdout] test naming::tests::ordinals_are_read_as_numbers_not_as_text ... ok
[INFO] [stdout] test xml_writer::tests::a_number_too_large_or_too_small_for_the_digits_goes_scientific ... ok
[INFO] [stdout] test xml_writer::tests::a_path_object_carries_its_coordinates_in_native_units ... ok
[INFO] [stdout] test xml_writer::tests::a_pattern_origin_is_written_in_native_units ... ok
[INFO] [stdout] test xml_writer::tests::a_rotation_is_left_out_where_the_symbol_cannot_be_rotated ... ok
[INFO] [stdout] test xml_writer::tests::a_rotation_is_written_the_way_qt_writes_a_double ... ok
[INFO] [stdout] test xml_writer::tests::a_text_object_carries_its_alignment_and_its_text ... ok
[INFO] [stdout] test xml_writer::tests::a_tie_rounds_away_from_zero_as_qt_rounds_it ... ok
[INFO] [stdout] test report::tests::the_width_is_counted_in_characters_not_bytes ... ok
[INFO] [stdout] test xml_reader::tests::coord_parsing_handles_close_point_flags ... ok
[INFO] [stdout] test xml_writer::tests::small_numbers_keep_their_leading_zeros ... ok
[INFO] [stdout] test xml_writer::tests::text_is_escaped ... ok
[INFO] [stdout] test xml_reader::tests::reads_shapes_map ... ok
[INFO] [stdout] test progress::tests::a_clock_grows_a_field_only_when_it_needs_one ... ok
[INFO] [stdout] test qbezier::tests::degenerate_point_curve_yields_nothing ... ok
[INFO] [stdout] test xml_reader::tests::reads_empty_map ... ok
[INFO] [stdout] test naming::tests::the_ordinal_grows_with_the_suite ... ok
[INFO] [stdout] 
[INFO] [stdout] test result: ok. 70 passed; 0 failed; 0 ignored; 0 measured; 0 filtered out; finished in 0.02s
[INFO] [stdout] 
[INFO] [stdout] 
[INFO] [stdout] running 0 tests
[INFO] [stdout] 
[INFO] [stdout] test result: ok. 0 passed; 0 failed; 0 ignored; 0 measured; 0 filtered out; finished in 0.00s
[INFO] [stdout] 
[INFO] [stdout] 
[INFO] [stdout] running 0 tests
[INFO] [stdout] 
[INFO] [stdout] test result: ok. 0 passed; 0 failed; 0 ignored; 0 measured; 0 filtered out; finished in 0.00s
[INFO] [stdout] 
[INFO] [stdout] 
[INFO] [stdout] running 0 tests
[INFO] [stdout] 
[INFO] [stdout] test result: ok. 0 passed; 0 failed; 0 ignored; 0 measured; 0 filtered out; finished in 0.00s
[INFO] [stdout] 
[INFO] [stdout] 
[INFO] [stdout] running 5 tests
[INFO] [stdout] test a_map_which_is_not_one_is_reported ... ok
[INFO] [stdout] test every_symbol_gets_a_map_and_a_description ... ok
[INFO] [stdout] test a_generated_map_holds_the_symbol_it_was_made_for_and_its_objects ... ok
[INFO] [stdout] test the_description_says_what_is_in_each_cell_of_the_grid ... ok
[INFO] [stdout] test a_generated_map_renders ... ok
[INFO] [stdout] 
[INFO] [stdout] test result: ok. 5 passed; 0 failed; 0 ignored; 0 measured; 0 filtered out; finished in 0.53s
[INFO] [stdout] 
[INFO] [stderr]      Running tests/benchmark.rs (/opt/rustwide/target/release/deps/benchmark-d5a547f279d20494)
[INFO] [stdout] 
[INFO] [stdout] running 5 tests
[INFO] [stdout] test an_archive_without_maps_is_refused ... ok
[INFO] [stdout] test an_archive_which_follows_the_rules_is_run_as_it_is ... ok
[INFO] [stdout] test broken_names_are_reported_and_written_out_corrected ... FAILED
[INFO] [stdout] test a_differing_pair_gets_the_whole_report ... ok
[INFO] [stdout] test resolution_and_frame_are_read_from_the_archives_own_info_txt ... ok
[INFO] [stdout] 
[INFO] [stdout] failures:
[INFO] [stdout] 
[INFO] [stdout] ---- broken_names_are_reported_and_written_out_corrected stdout ----
[INFO] [stdout] 
[INFO] [stdout] thread 'broken_names_are_reported_and_written_out_corrected' (1890) panicked at tests/benchmark.rs:309:10:
[INFO] [stdout] Unexpected failure.
[INFO] [stdout] code=1
[INFO] [stdout] stderr=```"Error: cannot make Results/suite_corrected_2026_10_18__11_25_22: Read-only file system (os error 30)\n"```
[INFO] [stdout] command=`"/opt/rustwide/target/release/benchmark" "--names-only" "/tmp/.tmp6A2Zak/suite_corrected.zip"`
[INFO] [stdout] code=1
[INFO] [stdout] stdout=""
[INFO] [stdout] stderr="Error: cannot make Results/suite_corrected_2026_10_18__11_25_22: Read-only file system (os error 30)\n"
[INFO] [stdout] 
[INFO] [stdout] stack backtrace:
[INFO] [stdout]    0:     0x5866b8f0a641 - <<std[70759c8f55707aa4]::sys::backtrace::BacktraceLock>::print::DisplayBacktrace as core[df12db4294e9bfd3]::fmt::Display>::fmt
[INFO] [stdout]    1:     0x5866b8f2207a - core[df12db4294e9bfd3]::fmt::write
[INFO] [stdout]    2:     0x5866b8f1033c - <alloc[2182bb758b4b3781]::vec::Vec<u8> as core[df12db4294e9bfd3]::io::write::Write>::write_fmt
[INFO] [stdout]    3:     0x5866b8ee43b6 - std[70759c8f55707aa4]::panicking::default_hook::{closure#0}
[INFO] [stdout]    4:     0x5866b8f01cb9 - std[70759c8f55707aa4]::panicking::default_hook
[INFO] [stdout]    5:     0x5866b8e8a030 - test[9d35eded1c95d3be]::test_main_inner::<test[9d35eded1c95d3be]::test_main_static::{closure#0}>::{closure#0}
[INFO] [stdout]    6:     0x5866b8f01e72 - std[70759c8f55707aa4]::panicking::panic_with_hook
[INFO] [stdout]    7:     0x5866b8ee4462 - std[70759c8f55707aa4]::panicking::panic_handler::{closure#0}
[INFO] [stdout]    8:     0x5866b8edce99 - std[70759c8f55707aa4]::sys::backtrace::__rust_end_short_backtrace::<std[70759c8f55707aa4]::panicking::panic_handler::{closure#0}, !>
[INFO] [stdout]    9:     0x5866b8ee505d - __rustc[8fa7c3cbc660c2b3]::rust_begin_unwind
[INFO] [stdout]   10:     0x5866b8f2282c - core[df12db4294e9bfd3]::panicking::panic_fmt
[INFO] [stdout]   11:     0x5866b8ebe2df - <assert_cmd[8b639c6969ad5a3b]::assert::AssertError>::panic::<assert_cmd[8b639c6969ad5a3b]::assert::Assert>
[INFO] [stdout]   12:     0x5866b8ebec19 - <assert_cmd[8b639c6969ad5a3b]::assert::Assert>::success
[INFO] [stdout]   13:     0x5866b8e1d0c6 - <benchmark[b760ccb5af274f3e]::broken_names_are_reported_and_written_out_corrected::{closure#0} as core[df12db4294e9bfd3]::ops::function::FnOnce<()>>::call_once
[INFO] [stdout]   14:     0x5866b8e7d31b - test[9d35eded1c95d3be]::__rust_begin_short_backtrace::<core[df12db4294e9bfd3]::result::Result<(), alloc[2182bb758b4b3781]::string::String>, fn() -> core[df12db4294e9bfd3]::result::Result<(), alloc[2182bb758b4b3781]::string::String>>
[INFO] [stdout]   15:     0x5866b8e8a985 - test[9d35eded1c95d3be]::run_test::{closure#0}
[INFO] [stdout]   16:     0x5866b8e84244 - std[70759c8f55707aa4]::sys::backtrace::__rust_begin_short_backtrace::<test[9d35eded1c95d3be]::run_test::{closure#1}, ()>
[INFO] [stdout]   17:     0x5866b8e8dae2 - <std[70759c8f55707aa4]::thread::lifecycle::spawn_unchecked<test[9d35eded1c95d3be]::run_test::{closure#1}, ()>::{closure#1} as core[df12db4294e9bfd3]::ops::function::FnOnce<()>>::call_once::{shim:vtable#0}
[INFO] [stdout]   18:     0x5866b8f09809 - <std[70759c8f55707aa4]::sys::thread::unix::Thread>::new::thread_start
[INFO] [stdout]   19:     0x72a44d367dfa - <unknown>
[INFO] [stdout]   20:     0x72a44d3fb3d4 - clone
[INFO] [stdout]   21:                0x0 - <unknown>
[INFO] [stdout] 
[INFO] [stdout] 
[INFO] [stdout] failures:
[INFO] [stdout]     broken_names_are_reported_and_written_out_corrected
[INFO] [stdout] 
[INFO] [stdout] test result: FAILED. 4 passed; 1 failed; 0 ignored; 0 measured; 0 filtered out; finished in 0.06s
[INFO] [stdout] 
[INFO] [stderr] error: test failed, to rerun pass `--test benchmark`
[INFO] running `Command { std: "docker" "inspect" "245f8ed5cc719bcdd9c847addd8ef3a74cdb36b39601cb10f853378843c2219b", kill_on_drop: false }`
[INFO] running `Command { std: "docker" "rm" "-f" "245f8ed5cc719bcdd9c847addd8ef3a74cdb36b39601cb10f853378843c2219b", kill_on_drop: false }`
[INFO] [stdout] 245f8ed5cc719bcdd9c847addd8ef3a74cdb36b39601cb10f853378843c2219b
