[INFO] fetching crate matter-clusters 0.5.0...
[INFO] testing matter-clusters-0.5.0 against 1.100.0-beta.1+cargoflags=--release for beta-release-1.100-2
[INFO] extracting crate matter-clusters 0.5.0 into /workspace/builds/worker-0-tc2/source
[INFO] started tweaking crates.io crate matter-clusters 0.5.0
[INFO] removed 0 missing tests
[INFO] finished tweaking crates.io crate matter-clusters 0.5.0
[INFO] tweaked toml for crates.io crate matter-clusters 0.5.0 written to /workspace/builds/worker-0-tc2/source/Cargo.toml
[INFO] validating manifest of crates.io crate matter-clusters 0.5.0 on toolchain 1.100.0-beta.1
[INFO] running `Command { std: CARGO_HOME="/workspace/cargo-home" RUSTUP_HOME="/workspace/rustup-home" "/workspace/cargo-home/bin/cargo" "+1.100.0-beta.1" "metadata" "--manifest-path" "Cargo.toml" "--no-deps", kill_on_drop: false }`
[INFO] crate crates.io crate matter-clusters 0.5.0 already has a lockfile, it will not be regenerated
[INFO] running `Command { std: CARGO_HOME="/workspace/cargo-home" RUSTUP_HOME="/workspace/rustup-home" "/workspace/cargo-home/bin/cargo" "+1.100.0-beta.1" "fetch" "--manifest-path" "Cargo.toml", kill_on_drop: false }`
[INFO] [stderr] warning: `package.homepage` is redundant with `package.repository`
[INFO] [stderr]   --> Cargo.toml:60:12
[INFO] [stderr]    |
[INFO] [stderr] 60 | homepage = "https://github.com/phunapps/matter-rust"
[INFO] [stderr]    |            ^^^^^^^^^^^^^^^^^^^^^^^^^^^^^^^^^^^^^^^^^
[INFO] [stderr] ...
[INFO] [stderr] 65 | repository = "https://github.com/phunapps/matter-rust"
[INFO] [stderr]    |              -----------------------------------------
[INFO] [stderr]    |
[INFO] [stderr]    = note: `cargo::redundant_homepage` is set to `warn` by default
[INFO] [stderr] help: consider removing `package.homepage`
[INFO] [stderr] warning: `matter-clusters` (manifest) generated 1 warning
[INFO] running `Command { std: "docker" "create" "-v" "/var/lib/crater-agent-workspace/builds/worker-0-tc2/source:/opt/rustwide/workdir:ro,Z" "-v" "/var/lib/crater-agent-workspace/builds/worker-0-tc2/target:/opt/rustwide/target:rw,Z" "-v" "/var/lib/crater-agent-workspace/cargo-home:/opt/rustwide/cargo-home:ro,Z" "-v" "/var/lib/crater-agent-workspace/rustup-home:/opt/rustwide/rustup-home:ro,Z" "-m" "1610612736" "--network" "none" "ghcr.io/rust-lang/crates-build-env/linux@sha256:77db811e55d90add9212f6832c23229e3de5f1c1f9905e8cb07319ea15df73ac" "sleep" "infinity", kill_on_drop: false }`
[INFO] [stdout] ba6a7b957ef4e95129555229f49f3ccdd075d54dc15bde06324d411e01ca24c8
[INFO] running `Command { std: "docker" "start" "ba6a7b957ef4e95129555229f49f3ccdd075d54dc15bde06324d411e01ca24c8", kill_on_drop: false }`
[INFO] running `Command { std: "docker" "inspect" "ba6a7b957ef4e95129555229f49f3ccdd075d54dc15bde06324d411e01ca24c8", kill_on_drop: false }`
[INFO] running `Command { std: "docker" "exec" "-e" "SOURCE_DIR=/opt/rustwide/workdir" "-e" "CARGO_HOME=/opt/rustwide/cargo-home" "-e" "RUSTUP_HOME=/opt/rustwide/rustup-home" "-e" "CARGO_TARGET_DIR=/opt/rustwide/target" "-w" "/opt/rustwide/workdir" "--user" "0:0" "ba6a7b957ef4e95129555229f49f3ccdd075d54dc15bde06324d411e01ca24c8" "/opt/rustwide/cargo-home/bin/cargo" "+1.100.0-beta.1" "metadata" "--no-deps" "--format-version=1", kill_on_drop: false }`
[INFO] running `Command { std: "docker" "inspect" "ba6a7b957ef4e95129555229f49f3ccdd075d54dc15bde06324d411e01ca24c8", kill_on_drop: false }`
[INFO] running `Command { std: "docker" "exec" "-e" "SOURCE_DIR=/opt/rustwide/workdir" "-e" "CARGO_HOME=/opt/rustwide/cargo-home" "-e" "RUSTUP_HOME=/opt/rustwide/rustup-home" "-e" "CARGO_TARGET_DIR=/opt/rustwide/target" "-e" "CARGO_INCREMENTAL=0" "-e" "RUST_BACKTRACE=full" "-e" "RUSTFLAGS=--cap-lints=warn" "-e" "RUSTDOCFLAGS=--cap-lints=warn" "-w" "/opt/rustwide/workdir" "--user" "0:0" "ba6a7b957ef4e95129555229f49f3ccdd075d54dc15bde06324d411e01ca24c8" "/opt/rustwide/cargo-home/bin/cargo" "+1.100.0-beta.1" "build" "--frozen" "--message-format=json" "--release", kill_on_drop: false }`
[INFO] [stderr] warning: `package.homepage` is redundant with `package.repository`
[INFO] [stderr]   --> Cargo.toml:60:12
[INFO] [stderr]    |
[INFO] [stderr] 60 | homepage = "https://github.com/phunapps/matter-rust"
[INFO] [stderr]    |            ^^^^^^^^^^^^^^^^^^^^^^^^^^^^^^^^^^^^^^^^^
[INFO] [stderr] ...
[INFO] [stderr] 65 | repository = "https://github.com/phunapps/matter-rust"
[INFO] [stderr]    |              -----------------------------------------
[INFO] [stderr]    |
[INFO] [stderr]    = note: `cargo::redundant_homepage` is set to `warn` by default
[INFO] [stderr] help: consider removing `package.homepage`
[INFO] [stderr] warning: `matter-clusters` (manifest) generated 1 warning
[INFO] [stderr]    Compiling syn v2.0.117
[INFO] [stderr]    Compiling thiserror-impl v2.0.18
[INFO] [stderr]    Compiling thiserror v2.0.18
[INFO] [stderr]    Compiling matter-codec v0.3.1
[INFO] [stderr]    Compiling matter-clusters v0.5.0 (/opt/rustwide/workdir)
[INFO] [stderr]     Finished `release` profile [optimized] target(s) in 16.66s
[INFO] running `Command { std: "docker" "inspect" "ba6a7b957ef4e95129555229f49f3ccdd075d54dc15bde06324d411e01ca24c8", kill_on_drop: false }`
[INFO] running `Command { std: "docker" "exec" "-e" "SOURCE_DIR=/opt/rustwide/workdir" "-e" "CARGO_HOME=/opt/rustwide/cargo-home" "-e" "RUSTUP_HOME=/opt/rustwide/rustup-home" "-e" "CARGO_TARGET_DIR=/opt/rustwide/target" "-e" "CARGO_INCREMENTAL=0" "-e" "RUST_BACKTRACE=full" "-e" "RUSTFLAGS=--cap-lints=warn" "-e" "RUSTDOCFLAGS=--cap-lints=warn" "-w" "/opt/rustwide/workdir" "--user" "0:0" "ba6a7b957ef4e95129555229f49f3ccdd075d54dc15bde06324d411e01ca24c8" "/opt/rustwide/cargo-home/bin/cargo" "+1.100.0-beta.1" "test" "--frozen" "--no-run" "--message-format=json" "--release", kill_on_drop: false }`
[INFO] [stderr] warning: `package.homepage` is redundant with `package.repository`
[INFO] [stderr]   --> Cargo.toml:60:12
[INFO] [stderr]    |
[INFO] [stderr] 60 | homepage = "https://github.com/phunapps/matter-rust"
[INFO] [stderr]    |            ^^^^^^^^^^^^^^^^^^^^^^^^^^^^^^^^^^^^^^^^^
[INFO] [stderr] ...
[INFO] [stderr] 65 | repository = "https://github.com/phunapps/matter-rust"
[INFO] [stderr]    |              -----------------------------------------
[INFO] [stderr]    |
[INFO] [stderr]    = note: `cargo::redundant_homepage` is set to `warn` by default
[INFO] [stderr] help: consider removing `package.homepage`
[INFO] [stderr] warning: `matter-clusters` (manifest) generated 1 warning
[INFO] [stderr]    Compiling bitflags v2.13.0
[INFO] [stderr]    Compiling getrandom v0.4.2
[INFO] [stderr]    Compiling wait-timeout v0.2.1
[INFO] [stderr]    Compiling ppv-lite86 v0.2.21
[INFO] [stderr]    Compiling serde_json v1.0.150
[INFO] [stderr]    Compiling rand v0.9.4
[INFO] [stderr]    Compiling rand_xorshift v0.4.0
[INFO] [stderr]    Compiling rustix v1.1.4
[INFO] [stderr]    Compiling matter-clusters v0.5.0 (/opt/rustwide/workdir)
[INFO] [stderr]    Compiling rand_chacha v0.9.0
[INFO] [stderr]    Compiling tempfile v3.27.0
[INFO] [stderr]    Compiling rusty-fork v0.3.1
[INFO] [stderr]    Compiling proptest v1.11.0
[INFO] [stderr]     Finished `release` profile [optimized] target(s) in 31.82s
[INFO] running `Command { std: "docker" "inspect" "ba6a7b957ef4e95129555229f49f3ccdd075d54dc15bde06324d411e01ca24c8", kill_on_drop: false }`
[INFO] running `Command { std: "docker" "exec" "-e" "SOURCE_DIR=/opt/rustwide/workdir" "-e" "CARGO_HOME=/opt/rustwide/cargo-home" "-e" "RUSTUP_HOME=/opt/rustwide/rustup-home" "-e" "CARGO_TARGET_DIR=/opt/rustwide/target" "-e" "CARGO_INCREMENTAL=0" "-e" "RUST_BACKTRACE=full" "-e" "RUSTFLAGS=--cap-lints=warn" "-e" "RUSTDOCFLAGS=--cap-lints=warn" "-w" "/opt/rustwide/workdir" "--user" "0:0" "ba6a7b957ef4e95129555229f49f3ccdd075d54dc15bde06324d411e01ca24c8" "/opt/rustwide/cargo-home/bin/cargo" "+1.100.0-beta.1" "test" "--frozen" "--release", kill_on_drop: false }`
[INFO] [stderr] warning: `package.homepage` is redundant with `package.repository`
[INFO] [stderr]   --> Cargo.toml:60:12
[INFO] [stderr]    |
[INFO] [stderr] 60 | homepage = "https://github.com/phunapps/matter-rust"
[INFO] [stderr]    |            ^^^^^^^^^^^^^^^^^^^^^^^^^^^^^^^^^^^^^^^^^
[INFO] [stderr] ...
[INFO] [stderr] 65 | repository = "https://github.com/phunapps/matter-rust"
[INFO] [stderr]    |              -----------------------------------------
[INFO] [stderr]    |
[INFO] [stderr]    = note: `cargo::redundant_homepage` is set to `warn` by default
[INFO] [stderr] help: consider removing `package.homepage`
[INFO] [stderr] warning: `matter-clusters` (manifest) generated 1 warning
[INFO] [stderr]     Finished `release` profile [optimized] target(s) in 0.07s
[INFO] [stderr]      Running unittests src/lib.rs (/opt/rustwide/target/release/build/matter-clusters/60b6f32117036946/out/matter_clusters-60b6f32117036946)
[INFO] [stdout] 
[INFO] [stdout] running 3 tests
[INFO] [stdout] test types::tests::value_and_is_null ... ok
[INFO] [stdout] test types::tests::from_option ... ok
[INFO] [stdout] test datatypes::tests::decodes_a_minimal_tag ... ok
[INFO] [stdout] 
[INFO] [stdout] test result: ok. 3 passed; 0 failed; 0 ignored; 0 measured; 0 filtered out; finished in 0.00s
[INFO] [stdout] 
[INFO] [stderr]      Running tests/byte_parity.rs (/opt/rustwide/target/release/build/matter-clusters/a337d959716385c6/out/byte_parity-a337d959716385c6)
[INFO] [stdout] 
[INFO] [stdout] running 18 tests
[INFO] [stdout] test atomic_request_command_encodes ... FAILED
[INFO] [stdout] test bool_and_nullable_uint_decode ... FAILED
[INFO] [stdout] test float_attribute_decodes_matter_js_bytes ... FAILED
[INFO] [stderr] error: test failed, to rerun pass `--test byte_parity`
[INFO] [stdout] test bitmap_u16_decode ... FAILED
[INFO] [stdout] test temperature_signed_decode ... FAILED
[INFO] [stdout] test move_to_level_command ... FAILED
[INFO] [stdout] test struct_attribute_decode ... FAILED
[INFO] [stdout] test start_up_on_off_present_roundtrips ... FAILED
[INFO] [stdout] test lock_door_optional_field ... FAILED
[INFO] [stdout] test measurement_accuracy_struct_decodes ... FAILED
[INFO] [stdout] test start_up_on_off_null_roundtrips ... FAILED
[INFO] [stdout] test node_label_roundtrips ... FAILED
[INFO] [stdout] test network_interface_struct_decodes ... FAILED
[INFO] [stdout] test toggle_command ... FAILED
[INFO] [stdout] test list_of_scalars_and_structs_decode ... FAILED
[INFO] [stdout] test on_with_timed_off_command ... FAILED
[INFO] [stdout] test review_fabric_restrictions_recursive_list_encodes ... FAILED
[INFO] [stdout] test on_time_roundtrips ... FAILED
[INFO] [stdout] 
[INFO] [stdout] failures:
[INFO] [stdout] 
[INFO] [stdout] ---- atomic_request_command_encodes stdout ----
[INFO] [stdout] 
[INFO] [stdout] thread 'atomic_request_command_encodes' (586) panicked at tests/byte_parity.rs:25:72:
[INFO] [stdout] called `Result::unwrap()` on an `Err` value: Os { code: 2, kind: NotFound, message: "No such file or directory" }
[INFO] [stdout] stack backtrace:
[INFO] [stdout]    0:     0x59bacc56dad1 - <<std[617be2ca0a6fd877]::sys::backtrace::BacktraceLock>::print::DisplayBacktrace as core[a373ad73a504971]::fmt::Display>::fmt
[INFO] [stdout]    1:     0x59bacc582caa - core[a373ad73a504971]::fmt::write
[INFO] [stdout]    2:     0x59bacc571cec - <alloc[2e1b2a31b91974c5]::vec::Vec<u8> as core[a373ad73a504971]::io::write::Write>::write_fmt
[INFO] [stdout]    3:     0x59bacc549a16 - std[617be2ca0a6fd877]::panicking::default_hook::{closure#0}
[INFO] [stdout]    4:     0x59bacc565e59 - std[617be2ca0a6fd877]::panicking::default_hook
[INFO] [stdout]    5:     0x59bacc4f4800 - test[aada8e7e76ba119b]::test_main_inner::{closure#0}
[INFO] [stdout]    6:     0x59bacc566012 - std[617be2ca0a6fd877]::panicking::panic_with_hook
[INFO] [stdout]    7:     0x59bacc549ac2 - std[617be2ca0a6fd877]::panicking::panic_handler::{closure#0}
[INFO] [stdout]    8:     0x59bacc542649 - std[617be2ca0a6fd877]::sys::backtrace::__rust_end_short_backtrace::<std[617be2ca0a6fd877]::panicking::panic_handler::{closure#0}, !>
[INFO] [stdout]    9:     0x59bacc54a6cd - __rustc[ea4f61d10b84890b]::rust_begin_unwind
[INFO] [stdout]   10:     0x59bacc5833dc - core[a373ad73a504971]::panicking::panic_fmt
[INFO] [stdout]   11:     0x59bacc5831b2 - core[a373ad73a504971]::result::unwrap_failed
[INFO] [stdout]   12:     0x59bacc4e222c - byte_parity[5a6ee66f7aafd5a5]::vec_bytes
[INFO] [stdout]   13:     0x59bacc4e3402 - <byte_parity[5a6ee66f7aafd5a5]::atomic_request_command_encodes::{closure#0} as core[a373ad73a504971]::ops::function::FnOnce<()>>::call_once
[INFO] [stdout]   14:     0x59bacc4e7c4b - test[aada8e7e76ba119b]::__rust_begin_short_backtrace::<core[a373ad73a504971]::result::Result<(), alloc[2e1b2a31b91974c5]::string::String>, fn() -> core[a373ad73a504971]::result::Result<(), alloc[2e1b2a31b91974c5]::string::String>>
[INFO] [stdout]   15:     0x59bacc4f4e25 - test[aada8e7e76ba119b]::run_test::{closure#0}
[INFO] [stdout]   16:     0x59bacc4ee714 - std[617be2ca0a6fd877]::sys::backtrace::__rust_begin_short_backtrace::<test[aada8e7e76ba119b]::run_test::{closure#1}, ()>
[INFO] [stdout]   17:     0x59bacc4f7eb2 - <std[617be2ca0a6fd877]::thread::lifecycle::spawn_unchecked<test[aada8e7e76ba119b]::run_test::{closure#1}, ()>::{closure#1} as core[a373ad73a504971]::ops::function::FnOnce<()>>::call_once::{shim:vtable#0}
[INFO] [stdout]   18:     0x59bacc56d01f - <std[617be2ca0a6fd877]::sys::thread::unix::Thread>::new::thread_start
[INFO] [stdout]   19:     0x79a2420a6dfa - <unknown>
[INFO] [stdout]   20:     0x79a24213a3d4 - clone
[INFO] [stdout]   21:                0x0 - <unknown>
[INFO] [stdout] 
[INFO] [stdout] ---- bool_and_nullable_uint_decode stdout ----
[INFO] [stdout] 
[INFO] [stdout] thread 'bool_and_nullable_uint_decode' (588) panicked at tests/byte_parity.rs:25:72:
[INFO] [stdout] called `Result::unwrap()` on an `Err` value: Os { code: 2, kind: NotFound, message: "No such file or directory" }
[INFO] [stdout] stack backtrace:
[INFO] [stdout]    0:     0x59bacc56dad1 - <<std[617be2ca0a6fd877]::sys::backtrace::BacktraceLock>::print::DisplayBacktrace as core[a373ad73a504971]::fmt::Display>::fmt
[INFO] [stdout]    1:     0x59bacc582caa - core[a373ad73a504971]::fmt::write
[INFO] [stdout]    2:     0x59bacc571cec - <alloc[2e1b2a31b91974c5]::vec::Vec<u8> as core[a373ad73a504971]::io::write::Write>::write_fmt
[INFO] [stdout]    3:     0x59bacc549a16 - std[617be2ca0a6fd877]::panicking::default_hook::{closure#0}
[INFO] [stdout]    4:     0x59bacc565e59 - std[617be2ca0a6fd877]::panicking::default_hook
[INFO] [stdout]    5:     0x59bacc4f4800 - test[aada8e7e76ba119b]::test_main_inner::{closure#0}
[INFO] [stdout]    6:     0x59bacc566012 - std[617be2ca0a6fd877]::panicking::panic_with_hook
[INFO] [stdout]    7:     0x59bacc549ac2 - std[617be2ca0a6fd877]::panicking::panic_handler::{closure#0}
[INFO] [stdout]    8:     0x59bacc542649 - std[617be2ca0a6fd877]::sys::backtrace::__rust_end_short_backtrace::<std[617be2ca0a6fd877]::panicking::panic_handler::{closure#0}, !>
[INFO] [stdout]    9:     0x59bacc54a6cd - __rustc[ea4f61d10b84890b]::rust_begin_unwind
[INFO] [stdout]   10:     0x59bacc5833dc - core[a373ad73a504971]::panicking::panic_fmt
[INFO] [stdout]   11:     0x59bacc5831b2 - core[a373ad73a504971]::result::unwrap_failed
[INFO] [stdout]   12:     0x59bacc4e222c - byte_parity[5a6ee66f7aafd5a5]::vec_bytes
[INFO] [stdout]   13:     0x59bacc4e31b0 - <byte_parity[5a6ee66f7aafd5a5]::bool_and_nullable_uint_decode::{closure#0} as core[a373ad73a504971]::ops::function::FnOnce<()>>::call_once
[INFO] [stdout]   14:     0x59bacc4e7c4b - test[aada8e7e76ba119b]::__rust_begin_short_backtrace::<core[a373ad73a504971]::result::Result<(), alloc[2e1b2a31b91974c5]::string::String>, fn() -> core[a373ad73a504971]::result::Result<(), alloc[2e1b2a31b91974c5]::string::String>>
[INFO] [stdout]   15:     0x59bacc4f4e25 - test[aada8e7e76ba119b]::run_test::{closure#0}
[INFO] [stdout]   16:     0x59bacc4ee714 - std[617be2ca0a6fd877]::sys::backtrace::__rust_begin_short_backtrace::<test[aada8e7e76ba119b]::run_test::{closure#1}, ()>
[INFO] [stdout]   17:     0x59bacc4f7eb2 - <std[617be2ca0a6fd877]::thread::lifecycle::spawn_unchecked<test[aada8e7e76ba119b]::run_test::{closure#1}, ()>::{closure#1} as core[a373ad73a504971]::ops::function::FnOnce<()>>::call_once::{shim:vtable#0}
[INFO] [stdout]   18:     0x59bacc56d01f - <std[617be2ca0a6fd877]::sys::thread::unix::Thread>::new::thread_start
[INFO] [stdout]   19:     0x79a2420a6dfa - <unknown>
[INFO] [stdout]   20:     0x79a24213a3d4 - clone
[INFO] [stdout]   21:                0x0 - <unknown>
[INFO] [stdout] 
[INFO] [stdout] ---- float_attribute_decodes_matter_js_bytes stdout ----
[INFO] [stdout] 
[INFO] [stdout] thread 'float_attribute_decodes_matter_js_bytes' (589) panicked at tests/byte_parity.rs:25:72:
[INFO] [stdout] called `Result::unwrap()` on an `Err` value: Os { code: 2, kind: NotFound, message: "No such file or directory" }
[INFO] [stdout] stack backtrace:
[INFO] [stdout]    0:     0x59bacc56dad1 - <<std[617be2ca0a6fd877]::sys::backtrace::BacktraceLock>::print::DisplayBacktrace as core[a373ad73a504971]::fmt::Display>::fmt
[INFO] [stdout]    1:     0x59bacc582caa - core[a373ad73a504971]::fmt::write
[INFO] [stdout]    2:     0x59bacc571cec - <alloc[2e1b2a31b91974c5]::vec::Vec<u8> as core[a373ad73a504971]::io::write::Write>::write_fmt
[INFO] [stdout]    3:     0x59bacc549a16 - std[617be2ca0a6fd877]::panicking::default_hook::{closure#0}
[INFO] [stdout]    4:     0x59bacc565e59 - std[617be2ca0a6fd877]::panicking::default_hook
[INFO] [stdout]    5:     0x59bacc4f4800 - test[aada8e7e76ba119b]::test_main_inner::{closure#0}
[INFO] [stdout]    6:     0x59bacc566012 - std[617be2ca0a6fd877]::panicking::panic_with_hook
[INFO] [stdout]    7:     0x59bacc549ac2 - std[617be2ca0a6fd877]::panicking::panic_handler::{closure#0}
[INFO] [stdout]    8:     0x59bacc542649 - std[617be2ca0a6fd877]::sys::backtrace::__rust_end_short_backtrace::<std[617be2ca0a6fd877]::panicking::panic_handler::{closure#0}, !>
[INFO] [stdout]    9:     0x59bacc54a6cd - __rustc[ea4f61d10b84890b]::rust_begin_unwind
[INFO] [stdout]   10:     0x59bacc5833dc - core[a373ad73a504971]::panicking::panic_fmt
[INFO] [stdout]   11:     0x59bacc5831b2 - core[a373ad73a504971]::result::unwrap_failed
[INFO] [stdout]   12:     0x59bacc4e222c - byte_parity[5a6ee66f7aafd5a5]::vec_bytes
[INFO] [stdout]   13:     0x59bacc4e4364 - <byte_parity[5a6ee66f7aafd5a5]::float_attribute_decodes_matter_js_bytes::{closure#0} as core[a373ad73a504971]::ops::function::FnOnce<()>>::call_once
[INFO] [stdout]   14:     0x59bacc4e7c4b - test[aada8e7e76ba119b]::__rust_begin_short_backtrace::<core[a373ad73a504971]::result::Result<(), alloc[2e1b2a31b91974c5]::string::String>, fn() -> core[a373ad73a504971]::result::Result<(), alloc[2e1b2a31b91974c5]::string::String>>
[INFO] [stdout]   15:     0x59bacc4f4e25 - test[aada8e7e76ba119b]::run_test::{closure#0}
[INFO] [stdout]   16:     0x59bacc4ee714 - std[617be2ca0a6fd877]::sys::backtrace::__rust_begin_short_backtrace::<test[aada8e7e76ba119b]::run_test::{closure#1}, ()>
[INFO] [stdout]   17:     0x59bacc4f7eb2 - <std[617be2ca0a6fd877]::thread::lifecycle::spawn_unchecked<test[aada8e7e76ba119b]::run_test::{closure#1}, ()>::{closure#1} as core[a373ad73a504971]::ops::function::FnOnce<()>>::call_once::{shim:vtable#0}
[INFO] [stdout]   18:     0x59bacc56d01f - <std[617be2ca0a6fd877]::sys::thread::unix::Thread>::new::thread_start
[INFO] [stdout]   19:     0x79a2420a6dfa - <unknown>
[INFO] [stdout]   20:     0x79a24213a3d4 - clone
[INFO] [stdout]   21:                0x0 - <unknown>
[INFO] [stdout] 
[INFO] [stdout] ---- bitmap_u16_decode stdout ----
[INFO] [stdout] 
[INFO] [stdout] thread 'bitmap_u16_decode' (587) panicked at tests/byte_parity.rs:25:72:
[INFO] [stdout] called `Result::unwrap()` on an `Err` value: Os { code: 2, kind: NotFound, message: "No such file or directory" }
[INFO] [stdout] stack backtrace:
[INFO] [stdout]    0:     0x59bacc56dad1 - <<std[617be2ca0a6fd877]::sys::backtrace::BacktraceLock>::print::DisplayBacktrace as core[a373ad73a504971]::fmt::Display>::fmt
[INFO] [stdout]    1:     0x59bacc582caa - core[a373ad73a504971]::fmt::write
[INFO] [stdout]    2:     0x59bacc571cec - <alloc[2e1b2a31b91974c5]::vec::Vec<u8> as core[a373ad73a504971]::io::write::Write>::write_fmt
[INFO] [stdout]    3:     0x59bacc549a16 - std[617be2ca0a6fd877]::panicking::default_hook::{closure#0}
[INFO] [stdout]    4:     0x59bacc565e59 - std[617be2ca0a6fd877]::panicking::default_hook
[INFO] [stdout]    5:     0x59bacc4f4800 - test[aada8e7e76ba119b]::test_main_inner::{closure#0}
[INFO] [stdout]    6:     0x59bacc566012 - std[617be2ca0a6fd877]::panicking::panic_with_hook
[INFO] [stdout]    7:     0x59bacc549ac2 - std[617be2ca0a6fd877]::panicking::panic_handler::{closure#0}
[INFO] [stdout]    8:     0x59bacc542649 - std[617be2ca0a6fd877]::sys::backtrace::__rust_end_short_backtrace::<std[617be2ca0a6fd877]::panicking::panic_handler::{closure#0}, !>
[INFO] [stdout]    9:     0x59bacc54a6cd - __rustc[ea4f61d10b84890b]::rust_begin_unwind
[INFO] [stdout]   10:     0x59bacc5833dc - core[a373ad73a504971]::panicking::panic_fmt
[INFO] [stdout]   11:     0x59bacc5831b2 - core[a373ad73a504971]::result::unwrap_failed
[INFO] [stdout]   12:     0x59bacc4e222c - byte_parity[5a6ee66f7aafd5a5]::vec_bytes
[INFO] [stdout]   13:     0x59bacc4e267e - <byte_parity[5a6ee66f7aafd5a5]::bitmap_u16_decode::{closure#0} as core[a373ad73a504971]::ops::function::FnOnce<()>>::call_once
[INFO] [stdout]   14:     0x59bacc4e7c4b - test[aada8e7e76ba119b]::__rust_begin_short_backtrace::<core[a373ad73a504971]::result::Result<(), alloc[2e1b2a31b91974c5]::string::String>, fn() -> core[a373ad73a504971]::result::Result<(), alloc[2e1b2a31b91974c5]::string::String>>
[INFO] [stdout]   15:     0x59bacc4f4e25 - test[aada8e7e76ba119b]::run_test::{closure#0}
[INFO] [stdout]   16:     0x59bacc4ee714 - std[617be2ca0a6fd877]::sys::backtrace::__rust_begin_short_backtrace::<test[aada8e7e76ba119b]::run_test::{closure#1}, ()>
[INFO] [stdout]   17:     0x59bacc4f7eb2 - <std[617be2ca0a6fd877]::thread::lifecycle::spawn_unchecked<test[aada8e7e76ba119b]::run_test::{closure#1}, ()>::{closure#1} as core[a373ad73a504971]::ops::function::FnOnce<()>>::call_once::{shim:vtable#0}
[INFO] [stdout]   18:     0x59bacc56d01f - <std[617be2ca0a6fd877]::sys::thread::unix::Thread>::new::thread_start
[INFO] [stdout]   19:     0x79a2420a6dfa - <unknown>
[INFO] [stdout]   20:     0x79a24213a3d4 - clone
[INFO] [stdout]   21:                0x0 - <unknown>
[INFO] [stdout] 
[INFO] [stdout] ---- temperature_signed_decode stdout ----
[INFO] [stdout] 
[INFO] [stdout] thread 'temperature_signed_decode' (602) panicked at tests/byte_parity.rs:25:72:
[INFO] [stdout] called `Result::unwrap()` on an `Err` value: Os { code: 2, kind: NotFound, message: "No such file or directory" }
[INFO] [stdout] stack backtrace:
[INFO] [stdout]    0:     0x59bacc56dad1 - <<std[617be2ca0a6fd877]::sys::backtrace::BacktraceLock>::print::DisplayBacktrace as core[a373ad73a504971]::fmt::Display>::fmt
[INFO] [stdout]    1:     0x59bacc582caa - core[a373ad73a504971]::fmt::write
[INFO] [stdout]    2:     0x59bacc571cec - <alloc[2e1b2a31b91974c5]::vec::Vec<u8> as core[a373ad73a504971]::io::write::Write>::write_fmt
[INFO] [stdout]    3:     0x59bacc549a16 - std[617be2ca0a6fd877]::panicking::default_hook::{closure#0}
[INFO] [stdout]    4:     0x59bacc565e59 - std[617be2ca0a6fd877]::panicking::default_hook
[INFO] [stdout]    5:     0x59bacc4f4800 - test[aada8e7e76ba119b]::test_main_inner::{closure#0}
[INFO] [stdout]    6:     0x59bacc566012 - std[617be2ca0a6fd877]::panicking::panic_with_hook
[INFO] [stdout]    7:     0x59bacc549ac2 - std[617be2ca0a6fd877]::panicking::panic_handler::{closure#0}
[INFO] [stdout]    8:     0x59bacc542649 - std[617be2ca0a6fd877]::sys::backtrace::__rust_end_short_backtrace::<std[617be2ca0a6fd877]::panicking::panic_handler::{closure#0}, !>
[INFO] [stdout]    9:     0x59bacc54a6cd - __rustc[ea4f61d10b84890b]::rust_begin_unwind
[INFO] [stdout]   10:     0x59bacc5833dc - core[a373ad73a504971]::panicking::panic_fmt
[INFO] [stdout]   11:     0x59bacc5831b2 - core[a373ad73a504971]::result::unwrap_failed
[INFO] [stdout]   12:     0x59bacc4e222c - byte_parity[5a6ee66f7aafd5a5]::vec_bytes
[INFO] [stdout]   13:     0x59bacc4e3080 - <byte_parity[5a6ee66f7aafd5a5]::temperature_signed_decode::{closure#0} as core[a373ad73a504971]::ops::function::FnOnce<()>>::call_once
[INFO] [stdout]   14:     0x59bacc4e7c4b - test[aada8e7e76ba119b]::__rust_begin_short_backtrace::<core[a373ad73a504971]::result::Result<(), alloc[2e1b2a31b91974c5]::string::String>, fn() -> core[a373ad73a504971]::result::Result<(), alloc[2e1b2a31b91974c5]::string::String>>
[INFO] [stdout]   15:     0x59bacc4f4e25 - test[aada8e7e76ba119b]::run_test::{closure#0}
[INFO] [stdout]   16:     0x59bacc4ee714 - std[617be2ca0a6fd877]::sys::backtrace::__rust_begin_short_backtrace::<test[aada8e7e76ba119b]::run_test::{closure#1}, ()>
[INFO] [stdout]   17:     0x59bacc4f7eb2 - <std[617be2ca0a6fd877]::thread::lifecycle::spawn_unchecked<test[aada8e7e76ba119b]::run_test::{closure#1}, ()>::{closure#1} as core[a373ad73a504971]::ops::function::FnOnce<()>>::call_once::{shim:vtable#0}
[INFO] [stdout]   18:     0x59bacc56d01f - <std[617be2ca0a6fd877]::sys::thread::unix::Thread>::new::thread_start
[INFO] [stdout]   19:     0x79a2420a6dfa - <unknown>
[INFO] [stdout]   20:     0x79a24213a3d4 - clone
[INFO] [stdout]   21:                0x0 - <unknown>
[INFO] [stdout] 
[INFO] [stdout] ---- move_to_level_command stdout ----
[INFO] [stdout] 
[INFO] [stdout] thread 'move_to_level_command' (593) panicked at tests/byte_parity.rs:25:72:
[INFO] [stdout] called `Result::unwrap()` on an `Err` value: Os { code: 2, kind: NotFound, message: "No such file or directory" }
[INFO] [stdout] stack backtrace:
[INFO] [stdout]    0:     0x59bacc56dad1 - <<std[617be2ca0a6fd877]::sys::backtrace::BacktraceLock>::print::DisplayBacktrace as core[a373ad73a504971]::fmt::Display>::fmt
[INFO] [stdout]    1:     0x59bacc582caa - core[a373ad73a504971]::fmt::write
[INFO] [stdout]    2:     0x59bacc571cec - <alloc[2e1b2a31b91974c5]::vec::Vec<u8> as core[a373ad73a504971]::io::write::Write>::write_fmt
[INFO] [stdout]    3:     0x59bacc549a16 - std[617be2ca0a6fd877]::panicking::default_hook::{closure#0}
[INFO] [stdout]    4:     0x59bacc565e59 - std[617be2ca0a6fd877]::panicking::default_hook
[INFO] [stdout]    5:     0x59bacc4f4800 - test[aada8e7e76ba119b]::test_main_inner::{closure#0}
[INFO] [stdout]    6:     0x59bacc566012 - std[617be2ca0a6fd877]::panicking::panic_with_hook
[INFO] [stdout]    7:     0x59bacc549ac2 - std[617be2ca0a6fd877]::panicking::panic_handler::{closure#0}
[INFO] [stdout]    8:     0x59bacc542649 - std[617be2ca0a6fd877]::sys::backtrace::__rust_end_short_backtrace::<std[617be2ca0a6fd877]::panicking::panic_handler::{closure#0}, !>
[INFO] [stdout]    9:     0x59bacc54a6cd - __rustc[ea4f61d10b84890b]::rust_begin_unwind
[INFO] [stdout]   10:     0x59bacc5833dc - core[a373ad73a504971]::panicking::panic_fmt
[INFO] [stdout]   11:     0x59bacc5831b2 - core[a373ad73a504971]::result::unwrap_failed
[INFO] [stdout]   12:     0x59bacc4e222c - byte_parity[5a6ee66f7aafd5a5]::vec_bytes
[INFO] [stdout]   13:     0x59bacc4e28fd - <byte_parity[5a6ee66f7aafd5a5]::move_to_level_command::{closure#0} as core[a373ad73a504971]::ops::function::FnOnce<()>>::call_once
[INFO] [stdout]   14:     0x59bacc4e7c4b - test[aada8e7e76ba119b]::__rust_begin_short_backtrace::<core[a373ad73a504971]::result::Result<(), alloc[2e1b2a31b91974c5]::string::String>, fn() -> core[a373ad73a504971]::result::Result<(), alloc[2e1b2a31b91974c5]::string::String>>
[INFO] [stdout]   15:     0x59bacc4f4e25 - test[aada8e7e76ba119b]::run_test::{closure#0}
[INFO] [stdout]   16:     0x59bacc4ee714 - std[617be2ca0a6fd877]::sys::backtrace::__rust_begin_short_backtrace::<test[aada8e7e76ba119b]::run_test::{closure#1}, ()>
[INFO] [stdout]   17:     0x59bacc4f7eb2 - <std[617be2ca0a6fd877]::thread::lifecycle::spawn_unchecked<test[aada8e7e76ba119b]::run_test::{closure#1}, ()>::{closure#1} as core[a373ad73a504971]::ops::function::FnOnce<()>>::call_once::{shim:vtable#0}
[INFO] [stdout]   18:     0x59bacc56d01f - <std[617be2ca0a6fd877]::sys::thread::unix::Thread>::new::thread_start
[INFO] [stdout]   19:     0x79a2420a6dfa - <unknown>
[INFO] [stdout]   20:     0x79a24213a3d4 - clone
[INFO] [stdout]   21:                0x0 - <unknown>
[INFO] [stdout] 
[INFO] [stdout] ---- struct_attribute_decode stdout ----
[INFO] [stdout] 
[INFO] [stdout] thread 'struct_attribute_decode' (601) panicked at tests/byte_parity.rs:25:72:
[INFO] [stdout] called `Result::unwrap()` on an `Err` value: Os { code: 2, kind: NotFound, message: "No such file or directory" }
[INFO] [stdout] stack backtrace:
[INFO] [stdout]    0:     0x59bacc56dad1 - <<std[617be2ca0a6fd877]::sys::backtrace::BacktraceLock>::print::DisplayBacktrace as core[a373ad73a504971]::fmt::Display>::fmt
[INFO] [stdout]    1:     0x59bacc582caa - core[a373ad73a504971]::fmt::write
[INFO] [stdout]    2:     0x59bacc571cec - <alloc[2e1b2a31b91974c5]::vec::Vec<u8> as core[a373ad73a504971]::io::write::Write>::write_fmt
[INFO] [stdout]    3:     0x59bacc549a16 - std[617be2ca0a6fd877]::panicking::default_hook::{closure#0}
[INFO] [stdout]    4:     0x59bacc565e59 - std[617be2ca0a6fd877]::panicking::default_hook
[INFO] [stdout]    5:     0x59bacc4f4800 - test[aada8e7e76ba119b]::test_main_inner::{closure#0}
[INFO] [stdout]    6:     0x59bacc566012 - std[617be2ca0a6fd877]::panicking::panic_with_hook
[INFO] [stdout]    7:     0x59bacc549ac2 - std[617be2ca0a6fd877]::panicking::panic_handler::{closure#0}
[INFO] [stdout]    8:     0x59bacc542649 - std[617be2ca0a6fd877]::sys::backtrace::__rust_end_short_backtrace::<std[617be2ca0a6fd877]::panicking::panic_handler::{closure#0}, !>
[INFO] [stdout]    9:     0x59bacc54a6cd - __rustc[ea4f61d10b84890b]::rust_begin_unwind
[INFO] [stdout]   10:     0x59bacc5833dc - core[a373ad73a504971]::panicking::panic_fmt
[INFO] [stdout]   11:     0x59bacc5831b2 - core[a373ad73a504971]::result::unwrap_failed
[INFO] [stdout]   12:     0x59bacc4e222c - byte_parity[5a6ee66f7aafd5a5]::vec_bytes
[INFO] [stdout]   13:     0x59bacc4e2c00 - <byte_parity[5a6ee66f7aafd5a5]::struct_attribute_decode::{closure#0} as core[a373ad73a504971]::ops::function::FnOnce<()>>::call_once
[INFO] [stdout]   14:     0x59bacc4e7c4b - test[aada8e7e76ba119b]::__rust_begin_short_backtrace::<core[a373ad73a504971]::result::Result<(), alloc[2e1b2a31b91974c5]::string::String>, fn() -> core[a373ad73a504971]::result::Result<(), alloc[2e1b2a31b91974c5]::string::String>>
[INFO] [stdout]   15:     0x59bacc4f4e25 - test[aada8e7e76ba119b]::run_test::{closure#0}
[INFO] [stdout]   16:     0x59bacc4ee714 - std[617be2ca0a6fd877]::sys::backtrace::__rust_begin_short_backtrace::<test[aada8e7e76ba119b]::run_test::{closure#1}, ()>
[INFO] [stdout]   17:     0x59bacc4f7eb2 - <std[617be2ca0a6fd877]::thread::lifecycle::spawn_unchecked<test[aada8e7e76ba119b]::run_test::{closure#1}, ()>::{closure#1} as core[a373ad73a504971]::ops::function::FnOnce<()>>::call_once::{shim:vtable#0}
[INFO] [stdout]   18:     0x59bacc56d01f - <std[617be2ca0a6fd877]::sys::thread::unix::Thread>::new::thread_start
[INFO] [stdout]   19:     0x79a2420a6dfa - <unknown>
[INFO] [stdout]   20:     0x79a24213a3d4 - clone
[INFO] [stdout]   21:                0x0 - <unknown>
[INFO] [stdout] 
[INFO] [stdout] ---- start_up_on_off_present_roundtrips stdout ----
[INFO] [stdout] 
[INFO] [stdout] thread 'start_up_on_off_present_roundtrips' (600) panicked at tests/byte_parity.rs:25:72:
[INFO] [stdout] called `Result::unwrap()` on an `Err` value: Os { code: 2, kind: NotFound, message: "No such file or directory" }
[INFO] [stdout] stack backtrace:
[INFO] [stdout]    0:     0x59bacc56dad1 - <<std[617be2ca0a6fd877]::sys::backtrace::BacktraceLock>::print::DisplayBacktrace as core[a373ad73a504971]::fmt::Display>::fmt
[INFO] [stdout]    1:     0x59bacc582caa - core[a373ad73a504971]::fmt::write
[INFO] [stdout]    2:     0x59bacc571cec - <alloc[2e1b2a31b91974c5]::vec::Vec<u8> as core[a373ad73a504971]::io::write::Write>::write_fmt
[INFO] [stdout]    3:     0x59bacc549a16 - std[617be2ca0a6fd877]::panicking::default_hook::{closure#0}
[INFO] [stdout]    4:     0x59bacc565e59 - std[617be2ca0a6fd877]::panicking::default_hook
[INFO] [stdout]    5:     0x59bacc4f4800 - test[aada8e7e76ba119b]::test_main_inner::{closure#0}
[INFO] [stdout]    6:     0x59bacc566012 - std[617be2ca0a6fd877]::panicking::panic_with_hook
[INFO] [stdout]    7:     0x59bacc549ac2 - std[617be2ca0a6fd877]::panicking::panic_handler::{closure#0}
[INFO] [stdout]    8:     0x59bacc542649 - std[617be2ca0a6fd877]::sys::backtrace::__rust_end_short_backtrace::<std[617be2ca0a6fd877]::panicking::panic_handler::{closure#0}, !>
[INFO] [stdout]    9:     0x59bacc54a6cd - __rustc[ea4f61d10b84890b]::rust_begin_unwind
[INFO] [stdout]   10:     0x59bacc5833dc - core[a373ad73a504971]::panicking::panic_fmt
[INFO] [stdout]   11:     0x59bacc5831b2 - core[a373ad73a504971]::result::unwrap_failed
[INFO] [stdout]   12:     0x59bacc4e222c - byte_parity[5a6ee66f7aafd5a5]::vec_bytes
[INFO] [stdout]   13:     0x59bacc4e3ea1 - <byte_parity[5a6ee66f7aafd5a5]::start_up_on_off_present_roundtrips::{closure#0} as core[a373ad73a504971]::ops::function::FnOnce<()>>::call_once
[INFO] [stdout]   14:     0x59bacc4e7c4b - test[aada8e7e76ba119b]::__rust_begin_short_backtrace::<core[a373ad73a504971]::result::Result<(), alloc[2e1b2a31b91974c5]::string::String>, fn() -> core[a373ad73a504971]::result::Result<(), alloc[2e1b2a31b91974c5]::string::String>>
[INFO] [stdout]   15:     0x59bacc4f4e25 - test[aada8e7e76ba119b]::run_test::{closure#0}
[INFO] [stdout]   16:     0x59bacc4ee714 - std[617be2ca0a6fd877]::sys::backtrace::__rust_begin_short_backtrace::<test[aada8e7e76ba119b]::run_test::{closure#1}, ()>
[INFO] [stdout]   17:     0x59bacc4f7eb2 - <std[617be2ca0a6fd877]::thread::lifecycle::spawn_unchecked<test[aada8e7e76ba119b]::run_test::{closure#1}, ()>::{closure#1} as core[a373ad73a504971]::ops::function::FnOnce<()>>::call_once::{shim:vtable#0}
[INFO] [stdout]   18:     0x59bacc56d01f - <std[617be2ca0a6fd877]::sys::thread::unix::Thread>::new::thread_start
[INFO] [stdout]   19:     0x79a2420a6dfa - <unknown>
[INFO] [stdout]   20:     0x79a24213a3d4 - clone
[INFO] [stdout]   21:                0x0 - <unknown>
[INFO] [stdout] 
[INFO] [stdout] ---- lock_door_optional_field stdout ----
[INFO] [stdout] 
[INFO] [stdout] thread 'lock_door_optional_field' (591) panicked at tests/byte_parity.rs:25:72:
[INFO] [stdout] called `Result::unwrap()` on an `Err` value: Os { code: 2, kind: NotFound, message: "No such file or directory" }
[INFO] [stdout] stack backtrace:
[INFO] [stdout]    0:     0x59bacc56dad1 - <<std[617be2ca0a6fd877]::sys::backtrace::BacktraceLock>::print::DisplayBacktrace as core[a373ad73a504971]::fmt::Display>::fmt
[INFO] [stdout]    1:     0x59bacc582caa - core[a373ad73a504971]::fmt::write
[INFO] [stdout]    2:     0x59bacc571cec - <alloc[2e1b2a31b91974c5]::vec::Vec<u8> as core[a373ad73a504971]::io::write::Write>::write_fmt
[INFO] [stdout]    3:     0x59bacc549a16 - std[617be2ca0a6fd877]::panicking::default_hook::{closure#0}
[INFO] [stdout]    4:     0x59bacc565e59 - std[617be2ca0a6fd877]::panicking::default_hook
[INFO] [stdout]    5:     0x59bacc4f4800 - test[aada8e7e76ba119b]::test_main_inner::{closure#0}
[INFO] [stdout]    6:     0x59bacc566012 - std[617be2ca0a6fd877]::panicking::panic_with_hook
[INFO] [stdout]    7:     0x59bacc549ac2 - std[617be2ca0a6fd877]::panicking::panic_handler::{closure#0}
[INFO] [stdout]    8:     0x59bacc542649 - std[617be2ca0a6fd877]::sys::backtrace::__rust_end_short_backtrace::<std[617be2ca0a6fd877]::panicking::panic_handler::{closure#0}, !>
[INFO] [stdout]    9:     0x59bacc54a6cd - __rustc[ea4f61d10b84890b]::rust_begin_unwind
[INFO] [stdout]   10:     0x59bacc5833dc - core[a373ad73a504971]::panicking::panic_fmt
[INFO] [stdout]   11:     0x59bacc5831b2 - core[a373ad73a504971]::result::unwrap_failed
[INFO] [stdout]   12:     0x59bacc4e222c - byte_parity[5a6ee66f7aafd5a5]::vec_bytes
[INFO] [stdout]   13:     0x59bacc4e2d78 - <byte_parity[5a6ee66f7aafd5a5]::lock_door_optional_field::{closure#0} as core[a373ad73a504971]::ops::function::FnOnce<()>>::call_once
[INFO] [stdout]   14:     0x59bacc4e7c4b - test[aada8e7e76ba119b]::__rust_begin_short_backtrace::<core[a373ad73a504971]::result::Result<(), alloc[2e1b2a31b91974c5]::string::String>, fn() -> core[a373ad73a504971]::result::Result<(), alloc[2e1b2a31b91974c5]::string::String>>
[INFO] [stdout]   15:     0x59bacc4f4e25 - test[aada8e7e76ba119b]::run_test::{closure#0}
[INFO] [stdout]   16:     0x59bacc4ee714 - std[617be2ca0a6fd877]::sys::backtrace::__rust_begin_short_backtrace::<test[aada8e7e76ba119b]::run_test::{closure#1}, ()>
[INFO] [stdout]   17:     0x59bacc4f7eb2 - <std[617be2ca0a6fd877]::thread::lifecycle::spawn_unchecked<test[aada8e7e76ba119b]::run_test::{closure#1}, ()>::{closure#1} as core[a373ad73a504971]::ops::function::FnOnce<()>>::call_once::{shim:vtable#0}
[INFO] [stdout]   18:     0x59bacc56d01f - <std[617be2ca0a6fd877]::sys::thread::unix::Thread>::new::thread_start
[INFO] [stdout]   19:     0x79a2420a6dfa - <unknown>
[INFO] [stdout]   20:     0x79a24213a3d4 - clone
[INFO] [stdout]   21:                0x0 - <unknown>
[INFO] [stdout] 
[INFO] [stdout] ---- measurement_accuracy_struct_decodes stdout ----
[INFO] [stdout] 
[INFO] [stdout] thread 'measurement_accuracy_struct_decodes' (592) panicked at tests/byte_parity.rs:25:72:
[INFO] [stdout] called `Result::unwrap()` on an `Err` value: Os { code: 2, kind: NotFound, message: "No such file or directory" }
[INFO] [stdout] stack backtrace:
[INFO] [stdout]    0:     0x59bacc56dad1 - <<std[617be2ca0a6fd877]::sys::backtrace::BacktraceLock>::print::DisplayBacktrace as core[a373ad73a504971]::fmt::Display>::fmt
[INFO] [stdout]    1:     0x59bacc582caa - core[a373ad73a504971]::fmt::write
[INFO] [stdout]    2:     0x59bacc571cec - <alloc[2e1b2a31b91974c5]::vec::Vec<u8> as core[a373ad73a504971]::io::write::Write>::write_fmt
[INFO] [stdout]    3:     0x59bacc549a16 - std[617be2ca0a6fd877]::panicking::default_hook::{closure#0}
[INFO] [stdout]    4:     0x59bacc565e59 - std[617be2ca0a6fd877]::panicking::default_hook
[INFO] [stdout]    5:     0x59bacc4f4800 - test[aada8e7e76ba119b]::test_main_inner::{closure#0}
[INFO] [stdout]    6:     0x59bacc566012 - std[617be2ca0a6fd877]::panicking::panic_with_hook
[INFO] [stdout]    7:     0x59bacc549ac2 - std[617be2ca0a6fd877]::panicking::panic_handler::{closure#0}
[INFO] [stdout]    8:     0x59bacc542649 - std[617be2ca0a6fd877]::sys::backtrace::__rust_end_short_backtrace::<std[617be2ca0a6fd877]::panicking::panic_handler::{closure#0}, !>
[INFO] [stdout]    9:     0x59bacc54a6cd - __rustc[ea4f61d10b84890b]::rust_begin_unwind
[INFO] [stdout]   10:     0x59bacc5833dc - core[a373ad73a504971]::panicking::panic_fmt
[INFO] [stdout]   11:     0x59bacc5831b2 - core[a373ad73a504971]::result::unwrap_failed
[INFO] [stdout]   12:     0x59bacc4e222c - byte_parity[5a6ee66f7aafd5a5]::vec_bytes
[INFO] [stdout]   13:     0x59bacc4e400d - <byte_parity[5a6ee66f7aafd5a5]::measurement_accuracy_struct_decodes::{closure#0} as core[a373ad73a504971]::ops::function::FnOnce<()>>::call_once
[INFO] [stdout]   14:     0x59bacc4e7c4b - test[aada8e7e76ba119b]::__rust_begin_short_backtrace::<core[a373ad73a504971]::result::Result<(), alloc[2e1b2a31b91974c5]::string::String>, fn() -> core[a373ad73a504971]::result::Result<(), alloc[2e1b2a31b91974c5]::string::String>>
[INFO] [stdout]   15:     0x59bacc4f4e25 - test[aada8e7e76ba119b]::run_test::{closure#0}
[INFO] [stdout]   16:     0x59bacc4ee714 - std[617be2ca0a6fd877]::sys::backtrace::__rust_begin_short_backtrace::<test[aada8e7e76ba119b]::run_test::{closure#1}, ()>
[INFO] [stdout]   17:     0x59bacc4f7eb2 - <std[617be2ca0a6fd877]::thread::lifecycle::spawn_unchecked<test[aada8e7e76ba119b]::run_test::{closure#1}, ()>::{closure#1} as core[a373ad73a504971]::ops::function::FnOnce<()>>::call_once::{shim:vtable#0}
[INFO] [stdout]   18:     0x59bacc56d01f - <std[617be2ca0a6fd877]::sys::thread::unix::Thread>::new::thread_start
[INFO] [stdout]   19:     0x79a2420a6dfa - <unknown>
[INFO] [stdout]   20:     0x79a24213a3d4 - clone
[INFO] [stdout]   21:                0x0 - <unknown>
[INFO] [stdout] 
[INFO] [stdout] ---- start_up_on_off_null_roundtrips stdout ----
[INFO] [stdout] 
[INFO] [stdout] thread 'start_up_on_off_null_roundtrips' (599) panicked at tests/byte_parity.rs:25:72:
[INFO] [stdout] called `Result::unwrap()` on an `Err` value: Os { code: 2, kind: NotFound, message: "No such file or directory" }
[INFO] [stdout] stack backtrace:
[INFO] [stdout]    0:     0x59bacc56dad1 - <<std[617be2ca0a6fd877]::sys::backtrace::BacktraceLock>::print::DisplayBacktrace as core[a373ad73a504971]::fmt::Display>::fmt
[INFO] [stdout]    1:     0x59bacc582caa - core[a373ad73a504971]::fmt::write
[INFO] [stdout]    2:     0x59bacc571cec - <alloc[2e1b2a31b91974c5]::vec::Vec<u8> as core[a373ad73a504971]::io::write::Write>::write_fmt
[INFO] [stdout]    3:     0x59bacc549a16 - std[617be2ca0a6fd877]::panicking::default_hook::{closure#0}
[INFO] [stdout]    4:     0x59bacc565e59 - std[617be2ca0a6fd877]::panicking::default_hook
[INFO] [stdout]    5:     0x59bacc4f4800 - test[aada8e7e76ba119b]::test_main_inner::{closure#0}
[INFO] [stdout]    6:     0x59bacc566012 - std[617be2ca0a6fd877]::panicking::panic_with_hook
[INFO] [stdout]    7:     0x59bacc549ac2 - std[617be2ca0a6fd877]::panicking::panic_handler::{closure#0}
[INFO] [stdout]    8:     0x59bacc542649 - std[617be2ca0a6fd877]::sys::backtrace::__rust_end_short_backtrace::<std[617be2ca0a6fd877]::panicking::panic_handler::{closure#0}, !>
[INFO] [stdout]    9:     0x59bacc54a6cd - __rustc[ea4f61d10b84890b]::rust_begin_unwind
[INFO] [stdout]   10:     0x59bacc5833dc - core[a373ad73a504971]::panicking::panic_fmt
[INFO] [stdout]   11:     0x59bacc5831b2 - core[a373ad73a504971]::result::unwrap_failed
[INFO] [stdout]   12:     0x59bacc4e222c - byte_parity[5a6ee66f7aafd5a5]::vec_bytes
[INFO] [stdout]   13:     0x59bacc4e3541 - <byte_parity[5a6ee66f7aafd5a5]::start_up_on_off_null_roundtrips::{closure#0} as core[a373ad73a504971]::ops::function::FnOnce<()>>::call_once
[INFO] [stdout]   14:     0x59bacc4e7c4b - test[aada8e7e76ba119b]::__rust_begin_short_backtrace::<core[a373ad73a504971]::result::Result<(), alloc[2e1b2a31b91974c5]::string::String>, fn() -> core[a373ad73a504971]::result::Result<(), alloc[2e1b2a31b91974c5]::string::String>>
[INFO] [stdout]   15:     0x59bacc4f4e25 - test[aada8e7e76ba119b]::run_test::{closure#0}
[INFO] [stdout]   16:     0x59bacc4ee714 - std[617be2ca0a6fd877]::sys::backtrace::__rust_begin_short_backtrace::<test[aada8e7e76ba119b]::run_test::{closure#1}, ()>
[INFO] [stdout]   17:     0x59bacc4f7eb2 - <std[617be2ca0a6fd877]::thread::lifecycle::spawn_unchecked<test[aada8e7e76ba119b]::run_test::{closure#1}, ()>::{closure#1} as core[a373ad73a504971]::ops::function::FnOnce<()>>::call_once::{shim:vtable#0}
[INFO] [stdout]   18:     0x59bacc56d01f - <std[617be2ca0a6fd877]::sys::thread::unix::Thread>::new::thread_start
[INFO] [stdout]   19:     0x79a2420a6dfa - <unknown>
[INFO] [stdout]   20:     0x79a24213a3d4 - clone
[INFO] [stdout]   21:                0x0 - <unknown>
[INFO] [stdout] 
[INFO] [stdout] ---- node_label_roundtrips stdout ----
[INFO] [stdout] 
[INFO] [stdout] thread 'node_label_roundtrips' (595) panicked at tests/byte_parity.rs:25:72:
[INFO] [stdout] called `Result::unwrap()` on an `Err` value: Os { code: 2, kind: NotFound, message: "No such file or directory" }
[INFO] [stdout] stack backtrace:
[INFO] [stdout]    0:     0x59bacc56dad1 - <<std[617be2ca0a6fd877]::sys::backtrace::BacktraceLock>::print::DisplayBacktrace as core[a373ad73a504971]::fmt::Display>::fmt
[INFO] [stdout]    1:     0x59bacc582caa - core[a373ad73a504971]::fmt::write
[INFO] [stdout]    2:     0x59bacc571cec - <alloc[2e1b2a31b91974c5]::vec::Vec<u8> as core[a373ad73a504971]::io::write::Write>::write_fmt
[INFO] [stdout]    3:     0x59bacc549a16 - std[617be2ca0a6fd877]::panicking::default_hook::{closure#0}
[INFO] [stdout]    4:     0x59bacc565e59 - std[617be2ca0a6fd877]::panicking::default_hook
[INFO] [stdout]    5:     0x59bacc4f4800 - test[aada8e7e76ba119b]::test_main_inner::{closure#0}
[INFO] [stdout]    6:     0x59bacc566012 - std[617be2ca0a6fd877]::panicking::panic_with_hook
[INFO] [stdout]    7:     0x59bacc549ac2 - std[617be2ca0a6fd877]::panicking::panic_handler::{closure#0}
[INFO] [stdout]    8:     0x59bacc542649 - std[617be2ca0a6fd877]::sys::backtrace::__rust_end_short_backtrace::<std[617be2ca0a6fd877]::panicking::panic_handler::{closure#0}, !>
[INFO] [stdout]    9:     0x59bacc54a6cd - __rustc[ea4f61d10b84890b]::rust_begin_unwind
[INFO] [stdout]   10:     0x59bacc5833dc - core[a373ad73a504971]::panicking::panic_fmt
[INFO] [stdout]   11:     0x59bacc5831b2 - core[a373ad73a504971]::result::unwrap_failed
[INFO] [stdout]   12:     0x59bacc4e222c - byte_parity[5a6ee66f7aafd5a5]::vec_bytes
[INFO] [stdout]   13:     0x59bacc4e2a01 - <byte_parity[5a6ee66f7aafd5a5]::node_label_roundtrips::{closure#0} as core[a373ad73a504971]::ops::function::FnOnce<()>>::call_once
[INFO] [stdout]   14:     0x59bacc4e7c4b - test[aada8e7e76ba119b]::__rust_begin_short_backtrace::<core[a373ad73a504971]::result::Result<(), alloc[2e1b2a31b91974c5]::string::String>, fn() -> core[a373ad73a504971]::result::Result<(), alloc[2e1b2a31b91974c5]::string::String>>
[INFO] [stdout]   15:     0x59bacc4f4e25 - test[aada8e7e76ba119b]::run_test::{closure#0}
[INFO] [stdout]   16:     0x59bacc4ee714 - std[617be2ca0a6fd877]::sys::backtrace::__rust_begin_short_backtrace::<test[aada8e7e76ba119b]::run_test::{closure#1}, ()>
[INFO] [stdout]   17:     0x59bacc4f7eb2 - <std[617be2ca0a6fd877]::thread::lifecycle::spawn_unchecked<test[aada8e7e76ba119b]::run_test::{closure#1}, ()>::{closure#1} as core[a373ad73a504971]::ops::function::FnOnce<()>>::call_once::{shim:vtable#0}
[INFO] [stdout]   18:     0x59bacc56d01f - <std[617be2ca0a6fd877]::sys::thread::unix::Thread>::new::thread_start
[INFO] [stdout]   19:     0x79a2420a6dfa - <unknown>
[INFO] [stdout]   20:     0x79a24213a3d4 - clone
[INFO] [stdout]   21:                0x0 - <unknown>
[INFO] [stdout] 
[INFO] [stdout] ---- network_interface_struct_decodes stdout ----
[INFO] [stdout] 
[INFO] [stdout] thread 'network_interface_struct_decodes' (594) panicked at tests/byte_parity.rs:25:72:
[INFO] [stdout] called `Result::unwrap()` on an `Err` value: Os { code: 2, kind: NotFound, message: "No such file or directory" }
[INFO] [stdout] stack backtrace:
[INFO] [stdout]    0:     0x59bacc56dad1 - <<std[617be2ca0a6fd877]::sys::backtrace::BacktraceLock>::print::DisplayBacktrace as core[a373ad73a504971]::fmt::Display>::fmt
[INFO] [stdout]    1:     0x59bacc582caa - core[a373ad73a504971]::fmt::write
[INFO] [stdout]    2:     0x59bacc571cec - <alloc[2e1b2a31b91974c5]::vec::Vec<u8> as core[a373ad73a504971]::io::write::Write>::write_fmt
[INFO] [stdout]    3:     0x59bacc549a16 - std[617be2ca0a6fd877]::panicking::default_hook::{closure#0}
[INFO] [stdout]    4:     0x59bacc565e59 - std[617be2ca0a6fd877]::panicking::default_hook
[INFO] [stdout]    5:     0x59bacc4f4800 - test[aada8e7e76ba119b]::test_main_inner::{closure#0}
[INFO] [stdout]    6:     0x59bacc566012 - std[617be2ca0a6fd877]::panicking::panic_with_hook
[INFO] [stdout]    7:     0x59bacc549ac2 - std[617be2ca0a6fd877]::panicking::panic_handler::{closure#0}
[INFO] [stdout]    8:     0x59bacc542649 - std[617be2ca0a6fd877]::sys::backtrace::__rust_end_short_backtrace::<std[617be2ca0a6fd877]::panicking::panic_handler::{closure#0}, !>
[INFO] [stdout]    9:     0x59bacc54a6cd - __rustc[ea4f61d10b84890b]::rust_begin_unwind
[INFO] [stdout]   10:     0x59bacc5833dc - core[a373ad73a504971]::panicking::panic_fmt
[INFO] [stdout]   11:     0x59bacc5831b2 - core[a373ad73a504971]::result::unwrap_failed
[INFO] [stdout]   12:     0x59bacc4e222c - byte_parity[5a6ee66f7aafd5a5]::vec_bytes
[INFO] [stdout]   13:     0x59bacc4e36d4 - <byte_parity[5a6ee66f7aafd5a5]::network_interface_struct_decodes::{closure#0} as core[a373ad73a504971]::ops::function::FnOnce<()>>::call_once
[INFO] [stdout]   14:     0x59bacc4e7c4b - test[aada8e7e76ba119b]::__rust_begin_short_backtrace::<core[a373ad73a504971]::result::Result<(), alloc[2e1b2a31b91974c5]::string::String>, fn() -> core[a373ad73a504971]::result::Result<(), alloc[2e1b2a31b91974c5]::string::String>>
[INFO] [stdout]   15:     0x59bacc4f4e25 - test[aada8e7e76ba119b]::run_test::{closure#0}
[INFO] [stdout]   16:     0x59bacc4ee714 - std[617be2ca0a6fd877]::sys::backtrace::__rust_begin_short_backtrace::<test[aada8e7e76ba119b]::run_test::{closure#1}, ()>
[INFO] [stdout]   17:     0x59bacc4f7eb2 - <std[617be2ca0a6fd877]::thread::lifecycle::spawn_unchecked<test[aada8e7e76ba119b]::run_test::{closure#1}, ()>::{closure#1} as core[a373ad73a504971]::ops::function::FnOnce<()>>::call_once::{shim:vtable#0}
[INFO] [stdout]   18:     0x59bacc56d01f - <std[617be2ca0a6fd877]::sys::thread::unix::Thread>::new::thread_start
[INFO] [stdout]   19:     0x79a2420a6dfa - <unknown>
[INFO] [stdout]   20:     0x79a24213a3d4 - clone
[INFO] [stdout]   21:                0x0 - <unknown>
[INFO] [stdout] 
[INFO] [stdout] ---- toggle_command stdout ----
[INFO] [stdout] 
[INFO] [stdout] thread 'toggle_command' (603) panicked at tests/byte_parity.rs:25:72:
[INFO] [stdout] called `Result::unwrap()` on an `Err` value: Os { code: 2, kind: NotFound, message: "No such file or directory" }
[INFO] [stdout] stack backtrace:
[INFO] [stdout]    0:     0x59bacc56dad1 - <<std[617be2ca0a6fd877]::sys::backtrace::BacktraceLock>::print::DisplayBacktrace as core[a373ad73a504971]::fmt::Display>::fmt
[INFO] [stdout]    1:     0x59bacc582caa - core[a373ad73a504971]::fmt::write
[INFO] [stdout]    2:     0x59bacc571cec - <alloc[2e1b2a31b91974c5]::vec::Vec<u8> as core[a373ad73a504971]::io::write::Write>::write_fmt
[INFO] [stdout]    3:     0x59bacc549a16 - std[617be2ca0a6fd877]::panicking::default_hook::{closure#0}
[INFO] [stdout]    4:     0x59bacc565e59 - std[617be2ca0a6fd877]::panicking::default_hook
[INFO] [stdout]    5:     0x59bacc4f4800 - test[aada8e7e76ba119b]::test_main_inner::{closure#0}
[INFO] [stdout]    6:     0x59bacc566012 - std[617be2ca0a6fd877]::panicking::panic_with_hook
[INFO] [stdout]    7:     0x59bacc549ac2 - std[617be2ca0a6fd877]::panicking::panic_handler::{closure#0}
[INFO] [stdout]    8:     0x59bacc542649 - std[617be2ca0a6fd877]::sys::backtrace::__rust_end_short_backtrace::<std[617be2ca0a6fd877]::panicking::panic_handler::{closure#0}, !>
[INFO] [stdout]    9:     0x59bacc54a6cd - __rustc[ea4f61d10b84890b]::rust_begin_unwind
[INFO] [stdout]   10:     0x59bacc5833dc - core[a373ad73a504971]::panicking::panic_fmt
[INFO] [stdout]   11:     0x59bacc5831b2 - core[a373ad73a504971]::result::unwrap_failed
[INFO] [stdout]   12:     0x59bacc4e222c - byte_parity[5a6ee66f7aafd5a5]::vec_bytes
[INFO] [stdout]   13:     0x59bacc4e2588 - <byte_parity[5a6ee66f7aafd5a5]::toggle_command::{closure#0} as core[a373ad73a504971]::ops::function::FnOnce<()>>::call_once
[INFO] [stdout]   14:     0x59bacc4e7c4b - test[aada8e7e76ba119b]::__rust_begin_short_backtrace::<core[a373ad73a504971]::result::Result<(), alloc[2e1b2a31b91974c5]::string::String>, fn() -> core[a373ad73a504971]::result::Result<(), alloc[2e1b2a31b91974c5]::string::String>>
[INFO] [stdout]   15:     0x59bacc4f4e25 - test[aada8e7e76ba119b]::run_test::{closure#0}
[INFO] [stdout]   16:     0x59bacc4ee714 - std[617be2ca0a6fd877]::sys::backtrace::__rust_begin_short_backtrace::<test[aada8e7e76ba119b]::run_test::{closure#1}, ()>
[INFO] [stdout]   17:     0x59bacc4f7eb2 - <std[617be2ca0a6fd877]::thread::lifecycle::spawn_unchecked<test[aada8e7e76ba119b]::run_test::{closure#1}, ()>::{closure#1} as core[a373ad73a504971]::ops::function::FnOnce<()>>::call_once::{shim:vtable#0}
[INFO] [stdout]   18:     0x59bacc56d01f - <std[617be2ca0a6fd877]::sys::thread::unix::Thread>::new::thread_start
[INFO] [stdout]   19:     0x79a2420a6dfa - <unknown>
[INFO] [stdout]   20:     0x79a24213a3d4 - clone
[INFO] [stdout]   21:                0x0 - <unknown>
[INFO] [stdout] 
[INFO] [stdout] ---- list_of_scalars_and_structs_decode stdout ----
[INFO] [stdout] 
[INFO] [stdout] thread 'list_of_scalars_and_structs_decode' (590) panicked at tests/byte_parity.rs:25:72:
[INFO] [stdout] called `Result::unwrap()` on an `Err` value: Os { code: 2, kind: NotFound, message: "No such file or directory" }
[INFO] [stdout] stack backtrace:
[INFO] [stdout]    0:     0x59bacc56dad1 - <<std[617be2ca0a6fd877]::sys::backtrace::BacktraceLock>::print::DisplayBacktrace as core[a373ad73a504971]::fmt::Display>::fmt
[INFO] [stdout]    1:     0x59bacc582caa - core[a373ad73a504971]::fmt::write
[INFO] [stdout]    2:     0x59bacc571cec - <alloc[2e1b2a31b91974c5]::vec::Vec<u8> as core[a373ad73a504971]::io::write::Write>::write_fmt
[INFO] [stdout]    3:     0x59bacc549a16 - std[617be2ca0a6fd877]::panicking::default_hook::{closure#0}
[INFO] [stdout]    4:     0x59bacc565e59 - std[617be2ca0a6fd877]::panicking::default_hook
[INFO] [stdout]    5:     0x59bacc4f4800 - test[aada8e7e76ba119b]::test_main_inner::{closure#0}
[INFO] [stdout]    6:     0x59bacc566012 - std[617be2ca0a6fd877]::panicking::panic_with_hook
[INFO] [stdout]    7:     0x59bacc549ac2 - std[617be2ca0a6fd877]::panicking::panic_handler::{closure#0}
[INFO] [stdout]    8:     0x59bacc542649 - std[617be2ca0a6fd877]::sys::backtrace::__rust_end_short_backtrace::<std[617be2ca0a6fd877]::panicking::panic_handler::{closure#0}, !>
[INFO] [stdout]    9:     0x59bacc54a6cd - __rustc[ea4f61d10b84890b]::rust_begin_unwind
[INFO] [stdout]   10:     0x59bacc5833dc - core[a373ad73a504971]::panicking::panic_fmt
[INFO] [stdout]   11:     0x59bacc5831b2 - core[a373ad73a504971]::result::unwrap_failed
[INFO] [stdout]   12:     0x59bacc4e222c - byte_parity[5a6ee66f7aafd5a5]::vec_bytes
[INFO] [stdout]   13:     0x59bacc4e3b24 - <byte_parity[5a6ee66f7aafd5a5]::list_of_scalars_and_structs_decode::{closure#0} as core[a373ad73a504971]::ops::function::FnOnce<()>>::call_once
[INFO] [stdout]   14:     0x59bacc4e7c4b - test[aada8e7e76ba119b]::__rust_begin_short_backtrace::<core[a373ad73a504971]::result::Result<(), alloc[2e1b2a31b91974c5]::string::String>, fn() -> core[a373ad73a504971]::result::Result<(), alloc[2e1b2a31b91974c5]::string::String>>
[INFO] [stdout]   15:     0x59bacc4f4e25 - test[aada8e7e76ba119b]::run_test::{closure#0}
[INFO] [stdout]   16:     0x59bacc4ee714 - std[617be2ca0a6fd877]::sys::backtrace::__rust_begin_short_backtrace::<test[aada8e7e76ba119b]::run_test::{closure#1}, ()>
[INFO] [stdout]   17:     0x59bacc4f7eb2 - <std[617be2ca0a6fd877]::thread::lifecycle::spawn_unchecked<test[aada8e7e76ba119b]::run_test::{closure#1}, ()>::{closure#1} as core[a373ad73a504971]::ops::function::FnOnce<()>>::call_once::{shim:vtable#0}
[INFO] [stdout]   18:     0x59bacc56d01f - <std[617be2ca0a6fd877]::sys::thread::unix::Thread>::new::thread_start
[INFO] [stdout]   19:     0x79a2420a6dfa - <unknown>
[INFO] [stdout]   20:     0x79a24213a3d4 - clone
[INFO] [stdout]   21:                0x0 - <unknown>
[INFO] [stdout] 
[INFO] [stdout] ---- on_with_timed_off_command stdout ----
[INFO] [stdout] 
[INFO] [stdout] thread 'on_with_timed_off_command' (597) panicked at tests/byte_parity.rs:25:72:
[INFO] [stdout] called `Result::unwrap()` on an `Err` value: Os { code: 2, kind: NotFound, message: "No such file or directory" }
[INFO] [stdout] stack backtrace:
[INFO] [stdout]    0:     0x59bacc56dad1 - <<std[617be2ca0a6fd877]::sys::backtrace::BacktraceLock>::print::DisplayBacktrace as core[a373ad73a504971]::fmt::Display>::fmt
[INFO] [stdout]    1:     0x59bacc582caa - core[a373ad73a504971]::fmt::write
[INFO] [stdout]    2:     0x59bacc571cec - <alloc[2e1b2a31b91974c5]::vec::Vec<u8> as core[a373ad73a504971]::io::write::Write>::write_fmt
[INFO] [stdout]    3:     0x59bacc549a16 - std[617be2ca0a6fd877]::panicking::default_hook::{closure#0}
[INFO] [stdout]    4:     0x59bacc565e59 - std[617be2ca0a6fd877]::panicking::default_hook
[INFO] [stdout]    5:     0x59bacc4f4800 - test[aada8e7e76ba119b]::test_main_inner::{closure#0}
[INFO] [stdout]    6:     0x59bacc566012 - std[617be2ca0a6fd877]::panicking::panic_with_hook
[INFO] [stdout]    7:     0x59bacc549ac2 - std[617be2ca0a6fd877]::panicking::panic_handler::{closure#0}
[INFO] [stdout]    8:     0x59bacc542649 - std[617be2ca0a6fd877]::sys::backtrace::__rust_end_short_backtrace::<std[617be2ca0a6fd877]::panicking::panic_handler::{closure#0}, !>
[INFO] [stdout]    9:     0x59bacc54a6cd - __rustc[ea4f61d10b84890b]::rust_begin_unwind
[INFO] [stdout]   10:     0x59bacc5833dc - core[a373ad73a504971]::panicking::panic_fmt
[INFO] [stdout]   11:     0x59bacc5831b2 - core[a373ad73a504971]::result::unwrap_failed
[INFO] [stdout]   12:     0x59bacc4e222c - byte_parity[5a6ee66f7aafd5a5]::vec_bytes
[INFO] [stdout]   13:     0x59bacc4e2f84 - <byte_parity[5a6ee66f7aafd5a5]::on_with_timed_off_command::{closure#0} as core[a373ad73a504971]::ops::function::FnOnce<()>>::call_once
[INFO] [stdout]   14:     0x59bacc4e7c4b - test[aada8e7e76ba119b]::__rust_begin_short_backtrace::<core[a373ad73a504971]::result::Result<(), alloc[2e1b2a31b91974c5]::string::String>, fn() -> core[a373ad73a504971]::result::Result<(), alloc[2e1b2a31b91974c5]::string::String>>
[INFO] [stdout]   15:     0x59bacc4f4e25 - test[aada8e7e76ba119b]::run_test::{closure#0}
[INFO] [stdout]   16:     0x59bacc4ee714 - std[617be2ca0a6fd877]::sys::backtrace::__rust_begin_short_backtrace::<test[aada8e7e76ba119b]::run_test::{closure#1}, ()>
[INFO] [stdout]   17:     0x59bacc4f7eb2 - <std[617be2ca0a6fd877]::thread::lifecycle::spawn_unchecked<test[aada8e7e76ba119b]::run_test::{closure#1}, ()>::{closure#1} as core[a373ad73a504971]::ops::function::FnOnce<()>>::call_once::{shim:vtable#0}
[INFO] [stdout]   18:     0x59bacc56d01f - <std[617be2ca0a6fd877]::sys::thread::unix::Thread>::new::thread_start
[INFO] [stdout]   19:     0x79a2420a6dfa - <unknown>
[INFO] [stdout]   20:     0x79a24213a3d4 - clone
[INFO] [stdout]   21:                0x0 - <unknown>
[INFO] [stdout] 
[INFO] [stdout] ---- review_fabric_restrictions_recursive_list_encodes stdout ----
[INFO] [stdout] 
[INFO] [stdout] thread 'review_fabric_restrictions_recursive_list_encodes' (598) panicked at tests/byte_parity.rs:25:72:
[INFO] [stdout] called `Result::unwrap()` on an `Err` value: Os { code: 2, kind: NotFound, message: "No such file or directory" }
[INFO] [stdout] stack backtrace:
[INFO] [stdout]    0:     0x59bacc56dad1 - <<std[617be2ca0a6fd877]::sys::backtrace::BacktraceLock>::print::DisplayBacktrace as core[a373ad73a504971]::fmt::Display>::fmt
[INFO] [stdout]    1:     0x59bacc582caa - core[a373ad73a504971]::fmt::write
[INFO] [stdout]    2:     0x59bacc571cec - <alloc[2e1b2a31b91974c5]::vec::Vec<u8> as core[a373ad73a504971]::io::write::Write>::write_fmt
[INFO] [stdout]    3:     0x59bacc549a16 - std[617be2ca0a6fd877]::panicking::default_hook::{closure#0}
[INFO] [stdout]    4:     0x59bacc565e59 - std[617be2ca0a6fd877]::panicking::default_hook
[INFO] [stdout]    5:     0x59bacc4f4800 - test[aada8e7e76ba119b]::test_main_inner::{closure#0}
[INFO] [stdout]    6:     0x59bacc566012 - std[617be2ca0a6fd877]::panicking::panic_with_hook
[INFO] [stdout]    7:     0x59bacc549ac2 - std[617be2ca0a6fd877]::panicking::panic_handler::{closure#0}
[INFO] [stdout]    8:     0x59bacc542649 - std[617be2ca0a6fd877]::sys::backtrace::__rust_end_short_backtrace::<std[617be2ca0a6fd877]::panicking::panic_handler::{closure#0}, !>
[INFO] [stdout]    9:     0x59bacc54a6cd - __rustc[ea4f61d10b84890b]::rust_begin_unwind
[INFO] [stdout]   10:     0x59bacc5833dc - core[a373ad73a504971]::panicking::panic_fmt
[INFO] [stdout]   11:     0x59bacc5831b2 - core[a373ad73a504971]::result::unwrap_failed
[INFO] [stdout]   12:     0x59bacc4e222c - byte_parity[5a6ee66f7aafd5a5]::vec_bytes
[INFO] [stdout]   13:     0x59bacc4e4788 - <byte_parity[5a6ee66f7aafd5a5]::review_fabric_restrictions_recursive_list_encodes::{closure#0} as core[a373ad73a504971]::ops::function::FnOnce<()>>::call_once
[INFO] [stdout]   14:     0x59bacc4e7c4b - test[aada8e7e76ba119b]::__rust_begin_short_backtrace::<core[a373ad73a504971]::result::Result<(), alloc[2e1b2a31b91974c5]::string::String>, fn() -> core[a373ad73a504971]::result::Result<(), alloc[2e1b2a31b91974c5]::string::String>>
[INFO] [stdout]   15:     0x59bacc4f4e25 - test[aada8e7e76ba119b]::run_test::{closure#0}
[INFO] [stdout]   16:     0x59bacc4ee714 - std[617be2ca0a6fd877]::sys::backtrace::__rust_begin_short_backtrace::<test[aada8e7e76ba119b]::run_test::{closure#1}, ()>
[INFO] [stdout]   17:     0x59bacc4f7eb2 - <std[617be2ca0a6fd877]::thread::lifecycle::spawn_unchecked<test[aada8e7e76ba119b]::run_test::{closure#1}, ()>::{closure#1} as core[a373ad73a504971]::ops::function::FnOnce<()>>::call_once::{shim:vtable#0}
[INFO] [stdout]   18:     0x59bacc56d01f - <std[617be2ca0a6fd877]::sys::thread::unix::Thread>::new::thread_start
[INFO] [stdout]   19:     0x79a2420a6dfa - <unknown>
[INFO] [stdout]   20:     0x79a24213a3d4 - clone
[INFO] [stdout]   21:                0x0 - <unknown>
[INFO] [stdout] 
[INFO] [stdout] ---- on_time_roundtrips stdout ----
[INFO] [stdout] 
[INFO] [stdout] thread 'on_time_roundtrips' (596) panicked at tests/byte_parity.rs:25:72:
[INFO] [stdout] called `Result::unwrap()` on an `Err` value: Os { code: 2, kind: NotFound, message: "No such file or directory" }
[INFO] [stdout] stack backtrace:
[INFO] [stdout]    0:     0x59bacc56dad1 - <<std[617be2ca0a6fd877]::sys::backtrace::BacktraceLock>::print::DisplayBacktrace as core[a373ad73a504971]::fmt::Display>::fmt
[INFO] [stdout]    1:     0x59bacc582caa - core[a373ad73a504971]::fmt::write
[INFO] [stdout]    2:     0x59bacc571cec - <alloc[2e1b2a31b91974c5]::vec::Vec<u8> as core[a373ad73a504971]::io::write::Write>::write_fmt
[INFO] [stdout]    3:     0x59bacc549a16 - std[617be2ca0a6fd877]::panicking::default_hook::{closure#0}
[INFO] [stdout]    4:     0x59bacc565e59 - std[617be2ca0a6fd877]::panicking::default_hook
[INFO] [stdout]    5:     0x59bacc4f4800 - test[aada8e7e76ba119b]::test_main_inner::{closure#0}
[INFO] [stdout]    6:     0x59bacc566012 - std[617be2ca0a6fd877]::panicking::panic_with_hook
[INFO] [stdout]    7:     0x59bacc549ac2 - std[617be2ca0a6fd877]::panicking::panic_handler::{closure#0}
[INFO] [stdout]    8:     0x59bacc542649 - std[617be2ca0a6fd877]::sys::backtrace::__rust_end_short_backtrace::<std[617be2ca0a6fd877]::panicking::panic_handler::{closure#0}, !>
[INFO] [stdout]    9:     0x59bacc54a6cd - __rustc[ea4f61d10b84890b]::rust_begin_unwind
[INFO] [stdout]   10:     0x59bacc5833dc - core[a373ad73a504971]::panicking::panic_fmt
[INFO] [stdout]   11:     0x59bacc5831b2 - core[a373ad73a504971]::result::unwrap_failed
[INFO] [stdout]   12:     0x59bacc4e222c - byte_parity[5a6ee66f7aafd5a5]::vec_bytes
[INFO] [stdout]   13:     0x59bacc4e2781 - <byte_parity[5a6ee66f7aafd5a5]::on_time_roundtrips::{closure#0} as core[a373ad73a504971]::ops::function::FnOnce<()>>::call_once
[INFO] [stdout]   14:     0x59bacc4e7c4b - test[aada8e7e76ba119b]::__rust_begin_short_backtrace::<core[a373ad73a504971]::result::Result<(), alloc[2e1b2a31b91974c5]::string::String>, fn() -> core[a373ad73a504971]::result::Result<(), alloc[2e1b2a31b91974c5]::string::String>>
[INFO] [stdout]   15:     0x59bacc4f4e25 - test[aada8e7e76ba119b]::run_test::{closure#0}
[INFO] [stdout]   16:     0x59bacc4ee714 - std[617be2ca0a6fd877]::sys::backtrace::__rust_begin_short_backtrace::<test[aada8e7e76ba119b]::run_test::{closure#1}, ()>
[INFO] [stdout]   17:     0x59bacc4f7eb2 - <std[617be2ca0a6fd877]::thread::lifecycle::spawn_unchecked<test[aada8e7e76ba119b]::run_test::{closure#1}, ()>::{closure#1} as core[a373ad73a504971]::ops::function::FnOnce<()>>::call_once::{shim:vtable#0}
[INFO] [stdout]   18:     0x59bacc56d01f - <std[617be2ca0a6fd877]::sys::thread::unix::Thread>::new::thread_start
[INFO] [stdout]   19:     0x79a2420a6dfa - <unknown>
[INFO] [stdout]   20:     0x79a24213a3d4 - clone
[INFO] [stdout]   21:                0x0 - <unknown>
[INFO] [stdout] 
[INFO] [stdout] 
[INFO] [stdout] failures:
[INFO] [stdout]     atomic_request_command_encodes
[INFO] [stdout]     bitmap_u16_decode
[INFO] [stdout]     bool_and_nullable_uint_decode
[INFO] [stdout]     float_attribute_decodes_matter_js_bytes
[INFO] [stdout]     list_of_scalars_and_structs_decode
[INFO] [stdout]     lock_door_optional_field
[INFO] [stdout]     measurement_accuracy_struct_decodes
[INFO] [stdout]     move_to_level_command
[INFO] [stdout]     network_interface_struct_decodes
[INFO] [stdout]     node_label_roundtrips
[INFO] [stdout]     on_time_roundtrips
[INFO] [stdout]     on_with_timed_off_command
[INFO] [stdout]     review_fabric_restrictions_recursive_list_encodes
[INFO] [stdout]     start_up_on_off_null_roundtrips
[INFO] [stdout]     start_up_on_off_present_roundtrips
[INFO] [stdout]     struct_attribute_decode
[INFO] [stdout]     temperature_signed_decode
[INFO] [stdout]     toggle_command
[INFO] [stdout] 
[INFO] [stdout] test result: FAILED. 0 passed; 18 failed; 0 ignored; 0 measured; 0 filtered out; finished in 0.02s
[INFO] [stdout] 
[INFO] running `Command { std: "docker" "inspect" "ba6a7b957ef4e95129555229f49f3ccdd075d54dc15bde06324d411e01ca24c8", kill_on_drop: false }`
[INFO] running `Command { std: "docker" "rm" "-f" "ba6a7b957ef4e95129555229f49f3ccdd075d54dc15bde06324d411e01ca24c8", kill_on_drop: false }`
[INFO] [stdout] ba6a7b957ef4e95129555229f49f3ccdd075d54dc15bde06324d411e01ca24c8
