[INFO] fetching crate mathol 0.1.1...
[INFO] testing mathol-0.1.1 against 1.100.0-beta.1+cargoflags=--release for beta-release-1.100-2
[INFO] extracting crate mathol 0.1.1 into /workspace/builds/worker-0-tc2/source
[INFO] started tweaking crates.io crate mathol 0.1.1
[INFO] finished tweaking crates.io crate mathol 0.1.1
[INFO] tweaked toml for crates.io crate mathol 0.1.1 written to /workspace/builds/worker-0-tc2/source/Cargo.toml
[INFO] validating manifest of crates.io crate mathol 0.1.1 on toolchain 1.100.0-beta.1
[INFO] running `Command { std: CARGO_HOME="/workspace/cargo-home" RUSTUP_HOME="/workspace/rustup-home" "/workspace/cargo-home/bin/cargo" "+1.100.0-beta.1" "metadata" "--manifest-path" "Cargo.toml" "--no-deps", kill_on_drop: false }`
[INFO] running `Command { std: CARGO_HOME="/workspace/cargo-home" RUSTUP_HOME="/workspace/rustup-home" "/workspace/cargo-home/bin/cargo" "+1.100.0-beta.1" "generate-lockfile" "--manifest-path" "Cargo.toml", kill_on_drop: false }`
[INFO] [stderr]     Updating crates.io index
[INFO] [stderr]      Locking 18 packages to highest compatible versions
[INFO] [stderr]       Adding num v0.1.43 (available: v0.4.3)
[INFO] running `Command { std: CARGO_HOME="/workspace/cargo-home" RUSTUP_HOME="/workspace/rustup-home" "/workspace/cargo-home/bin/cargo" "+1.100.0-beta.1" "fetch" "--manifest-path" "Cargo.toml", kill_on_drop: false }`
[INFO] [stderr] warning: Cargo.toml: `package.edition` is unspecified, defaulting to `2015` while the latest is `2024`
[INFO] [stderr] warning: `package.homepage` is redundant with `package.repository`
[INFO] [stderr]   --> Cargo.toml:7:12
[INFO] [stderr]    |
[INFO] [stderr]  7 | homepage = "https://github.com/olmanz/mathol"
[INFO] [stderr]    |            ^^^^^^^^^^^^^^^^^^^^^^^^^^^^^^^^^^
[INFO] [stderr] ...
[INFO] [stderr] 11 | repository = "https://github.com/olmanz/mathol"
[INFO] [stderr]    |              ----------------------------------
[INFO] [stderr]    |
[INFO] [stderr]    = note: `cargo::redundant_homepage` is set to `warn` by default
[INFO] [stderr] help: consider removing `package.homepage`
[INFO] [stderr] warning: `mathol` (manifest) generated 2 warnings
[INFO] running `Command { std: "docker" "create" "-v" "/var/lib/crater-agent-workspace/builds/worker-0-tc2/source:/opt/rustwide/workdir:ro,Z" "-v" "/var/lib/crater-agent-workspace/builds/worker-0-tc2/target:/opt/rustwide/target:rw,Z" "-v" "/var/lib/crater-agent-workspace/cargo-home:/opt/rustwide/cargo-home:ro,Z" "-v" "/var/lib/crater-agent-workspace/rustup-home:/opt/rustwide/rustup-home:ro,Z" "-m" "1610612736" "--network" "none" "ghcr.io/rust-lang/crates-build-env/linux@sha256:77db811e55d90add9212f6832c23229e3de5f1c1f9905e8cb07319ea15df73ac" "sleep" "infinity", kill_on_drop: false }`
[INFO] [stdout] cb74579cfdb73c530e6b8b7b7336865a7619e060dac4bb639e9132abdbb87318
[INFO] running `Command { std: "docker" "start" "cb74579cfdb73c530e6b8b7b7336865a7619e060dac4bb639e9132abdbb87318", kill_on_drop: false }`
[INFO] running `Command { std: "docker" "inspect" "cb74579cfdb73c530e6b8b7b7336865a7619e060dac4bb639e9132abdbb87318", kill_on_drop: false }`
[INFO] running `Command { std: "docker" "exec" "-e" "SOURCE_DIR=/opt/rustwide/workdir" "-e" "CARGO_HOME=/opt/rustwide/cargo-home" "-e" "RUSTUP_HOME=/opt/rustwide/rustup-home" "-e" "CARGO_TARGET_DIR=/opt/rustwide/target" "-w" "/opt/rustwide/workdir" "--user" "0:0" "cb74579cfdb73c530e6b8b7b7336865a7619e060dac4bb639e9132abdbb87318" "/opt/rustwide/cargo-home/bin/cargo" "+1.100.0-beta.1" "metadata" "--no-deps" "--format-version=1", kill_on_drop: false }`
[INFO] running `Command { std: "docker" "inspect" "cb74579cfdb73c530e6b8b7b7336865a7619e060dac4bb639e9132abdbb87318", kill_on_drop: false }`
[INFO] running `Command { std: "docker" "exec" "-e" "SOURCE_DIR=/opt/rustwide/workdir" "-e" "CARGO_HOME=/opt/rustwide/cargo-home" "-e" "RUSTUP_HOME=/opt/rustwide/rustup-home" "-e" "CARGO_TARGET_DIR=/opt/rustwide/target" "-e" "CARGO_INCREMENTAL=0" "-e" "RUST_BACKTRACE=full" "-e" "RUSTFLAGS=--cap-lints=warn" "-e" "RUSTDOCFLAGS=--cap-lints=warn" "-w" "/opt/rustwide/workdir" "--user" "0:0" "cb74579cfdb73c530e6b8b7b7336865a7619e060dac4bb639e9132abdbb87318" "/opt/rustwide/cargo-home/bin/cargo" "+1.100.0-beta.1" "build" "--frozen" "--message-format=json" "--release", kill_on_drop: false }`
[INFO] [stderr] warning: Cargo.toml: `package.edition` is unspecified, defaulting to `2015` while the latest is `2024`
[INFO] [stderr] warning: `package.homepage` is redundant with `package.repository`
[INFO] [stderr]   --> Cargo.toml:7:12
[INFO] [stderr]    |
[INFO] [stderr]  7 | homepage = "https://github.com/olmanz/mathol"
[INFO] [stderr]    |            ^^^^^^^^^^^^^^^^^^^^^^^^^^^^^^^^^^
[INFO] [stderr] ...
[INFO] [stderr] 11 | repository = "https://github.com/olmanz/mathol"
[INFO] [stderr]    |              ----------------------------------
[INFO] [stderr]    |
[INFO] [stderr]    = note: `cargo::redundant_homepage` is set to `warn` by default
[INFO] [stderr] help: consider removing `package.homepage`
[INFO] [stderr] warning: `mathol` (manifest) generated 2 warnings
[INFO] [stderr]    Compiling num-traits v0.2.19
[INFO] [stderr]    Compiling libc v0.2.191
[INFO] [stderr]    Compiling num-bigint v0.1.45
[INFO] [stderr]    Compiling rustc-serialize v0.3.25
[INFO] [stderr]    Compiling num-rational v0.1.43
[INFO] [stderr]    Compiling num-complex v0.1.44
[INFO] [stderr]    Compiling num-integer v0.1.47
[INFO] [stderr]    Compiling rand v0.4.6
[INFO] [stderr]    Compiling num-iter v0.1.46
[INFO] [stderr]    Compiling num v0.1.43
[INFO] [stderr]    Compiling mathol v0.1.1 (/opt/rustwide/workdir)
[INFO] [stdout] warning: unnecessary parentheses around function argument
[INFO] [stdout]    --> src/statistics/mod.rs:127:68
[INFO] [stdout]     |
[INFO] [stdout] 127 |             let a = data.iter().fold(T::zero(), |sum, x| sum + pow((*x - mean.unwrap()), 2));
[INFO] [stdout]     |                                                                    ^                  ^
[INFO] [stdout]     |
[INFO] [stdout]     = note: `#[warn(unused_parens)]` (part of `#[warn(unused)]`) on by default
[INFO] [stdout] help: remove these parentheses
[INFO] [stdout]     |
[INFO] [stdout] 127 -             let a = data.iter().fold(T::zero(), |sum, x| sum + pow((*x - mean.unwrap()), 2));
[INFO] [stdout] 127 +             let a = data.iter().fold(T::zero(), |sum, x| sum + pow(*x - mean.unwrap(), 2));
[INFO] [stdout]     |
[INFO] [stdout] 
[INFO] [stdout] 
[INFO] [stderr]     Finished `release` profile [optimized] target(s) in 12.24s
[INFO] running `Command { std: "docker" "inspect" "cb74579cfdb73c530e6b8b7b7336865a7619e060dac4bb639e9132abdbb87318", kill_on_drop: false }`
[INFO] running `Command { std: "docker" "exec" "-e" "SOURCE_DIR=/opt/rustwide/workdir" "-e" "CARGO_HOME=/opt/rustwide/cargo-home" "-e" "RUSTUP_HOME=/opt/rustwide/rustup-home" "-e" "CARGO_TARGET_DIR=/opt/rustwide/target" "-e" "CARGO_INCREMENTAL=0" "-e" "RUST_BACKTRACE=full" "-e" "RUSTFLAGS=--cap-lints=warn" "-e" "RUSTDOCFLAGS=--cap-lints=warn" "-w" "/opt/rustwide/workdir" "--user" "0:0" "cb74579cfdb73c530e6b8b7b7336865a7619e060dac4bb639e9132abdbb87318" "/opt/rustwide/cargo-home/bin/cargo" "+1.100.0-beta.1" "test" "--frozen" "--no-run" "--message-format=json" "--release", kill_on_drop: false }`
[INFO] [stderr] warning: Cargo.toml: `package.edition` is unspecified, defaulting to `2015` while the latest is `2024`
[INFO] [stderr] warning: `package.homepage` is redundant with `package.repository`
[INFO] [stderr]   --> Cargo.toml:7:12
[INFO] [stderr]    |
[INFO] [stderr]  7 | homepage = "https://github.com/olmanz/mathol"
[INFO] [stderr]    |            ^^^^^^^^^^^^^^^^^^^^^^^^^^^^^^^^^^
[INFO] [stderr] ...
[INFO] [stderr] 11 | repository = "https://github.com/olmanz/mathol"
[INFO] [stderr]    |              ----------------------------------
[INFO] [stderr]    |
[INFO] [stderr]    = note: `cargo::redundant_homepage` is set to `warn` by default
[INFO] [stderr] help: consider removing `package.homepage`
[INFO] [stderr] warning: `mathol` (manifest) generated 2 warnings
[INFO] [stdout] warning: unnecessary parentheses around function argument
[INFO] [stdout]    --> src/statistics/mod.rs:127:68
[INFO] [stdout]     |
[INFO] [stdout] 127 |             let a = data.iter().fold(T::zero(), |sum, x| sum + pow((*x - mean.unwrap()), 2));
[INFO] [stdout]     |                                                                    ^                  ^
[INFO] [stdout]     |
[INFO] [stdout]     = note: `#[warn(unused_parens)]` (part of `#[warn(unused)]`) on by default
[INFO] [stdout] help: remove these parentheses
[INFO] [stdout]     |
[INFO] [stdout] 127 -             let a = data.iter().fold(T::zero(), |sum, x| sum + pow((*x - mean.unwrap()), 2));
[INFO] [stdout] 127 +             let a = data.iter().fold(T::zero(), |sum, x| sum + pow(*x - mean.unwrap(), 2));
[INFO] [stdout]     |
[INFO] [stdout] 
[INFO] [stdout] 
[INFO] [stderr]    Compiling mathol v0.1.1 (/opt/rustwide/workdir)
[INFO] [stdout] warning: unnecessary parentheses around function argument
[INFO] [stdout]    --> src/statistics/mod.rs:127:68
[INFO] [stdout]     |
[INFO] [stdout] 127 |             let a = data.iter().fold(T::zero(), |sum, x| sum + pow((*x - mean.unwrap()), 2));
[INFO] [stdout]     |                                                                    ^                  ^
[INFO] [stdout]     |
[INFO] [stdout]     = note: `#[warn(unused_parens)]` (part of `#[warn(unused)]`) on by default
[INFO] [stdout] help: remove these parentheses
[INFO] [stdout]     |
[INFO] [stdout] 127 -             let a = data.iter().fold(T::zero(), |sum, x| sum + pow((*x - mean.unwrap()), 2));
[INFO] [stdout] 127 +             let a = data.iter().fold(T::zero(), |sum, x| sum + pow(*x - mean.unwrap(), 2));
[INFO] [stdout]     |
[INFO] [stdout] 
[INFO] [stdout] 
[INFO] [stderr]     Finished `release` profile [optimized] target(s) in 3.93s
[INFO] running `Command { std: "docker" "inspect" "cb74579cfdb73c530e6b8b7b7336865a7619e060dac4bb639e9132abdbb87318", kill_on_drop: false }`
[INFO] running `Command { std: "docker" "exec" "-e" "SOURCE_DIR=/opt/rustwide/workdir" "-e" "CARGO_HOME=/opt/rustwide/cargo-home" "-e" "RUSTUP_HOME=/opt/rustwide/rustup-home" "-e" "CARGO_TARGET_DIR=/opt/rustwide/target" "-e" "CARGO_INCREMENTAL=0" "-e" "RUST_BACKTRACE=full" "-e" "RUSTFLAGS=--cap-lints=warn" "-e" "RUSTDOCFLAGS=--cap-lints=warn" "-w" "/opt/rustwide/workdir" "--user" "0:0" "cb74579cfdb73c530e6b8b7b7336865a7619e060dac4bb639e9132abdbb87318" "/opt/rustwide/cargo-home/bin/cargo" "+1.100.0-beta.1" "test" "--frozen" "--release", kill_on_drop: false }`
[INFO] [stderr] warning: Cargo.toml: `package.edition` is unspecified, defaulting to `2015` while the latest is `2024`
[INFO] [stderr] warning: `package.homepage` is redundant with `package.repository`
[INFO] [stderr]   --> Cargo.toml:7:12
[INFO] [stderr]    |
[INFO] [stderr]  7 | homepage = "https://github.com/olmanz/mathol"
[INFO] [stderr]    |            ^^^^^^^^^^^^^^^^^^^^^^^^^^^^^^^^^^
[INFO] [stderr] ...
[INFO] [stderr] 11 | repository = "https://github.com/olmanz/mathol"
[INFO] [stderr]    |              ----------------------------------
[INFO] [stderr]    |
[INFO] [stderr]    = note: `cargo::redundant_homepage` is set to `warn` by default
[INFO] [stderr] help: consider removing `package.homepage`
[INFO] [stderr] warning: `mathol` (manifest) generated 2 warnings
[INFO] [stderr] warning: unnecessary parentheses around function argument
[INFO] [stderr]    --> src/statistics/mod.rs:127:68
[INFO] [stderr]     |
[INFO] [stderr] 127 |             let a = data.iter().fold(T::zero(), |sum, x| sum + pow((*x - mean.unwrap()), 2));
[INFO] [stderr]     |                                                                    ^                  ^
[INFO] [stderr]     |
[INFO] [stderr]     = note: `#[warn(unused_parens)]` (part of `#[warn(unused)]`) on by default
[INFO] [stderr] help: remove these parentheses
[INFO] [stderr]     |
[INFO] [stderr] 127 -             let a = data.iter().fold(T::zero(), |sum, x| sum + pow((*x - mean.unwrap()), 2));
[INFO] [stderr] 127 +             let a = data.iter().fold(T::zero(), |sum, x| sum + pow(*x - mean.unwrap(), 2));
[INFO] [stderr]     |
[INFO] [stderr] 
[INFO] [stderr] warning: `mathol` (lib) generated 1 warning (run `cargo fix --lib -p mathol` to apply 1 suggestion)
[INFO] [stderr] warning: `mathol` (lib test) generated 1 warning (1 duplicate)
[INFO] [stderr]     Finished `release` profile [optimized] target(s) in 0.05s
[INFO] [stderr]      Running unittests src/lib.rs (/opt/rustwide/target/release/build/mathol/19d4a52610457d20/out/mathol-19d4a52610457d20)
[INFO] [stdout] 
[INFO] [stdout] running 0 tests
[INFO] [stdout] 
[INFO] [stdout] test result: ok. 0 passed; 0 failed; 0 ignored; 0 measured; 0 filtered out; finished in 0.00s
[INFO] [stdout] 
[INFO] [stderr]      Running tests/mathol.rs (/opt/rustwide/target/release/build/mathol/16dcf4c66e4d43d8/out/mathol-16dcf4c66e4d43d8)
[INFO] [stdout] 
[INFO] [stdout] running 175 tests
[INFO] [stdout] test get_circle_area ... ok
[INFO] [stdout] test get_circle_perimeter ... ok
[INFO] [stdout] test get_cone_lateral ... ok
[INFO] [stdout] test get_cone_volume ... ok
[INFO] [stdout] test get_circle_panic - should panic ... ok
[INFO] [stdout] test get_cuboid_diagonal_1 ... ok
[INFO] [stdout] test get_cuboid_diagonal_2 ... ok
[INFO] [stdout] test get_cone_panic - should panic ... ok
[INFO] [stdout] test get_cuboid_surface_1 ... ok
[INFO] [stdout] test get_cone_surface ... ok
[INFO] [stdout] test build_plane_from_three_points ... ok
[INFO] [stdout] test get_cuboid_panic - should panic ... ok
[INFO] [stdout] test get_cuboid_surface_2 ... ok
[INFO] [stdout] test get_cuboid_volume_1 ... ok
[INFO] [stdout] test get_cuboid_volume_2 ... ok
[INFO] [stdout] test get_cylinder_lateral ... ok
[INFO] [stdout] test get_cylinder_panic - should panic ... ok
[INFO] [stdout] test get_cylinder_surface ... ok
[INFO] [stdout] test get_cylinder_volume ... ok
[INFO] [stdout] test get_ellipsis_area ... ok
[INFO] [stdout] test get_ellipsoid_volume ... ok
[INFO] [stdout] test get_parallelogram_perimeter ... ok
[INFO] [stdout] test get_parabolic_barrel_panic - should panic ... ok
[INFO] [stdout] test get_parallelogram_panic - should panic ... ok
[INFO] [stdout] test get_polygon_area ... ok
[INFO] [stdout] test get_ellipsis_panic - should panic ... ok
[INFO] [stdout] test get_polygon_panic_1 - should panic ... ok
[INFO] [stdout] test get_ellipsis_perimeter ... ok
[INFO] [stdout] test get_ellipsoid_panic - should panic ... ok
[INFO] [stdout] test get_parabolic_barrel_volume ... ok
[INFO] [stdout] test get_parallelogram_area ... ok
[INFO] [stdout] test get_pyramid_volume ... ok
[INFO] [stdout] test get_rectangle_area ... ok
[INFO] [stdout] test get_rectangle_panic - should panic ... ok
[INFO] [stdout] test get_polygon_perimeter ... ok
[INFO] [stdout] test get_rectangle_diagonal ... ok
[INFO] [stdout] test get_polygon_radius ... ok
[INFO] [stdout] test get_pyramid_panic - should panic ... ok
[INFO] [stdout] test get_polygon_panic_2 - should panic ... ok
[INFO] [stdout] test get_rectangle_perimeter ... ok
[INFO] [stdout] test get_sphere_volume ... ok
[INFO] [stdout] test get_spheric_barrel_volume ... ok
[INFO] [stdout] test get_sphere_panic - should panic ... ok
[INFO] [stdout] test get_submatrice_1 ... ok
[INFO] [stdout] test get_submatrice_2 ... ok
[INFO] [stdout] test get_spheric_barrel_panic - should panic ... ok
[INFO] [stdout] test get_sphere_surface ... ok
[INFO] [stdout] test get_torus_panic_1 - should panic ... ok
[INFO] [stdout] test get_torus_panic_2 - should panic ... ok
[INFO] [stdout] test get_torus_volume ... ok
[INFO] [stdout] test get_torus_surface ... ok
[INFO] [stdout] test get_trapeze_height ... ok
[INFO] [stdout] test get_triangle_height ... ok
[INFO] [stdout] test get_triangle_inner_circle ... ok
[INFO] [stdout] test get_triangle_outer_circle ... ok
[INFO] [stdout] test get_wedge_panic - should panic ... ok
[INFO] [stdout] test test_are_skew ... ok
[INFO] [stdout] test get_trapeze_panic - should panic ... ok
[INFO] [stdout] test get_trapeze_perimeter ... ok
[INFO] [stdout] test get_trapeze_area ... ok
[INFO] [stdout] test test_add_matrices ... ok
[INFO] [stdout] test get_wedge_volume ... ok
[INFO] [stdout] test test_arithmetic_mean_4 ... ok
[INFO] [stdout] test test_binomial_distribution ... ok
[INFO] [stdout] test test_build_empty_matrice ... ok
[INFO] [stdout] test test_add_vector2d ... ok
[INFO] [stdout] test test_are_parallel ... ok
[INFO] [stdout] test test_cartesic_to_cylindrical_1 ... ok
[INFO] [stdout] test test_cartesic_to_cylindrical_2 ... ok
[INFO] [stdout] test test_arithmetic_mean_1 ... ok
[INFO] [stdout] test test_arithmetic_mean_2 ... ok
[INFO] [stdout] test test_cartesic_to_polar_3 ... ok
[INFO] [stdout] test test_cartesic_to_polar_4 ... ok
[INFO] [stdout] test test_cartesic_to_spherical ... ok
[INFO] [stdout] test test_build_line_from_two_points ... ok
[INFO] [stdout] test test_build_matrice ... ok
[INFO] [stdout] test test_cartesic_to_cylindrical_3 ... ok
[INFO] [stdout] test test_combination_1 ... ok
[INFO] [stdout] test test_cartesic_to_polar_1 ... ok
[INFO] [stdout] test test_combination_with_repetition_2 ... ok
[INFO] [stdout] test test_combination_with_repetition ... ok
[INFO] [stdout] test test_cartesic_to_polar_2 ... ok
[INFO] [stdout] test test_distance_from_line_1 ... ok
[INFO] [stdout] test test_cutting_point_of_line_with_plane ... ok
[INFO] [stdout] test test_cutting_point_of_line_with_plane_panic - should panic ... ok
[INFO] [stdout] test test_cylindrical_to_cartesic ... ok
[INFO] [stdout] test test_distance_from_line_2 ... ok
[INFO] [stdout] test test_get_angles_1 ... ok
[INFO] [stdout] test test_do_cross ... ok
[INFO] [stdout] test test_exponential_density ... ok
[INFO] [stdout] test test_get_column ... ok
[INFO] [stdout] test test_get_cut_angle_1 ... ok
[INFO] [stdout] test test_gaussian_distribution ... ok
[INFO] [stdout] test test_get_determinant_2 ... ok
[INFO] [stdout] test test_factorial ... ok
[INFO] [stdout] test test_get_cut_angle_vector2d_2 ... ok
[INFO] [stdout] test test_get_cut_angle_vector2d_1 ... ok
[INFO] [stdout] test test_get_determinant_1 ... ok
[INFO] [stdout] test test_get_determinant_4 ... ok
[INFO] [stdout] test test_get_direction_angle ... ok
[INFO] [stdout] test test_get_determinant_3 ... ok
[INFO] [stdout] test test_get_determinant_5 ... ok
[INFO] [stdout] test test_get_distance_of_plane_to_plane ... ok
[INFO] [stdout] test test_get_inverse_matrice_1 ... ok
[INFO] [stdout] test test_get_inverse_matrice_2 ... ok
[INFO] [stdout] test test_get_element ... ok
[INFO] [stdout] test test_get_length_2 ... ok
[INFO] [stdout] test test_get_length_vector2d ... ok
[INFO] [stdout] test test_get_main_diagonal_product ... ok
[INFO] [stdout] test test_get_length_1 ... ok
[INFO] [stdout] test test_get_max_1 ... ok
[INFO] [stdout] test test_get_min_1 ... ok
[INFO] [stdout] test test_get_min_2 ... ok
[INFO] [stdout] test test_get_rank_1 ... ok
[INFO] [stdout] test test_get_rank_2 ... ok
[INFO] [stdout] test test_get_rank_4 ... ok
[INFO] [stdout] test test_get_row ... ok
[INFO] [stdout] test test_get_scalar_product_1 ... ok
[INFO] [stdout] test test_get_scalar_product_2 ... ok
[INFO] [stdout] test test_get_distance_from_point ... ok
[INFO] [stdout] test test_get_scalar_product_2d_2 ... ok
[INFO] [stdout] test test_get_scalar_product_2d_1 ... ok
[INFO] [stdout] test test_get_side_diagonal_product ... ok
[INFO] [stdout] test test_get_span_1 ... ok
[INFO] [stdout] test test_get_trace ... ok
[INFO] [stdout] test test_get_triple_product ... ok
[INFO] [stdout] test test_get_vector_product ... ok
[INFO] [stdout] test test_get_max_2 ... ok
[INFO] [stdout] test test_harmonic_mean_1 ... ok
[INFO] [stdout] test test_get_rank_3 ... ok
[INFO] [stdout] test test_hypergeometric_distribution ... ok
[INFO] [stdout] test test_insert_columns ... ok
[INFO] [stdout] test test_insert_row ... ok
[INFO] [stdout] test test_is_plane_parallel_to_line ... ok
[INFO] [stdout] test test_is_solvable_2 ... ok
[INFO] [stdout] test test_is_plane_parallel_to_plane ... ok
[INFO] [stdout] test test_is_solvable_1 ... ok
[INFO] [stdout] test test_multiply_with_matrice_1 ... ok
[INFO] [stdout] test test_multiply_with_matrice_2 ... ok
[INFO] [stdout] test test_is_solvable_3 ... ok
[INFO] [stdout] test test_multiply_with_scalar ... ok
[INFO] [stdout] test test_multiply_with_scalar_2 ... ok
[INFO] [stdout] test test_multiply_with_scalar_vector2d ... ok
[INFO] [stdout] test test_perimeter_1 ... ok
[INFO] [stdout] test test_permutation ... ok
[INFO] [stdout] test test_poisson_distribution ... ok
[INFO] [stdout] test test_multiply_with_scalar_1 ... ok
[INFO] [stdout] test test_polar_to_cartesic_1 ... ok
[INFO] [stdout] test test_polar_to_cartesic_2 ... ok
[INFO] [stdout] test test_pow ... ok
[INFO] [stdout] test test_get_distance_of_plane_to_line ... ok
[INFO] [stdout] test test_quadratic_mean_1 ... ok
[INFO] [stdout] test test_quadratic_mean_2 ... ok
[INFO] [stdout] test test_solve_1 ... FAILED
[INFO] [stdout] test test_get_span_2 ... ok
[INFO] [stdout] test test_harmonic_mean_2 ... ok
[INFO] [stdout] test test_polar_to_cartesic_3 ... ok
[INFO] [stdout] test test_spherical_to_cartesic ... ok
[INFO] [stdout] test test_standard_deviation_1 ... ok
[INFO] [stdout] test test_standard_deviation_2 ... ok
[INFO] [stdout] test test_triangle_1 ... ok
[INFO] [stdout] test test_triangle_2 ... ok
[INFO] [stdout] test test_triangle_panic_1 - should panic ... ok
[INFO] [stdout] test test_triangle_panic_2 - should panic ... ok
[INFO] [stdout] test test_variance_1 ... ok
[INFO] [stdout] test test_variance_2 ... ok
[INFO] [stdout] test test_variation_1 ... ok
[INFO] [stdout] test test_variation_2 ... ok
[INFO] [stdout] test test_variation_with_repetition ... ok
[INFO] [stdout] test test_standard_distribution ... ok
[INFO] [stdout] test test_sub_vector2d ... ok
[INFO] [stdout] test test_subtract_matrices ... ok
[INFO] [stderr] error: test failed, to rerun pass `--test mathol`
[INFO] [stdout] test test_arithmetic_mean_3 ... ok
[INFO] [stdout] test test_distance_from_point ... ok
[INFO] [stdout] test test_polar_to_cartesic_4 ... ok
[INFO] [stdout] 
[INFO] [stdout] failures:
[INFO] [stdout] 
[INFO] [stdout] ---- test_solve_1 stdout ----
[INFO] [stdout] 
[INFO] [stdout] thread 'test_solve_1' (562) panicked at tests/mathol.rs:1650:5:
[INFO] [stdout] assertion `left == right` failed
[INFO] [stdout]   left: [2.0, -4.0, 6.0, -8.0]
[INFO] [stdout]  right: [1.9999999999999982, -3.9999999999999964, 5.9999999999999964, -7.999999999999995]
[INFO] [stdout] stack backtrace:
[INFO] [stdout]    0:     0x5ec026324a31 - <<std[617be2ca0a6fd877]::sys::backtrace::BacktraceLock>::print::DisplayBacktrace as core[a373ad73a504971]::fmt::Display>::fmt
[INFO] [stdout]    1:     0x5ec026338e1a - core[a373ad73a504971]::fmt::write
[INFO] [stdout]    2:     0x5ec026328cfc - <alloc[2e1b2a31b91974c5]::vec::Vec<u8> as core[a373ad73a504971]::io::write::Write>::write_fmt
[INFO] [stdout]    3:     0x5ec026300e96 - std[617be2ca0a6fd877]::panicking::default_hook::{closure#0}
[INFO] [stdout]    4:     0x5ec02631d0c9 - std[617be2ca0a6fd877]::panicking::default_hook
[INFO] [stdout]    5:     0x5ec0262b83c0 - test[aada8e7e76ba119b]::test_main_inner::{closure#0}
[INFO] [stdout]    6:     0x5ec02631d282 - std[617be2ca0a6fd877]::panicking::panic_with_hook
[INFO] [stdout]    7:     0x5ec026300f42 - std[617be2ca0a6fd877]::panicking::panic_handler::{closure#0}
[INFO] [stdout]    8:     0x5ec0262f9c29 - std[617be2ca0a6fd877]::sys::backtrace::__rust_end_short_backtrace::<std[617be2ca0a6fd877]::panicking::panic_handler::{closure#0}, !>
[INFO] [stdout]    9:     0x5ec026301b4d - __rustc[ea4f61d10b84890b]::rust_begin_unwind
[INFO] [stdout]   10:     0x5ec02633954c - core[a373ad73a504971]::panicking::panic_fmt
[INFO] [stdout]   11:     0x5ec026339463 - core[a373ad73a504971]::panicking::assert_failed_inner
[INFO] [stdout]   12:     0x5ec0262aa0d7 - core[a373ad73a504971]::panicking::assert_failed::<alloc[2e1b2a31b91974c5]::vec::Vec<f64>, alloc[2e1b2a31b91974c5]::vec::Vec<f64>>
[INFO] [stdout]   13:     0x5ec0262975f7 - <mathol[9290e7323022e943]::test_solve_1::{closure#0} as core[a373ad73a504971]::ops::function::FnOnce<()>>::call_once
[INFO] [stdout]   14:     0x5ec0262ab80b - test[aada8e7e76ba119b]::__rust_begin_short_backtrace::<core[a373ad73a504971]::result::Result<(), alloc[2e1b2a31b91974c5]::string::String>, fn() -> core[a373ad73a504971]::result::Result<(), alloc[2e1b2a31b91974c5]::string::String>>
[INFO] [stdout]   15:     0x5ec0262b89e5 - test[aada8e7e76ba119b]::run_test::{closure#0}
[INFO] [stdout]   16:     0x5ec0262b22d4 - std[617be2ca0a6fd877]::sys::backtrace::__rust_begin_short_backtrace::<test[aada8e7e76ba119b]::run_test::{closure#1}, ()>
[INFO] [stdout]   17:     0x5ec0262bba72 - <std[617be2ca0a6fd877]::thread::lifecycle::spawn_unchecked<test[aada8e7e76ba119b]::run_test::{closure#1}, ()>::{closure#1} as core[a373ad73a504971]::ops::function::FnOnce<()>>::call_once::{shim:vtable#0}
[INFO] [stdout]   18:     0x5ec02632428f - <std[617be2ca0a6fd877]::sys::thread::unix::Thread>::new::thread_start
[INFO] [stdout]   19:     0x7ca12cb23dfa - <unknown>
[INFO] [stdout]   20:     0x7ca12cbb73d4 - clone
[INFO] [stdout]   21:                0x0 - <unknown>
[INFO] [stdout] 
[INFO] [stdout] 
[INFO] [stdout] failures:
[INFO] [stdout]     test_solve_1
[INFO] [stdout] 
[INFO] [stdout] test result: FAILED. 174 passed; 1 failed; 0 ignored; 0 measured; 0 filtered out; finished in 0.07s
[INFO] [stdout] 
[INFO] running `Command { std: "docker" "inspect" "cb74579cfdb73c530e6b8b7b7336865a7619e060dac4bb639e9132abdbb87318", kill_on_drop: false }`
[INFO] running `Command { std: "docker" "rm" "-f" "cb74579cfdb73c530e6b8b7b7336865a7619e060dac4bb639e9132abdbb87318", kill_on_drop: false }`
[INFO] [stdout] cb74579cfdb73c530e6b8b7b7336865a7619e060dac4bb639e9132abdbb87318
