[INFO] fetching crate math-analog 0.5.3...
[INFO] testing math-analog-0.5.3 against 1.100.0-beta.1+cargoflags=--release for beta-release-1.100-2
[INFO] extracting crate math-analog 0.5.3 into /workspace/builds/worker-5-tc2/source
[INFO] started tweaking crates.io crate math-analog 0.5.3
[INFO] removed 0 missing examples
[INFO] removed 0 missing tests
[INFO] finished tweaking crates.io crate math-analog 0.5.3
[INFO] tweaked toml for crates.io crate math-analog 0.5.3 written to /workspace/builds/worker-5-tc2/source/Cargo.toml
[INFO] validating manifest of crates.io crate math-analog 0.5.3 on toolchain 1.100.0-beta.1
[INFO] running `Command { std: CARGO_HOME="/workspace/cargo-home" RUSTUP_HOME="/workspace/rustup-home" "/workspace/cargo-home/bin/cargo" "+1.100.0-beta.1" "metadata" "--manifest-path" "Cargo.toml" "--no-deps", kill_on_drop: false }`
[INFO] crate crates.io crate math-analog 0.5.3 already has a lockfile, it will not be regenerated
[INFO] running `Command { std: CARGO_HOME="/workspace/cargo-home" RUSTUP_HOME="/workspace/rustup-home" "/workspace/cargo-home/bin/cargo" "+1.100.0-beta.1" "fetch" "--manifest-path" "Cargo.toml", kill_on_drop: false }`
[INFO] running `Command { std: "docker" "create" "-v" "/var/lib/crater-agent-workspace/builds/worker-5-tc2/source:/opt/rustwide/workdir:ro,Z" "-v" "/var/lib/crater-agent-workspace/builds/worker-5-tc2/target:/opt/rustwide/target:rw,Z" "-v" "/var/lib/crater-agent-workspace/cargo-home:/opt/rustwide/cargo-home:ro,Z" "-v" "/var/lib/crater-agent-workspace/rustup-home:/opt/rustwide/rustup-home:ro,Z" "-m" "1610612736" "--network" "none" "ghcr.io/rust-lang/crates-build-env/linux@sha256:77db811e55d90add9212f6832c23229e3de5f1c1f9905e8cb07319ea15df73ac" "sleep" "infinity", kill_on_drop: false }`
[INFO] [stdout] d2070cf92ddbf6ea7d770ca3cec0e52b0008c5454e658fac5df6911d5b0ad244
[INFO] running `Command { std: "docker" "start" "d2070cf92ddbf6ea7d770ca3cec0e52b0008c5454e658fac5df6911d5b0ad244", kill_on_drop: false }`
[INFO] running `Command { std: "docker" "inspect" "d2070cf92ddbf6ea7d770ca3cec0e52b0008c5454e658fac5df6911d5b0ad244", kill_on_drop: false }`
[INFO] running `Command { std: "docker" "exec" "-e" "SOURCE_DIR=/opt/rustwide/workdir" "-e" "CARGO_HOME=/opt/rustwide/cargo-home" "-e" "RUSTUP_HOME=/opt/rustwide/rustup-home" "-e" "CARGO_TARGET_DIR=/opt/rustwide/target" "-w" "/opt/rustwide/workdir" "--user" "0:0" "d2070cf92ddbf6ea7d770ca3cec0e52b0008c5454e658fac5df6911d5b0ad244" "/opt/rustwide/cargo-home/bin/cargo" "+1.100.0-beta.1" "metadata" "--no-deps" "--format-version=1", kill_on_drop: false }`
[INFO] running `Command { std: "docker" "inspect" "d2070cf92ddbf6ea7d770ca3cec0e52b0008c5454e658fac5df6911d5b0ad244", kill_on_drop: false }`
[INFO] running `Command { std: "docker" "exec" "-e" "SOURCE_DIR=/opt/rustwide/workdir" "-e" "CARGO_HOME=/opt/rustwide/cargo-home" "-e" "RUSTUP_HOME=/opt/rustwide/rustup-home" "-e" "CARGO_TARGET_DIR=/opt/rustwide/target" "-e" "CARGO_INCREMENTAL=0" "-e" "RUST_BACKTRACE=full" "-e" "RUSTFLAGS=--cap-lints=warn" "-e" "RUSTDOCFLAGS=--cap-lints=warn" "-w" "/opt/rustwide/workdir" "--user" "0:0" "d2070cf92ddbf6ea7d770ca3cec0e52b0008c5454e658fac5df6911d5b0ad244" "/opt/rustwide/cargo-home/bin/cargo" "+1.100.0-beta.1" "build" "--frozen" "--message-format=json" "--release", kill_on_drop: false }`
[INFO] [stderr]    Compiling unicode-ident v1.0.24
[INFO] [stderr]    Compiling autocfg v1.5.1
[INFO] [stderr]    Compiling crossbeam-utils v0.8.22
[INFO] [stderr]    Compiling libc v0.2.189
[INFO] [stderr]    Compiling crossbeam-epoch v0.9.20
[INFO] [stderr]    Compiling crossbeam-deque v0.8.7
[INFO] [stderr]    Compiling serde v1.0.229
[INFO] [stderr]    Compiling rawpointer v0.2.1
[INFO] [stderr]    Compiling strength_reduce v0.2.4
[INFO] [stderr]    Compiling either v1.18.0
[INFO] [stderr]    Compiling thiserror v2.0.20
[INFO] [stderr]    Compiling getrandom v0.4.3
[INFO] [stderr]    Compiling anstyle-parse v1.0.0
[INFO] [stderr]    Compiling colorchoice v1.0.5
[INFO] [stderr]    Compiling anstyle-query v1.1.5
[INFO] [stderr]    Compiling rand_core v0.10.1
[INFO] [stderr]    Compiling proc-macro2 v1.0.107
[INFO] [stderr]    Compiling cfg-if v1.0.4
[INFO] [stderr]    Compiling is_terminal_polyfill v1.70.2
[INFO] [stderr]    Compiling anstyle v1.0.14
[INFO] [stderr]    Compiling cpufeatures v0.3.0
[INFO] [stderr]    Compiling strsim v0.11.1
[INFO] [stderr]    Compiling clap_lex v1.1.0
[INFO] [stderr]    Compiling heck v0.5.0
[INFO] [stderr]    Compiling hound v3.5.1
[INFO] [stderr]    Compiling log v0.4.33
[INFO] [stderr]    Compiling chacha20 v0.10.1
[INFO] [stderr]    Compiling anstream v1.0.0
[INFO] [stderr]    Compiling num-traits v0.2.19
[INFO] [stderr]    Compiling matrixmultiply v0.3.11
[INFO] [stderr]    Compiling clap_builder v4.6.6
[INFO] [stderr]    Compiling quote v1.0.47
[INFO] [stderr]    Compiling syn v3.0.3
[INFO] [stderr]    Compiling rayon-core v1.13.0
[INFO] [stderr]    Compiling rand v0.10.2
[INFO] [stderr]    Compiling num-integer v0.1.47
[INFO] [stderr]    Compiling approx v0.5.1
[INFO] [stderr]    Compiling primal-check v0.3.4
[INFO] [stderr]    Compiling transpose v0.2.3
[INFO] [stderr]    Compiling num-rational v0.4.2
[INFO] [stderr]    Compiling rayon v1.12.0
[INFO] [stderr]    Compiling bytemuck_derive v1.12.0
[INFO] [stderr]    Compiling serde_derive v1.0.229
[INFO] [stderr]    Compiling thiserror-impl v2.0.20
[INFO] [stderr]    Compiling clap_derive v4.6.4
[INFO] [stderr]    Compiling bytemuck v1.25.2
[INFO] [stderr]    Compiling num-complex v0.4.6
[INFO] [stderr]    Compiling safe_arch v1.2.0
[INFO] [stderr]    Compiling wide v1.6.1
[INFO] [stderr]    Compiling oxiblas-core v0.2.2
[INFO] [stderr]    Compiling rustfft v6.4.1
[INFO] [stderr]    Compiling clap v4.6.6
[INFO] [stderr]    Compiling oxiblas-matrix v0.2.2
[INFO] [stderr]    Compiling oxiblas-blas v0.2.2
[INFO] [stderr]    Compiling ndarray v0.17.2
[INFO] [stderr]    Compiling oxiblas-lapack v0.2.2
[INFO] [stderr]    Compiling realfft v3.5.0
[INFO] [stderr]    Compiling simba v0.10.2
[INFO] [stderr]    Compiling math-iir-fir v0.5.21
[INFO] [stderr]    Compiling oxiblas-ndarray v0.2.2
[INFO] [stderr]    Compiling nalgebra v0.35.0
[INFO] [stderr]    Compiling math-dsp v0.5.28
[INFO] [stderr]    Compiling math-analog v0.5.3 (/opt/rustwide/workdir)
[INFO] [stderr]     Finished `release` profile [optimized] target(s) in 1m 46s
[INFO] running `Command { std: "docker" "inspect" "d2070cf92ddbf6ea7d770ca3cec0e52b0008c5454e658fac5df6911d5b0ad244", kill_on_drop: false }`
[INFO] running `Command { std: "docker" "exec" "-e" "SOURCE_DIR=/opt/rustwide/workdir" "-e" "CARGO_HOME=/opt/rustwide/cargo-home" "-e" "RUSTUP_HOME=/opt/rustwide/rustup-home" "-e" "CARGO_TARGET_DIR=/opt/rustwide/target" "-e" "CARGO_INCREMENTAL=0" "-e" "RUST_BACKTRACE=full" "-e" "RUSTFLAGS=--cap-lints=warn" "-e" "RUSTDOCFLAGS=--cap-lints=warn" "-w" "/opt/rustwide/workdir" "--user" "0:0" "d2070cf92ddbf6ea7d770ca3cec0e52b0008c5454e658fac5df6911d5b0ad244" "/opt/rustwide/cargo-home/bin/cargo" "+1.100.0-beta.1" "test" "--frozen" "--no-run" "--message-format=json" "--release", kill_on_drop: false }`
[INFO] [stderr]    Compiling either v1.18.0
[INFO] [stderr]    Compiling syn v2.0.119
[INFO] [stderr]    Compiling zerocopy v0.8.56
[INFO] [stderr]    Compiling find-msvc-tools v0.1.11
[INFO] [stderr]    Compiling approx v0.5.1
[INFO] [stderr]    Compiling serde_json v1.0.151
[INFO] [stderr]    Compiling memchr v2.8.3
[INFO] [stderr]    Compiling ciborium-io v0.2.2
[INFO] [stderr]    Compiling plotters-backend v0.3.7
[INFO] [stderr]    Compiling regex-syntax v0.8.11
[INFO] [stderr]    Compiling cast v0.3.0
[INFO] [stderr]    Compiling page_size v0.6.0
[INFO] [stderr]    Compiling anes v0.1.6
[INFO] [stderr]    Compiling oorandom v11.1.5
[INFO] [stderr]    Compiling stats_alloc v0.1.10
[INFO] [stderr]    Compiling simba v0.10.2
[INFO] [stderr]    Compiling cc v1.4.4
[INFO] [stderr]    Compiling rayon v1.12.0
[INFO] [stderr]    Compiling itertools v0.13.0
[INFO] [stderr]    Compiling plotters-svg v0.3.7
[INFO] [stderr]    Compiling plotters v0.3.7
[INFO] [stderr]    Compiling alloca v0.4.0
[INFO] [stderr]    Compiling regex-automata v0.4.18
[INFO] [stderr]    Compiling tinytemplate v1.2.1
[INFO] [stderr]    Compiling criterion-plot v0.8.2
[INFO] [stderr]    Compiling ndarray v0.17.2
[INFO] [stderr]    Compiling zerocopy-derive v0.8.56
[INFO] [stderr]    Compiling regex v1.13.1
[INFO] [stderr]    Compiling nalgebra v0.35.0
[INFO] [stderr]    Compiling oxiblas-ndarray v0.2.2
[INFO] [stderr]    Compiling math-iir-fir v0.5.21
[INFO] [stderr]    Compiling half v2.7.1
[INFO] [stderr]    Compiling ciborium-ll v0.2.2
[INFO] [stderr]    Compiling ciborium v0.2.2
[INFO] [stderr]    Compiling criterion v0.8.2
[INFO] [stderr]    Compiling math-dsp v0.5.28
[INFO] [stderr]    Compiling math-analog v0.5.3 (/opt/rustwide/workdir)
[INFO] [stderr]     Finished `release` profile [optimized] target(s) in 1m 36s
[INFO] running `Command { std: "docker" "inspect" "d2070cf92ddbf6ea7d770ca3cec0e52b0008c5454e658fac5df6911d5b0ad244", kill_on_drop: false }`
[INFO] running `Command { std: "docker" "exec" "-e" "SOURCE_DIR=/opt/rustwide/workdir" "-e" "CARGO_HOME=/opt/rustwide/cargo-home" "-e" "RUSTUP_HOME=/opt/rustwide/rustup-home" "-e" "CARGO_TARGET_DIR=/opt/rustwide/target" "-e" "CARGO_INCREMENTAL=0" "-e" "RUST_BACKTRACE=full" "-e" "RUSTFLAGS=--cap-lints=warn" "-e" "RUSTDOCFLAGS=--cap-lints=warn" "-w" "/opt/rustwide/workdir" "--user" "0:0" "d2070cf92ddbf6ea7d770ca3cec0e52b0008c5454e658fac5df6911d5b0ad244" "/opt/rustwide/cargo-home/bin/cargo" "+1.100.0-beta.1" "test" "--frozen" "--release", kill_on_drop: false }`
[INFO] [stderr]     Finished `release` profile [optimized] target(s) in 0.16s
[INFO] [stderr]      Running unittests src/lib.rs (/opt/rustwide/target/release/build/math-analog/b0e0ea84e81de9ab/out/math_audio_analog-b0e0ea84e81de9ab)
[INFO] [stdout] 
[INFO] [stdout] running 53 tests
[INFO] [stdout] test console_preamp::tests::console_model_exposes_a_distinct_append_only_id ... ok
[INFO] [stdout] test analysis::tests::transient_report_is_deterministic_and_validates_input ... ok
[INFO] [stdout] test curves::tests::asymmetric_curve_has_a_controlled_even_component ... ok
[INFO] [stdout] test curves::tests::curves_remain_finite_for_extreme_finite_inputs ... ok
[INFO] [stdout] test chain::tests::dc_blocker_clears_invalid_history_before_returning ... ok
[INFO] [stdout] test effects::tests::enabled_defects_are_bounded_and_deterministic ... ok
[INFO] [stdout] test effects::tests::jiles_atherton_mode_has_bounded_directional_memory ... ok
[INFO] [stdout] test effects::tests::nonlinear_solver_converges_and_has_a_hard_iteration_cap ... ok
[INFO] [stdout] test analysis::tests::two_tone_report_identifies_third_order_product ... ok
[INFO] [stdout] test effects::tests::sag_and_slew_are_bounded ... ok
[INFO] [stdout] test analysis::tests::level_match_rejects_invalid_records_before_allocating_a_meter ... ok
[INFO] [stdout] test effects::tests::tape_eq_curve_is_applied_by_prepared_bounded_state ... ok
[INFO] [stdout] test hammerstein::tests::adaa_antiderivatives_match_each_chebyshev_branch_order ... ok
[INFO] [stdout] test curves::tests::odd_curves_are_odd ... ok
[INFO] [stdout] test analysis::tests::coherent_record_reports_one_sided_amplitudes ... ok
[INFO] [stdout] test hammerstein::tests::branch_filter_has_declared_frequency_dependent_response ... ok
[INFO] [stdout] test chain::tests::lowpass_clears_invalid_history_before_returning ... ok
[INFO] [stdout] test analysis::tests::out_of_band_components_are_marked_as_aliases ... ok
[INFO] [stdout] test curves::tests::tube_style_preserves_legacy_f32_transfer_in_normal_range ... ok
[INFO] [stdout] test effects::tests::defect_validation_bounds_each_optional_module ... ok
[INFO] [stdout] test hammerstein::tests::branch_limit_is_checked_at_construction ... ok
[INFO] [stdout] test hammerstein::tests::nonlinear_branches_are_finite ... ok
[INFO] [stdout] test hammerstein::tests::cutoff_is_checked_against_prepared_sample_rate ... ok
[INFO] [stdout] test harmonics::tests::chebyshev_branches_have_the_declared_single_tone_identity ... ok
[INFO] [stdout] test analysis::tests::reference_downsampler_has_declared_length_and_finite_steady_state ... ok
[INFO] [stdout] test harmonics::tests::adaa_and_direct_modes_are_finite ... ok
[INFO] [stdout] test harmonics::tests::changing_antialiasing_mode_clears_history ... ok
[INFO] [stdout] test harmonics::tests::reset_matches_a_fresh_instance ... ok
[INFO] [stdout] test analysis::tests::invalid_records_fail_before_work ... ok
[INFO] [stdout] test harmonics::tests::harmonic_antiderivatives_have_the_expected_derivatives ... ok
[INFO] [stdout] test harmonics::tests::nonfinite_input_is_replaced_and_state_recovers ... ok
[INFO] [stdout] test analysis::tests::thd_and_thd_plus_n_have_distinct_declared_definitions ... ok
[INFO] [stdout] test console_preamp::tests::console_model_is_finite_and_resettable ... ok
[INFO] [stdout] test level::tests::calibration_conversions_are_explicit ... ok
[INFO] [stdout] test analysis::tests::high_rate_reference_comparison_is_reproducible ... ok
[INFO] [stdout] test stateful::tests::tape_eq_and_optional_defects_are_prepared_and_default_off ... ok
[INFO] [stdout] test static_color::tests::changing_antialiasing_mode_clears_history ... ok
[INFO] [stdout] test static_color::tests::changing_curve_clears_history ... ok
[INFO] [stdout] test stateful::tests::time_constants_are_sample_rate_aware ... ok
[INFO] [stdout] test effects::tests::defects_are_default_off_and_resettable ... ok
[INFO] [stdout] test stateful::tests::stylized_stateful_models_are_finite_and_resettable ... ok
[INFO] [stdout] test harmonics::tests::rejects_invalid_controls_without_mutation ... ok
[INFO] [stdout] test stateful::tests::time_constants_reach_one_tau_at_the_declared_millisecond_value ... ok
[INFO] [stdout] test process::tests::clamp_guards_preserve_nominal_audio ... ok
[INFO] [stdout] test hammerstein::tests::optional_wiener_pre_filter_is_prepared_and_disabled_by_default ... ok
[INFO] [stdout] test process::tests::subnormal_values_are_flushed ... ok
[INFO] [stdout] test static_color::tests::all_curves_remain_finite_for_extreme_finite_input ... ok
[INFO] [stdout] test static_color::tests::amount_zero_is_aligned_dry_output ... ok
[INFO] [stdout] test stateful::tests::stateful_history_is_bounded_and_reset_matches_fresh_state ... ok
[INFO] [stdout] test process::tests::reconfigure_preserves_the_configured_time_constant ... ok
[INFO] [stdout] test hammerstein::tests::generic_coloration_is_bounded_and_frequency_dependent ... ok
[INFO] [stdout] test harmonics::tests::dc_blocker_removes_constant_h2_offset ... ok
[INFO] [stdout] test analysis::tests::level_match_uses_integrated_loudness_and_peak_limit ... ok
[INFO] [stdout] 
[INFO] [stdout] test result: ok. 53 passed; 0 failed; 0 ignored; 0 measured; 0 filtered out; finished in 0.07s
[INFO] [stdout] 
[INFO] [stderr]      Running tests/contracts.rs (/opt/rustwide/target/release/build/math-analog/7d6f72c7fdc1030b/out/contracts-7d6f72c7fdc1030b)
[INFO] [stdout] 
[INFO] [stdout] running 13 tests
[INFO] [stdout] test model_ids_are_append_only_and_unknown_ids_fail_closed ... ok
[INFO] [stdout] test reprepare_rebuilds_channel_and_sample_rate_state ... ok
[INFO] [stdout] test deterministic_stimuli_remain_finite_for_every_model ... ok
[INFO] [stdout] test invalid_prepare_specs_are_rejected ... ok
[INFO] [stdout] test buffer_and_block_contracts_are_checked_before_processing ... ok
[INFO] [stdout] test randomized_callback_partitions_are_independent_for_every_model ... ok
[INFO] [stdout] test callback_partitioning_produces_the_same_sample_stream ... ok
[INFO] [stdout] test automation_is_partition_independent_at_block_boundaries ... ok
[INFO] [stdout] test channel_state_isolation_holds_for_interleaved_processing ... ok
[INFO] [stdout] test partial_final_callback_matches_one_block_reference ... ok
[INFO] [stdout] test automation_is_partition_independent_for_every_model ... ok
[INFO] [stdout] test every_model_is_finite_streamable_and_resettable ... ok
[INFO] [stdout] test maximum_plus_one_block_is_rejected_before_mutation ... ok
[INFO] [stdout] 
[INFO] [stderr]      Running tests/performance.rs (/opt/rustwide/target/release/build/math-analog/2195730f4bd4aa2a/out/performance-2195730f4bd4aa2a)
[INFO] [stdout] test result: ok. 13 passed; 0 failed; 0 ignored; 0 measured; 0 filtered out; finished in 0.01s
[INFO] [stdout] 
[INFO] [stdout] 
[INFO] [stdout] running 3 tests
[INFO] [stdout] test simd_chebyshev_criterion_covers_six_and_twelve_channels ... ok
[INFO] [stdout] test stateful_models_survive_denormal_stress ... ok
[INFO] [stderr] error: test failed, to rerun pass `--test performance`
[INFO] [stdout] test worst_callback_report_covers_all_models_and_channel_widths ... FAILED
[INFO] [stdout] 
[INFO] [stdout] failures:
[INFO] [stdout] 
[INFO] [stdout] ---- worst_callback_report_covers_all_models_and_channel_widths stdout ----
[INFO] [stdout] math-analog worst callback: 12401241 ns, model=2, channels=12
[INFO] [stdout] 
[INFO] [stdout] thread 'worst_callback_report_covers_all_models_and_channel_widths' (2339) panicked at tests/performance.rs:59:9:
[INFO] [stdout] worst callback exceeded the provisional realtime budget: 12401241 ns > 10666666 ns
[INFO] [stdout] stack backtrace:
[INFO] [stdout]    0:     0x6432bf2fc8c1 - <<std[617be2ca0a6fd877]::sys::backtrace::BacktraceLock>::print::DisplayBacktrace as core[a373ad73a504971]::fmt::Display>::fmt
[INFO] [stdout]    1:     0x6432bf311f8a - core[a373ad73a504971]::fmt::write
[INFO] [stdout]    2:     0x6432bf300adc - <alloc[2e1b2a31b91974c5]::vec::Vec<u8> as core[a373ad73a504971]::io::write::Write>::write_fmt
[INFO] [stdout]    3:     0x6432bf2d8d26 - std[617be2ca0a6fd877]::panicking::default_hook::{closure#0}
[INFO] [stdout]    4:     0x6432bf2f4f59 - std[617be2ca0a6fd877]::panicking::default_hook
[INFO] [stdout]    5:     0x6432bf283380 - test[aada8e7e76ba119b]::test_main_inner::{closure#0}
[INFO] [stdout]    6:     0x6432bf2f5112 - std[617be2ca0a6fd877]::panicking::panic_with_hook
[INFO] [stdout]    7:     0x6432bf2d8dd2 - std[617be2ca0a6fd877]::panicking::panic_handler::{closure#0}
[INFO] [stdout]    8:     0x6432bf2d1ae9 - std[617be2ca0a6fd877]::sys::backtrace::__rust_end_short_backtrace::<std[617be2ca0a6fd877]::panicking::panic_handler::{closure#0}, !>
[INFO] [stdout]    9:     0x6432bf2d99dd - __rustc[ea4f61d10b84890b]::rust_begin_unwind
[INFO] [stdout]   10:     0x6432bf3126bc - core[a373ad73a504971]::panicking::panic_fmt
[INFO] [stdout]   11:     0x6432bf27668d - <performance[38e0095cf4564aac]::worst_callback_report_covers_all_models_and_channel_widths::{closure#0} as core[a373ad73a504971]::ops::function::FnOnce<()>>::call_once
[INFO] [stdout]   12:     0x6432bf2767cb - test[aada8e7e76ba119b]::__rust_begin_short_backtrace::<core[a373ad73a504971]::result::Result<(), alloc[2e1b2a31b91974c5]::string::String>, fn() -> core[a373ad73a504971]::result::Result<(), alloc[2e1b2a31b91974c5]::string::String>>
[INFO] [stdout]   13:     0x6432bf2839a5 - test[aada8e7e76ba119b]::run_test::{closure#0}
[INFO] [stdout]   14:     0x6432bf27d294 - std[617be2ca0a6fd877]::sys::backtrace::__rust_begin_short_backtrace::<test[aada8e7e76ba119b]::run_test::{closure#1}, ()>
[INFO] [stdout]   15:     0x6432bf286a32 - <std[617be2ca0a6fd877]::thread::lifecycle::spawn_unchecked<test[aada8e7e76ba119b]::run_test::{closure#1}, ()>::{closure#1} as core[a373ad73a504971]::ops::function::FnOnce<()>>::call_once::{shim:vtable#0}
[INFO] [stdout]   16:     0x6432bf2fc11f - <std[617be2ca0a6fd877]::sys::thread::unix::Thread>::new::thread_start
[INFO] [stdout]   17:     0x7231c9c06dfa - <unknown>
[INFO] [stdout]   18:     0x7231c9c9a3d4 - clone
[INFO] [stdout]   19:                0x0 - <unknown>
[INFO] [stdout] 
[INFO] [stdout] 
[INFO] [stdout] failures:
[INFO] [stdout]     worst_callback_report_covers_all_models_and_channel_widths
[INFO] [stdout] 
[INFO] [stdout] test result: FAILED. 2 passed; 1 failed; 0 ignored; 0 measured; 0 filtered out; finished in 0.46s
[INFO] [stdout] 
[INFO] running `Command { std: "docker" "inspect" "d2070cf92ddbf6ea7d770ca3cec0e52b0008c5454e658fac5df6911d5b0ad244", kill_on_drop: false }`
[INFO] running `Command { std: "docker" "rm" "-f" "d2070cf92ddbf6ea7d770ca3cec0e52b0008c5454e658fac5df6911d5b0ad244", kill_on_drop: false }`
[INFO] [stdout] d2070cf92ddbf6ea7d770ca3cec0e52b0008c5454e658fac5df6911d5b0ad244
