[INFO] fetching crate matchmaker-lib 0.1.6...
[INFO] testing matchmaker-lib-0.1.6 against 1.99.0-beta.8+cargoflags=--release for beta-release-1.100-2
[INFO] extracting crate matchmaker-lib 0.1.6 into /workspace/builds/worker-4-tc1/source
[INFO] started tweaking crates.io crate matchmaker-lib 0.1.6
[INFO] removed 0 missing examples
[INFO] removed 0 missing tests
[INFO] finished tweaking crates.io crate matchmaker-lib 0.1.6
[INFO] tweaked toml for crates.io crate matchmaker-lib 0.1.6 written to /workspace/builds/worker-4-tc1/source/Cargo.toml
[INFO] validating manifest of crates.io crate matchmaker-lib 0.1.6 on toolchain 1.99.0-beta.8
[INFO] running `Command { std: CARGO_HOME="/workspace/cargo-home" RUSTUP_HOME="/workspace/rustup-home" "/workspace/cargo-home/bin/cargo" "+1.99.0-beta.8" "metadata" "--manifest-path" "Cargo.toml" "--no-deps", kill_on_drop: false }`
[INFO] crate crates.io crate matchmaker-lib 0.1.6 already has a lockfile, it will not be regenerated
[INFO] running `Command { std: CARGO_HOME="/workspace/cargo-home" RUSTUP_HOME="/workspace/rustup-home" "/workspace/cargo-home/bin/cargo" "+1.99.0-beta.8" "fetch" "--manifest-path" "Cargo.toml", kill_on_drop: false }`
[INFO] [stderr]     Updating crates.io index
[INFO] [stderr]  Downloading crates ...
[INFO] [stderr]   Downloaded pest_derive v2.9.0
[INFO] [stderr]   Downloaded darling v0.24.0
[INFO] [stderr]   Downloaded darling_macro v0.24.0
[INFO] [stderr]   Downloaded strict v0.2.0
[INFO] [stderr]   Downloaded bitflags-derive-macros v0.0.5
[INFO] [stderr]   Downloaded pest_generator v2.9.0
[INFO] [stderr]   Downloaded darling_core v0.24.0
[INFO] [stderr]   Downloaded crokey-proc_macros v1.5.0
[INFO] [stderr]   Downloaded bitflags-derive v0.0.5
[INFO] [stderr]   Downloaded numtoa v0.2.4
[INFO] [stderr]   Downloaded ratatui-termion v0.1.2
[INFO] [stderr]   Downloaded matchmaker-partial-macros v0.1.4
[INFO] [stderr]   Downloaded atoi v3.1.0
[INFO] [stderr]   Downloaded matchmaker-partial v0.1.4
[INFO] [stderr]   Downloaded easy-ext v1.0.3
[INFO] [stderr]   Downloaded termion v4.0.6
[INFO] [stderr]   Downloaded pest_meta v2.9.0
[INFO] [stderr]   Downloaded crokey v1.5.0
[INFO] [stderr]   Downloaded cli_boilerplate_automation v0.7.0
[INFO] [stderr]   Downloaded ansi-to-tui v8.0.1
[INFO] [stderr]   Downloaded matchmaker-nucleo v0.1.0
[INFO] [stderr]   Downloaded pest v2.9.0
[INFO] running `Command { std: "docker" "create" "-v" "/var/lib/crater-agent-workspace/builds/worker-4-tc1/source:/opt/rustwide/workdir:ro,Z" "-v" "/var/lib/crater-agent-workspace/builds/worker-4-tc1/target:/opt/rustwide/target:rw,Z" "-v" "/var/lib/crater-agent-workspace/cargo-home:/opt/rustwide/cargo-home:ro,Z" "-v" "/var/lib/crater-agent-workspace/rustup-home:/opt/rustwide/rustup-home:ro,Z" "-m" "1610612736" "--network" "none" "ghcr.io/rust-lang/crates-build-env/linux@sha256:77db811e55d90add9212f6832c23229e3de5f1c1f9905e8cb07319ea15df73ac" "sleep" "infinity", kill_on_drop: false }`
[INFO] [stdout] b5c4d4056fa99f85e97da41e7a202d0685d6d9bf244f95a1afec4adb815adff5
[INFO] running `Command { std: "docker" "start" "b5c4d4056fa99f85e97da41e7a202d0685d6d9bf244f95a1afec4adb815adff5", kill_on_drop: false }`
[INFO] running `Command { std: "docker" "inspect" "b5c4d4056fa99f85e97da41e7a202d0685d6d9bf244f95a1afec4adb815adff5", kill_on_drop: false }`
[INFO] running `Command { std: "docker" "exec" "-e" "SOURCE_DIR=/opt/rustwide/workdir" "-e" "CARGO_HOME=/opt/rustwide/cargo-home" "-e" "RUSTUP_HOME=/opt/rustwide/rustup-home" "-e" "CARGO_TARGET_DIR=/opt/rustwide/target" "-w" "/opt/rustwide/workdir" "--user" "0:0" "b5c4d4056fa99f85e97da41e7a202d0685d6d9bf244f95a1afec4adb815adff5" "/opt/rustwide/cargo-home/bin/cargo" "+1.99.0-beta.8" "metadata" "--no-deps" "--format-version=1", kill_on_drop: false }`
[INFO] running `Command { std: "docker" "inspect" "b5c4d4056fa99f85e97da41e7a202d0685d6d9bf244f95a1afec4adb815adff5", kill_on_drop: false }`
[INFO] running `Command { std: "docker" "exec" "-e" "SOURCE_DIR=/opt/rustwide/workdir" "-e" "CARGO_HOME=/opt/rustwide/cargo-home" "-e" "RUSTUP_HOME=/opt/rustwide/rustup-home" "-e" "CARGO_TARGET_DIR=/opt/rustwide/target" "-e" "CARGO_INCREMENTAL=0" "-e" "RUST_BACKTRACE=full" "-e" "RUSTFLAGS=--cap-lints=warn" "-e" "RUSTDOCFLAGS=--cap-lints=warn" "-w" "/opt/rustwide/workdir" "--user" "0:0" "b5c4d4056fa99f85e97da41e7a202d0685d6d9bf244f95a1afec4adb815adff5" "/opt/rustwide/cargo-home/bin/cargo" "+1.99.0-beta.8" "build" "--frozen" "--message-format=json" "--release", kill_on_drop: false }`
[INFO] [stderr]    Compiling libc v0.2.189
[INFO] [stderr]    Compiling signal-hook v0.3.18
[INFO] [stderr]    Compiling syn v3.0.3
[INFO] [stderr]    Compiling rustversion v1.0.23
[INFO] [stderr]    Compiling bitflags v2.13.1
[INFO] [stderr]    Compiling either v1.17.0
[INFO] [stderr]    Compiling unicode-segmentation v1.13.3
[INFO] [stderr]    Compiling smallvec v1.15.2
[INFO] [stderr]    Compiling hashbrown v0.17.1
[INFO] [stderr]    Compiling unicode-width v0.2.2
[INFO] [stderr]    Compiling futures-core v0.3.34
[INFO] [stderr]    Compiling itertools v0.14.0
[INFO] [stderr]    Compiling convert_case v0.10.0
[INFO] [stderr]    Compiling lock_api v0.4.14
[INFO] [stderr]    Compiling castaway v0.2.4
[INFO] [stderr]    Compiling strum_macros v0.28.0
[INFO] [stderr]    Compiling derive_more-impl v2.1.1
[INFO] [stderr]    Compiling hashbrown v0.16.1
[INFO] [stderr]    Compiling litrs v1.0.0
[INFO] [stderr]    Compiling crossbeam-utils v0.8.22
[INFO] [stderr]    Compiling static_assertions v1.1.0
[INFO] [stderr]    Compiling lru v0.18.2
[INFO] [stderr]    Compiling document-features v0.2.12
[INFO] [stderr]    Compiling errno v0.3.14
[INFO] [stderr]    Compiling thiserror-impl v1.0.69
[INFO] [stderr]    Compiling crossbeam-epoch v0.9.20
[INFO] [stderr]    Compiling rustix v1.1.4
[INFO] [stderr]    Compiling instability v0.3.13
[INFO] [stderr]    Compiling critical-section v1.2.0
[INFO] [stderr]    Compiling signal-hook-registry v1.4.8
[INFO] [stderr]    Compiling indoc v2.0.7
[INFO] [stderr]    Compiling linux-raw-sys v0.12.1
[INFO] [stderr]    Compiling crossbeam-deque v0.8.7
[INFO] [stderr]    Compiling parking_lot_core v0.9.12
[INFO] [stderr]    Compiling mio v1.2.2
[INFO] [stderr]    Compiling thiserror v1.0.69
[INFO] [stderr]    Compiling filedescriptor v0.8.3
[INFO] [stderr]    Compiling parking_lot v0.12.5
[INFO] [stderr]    Compiling unicode-truncate v2.0.1
[INFO] [stderr]    Compiling strum v0.28.0
[INFO] [stderr]    Compiling signal-hook-mio v0.2.5
[INFO] [stderr]    Compiling derive_more v2.1.1
[INFO] [stderr]    Compiling num_threads v0.1.7
[INFO] [stderr]    Compiling deranged v0.5.8
[INFO] [stderr]    Compiling futures-sink v0.3.34
[INFO] [stderr]    Compiling siphasher v1.0.3
[INFO] [stderr]    Compiling futures-channel v0.3.34
[INFO] [stderr]    Compiling phf_shared v0.14.0
[INFO] [stderr]    Compiling line-clipping v0.3.8
[INFO] [stderr]    Compiling fastrand v2.5.0
[INFO] [stderr]    Compiling futures-io v0.3.34
[INFO] [stderr]    Compiling darling_core v0.24.0
[INFO] [stderr]    Compiling phf_generator v0.14.0
[INFO] [stderr]    Compiling dirs-sys v0.5.0
[INFO] [stderr]    Compiling nix v0.31.3
[INFO] [stderr]    Compiling rayon-core v1.13.0
[INFO] [stderr]    Compiling winnow v1.0.4
[INFO] [stderr]    Compiling crossterm v0.29.0
[INFO] [stderr]    Compiling strict v0.2.0
[INFO] [stderr]    Compiling time v0.3.55
[INFO] [stderr]    Compiling jiff v0.2.35
[INFO] [stderr]    Compiling toml_parser v1.1.3+spec-1.1.0
[INFO] [stderr]    Compiling serde_derive v1.0.229
[INFO] [stderr]    Compiling thiserror-impl v2.0.20
[INFO] [stderr]    Compiling futures-macro v0.3.34
[INFO] [stderr]    Compiling crokey-proc_macros v1.5.0
[INFO] [stderr]    Compiling bitflags-derive-macros v0.0.5
[INFO] [stderr]    Compiling tokio-macros v2.7.2
[INFO] [stderr]    Compiling rayon v1.12.0
[INFO] [stderr]    Compiling futures-util v0.3.34
[INFO] [stderr]    Compiling env_filter v2.0.0
[INFO] [stderr]    Compiling thiserror v2.0.20
[INFO] [stderr]    Compiling kasuari v0.4.12
[INFO] [stderr]    Compiling dirs v6.0.0
[INFO] [stderr]    Compiling phf_macros v0.14.0
[INFO] [stderr]    Compiling darling_macro v0.24.0
[INFO] [stderr]    Compiling darling v0.24.0
[INFO] [stderr]    Compiling socket2 v0.6.5
[INFO] [stderr]    Compiling which v8.0.5
[INFO] [stderr]    Compiling nom v8.0.0
[INFO] [stderr]    Compiling serde_spanned v1.1.1
[INFO] [stderr]    Compiling toml_datetime v1.1.1+spec-1.1.0
[INFO] [stderr]    Compiling toml_writer v1.1.2+spec-1.1.0
[INFO] [stderr]    Compiling simdutf8 v0.1.5
[INFO] [stderr]    Compiling easy-ext v1.0.3
[INFO] [stderr]    Compiling toml v1.1.4+spec-1.1.0
[INFO] [stderr]    Compiling serde v1.0.229
[INFO] [stderr]    Compiling tokio v1.53.1
[INFO] [stderr]    Compiling env_logger v0.11.11
[INFO] [stderr]    Compiling matchmaker-nucleo v0.1.0
[INFO] [stderr]    Compiling compact_str v0.9.1
[INFO] [stderr]    Compiling futures-executor v0.3.34
[INFO] [stderr]    Compiling ratatui-core v0.1.2
[INFO] [stderr]    Compiling crokey v1.5.0
[INFO] [stderr]    Compiling futures v0.3.34
[INFO] [stderr]    Compiling cli_boilerplate_automation v0.7.0
[INFO] [stderr]    Compiling phf v0.14.0
[INFO] [stderr]    Compiling ratatui-widgets v0.3.2
[INFO] [stderr]    Compiling ratatui-crossterm v0.1.2
[INFO] [stderr]    Compiling ansi-to-tui v8.0.1
[INFO] [stderr]    Compiling atoi v3.1.0
[INFO] [stderr]    Compiling bitflags-derive v0.0.5
[INFO] [stderr]    Compiling matchmaker-partial-macros v0.1.4
[INFO] [stderr]    Compiling atty v0.2.14
[INFO] [stderr]    Compiling indexmap v2.14.0
[INFO] [stderr]    Compiling arc-swap v1.9.2
[INFO] [stderr]    Compiling arrayvec v0.7.8
[INFO] [stderr]    Compiling rustc-hash v2.1.3
[INFO] [stderr]    Compiling boxcar v0.2.14
[INFO] [stderr]    Compiling ratatui-macros v0.7.2
[INFO] [stderr]    Compiling ratatui v0.30.2
[INFO] [stderr]    Compiling matchmaker-lib v0.1.6 (/opt/rustwide/workdir)
[INFO] [stdout] warning: unused variable: `cols`
[INFO] [stdout]    --> src/utils/text.rs:121:9
[INFO] [stdout]     |
[INFO] [stdout] 121 |     let cols = row.iter().map(|text| {
[INFO] [stdout]     |         ^^^^ help: if this is intentional, prefix it with an underscore: `_cols`
[INFO] [stdout]     |
[INFO] [stdout]     = note: `#[warn(unused_variables)]` (part of `#[warn(unused)]`) on by default
[INFO] [stdout] 
[INFO] [stdout] 
[INFO] [stderr]     Finished `release` profile [optimized] target(s) in 2m 30s
[INFO] running `Command { std: "docker" "inspect" "b5c4d4056fa99f85e97da41e7a202d0685d6d9bf244f95a1afec4adb815adff5", kill_on_drop: false }`
[INFO] running `Command { std: "docker" "exec" "-e" "SOURCE_DIR=/opt/rustwide/workdir" "-e" "CARGO_HOME=/opt/rustwide/cargo-home" "-e" "RUSTUP_HOME=/opt/rustwide/rustup-home" "-e" "CARGO_TARGET_DIR=/opt/rustwide/target" "-e" "CARGO_INCREMENTAL=0" "-e" "RUST_BACKTRACE=full" "-e" "RUSTFLAGS=--cap-lints=warn" "-e" "RUSTDOCFLAGS=--cap-lints=warn" "-w" "/opt/rustwide/workdir" "--user" "0:0" "b5c4d4056fa99f85e97da41e7a202d0685d6d9bf244f95a1afec4adb815adff5" "/opt/rustwide/cargo-home/bin/cargo" "+1.99.0-beta.8" "test" "--frozen" "--no-run" "--message-format=json" "--release", kill_on_drop: false }`
[INFO] [stdout] warning: unused variable: `cols`
[INFO] [stdout]    --> src/utils/text.rs:121:9
[INFO] [stdout]     |
[INFO] [stdout] 121 |     let cols = row.iter().map(|text| {
[INFO] [stdout]     |         ^^^^ help: if this is intentional, prefix it with an underscore: `_cols`
[INFO] [stdout]     |
[INFO] [stdout]     = note: `#[warn(unused_variables)]` (part of `#[warn(unused)]`) on by default
[INFO] [stdout] 
[INFO] [stdout] 
[INFO] [stderr]    Compiling matchmaker-lib v0.1.6 (/opt/rustwide/workdir)
[INFO] [stdout] warning: unused import: `Injector`
[INFO] [stdout]   --> tests/test_backend.rs:12:14
[INFO] [stdout]    |
[INFO] [stdout] 12 |     nucleo::{Injector, Worker},
[INFO] [stdout]    |              ^^^^^^^^
[INFO] [stdout]    |
[INFO] [stdout]    = note: `#[warn(unused_imports)]` (part of `#[warn(unused)]`) on by default
[INFO] [stdout] 
[INFO] [stdout] 
[INFO] [stdout] warning: unused variable: `cols`
[INFO] [stdout]    --> src/utils/text.rs:121:9
[INFO] [stdout]     |
[INFO] [stdout] 121 |     let cols = row.iter().map(|text| {
[INFO] [stdout]     |         ^^^^ help: if this is intentional, prefix it with an underscore: `_cols`
[INFO] [stdout]     |
[INFO] [stdout]     = note: `#[warn(unused_variables)]` (part of `#[warn(unused)]`) on by default
[INFO] [stdout] 
[INFO] [stdout] 
[INFO] [stderr]     Finished `release` profile [optimized] target(s) in 1m 57s
[INFO] running `Command { std: "docker" "inspect" "b5c4d4056fa99f85e97da41e7a202d0685d6d9bf244f95a1afec4adb815adff5", kill_on_drop: false }`
[INFO] running `Command { std: "docker" "exec" "-e" "SOURCE_DIR=/opt/rustwide/workdir" "-e" "CARGO_HOME=/opt/rustwide/cargo-home" "-e" "RUSTUP_HOME=/opt/rustwide/rustup-home" "-e" "CARGO_TARGET_DIR=/opt/rustwide/target" "-e" "CARGO_INCREMENTAL=0" "-e" "RUST_BACKTRACE=full" "-e" "RUSTFLAGS=--cap-lints=warn" "-e" "RUSTDOCFLAGS=--cap-lints=warn" "-w" "/opt/rustwide/workdir" "--user" "0:0" "b5c4d4056fa99f85e97da41e7a202d0685d6d9bf244f95a1afec4adb815adff5" "/opt/rustwide/cargo-home/bin/cargo" "+1.99.0-beta.8" "test" "--frozen" "--release", kill_on_drop: false }`
[INFO] [stderr] warning: unused variable: `cols`
[INFO] [stderr]    --> src/utils/text.rs:121:9
[INFO] [stderr]     |
[INFO] [stderr] 121 |     let cols = row.iter().map(|text| {
[INFO] [stderr]     |         ^^^^ help: if this is intentional, prefix it with an underscore: `_cols`
[INFO] [stderr]     |
[INFO] [stderr]     = note: `#[warn(unused_variables)]` (part of `#[warn(unused)]`) on by default
[INFO] [stderr] 
[INFO] [stderr] warning: `matchmaker-lib` (lib) generated 1 warning (run `cargo fix --lib -p matchmaker-lib` to apply 1 suggestion)
[INFO] [stderr] warning: `matchmaker-lib` (lib test) generated 1 warning (1 duplicate)
[INFO] [stderr] warning: unused import: `Injector`
[INFO] [stderr]   --> tests/test_backend.rs:12:14
[INFO] [stderr]    |
[INFO] [stderr] 12 |     nucleo::{Injector, Worker},
[INFO] [stderr]    |              ^^^^^^^^
[INFO] [stderr]    |
[INFO] [stderr]    = note: `#[warn(unused_imports)]` (part of `#[warn(unused)]`) on by default
[INFO] [stderr] 
[INFO] [stderr] warning: `matchmaker-lib` (test "test_backend") generated 1 warning
[INFO] [stderr]     Finished `release` profile [optimized] target(s) in 0.33s
[INFO] [stderr]      Running unittests src/lib.rs (/opt/rustwide/target/release/deps/matchmaker-3b577351fd4ff35a)
[INFO] [stdout] 
[INFO] [stdout] running 118 tests
[INFO] [stdout] test binds::test::test_prefix_filter ... ok
[INFO] [stdout] test binds::test::test_check_cycles ... ok
[INFO] [stdout] test binds::test::test_resolve_semantics_intersection ... ok
[INFO] [stdout] test binds::test::test_resolve_semantics_key_modes ... ok
[INFO] [stdout] test binds::test::test_bindmap_trigger ... ok
[INFO] [stdout] test binds::test::test_resolve_semantics_modes ... ok
[INFO] [stdout] test binds::test::test_display_help_events ... ok
[INFO] [stdout] test binds::test::test_resolve_semantics_basic_chains ... ok
[INFO] [stdout] test binds::test::test_display_help_sort_fn_last ... ok
[INFO] [stdout] test binds::test::test_resolve_semantics_multi_action_chain ... ok
[INFO] [stdout] test binds::test::test_display_help_combine_keys ... ok
[INFO] [stdout] test binds::test::test_display_help_semantic_help ... ok
[INFO] [stdout] test binds::test::test_resolve_semantics_unbound_and_partial ... ok
[INFO] [stdout] test binds::test::test_mode_parsing ... ok
[INFO] [stdout] test binds::test::test_resolve_semantics_with_trace ... ok
[INFO] [stdout] test binds::test::test_semantic_parsing ... ok
[INFO] [stdout] test collections::tests::resize_clamps_to_64 ... ok
[INFO] [stdout] test binds::test::trigger_round_trips_through_fmt_str ... ok
[INFO] [stdout] test collections::tests::default_is_new_with_size_3 ... ok
[INFO] [stdout] test collections::tests::from_iter_builds_at_max_capacity ... ok
[INFO] [stdout] test collections::tests::from_iter_preserves_push_order ... ok
[INFO] [stdout] test collections::tests::from_iter_panics_on_index_64 - should panic ... ok
[INFO] [stdout] test collections::tests::from_iter_collect ... ok
[INFO] [stdout] test collections::tests::resize_grows_and_truncates ... ok
[INFO] [stdout] test collections::tests::from_iter_panics_on_index_over_64 - should panic ... ok
[INFO] [stdout] test collections::tests::resize_noop_on_same_size ... ok
[INFO] [stdout] test config::tests::inner_of_all_sides ... ok
[INFO] [stdout] test config_types::tests::test_column_name_validation ... ok
[INFO] [stdout] test config::tests::inner_of_padding ... ok
[INFO] [stdout] test config::tests::inner_of_partial_sides ... ok
[INFO] [stdout] test config::tests::inner_of_saturates_at_zero ... ok
[INFO] [stdout] test config_types::tests::test_string_or_int ... ok
[INFO] [stdout] test event::tests::override_tickrate_sets_fields_and_interval ... ok
[INFO] [stdout] test matchmaker::config_mm::tests::test_ranges_fn_csv_basic ... ok
[INFO] [stdout] test matchmaker::config_mm::tests::test_ranges_fn_out_of_bounds ... ok
[INFO] [stdout] test matchmaker::config_mm::tests::test_split_csv_basic ... ok
[INFO] [stdout] test event::tests::test_handle_combined_events ... ok
[INFO] [stdout] test matchmaker::config_mm::tests::test_split_csv_escaped_quote ... ok
[INFO] [stdout] test matchmaker::config_mm::tests::test_sanitize_preprocessors ... ok
[INFO] [stdout] test matchmaker::config_mm::tests::test_split_csv_newline_in_quoted_field ... ok
[INFO] [stdout] test matchmaker::config_mm::tests::test_ranges_fn_tsv ... ok
[INFO] [stdout] test matchmaker::config_mm::tests::test_split_csv_truncates_to_col_count ... ok
[INFO] [stdout] test matchmaker::config_mm::tests::test_ranges_fn_ansi_strips_before_splitting ... ok
[INFO] [stdout] test matchmaker::config_mm::tests::test_split_csv_unclosed_quote ... ok
[INFO] [stdout] test matchmaker::config_mm::tests::test_split_csv_quoted_field_with_delimiter ... ok
[INFO] [stdout] test matchmaker::config_mm::tests::test_split_csv_empty_fields ... ok
[INFO] [stdout] test matchmaker::config_mm::tests::test_split_csv_empty_quoted_field ... ok
[INFO] [stdout] test matchmaker::config_mm::tests::test_split_tsv ... ok
[INFO] [stdout] test matchmaker::config_mm::tests::test_split_csv_serde_tokens ... ok
[INFO] [stdout] test matchmaker::config_mm::tests::test_split_csv_strict_quote_mid_field ... ok
[INFO] [stdout] test nucleo::render_item::tests::test_preserved_prefix_and_ellipsis ... ok
[INFO] [stdout] test nucleo::render_item::tests::test_wrap_edge_case_6_chars_width_5 ... ok
[INFO] [stdout] test render::test::layout_full_width_footer_spans_outer_area ... ok
[INFO] [stdout] test nucleo::render_item::tests::test_scroll_context_backfills_to_fill_width_limit ... ok
[INFO] [stdout] test nucleo::render_item::tests::render_cell_preserves_container_style ... ok
[INFO] [stdout] test nucleo::render_item::tests::test_autoscroll_end_context ... ok
[INFO] [stdout] test render::test::layout_with_preview ... ok
[INFO] [stdout] test render::test::layout_no_preview_default ... ok
[INFO] [stdout] test render::test::layout_insets_by_outer_and_picker_borders ... ok
[INFO] [stdout] test nucleo::render_item::tests::test_wrap ... ok
[INFO] [stdout] test nucleo::render_item::tests::test_scroll_context_cuts_prefix_correctly ... ok
[INFO] [stdout] test nucleo::render_item::tests::test_no_scroll_context_renders_normally ... ok
[INFO] [stdout] test render::test::render_ui_without_borders_draws_nothing ... ok
[INFO] [stdout] test render::test::split_zero_height ... ok
[INFO] [stdout] test render::test::split_cut_top ... ok
[INFO] [stdout] test ui::display::tests::test_interaction_multi_column_wrapping ... ok
[INFO] [stdout] test render::test::split_height_capped_at_rect_height ... ok
[INFO] [stdout] test ui::display::tests::test_interaction_hidden_columns ... ok
[INFO] [stdout] test ui::display::tests::test_interaction_column_spacing ... ok
[INFO] [stdout] test render::test::layout_hides_preview_when_too_small ... ok
[INFO] [stdout] test ui::display::tests::test_multi_column_make_display_no_full_width ... ok
[INFO] [stdout] test render::test::render_ui_draws_outer_and_picker_borders ... ok
[INFO] [stdout] test render::test::split_bottom ... ok
[INFO] [stdout] test ui::input::tests::default_word_movement_treats_only_whitespace_as_separator ... ok
[INFO] [stdout] test ui::input::tests::forward_word_stops_at_word_boundaries_and_whitespace ... ok
[INFO] [stdout] test ui::input::tests::scroll_to_cursor_does_not_oscillate_on_small_width ... ok
[INFO] [stdout] test ui::overlay::picker::tests::match_highlights_render ... ok
[INFO] [stdout] test ui::input::tests::backward_word_stops_at_word_boundaries_and_whitespace ... ok
[INFO] [stdout] test ui::display::tests::test_interaction_multi_row_header ... ok
[INFO] [stdout] test ui::overlay::picker::tests::draws_without_panicking ... ok
[INFO] [stdout] test ui::preview::tests::split_bottom ... ok
[INFO] [stdout] test ui::preview::tests::split_right ... ok
[INFO] [stdout] test ui::results::hidden::tests::test_get_col_by_index ... ok
[INFO] [stdout] test ui::preview::tests::split_expand_resets_current_dimension ... ok
[INFO] [stdout] test ui::results::hidden::tests::test_shrink_idx ... ok
[INFO] [stdout] test ui::results::hidden::tests::test_single_column_preferred_width_is_median ... ok
[INFO] [stdout] test ui::preview::tests::split_respects_current_dimension ... ok
[INFO] [stdout] test nucleo::render_item::tests::test_autoscroll_end ... ok
[INFO] [stdout] test ui::display::tests::test_single_column_make_display_and_full_width ... ok
[INFO] [stdout] test ui::display::tests::test_interaction_single_column_wrapping ... ok
[INFO] [stdout] test ui::results::hidden::tests::test_try_apply_max_widths ... ok
[INFO] [stdout] test ui::results::widths::tests::test_active_column_min_width_when_empty ... ok
[INFO] [stdout] test ui::results::widths::tests::test_get_dragged_column_gutter ... ok
[INFO] [stdout] test ui::results::widths::tests::test_try_apply_max_widths ... ok
[INFO] [stdout] test ui::utils::tests::single_point_is_constant ... ok
[INFO] [stdout] test ui::utils::tests::size_hint_froms_keep_old_behavior ... ok
[INFO] [stdout] test ui::results::widths::tests::test_overrides_not_expanded ... ok
[INFO] [stdout] test utils::crossterm::tests::test_text_to_ansi ... ok
[INFO] [stdout] test ui::tests::full_area_roundtrips_outer_area ... ok
[INFO] [stdout] test utils::text::tests::test_ansi_spaces ... ok
[INFO] [stdout] test utils::text::tests::test_apply_style_multiline_partial_spans ... ok
[INFO] [stdout] test utils::text::tests::test_handles_empty_line ... ok
[INFO] [stdout] test ui::utils::tests::adaptive_percentage_interpolates_and_clamps ... ok
[INFO] [stdout] test utils::text::tests::test_is_empty ... ok
[INFO] [stdout] test utils::text::tests::test_simple_wrap ... ok
[INFO] [stdout] test ui::tests::picker_layout_reversed ... ok
[INFO] [stdout] test utils::text::tests::test_slice_across_spans ... ok
[INFO] [stdout] test ui::tests::picker_layout_stacks_sections ... ok
[INFO] [stdout] test utils::text::tests::test_slice_empty_range ... ok
[INFO] [stdout] test utils::text::tests::test_unicode_emoji_width ... ok
[INFO] [stdout] test utils::text::tests::test_slice_multi_byte_emoji ... ok
[INFO] [stdout] test utils::text::tests::test_slice_across_newline ... ok
[INFO] [stdout] test utils::text::tests::test_slice_exact_span_boundary ... ok
[INFO] [stdout] test utils::text::tests::test_wrap_line_narrow_width_one ... ok
[INFO] [stdout] test utils::text::tests::test_multiline_input_preserved ... ok
[INFO] [stdout] test ui::tests::make_ui_renders_outer_border ... ok
[INFO] [stdout] test utils::text::tests::test_no_wrap_needed ... ok
[INFO] [stdout] test ui::overlay::picker::tests::highlights_after_typing_and_waiting ... ok
[INFO] [stdout] 
[INFO] [stdout] test result: ok. 118 passed; 0 failed; 0 ignored; 0 measured; 0 filtered out; finished in 0.28s
[INFO] [stdout] 
[INFO] [stderr]      Running tests/test_backend.rs (/opt/rustwide/target/release/deps/test_backend-a43986b4078d2eed)
[INFO] [stdout] 
[INFO] [stdout] running 1 test
[INFO] [stderr] [2026-10-18T11:26:17Z ERROR matchmaker::tui] Failed to read terminal size
[INFO] [stdout] test test_backend_captures_rendered_output ... FAILED
[INFO] [stderr] error: test failed, to rerun pass `--test test_backend`
[INFO] [stdout] 
[INFO] [stdout] failures:
[INFO] [stdout] 
[INFO] [stdout] ---- test_backend_captures_rendered_output stdout ----
[INFO] [stdout] 
[INFO] [stdout] thread 'test_backend_captures_rendered_output' (2655) panicked at tests/test_backend.rs:47:10:
[INFO] [stdout] pick should succeed: TUIError("Resource temporarily unavailable (os error 11)")
[INFO] [stdout] stack backtrace:
[INFO] [stdout]    0:     0x600f52155751 - <<std[70759c8f55707aa4]::sys::backtrace::BacktraceLock>::print::DisplayBacktrace as core[df12db4294e9bfd3]::fmt::Display>::fmt
[INFO] [stdout]    1:     0x600f5216ef2a - core[df12db4294e9bfd3]::fmt::write
[INFO] [stdout]    2:     0x600f5215d29c - <alloc[2182bb758b4b3781]::vec::Vec<u8> as core[df12db4294e9bfd3]::io::write::Write>::write_fmt
[INFO] [stdout]    3:     0x600f5212fb56 - std[70759c8f55707aa4]::panicking::default_hook::{closure#0}
[INFO] [stdout]    4:     0x600f5214d379 - std[70759c8f55707aa4]::panicking::default_hook
[INFO] [stdout]    5:     0x600f51f5e880 - test[9d35eded1c95d3be]::test_main_inner::<test[9d35eded1c95d3be]::test_main_static::{closure#0}>::{closure#0}
[INFO] [stdout]    6:     0x600f5214d6a2 - std[70759c8f55707aa4]::panicking::panic_with_hook
[INFO] [stdout]    7:     0x600f5212fc02 - std[70759c8f55707aa4]::panicking::panic_handler::{closure#0}
[INFO] [stdout]    8:     0x600f52128249 - std[70759c8f55707aa4]::sys::backtrace::__rust_end_short_backtrace::<std[70759c8f55707aa4]::panicking::panic_handler::{closure#0}, !>
[INFO] [stdout]    9:     0x600f521309fd - __rustc[8fa7c3cbc660c2b3]::rust_begin_unwind
[INFO] [stdout]   10:     0x600f5216f70c - core[df12db4294e9bfd3]::panicking::panic_fmt
[INFO] [stdout]   11:     0x600f5216f4e2 - core[df12db4294e9bfd3]::result::unwrap_failed
[INFO] [stdout]   12:     0x600f51f0a0c8 - test_backend[54a6dcf64a866dbb]::test_backend_captures_rendered_output::{closure#0}
[INFO] [stdout]   13:     0x600f51f0286a - <tokio[af816588eb5236e7]::runtime::context::scoped::Scoped<tokio[af816588eb5236e7]::runtime::scheduler::Context>>::set::<<tokio[af816588eb5236e7]::runtime::scheduler::current_thread::CoreGuard>::enter<<tokio[af816588eb5236e7]::runtime::scheduler::current_thread::CoreGuard>::block_on<core[df12db4294e9bfd3]::pin::Pin<&mut core[df12db4294e9bfd3]::pin::Pin<&mut dyn core[df12db4294e9bfd3]::future::future::Future<Output = ()>>>>::{closure#0}, core[df12db4294e9bfd3]::option::Option<()>>::{closure#0}, (alloc[2182bb758b4b3781]::boxed::Box<tokio[af816588eb5236e7]::runtime::scheduler::current_thread::Core>, core[df12db4294e9bfd3]::option::Option<()>)>
[INFO] [stdout]   14:     0x600f51f0aec1 - <test_backend[54a6dcf64a866dbb]::test_backend_captures_rendered_output::{closure#0} as core[df12db4294e9bfd3]::ops::function::FnOnce<()>>::call_once
[INFO] [stdout]   15:     0x600f51f51b6b - test[9d35eded1c95d3be]::__rust_begin_short_backtrace::<core[df12db4294e9bfd3]::result::Result<(), alloc[2182bb758b4b3781]::string::String>, fn() -> core[df12db4294e9bfd3]::result::Result<(), alloc[2182bb758b4b3781]::string::String>>
[INFO] [stdout]   16:     0x600f51f5f1d5 - test[9d35eded1c95d3be]::run_test::{closure#0}
[INFO] [stdout]   17:     0x600f51f58a94 - std[70759c8f55707aa4]::sys::backtrace::__rust_begin_short_backtrace::<test[9d35eded1c95d3be]::run_test::{closure#1}, ()>
[INFO] [stdout]   18:     0x600f51f62332 - <std[70759c8f55707aa4]::thread::lifecycle::spawn_unchecked<test[9d35eded1c95d3be]::run_test::{closure#1}, ()>::{closure#1} as core[df12db4294e9bfd3]::ops::function::FnOnce<()>>::call_once::{shim:vtable#0}
[INFO] [stdout]   19:     0x600f52154d79 - <std[70759c8f55707aa4]::sys::thread::unix::Thread>::new::thread_start
[INFO] [stdout]   20:     0x784ce8d65dfa - <unknown>
[INFO] [stdout]   21:     0x784ce8df93d4 - clone
[INFO] [stdout]   22:                0x0 - <unknown>
[INFO] [stdout] 
[INFO] [stdout] 
[INFO] [stdout] failures:
[INFO] [stdout]     test_backend_captures_rendered_output
[INFO] [stdout] 
[INFO] [stdout] test result: FAILED. 0 passed; 1 failed; 0 ignored; 0 measured; 0 filtered out; finished in 0.02s
[INFO] [stdout] 
[INFO] running `Command { std: "docker" "inspect" "b5c4d4056fa99f85e97da41e7a202d0685d6d9bf244f95a1afec4adb815adff5", kill_on_drop: false }`
[INFO] running `Command { std: "docker" "rm" "-f" "b5c4d4056fa99f85e97da41e7a202d0685d6d9bf244f95a1afec4adb815adff5", kill_on_drop: false }`
[INFO] [stdout] b5c4d4056fa99f85e97da41e7a202d0685d6d9bf244f95a1afec4adb815adff5
