[INFO] fetching crate mason-rs 0.4.0...
[INFO] testing mason-rs-0.4.0 against 1.99.0-beta.8+cargoflags=--release for beta-release-1.100-2
[INFO] extracting crate mason-rs 0.4.0 into /workspace/builds/worker-4-tc1/source
[INFO] removed /workspace/builds/worker-4-tc1/source/rust-toolchain
[INFO] started tweaking crates.io crate mason-rs 0.4.0
[INFO] finished tweaking crates.io crate mason-rs 0.4.0
[INFO] tweaked toml for crates.io crate mason-rs 0.4.0 written to /workspace/builds/worker-4-tc1/source/Cargo.toml
[INFO] validating manifest of crates.io crate mason-rs 0.4.0 on toolchain 1.99.0-beta.8
[INFO] running `Command { std: CARGO_HOME="/workspace/cargo-home" RUSTUP_HOME="/workspace/rustup-home" "/workspace/cargo-home/bin/cargo" "+1.99.0-beta.8" "metadata" "--manifest-path" "Cargo.toml" "--no-deps", kill_on_drop: false }`
[INFO] crate crates.io crate mason-rs 0.4.0 already has a lockfile, it will not be regenerated
[INFO] running `Command { std: CARGO_HOME="/workspace/cargo-home" RUSTUP_HOME="/workspace/rustup-home" "/workspace/cargo-home/bin/cargo" "+1.99.0-beta.8" "fetch" "--manifest-path" "Cargo.toml", kill_on_drop: false }`
[INFO] [stderr]     Updating crates.io index
[INFO] [stderr]  Downloading crates ...
[INFO] [stderr]   Downloaded unicode-ident v1.0.18
[INFO] [stderr]   Downloaded serde_derive v1.0.219
[INFO] [stderr]   Downloaded pastey v0.1.1
[INFO] [stderr]   Downloaded itoa v1.0.15
[INFO] [stderr]   Downloaded quote v1.0.40
[INFO] [stderr]   Downloaded ryu v1.0.20
[INFO] [stderr]   Downloaded proc-macro2 v1.0.95
[INFO] [stderr]   Downloaded serde v1.0.219
[INFO] [stderr]   Downloaded memchr v2.7.5
[INFO] [stderr]   Downloaded serde_json v1.0.142
[INFO] [stderr]   Downloaded syn v2.0.104
[INFO] running `Command { std: "docker" "create" "-v" "/var/lib/crater-agent-workspace/builds/worker-4-tc1/source:/opt/rustwide/workdir:ro,Z" "-v" "/var/lib/crater-agent-workspace/builds/worker-4-tc1/target:/opt/rustwide/target:rw,Z" "-v" "/var/lib/crater-agent-workspace/cargo-home:/opt/rustwide/cargo-home:ro,Z" "-v" "/var/lib/crater-agent-workspace/rustup-home:/opt/rustwide/rustup-home:ro,Z" "-m" "1610612736" "--network" "none" "ghcr.io/rust-lang/crates-build-env/linux@sha256:77db811e55d90add9212f6832c23229e3de5f1c1f9905e8cb07319ea15df73ac" "sleep" "infinity", kill_on_drop: false }`
[INFO] [stdout] 1633152f47804fd112e272e08379c1b749021acb78c80aee90058460b6f2b480
[INFO] running `Command { std: "docker" "start" "1633152f47804fd112e272e08379c1b749021acb78c80aee90058460b6f2b480", kill_on_drop: false }`
[INFO] running `Command { std: "docker" "inspect" "1633152f47804fd112e272e08379c1b749021acb78c80aee90058460b6f2b480", kill_on_drop: false }`
[INFO] running `Command { std: "docker" "exec" "-e" "SOURCE_DIR=/opt/rustwide/workdir" "-e" "CARGO_HOME=/opt/rustwide/cargo-home" "-e" "RUSTUP_HOME=/opt/rustwide/rustup-home" "-e" "CARGO_TARGET_DIR=/opt/rustwide/target" "-w" "/opt/rustwide/workdir" "--user" "0:0" "1633152f47804fd112e272e08379c1b749021acb78c80aee90058460b6f2b480" "/opt/rustwide/cargo-home/bin/cargo" "+1.99.0-beta.8" "metadata" "--no-deps" "--format-version=1", kill_on_drop: false }`
[INFO] running `Command { std: "docker" "inspect" "1633152f47804fd112e272e08379c1b749021acb78c80aee90058460b6f2b480", kill_on_drop: false }`
[INFO] running `Command { std: "docker" "exec" "-e" "SOURCE_DIR=/opt/rustwide/workdir" "-e" "CARGO_HOME=/opt/rustwide/cargo-home" "-e" "RUSTUP_HOME=/opt/rustwide/rustup-home" "-e" "CARGO_TARGET_DIR=/opt/rustwide/target" "-e" "CARGO_INCREMENTAL=0" "-e" "RUST_BACKTRACE=full" "-e" "RUSTFLAGS=--cap-lints=warn" "-e" "RUSTDOCFLAGS=--cap-lints=warn" "-w" "/opt/rustwide/workdir" "--user" "0:0" "1633152f47804fd112e272e08379c1b749021acb78c80aee90058460b6f2b480" "/opt/rustwide/cargo-home/bin/cargo" "+1.99.0-beta.8" "build" "--frozen" "--message-format=json" "--release", kill_on_drop: false }`
[INFO] [stderr]    Compiling serde v1.0.219
[INFO] [stderr]    Compiling pastey v0.1.1
[INFO] [stderr]    Compiling mason-rs v0.4.0 (/opt/rustwide/workdir)
[INFO] [stderr]     Finished `release` profile [optimized] target(s) in 5.85s
[INFO] running `Command { std: "docker" "inspect" "1633152f47804fd112e272e08379c1b749021acb78c80aee90058460b6f2b480", kill_on_drop: false }`
[INFO] running `Command { std: "docker" "exec" "-e" "SOURCE_DIR=/opt/rustwide/workdir" "-e" "CARGO_HOME=/opt/rustwide/cargo-home" "-e" "RUSTUP_HOME=/opt/rustwide/rustup-home" "-e" "CARGO_TARGET_DIR=/opt/rustwide/target" "-e" "CARGO_INCREMENTAL=0" "-e" "RUST_BACKTRACE=full" "-e" "RUSTFLAGS=--cap-lints=warn" "-e" "RUSTDOCFLAGS=--cap-lints=warn" "-w" "/opt/rustwide/workdir" "--user" "0:0" "1633152f47804fd112e272e08379c1b749021acb78c80aee90058460b6f2b480" "/opt/rustwide/cargo-home/bin/cargo" "+1.99.0-beta.8" "test" "--frozen" "--no-run" "--message-format=json" "--release", kill_on_drop: false }`
[INFO] [stderr]    Compiling proc-macro2 v1.0.95
[INFO] [stderr]    Compiling unicode-ident v1.0.18
[INFO] [stderr]    Compiling serde v1.0.219
[INFO] [stderr]    Compiling serde_json v1.0.142
[INFO] [stderr]    Compiling memchr v2.7.5
[INFO] [stderr]    Compiling itoa v1.0.15
[INFO] [stderr]    Compiling ryu v1.0.20
[INFO] [stderr]    Compiling base64 v0.22.1
[INFO] [stderr]    Compiling quote v1.0.40
[INFO] [stderr]    Compiling syn v2.0.104
[INFO] [stderr]    Compiling serde_derive v1.0.219
[INFO] [stderr]    Compiling mason-rs v0.4.0 (/opt/rustwide/workdir)
[INFO] [stderr]     Finished `release` profile [optimized] target(s) in 23.68s
[INFO] running `Command { std: "docker" "inspect" "1633152f47804fd112e272e08379c1b749021acb78c80aee90058460b6f2b480", kill_on_drop: false }`
[INFO] running `Command { std: "docker" "exec" "-e" "SOURCE_DIR=/opt/rustwide/workdir" "-e" "CARGO_HOME=/opt/rustwide/cargo-home" "-e" "RUSTUP_HOME=/opt/rustwide/rustup-home" "-e" "CARGO_TARGET_DIR=/opt/rustwide/target" "-e" "CARGO_INCREMENTAL=0" "-e" "RUST_BACKTRACE=full" "-e" "RUSTFLAGS=--cap-lints=warn" "-e" "RUSTDOCFLAGS=--cap-lints=warn" "-w" "/opt/rustwide/workdir" "--user" "0:0" "1633152f47804fd112e272e08379c1b749021acb78c80aee90058460b6f2b480" "/opt/rustwide/cargo-home/bin/cargo" "+1.99.0-beta.8" "test" "--frozen" "--release", kill_on_drop: false }`
[INFO] [stderr]     Finished `release` profile [optimized] target(s) in 0.04s
[INFO] [stderr]      Running unittests src/lib.rs (/opt/rustwide/target/release/deps/mason_rs-dc9fbdb5d4336fff)
[INFO] [stdout] 
[INFO] [stdout] running 26 tests
[INFO] [stdout] test deserialize::value::number::tests::test_parse_base ... ok
[INFO] [stdout] test deserialize::value::number::tests::test_parse_number ... ok
[INFO] [stdout] test deserialize::value::string::tests::test_parse_multi_line_string ... ok
[INFO] [stdout] test deserialize::value::string::tests::test_parse_byte_string ... ok
[INFO] [stdout] test deserialize::value::string::tests::test_parse_string ... ok
[INFO] [stdout] test deserialize::value::object::tests::test_parse_object ... ok
[INFO] [stdout] test deserialize::value::array::tests::test_parse_array ... ok
[INFO] [stdout] test deserialize::value::tests::test_parse_value ... ok
[INFO] [stdout] test deserialize::whitespace::tests::test_parse_sep ... ok
[INFO] [stdout] test deserialize::value::string::tests::test_parse_raw_string ... ok
[INFO] [stdout] test deserialize::whitespace::tests::test_skip_whitespace ... ok
[INFO] [stdout] test hex::tests::test_encode_hex ... ok
[INFO] [stdout] test hex::tests::test_hex_to_num ... ok
[INFO] [stdout] test hex::tests::test_num_to_hex ... ok
[INFO] [stdout] test hex::tests::test_decode_hex ... ok
[INFO] [stdout] test peek_reader::tests::test_small_buf ... ok
[INFO] [stdout] test serde::de::tests::test_complicated ... ok
[INFO] [stdout] test peek_reader::tests::test_peek_reader ... ok
[INFO] [stdout] test serde::de::tests::test_struct ... ok
[INFO] [stdout] test serde::ser::tests::test_complicated ... ok
[INFO] [stdout] test serde::ser::tests::test_enum ... ok
[INFO] [stdout] test serde::de::tests::test_enum ... ok
[INFO] [stdout] test serialize::tests::test_to_string ... ok
[INFO] [stdout] test unescape_string::tests::test_unescape_string ... ok
[INFO] [stdout] test serde::ser::tests::test_struct ... ok
[INFO] [stdout] test tests::test_parser ... FAILED
[INFO] [stdout] 
[INFO] [stdout] failures:
[INFO] [stdout] 
[INFO] [stdout] ---- tests::test_parser stdout ----
[INFO] [stdout] fatal: could not create work tree dir 'mason': Read-only file system
[INFO] [stdout] 
[INFO] [stdout] 
[INFO] [stdout] thread 'tests::test_parser' (484) panicked at src/tests.rs:25:9:
[INFO] [stdout] Failed to run git clone https://github.com/mortie/mason.git -c core.autocrlf=false
[INFO] [stdout] stack backtrace:
[INFO] [stdout]    0:     0x57621a1d0801 - <<std[70759c8f55707aa4]::sys::backtrace::BacktraceLock>::print::DisplayBacktrace as core[df12db4294e9bfd3]::fmt::Display>::fmt
[INFO] [stdout]    1:     0x57621a1e6a7a - core[df12db4294e9bfd3]::fmt::write
[INFO] [stdout]    2:     0x57621a1d50cc - <alloc[2182bb758b4b3781]::vec::Vec<u8> as core[df12db4294e9bfd3]::io::write::Write>::write_fmt
[INFO] [stdout]    3:     0x57621a1ac6e6 - std[70759c8f55707aa4]::panicking::default_hook::{closure#0}
[INFO] [stdout]    4:     0x57621a1c8d59 - std[70759c8f55707aa4]::panicking::default_hook
[INFO] [stdout]    5:     0x57621a1623a0 - test[9d35eded1c95d3be]::test_main_inner::<test[9d35eded1c95d3be]::test_main_static::{closure#0}>::{closure#0}
[INFO] [stdout]    6:     0x57621a1c8f12 - std[70759c8f55707aa4]::panicking::panic_with_hook
[INFO] [stdout]    7:     0x57621a1ac792 - std[70759c8f55707aa4]::panicking::panic_handler::{closure#0}
[INFO] [stdout]    8:     0x57621a1a5449 - std[70759c8f55707aa4]::sys::backtrace::__rust_end_short_backtrace::<std[70759c8f55707aa4]::panicking::panic_handler::{closure#0}, !>
[INFO] [stdout]    9:     0x57621a1ad38d - __rustc[8fa7c3cbc660c2b3]::rust_begin_unwind
[INFO] [stdout]   10:     0x57621a1e71ac - core[df12db4294e9bfd3]::panicking::panic_fmt
[INFO] [stdout]   11:     0x57621a12f382 - mason_rs[e2ae1327900920d0]::tests::try_run
[INFO] [stdout]   12:     0x57621a12f535 - mason_rs[e2ae1327900920d0]::tests::test_parser
[INFO] [stdout]   13:     0x57621a13d0a9 - <mason_rs[e2ae1327900920d0]::tests::test_parser::{closure#0} as core[df12db4294e9bfd3]::ops::function::FnOnce<()>>::call_once
[INFO] [stdout]   14:     0x57621a15568b - test[9d35eded1c95d3be]::__rust_begin_short_backtrace::<core[df12db4294e9bfd3]::result::Result<(), alloc[2182bb758b4b3781]::string::String>, fn() -> core[df12db4294e9bfd3]::result::Result<(), alloc[2182bb758b4b3781]::string::String>>
[INFO] [stdout]   15:     0x57621a162cf5 - test[9d35eded1c95d3be]::run_test::{closure#0}
[INFO] [stdout]   16:     0x57621a15c5b4 - std[70759c8f55707aa4]::sys::backtrace::__rust_begin_short_backtrace::<test[9d35eded1c95d3be]::run_test::{closure#1}, ()>
[INFO] [stdout]   17:     0x57621a165e52 - <std[70759c8f55707aa4]::thread::lifecycle::spawn_unchecked<test[9d35eded1c95d3be]::run_test::{closure#1}, ()>::{closure#1} as core[df12db4294e9bfd3]::ops::function::FnOnce<()>>::call_once::{shim:vtable#0}
[INFO] [stdout]   18:     0x57621a1d00d9 - <std[70759c8f55707aa4]::sys::thread::unix::Thread>::new::thread_start
[INFO] [stdout]   19:     0x7bc15ffa9dfa - <unknown>
[INFO] [stdout]   20:     0x7bc16003d3d4 - clone
[INFO] [stdout]   21:                0x0 - <unknown>
[INFO] [stdout] 
[INFO] [stdout] 
[INFO] [stdout] failures:
[INFO] [stdout]     tests::test_parser
[INFO] [stdout] 
[INFO] [stdout] test result: FAILED. 25 passed; 1 failed; 0 ignored; 0 measured; 0 filtered out; finished in 0.04s
[INFO] [stdout] 
[INFO] [stderr] error: test failed, to rerun pass `--lib`
[INFO] running `Command { std: "docker" "inspect" "1633152f47804fd112e272e08379c1b749021acb78c80aee90058460b6f2b480", kill_on_drop: false }`
[INFO] running `Command { std: "docker" "rm" "-f" "1633152f47804fd112e272e08379c1b749021acb78c80aee90058460b6f2b480", kill_on_drop: false }`
[INFO] [stdout] 1633152f47804fd112e272e08379c1b749021acb78c80aee90058460b6f2b480
