[INFO] fetching crate marqant 1.1.8...
[INFO] testing marqant-1.1.8 against 1.100.0-beta.1+cargoflags=--release for beta-release-1.100-2
[INFO] extracting crate marqant 1.1.8 into /workspace/builds/worker-5-tc2/source
[INFO] started tweaking crates.io crate marqant 1.1.8
[INFO] removed 0 missing examples
[INFO] removed 0 missing tests
[INFO] finished tweaking crates.io crate marqant 1.1.8
[INFO] tweaked toml for crates.io crate marqant 1.1.8 written to /workspace/builds/worker-5-tc2/source/Cargo.toml
[INFO] validating manifest of crates.io crate marqant 1.1.8 on toolchain 1.100.0-beta.1
[INFO] running `Command { std: CARGO_HOME="/workspace/cargo-home" RUSTUP_HOME="/workspace/rustup-home" "/workspace/cargo-home/bin/cargo" "+1.100.0-beta.1" "metadata" "--manifest-path" "Cargo.toml" "--no-deps", kill_on_drop: false }`
[INFO] crate crates.io crate marqant 1.1.8 already has a lockfile, it will not be regenerated
[INFO] running `Command { std: CARGO_HOME="/workspace/cargo-home" RUSTUP_HOME="/workspace/rustup-home" "/workspace/cargo-home/bin/cargo" "+1.100.0-beta.1" "fetch" "--manifest-path" "Cargo.toml", kill_on_drop: false }`
[INFO] [stderr] warning: `package.homepage` is redundant with `package.repository`
[INFO] [stderr]   --> Cargo.toml:93:12
[INFO] [stderr]    |
[INFO] [stderr] 93 | homepage = "https://github.com/8b-is/marqant"
[INFO] [stderr]    |            ^^^^^^^^^^^^^^^^^^^^^^^^^^^^^^^^^^
[INFO] [stderr] ...
[INFO] [stderr] 98 | repository = "https://github.com/8b-is/marqant"
[INFO] [stderr]    |              ----------------------------------
[INFO] [stderr]    |
[INFO] [stderr]    = note: `cargo::redundant_homepage` is set to `warn` by default
[INFO] [stderr] help: consider removing `package.homepage`
[INFO] [stderr] warning: `marqant` (manifest) generated 1 warning
[INFO] running `Command { std: "docker" "create" "-v" "/var/lib/crater-agent-workspace/builds/worker-5-tc2/source:/opt/rustwide/workdir:ro,Z" "-v" "/var/lib/crater-agent-workspace/builds/worker-5-tc2/target:/opt/rustwide/target:rw,Z" "-v" "/var/lib/crater-agent-workspace/cargo-home:/opt/rustwide/cargo-home:ro,Z" "-v" "/var/lib/crater-agent-workspace/rustup-home:/opt/rustwide/rustup-home:ro,Z" "-m" "1610612736" "--network" "none" "ghcr.io/rust-lang/crates-build-env/linux@sha256:77db811e55d90add9212f6832c23229e3de5f1c1f9905e8cb07319ea15df73ac" "sleep" "infinity", kill_on_drop: false }`
[INFO] [stdout] 160b2b1eba5dc19bb1d18ce9165075043502b942d25f1393165fbc7387211d2b
[INFO] running `Command { std: "docker" "start" "160b2b1eba5dc19bb1d18ce9165075043502b942d25f1393165fbc7387211d2b", kill_on_drop: false }`
[INFO] running `Command { std: "docker" "inspect" "160b2b1eba5dc19bb1d18ce9165075043502b942d25f1393165fbc7387211d2b", kill_on_drop: false }`
[INFO] running `Command { std: "docker" "exec" "-e" "SOURCE_DIR=/opt/rustwide/workdir" "-e" "CARGO_HOME=/opt/rustwide/cargo-home" "-e" "RUSTUP_HOME=/opt/rustwide/rustup-home" "-e" "CARGO_TARGET_DIR=/opt/rustwide/target" "-w" "/opt/rustwide/workdir" "--user" "0:0" "160b2b1eba5dc19bb1d18ce9165075043502b942d25f1393165fbc7387211d2b" "/opt/rustwide/cargo-home/bin/cargo" "+1.100.0-beta.1" "metadata" "--no-deps" "--format-version=1", kill_on_drop: false }`
[INFO] running `Command { std: "docker" "inspect" "160b2b1eba5dc19bb1d18ce9165075043502b942d25f1393165fbc7387211d2b", kill_on_drop: false }`
[INFO] running `Command { std: "docker" "exec" "-e" "SOURCE_DIR=/opt/rustwide/workdir" "-e" "CARGO_HOME=/opt/rustwide/cargo-home" "-e" "RUSTUP_HOME=/opt/rustwide/rustup-home" "-e" "CARGO_TARGET_DIR=/opt/rustwide/target" "-e" "CARGO_INCREMENTAL=0" "-e" "RUST_BACKTRACE=full" "-e" "RUSTFLAGS=--cap-lints=warn" "-e" "RUSTDOCFLAGS=--cap-lints=warn" "-w" "/opt/rustwide/workdir" "--user" "0:0" "160b2b1eba5dc19bb1d18ce9165075043502b942d25f1393165fbc7387211d2b" "/opt/rustwide/cargo-home/bin/cargo" "+1.100.0-beta.1" "build" "--frozen" "--message-format=json" "--release", kill_on_drop: false }`
[INFO] [stderr] warning: `package.homepage` is redundant with `package.repository`
[INFO] [stderr]   --> Cargo.toml:93:12
[INFO] [stderr]    |
[INFO] [stderr] 93 | homepage = "https://github.com/8b-is/marqant"
[INFO] [stderr]    |            ^^^^^^^^^^^^^^^^^^^^^^^^^^^^^^^^^^
[INFO] [stderr] ...
[INFO] [stderr] 98 | repository = "https://github.com/8b-is/marqant"
[INFO] [stderr]    |              ----------------------------------
[INFO] [stderr]    |
[INFO] [stderr]    = note: `cargo::redundant_homepage` is set to `warn` by default
[INFO] [stderr] help: consider removing `package.homepage`
[INFO] [stderr] warning: `marqant` (manifest) generated 1 warning
[INFO] [stderr]    Compiling libc v0.2.174
[INFO] [stderr]    Compiling num-traits v0.2.19
[INFO] [stderr]    Compiling serde v1.0.219
[INFO] [stderr]    Compiling anyhow v1.0.98
[INFO] [stderr]    Compiling cfg-if v1.0.1
[INFO] [stderr]    Compiling option-ext v0.2.0
[INFO] [stderr]    Compiling iana-time-zone v0.1.63
[INFO] [stderr]    Compiling miniz_oxide v0.8.9
[INFO] [stderr]    Compiling crc32fast v1.5.0
[INFO] [stderr]    Compiling flate2 v1.1.2
[INFO] [stderr]    Compiling dirs-sys v0.4.1
[INFO] [stderr]    Compiling dirs v5.0.1
[INFO] [stderr]    Compiling chrono v0.4.41
[INFO] [stderr]    Compiling marqant v1.1.8 (/opt/rustwide/workdir)
[INFO] [stderr]     Finished `release` profile [optimized] target(s) in 16.45s
[INFO] running `Command { std: "docker" "inspect" "160b2b1eba5dc19bb1d18ce9165075043502b942d25f1393165fbc7387211d2b", kill_on_drop: false }`
[INFO] running `Command { std: "docker" "exec" "-e" "SOURCE_DIR=/opt/rustwide/workdir" "-e" "CARGO_HOME=/opt/rustwide/cargo-home" "-e" "RUSTUP_HOME=/opt/rustwide/rustup-home" "-e" "CARGO_TARGET_DIR=/opt/rustwide/target" "-e" "CARGO_INCREMENTAL=0" "-e" "RUST_BACKTRACE=full" "-e" "RUSTFLAGS=--cap-lints=warn" "-e" "RUSTDOCFLAGS=--cap-lints=warn" "-w" "/opt/rustwide/workdir" "--user" "0:0" "160b2b1eba5dc19bb1d18ce9165075043502b942d25f1393165fbc7387211d2b" "/opt/rustwide/cargo-home/bin/cargo" "+1.100.0-beta.1" "test" "--frozen" "--no-run" "--message-format=json" "--release", kill_on_drop: false }`
[INFO] [stderr] warning: `package.homepage` is redundant with `package.repository`
[INFO] [stderr]   --> Cargo.toml:93:12
[INFO] [stderr]    |
[INFO] [stderr] 93 | homepage = "https://github.com/8b-is/marqant"
[INFO] [stderr]    |            ^^^^^^^^^^^^^^^^^^^^^^^^^^^^^^^^^^
[INFO] [stderr] ...
[INFO] [stderr] 98 | repository = "https://github.com/8b-is/marqant"
[INFO] [stderr]    |              ----------------------------------
[INFO] [stderr]    |
[INFO] [stderr]    = note: `cargo::redundant_homepage` is set to `warn` by default
[INFO] [stderr] help: consider removing `package.homepage`
[INFO] [stderr] warning: `marqant` (manifest) generated 1 warning
[INFO] [stderr]    Compiling marqant v1.1.8 (/opt/rustwide/workdir)
[INFO] [stdout] warning: unused variable: `text`
[INFO] [stdout]   --> examples/natural_demo.rs:37:30
[INFO] [stdout]    |
[INFO] [stdout] 37 |     pub fn encode_linguistic(text: &str) -> String {
[INFO] [stdout]    |                              ^^^^ help: if this is intentional, prefix it with an underscore: `_text`
[INFO] [stdout]    |
[INFO] [stdout]    = note: `#[warn(unused_variables)]` (part of `#[warn(unused)]`) on by default
[INFO] [stdout] 
[INFO] [stdout] 
[INFO] [stderr]     Finished `release` profile [optimized] target(s) in 9.55s
[INFO] running `Command { std: "docker" "inspect" "160b2b1eba5dc19bb1d18ce9165075043502b942d25f1393165fbc7387211d2b", kill_on_drop: false }`
[INFO] running `Command { std: "docker" "exec" "-e" "SOURCE_DIR=/opt/rustwide/workdir" "-e" "CARGO_HOME=/opt/rustwide/cargo-home" "-e" "RUSTUP_HOME=/opt/rustwide/rustup-home" "-e" "CARGO_TARGET_DIR=/opt/rustwide/target" "-e" "CARGO_INCREMENTAL=0" "-e" "RUST_BACKTRACE=full" "-e" "RUSTFLAGS=--cap-lints=warn" "-e" "RUSTDOCFLAGS=--cap-lints=warn" "-w" "/opt/rustwide/workdir" "--user" "0:0" "160b2b1eba5dc19bb1d18ce9165075043502b942d25f1393165fbc7387211d2b" "/opt/rustwide/cargo-home/bin/cargo" "+1.100.0-beta.1" "test" "--frozen" "--release", kill_on_drop: false }`
[INFO] [stderr] warning: `package.homepage` is redundant with `package.repository`
[INFO] [stderr]   --> Cargo.toml:93:12
[INFO] [stderr]    |
[INFO] [stderr] 93 | homepage = "https://github.com/8b-is/marqant"
[INFO] [stderr]    |            ^^^^^^^^^^^^^^^^^^^^^^^^^^^^^^^^^^
[INFO] [stderr] ...
[INFO] [stderr] 98 | repository = "https://github.com/8b-is/marqant"
[INFO] [stderr]    |              ----------------------------------
[INFO] [stderr]    |
[INFO] [stderr]    = note: `cargo::redundant_homepage` is set to `warn` by default
[INFO] [stderr] help: consider removing `package.homepage`
[INFO] [stderr] warning: `marqant` (manifest) generated 1 warning
[INFO] [stderr] warning: unused variable: `text`
[INFO] [stderr]   --> examples/natural_demo.rs:37:30
[INFO] [stderr]    |
[INFO] [stderr] 37 |     pub fn encode_linguistic(text: &str) -> String {
[INFO] [stderr]    |                              ^^^^ help: if this is intentional, prefix it with an underscore: `_text`
[INFO] [stderr]    |
[INFO] [stderr]    = note: `#[warn(unused_variables)]` (part of `#[warn(unused)]`) on by default
[INFO] [stderr] 
[INFO] [stderr] warning: `marqant` (example "natural_demo") generated 1 warning (run `cargo fix --example "natural_demo" -p marqant` to apply 1 suggestion)
[INFO] [stderr]     Finished `release` profile [optimized] target(s) in 0.08s
[INFO] [stderr]      Running unittests src/lib.rs (/opt/rustwide/target/release/build/marqant/0b4d0a70458a6bb1/out/marqant-0b4d0a70458a6bb1)
[INFO] [stdout] 
[INFO] [stdout] running 35 tests
[INFO] [stdout] test digest_state::tests::test_novel_pattern ... ok
[INFO] [stdout] test mem8_bridge::tests::test_consciousness_stream ... ok
[INFO] [stdout] test angel_blessings::tests::test_harmony_blessings ... ok
[INFO] [stdout] test angel_blessings::tests::test_strict_mode ... ok
[INFO] [stdout] test angel_blessings::tests::test_minor_blessings ... ok
[INFO] [stdout] test angel_blessings::tests::test_blessing_level_parsing ... ok
[INFO] [stdout] test novelty::tests::test_novelty_classification ... ok
[INFO] [stdout] test mem8_bridge::tests::test_emotional_resonance ... ok
[INFO] [stdout] test novelty::tests::test_novelty_decay ... ok
[INFO] [stdout] test bridge::tests::test_cross_language_bridge ... ok
[INFO] [stdout] test mem8_bridge::tests::test_memory_similarity ... ok
[INFO] [stdout] test mem8_bridge::tests::test_wave_memory_creation ... ok
[INFO] [stdout] test digest_state::tests::test_anomaly_detection ... ok
[INFO] [stdout] test digest_state::tests::test_fhash_deterministic ... ok
[INFO] [stdout] test angel_blessings::tests::test_thermodynamics ... ok
[INFO] [stdout] test semantic::tests::test_semantic_binary_format ... ok
[INFO] [stdout] test utl_phonetics::tests::test_emotional_coloring ... ok
[INFO] [stdout] test tests::round_trip ... ok
[INFO] [stdout] test uni::tests::test_utf8_boundaries ... ok
[INFO] [stdout] test utl_enforced::tests::test_utl_analysis ... ok
[INFO] [stdout] test uni::tests::test_emoji_preservation ... ok
[INFO] [stdout] test uni::tests::test_markdown_patterns ... ok
[INFO] [stdout] test utl_enforced::tests::test_word_boundaries ... ok
[INFO] [stdout] test utl_phonetics::tests::test_ascii_rendering ... ok
[INFO] [stdout] test utl_phonetics::tests::test_i_love_you ... ok
[INFO] [stdout] test log_summarizer::tests::test_pattern_extraction ... ok
[INFO] [stdout] test log_summarizer::tests::test_novelty_detection ... ok
[INFO] [stdout] test utl_pipeline::tests::test_pipeline_flow ... ok
[INFO] [stdout] test utl_pipeline::tests::test_round_trip ... ok
[INFO] [stderr]      Running unittests src/bin/angel_decompressor.rs (/opt/rustwide/target/release/build/marqant/e921c6afb41944d7/out/angel_decompressor-e921c6afb41944d7)
[INFO] [stderr]      Running unittests src/bin/demon_compressor.rs (/opt/rustwide/target/release/build/marqant/adaba5a3b3917bbc/out/demon_compressor-adaba5a3b3917bbc)
[INFO] [stdout] test utl_enforced::tests::test_enforced_pipeline ... ok
[INFO] [stdout] test semantic::tests::test_wave_encoding ... ok
[INFO] [stdout] test semantic::tests::test_semantic_encoding ... ok
[INFO] [stdout] test utl_phonetics::tests::test_temporal_pitch ... ok
[INFO] [stdout] test semantic::tests::test_universal_rendering ... ok
[INFO] [stdout] test utl_phonetics::tests::test_pack_roundtrip ... ok
[INFO] [stdout] 
[INFO] [stdout] test result: ok. 35 passed; 0 failed; 0 ignored; 0 measured; 0 filtered out; finished in 0.01s
[INFO] [stdout] 
[INFO] [stdout] 
[INFO] [stdout] running 0 tests
[INFO] [stdout] 
[INFO] [stdout] test result: ok. 0 passed; 0 failed; 0 ignored; 0 measured; 0 filtered out; finished in 0.00s
[INFO] [stdout] 
[INFO] [stderr]      Running unittests src/main.rs (/opt/rustwide/target/release/build/marqant/a58e30c1b0b4c2dd/out/mq-a58e30c1b0b4c2dd)
[INFO] [stdout] 
[INFO] [stdout] running 0 tests
[INFO] [stdout] 
[INFO] [stdout] test result: ok. 0 passed; 0 failed; 0 ignored; 0 measured; 0 filtered out; finished in 0.00s
[INFO] [stdout] 
[INFO] [stdout] 
[INFO] [stderr]      Running tests/angel_levels.rs (/opt/rustwide/target/release/build/marqant/c75d755132f9b1a0/out/angel_levels-c75d755132f9b1a0)
[INFO] [stdout] running 0 tests
[INFO] [stdout] 
[INFO] [stdout] test result: ok. 0 passed; 0 failed; 0 ignored; 0 measured; 0 filtered out; finished in 0.00s
[INFO] [stdout] 
[INFO] [stdout] 
[INFO] [stdout] running 27 tests
[INFO] [stdout] test level0_preserves_whitespace_exactly ... ok
[INFO] [stdout] test level0_returns_exact_input ... ok
[INFO] [stdout] test blessing_level_descriptions ... ok
[INFO] [stdout] test level0_preserves_unicode ... ok
[INFO] [stdout] test level1_is_deterministic ... ok
[INFO] [stdout] test blessing_level_names ... ok
[INFO] [stdout] test level2_fixes_heading_spacing ... ok
[INFO] [stdout] test level1_fixes_double_spaces ... ok
[INFO] [stdout] test blessings_are_cumulative ... ok
[INFO] [stdout] test level2_is_deterministic ... ok
[INFO] [stdout] test level2_fixes_template_capitalization ... ok
[INFO] [stdout] test level1_fixes_space_before_punctuation ... ok
[INFO] [stdout] test handles_mixed_content ... ok
[INFO] [stdout] test level1_fixes_triple_newlines ... ok
[INFO] [stdout] test level2_fixes_wiki_categories ... ok
[INFO] [stdout] test level2_includes_level1_blessings ... ok
[INFO] [stdout] test level3_different_seeds_may_differ ... ok
[INFO] [stdout] test level0_empty_string ... ok
[INFO] [stdout] test handles_only_whitespace ... ok
[INFO] [stdout] test handles_very_long_text ... ok
[INFO] [stdout] test blessing_level_parsing ... ok
[INFO] [stdout] test size_delta_calculation ... ok
[INFO] [stdout] test thermodynamics_zero_for_strict ... ok
[INFO] [stdout] test level3_same_seed_is_reproducible ... ok
[INFO] [stdout] test level1_fixes_common_typos ... ok
[INFO] [stdout] test thermodynamics_positive_for_blessings ... ok
[INFO] [stdout] test level3_includes_all_previous_levels ... ok
[INFO] [stdout] 
[INFO] [stdout] test result: ok. 27 passed; 0 failed; 0 ignored; 0 measured; 0 filtered out; finished in 0.01s
[INFO] [stdout] 
[INFO] [stderr]      Running tests/compile_fail_demo.rs (/opt/rustwide/target/release/build/marqant/838c3ebc17238bed/out/compile_fail_demo-838c3ebc17238bed)
[INFO] [stdout] 
[INFO] [stdout] running 1 test
[INFO] [stdout] test utl_only_pipeline_works ... ok
[INFO] [stdout] 
[INFO] [stdout] test result: ok. 1 passed; 0 failed; 0 ignored; 0 measured; 0 filtered out; finished in 0.00s
[INFO] [stdout] 
[INFO] [stderr]      Running tests/dns.rs (/opt/rustwide/target/release/build/marqant/114862a370b3e68c/out/dns-114862a370b3e68c)
[INFO] [stdout] 
[INFO] [stdout] running 3 tests
[INFO] [stdout] test resolve_dns_nxdomain ... FAILED
[INFO] [stdout] test resolve_dns_success ... FAILED
[INFO] [stdout] test resolve_dns_invalid_pair ... FAILED
[INFO] [stdout] 
[INFO] [stdout] failures:
[INFO] [stdout] 
[INFO] [stdout] ---- resolve_dns_nxdomain stdout ----
[INFO] [stdout] 
[INFO] [stdout] thread 'resolve_dns_nxdomain' (1428) panicked at tests/dns.rs:7:34:
[INFO] [stdout] called `Result::unwrap()` on an `Err` value: Os { code: 2, kind: NotFound, message: "No such file or directory" }
[INFO] [stdout] stack backtrace:
[INFO] [stdout]    0:     0x5948f9a24691 - <<std[617be2ca0a6fd877]::sys::backtrace::BacktraceLock>::print::DisplayBacktrace as core[a373ad73a504971]::fmt::Display>::fmt
[INFO] [stdout]    1:     0x5948f9a38e3a - core[a373ad73a504971]::fmt::write
[INFO] [stdout]    2:     0x5948f9a28dac - <alloc[2e1b2a31b91974c5]::vec::Vec<u8> as core[a373ad73a504971]::io::write::Write>::write_fmt
[INFO] [stdout]    3:     0x5948f99fffe6 - std[617be2ca0a6fd877]::panicking::default_hook::{closure#0}
[INFO] [stdout]    4:     0x5948f9a1ca19 - std[617be2ca0a6fd877]::panicking::default_hook
[INFO] [stdout]    5:     0x5948f99b2120 - test[aada8e7e76ba119b]::test_main_inner::{closure#0}
[INFO] [stdout]    6:     0x5948f9a1cbd2 - std[617be2ca0a6fd877]::panicking::panic_with_hook
[INFO] [stdout]    7:     0x5948f9a00092 - std[617be2ca0a6fd877]::panicking::panic_handler::{closure#0}
[INFO] [stdout]    8:     0x5948f99f85d9 - std[617be2ca0a6fd877]::sys::backtrace::__rust_end_short_backtrace::<std[617be2ca0a6fd877]::panicking::panic_handler::{closure#0}, !>
[INFO] [stdout]    9:     0x5948f9a00e4d - __rustc[ea4f61d10b84890b]::rust_begin_unwind
[INFO] [stdout]   10:     0x5948f9a3956c - core[a373ad73a504971]::panicking::panic_fmt
[INFO] [stdout]   11:     0x5948f9a39342 - core[a373ad73a504971]::result::unwrap_failed
[INFO] [stdout]   12:     0x5948f99a41f8 - dns[b54e7bc1f58c5a9c]::mock_dig
[INFO] [stdout]   13:     0x5948f99a53b9 - <dns[b54e7bc1f58c5a9c]::resolve_dns_nxdomain::{closure#0} as core[a373ad73a504971]::ops::function::FnOnce<()>>::call_once
[INFO] [stdout]   14:     0x5948f99a556b - test[aada8e7e76ba119b]::__rust_begin_short_backtrace::<core[a373ad73a504971]::result::Result<(), alloc[2e1b2a31b91974c5]::string::String>, fn() -> core[a373ad73a504971]::result::Result<(), alloc[2e1b2a31b91974c5]::string::String>>
[INFO] [stdout]   15:     0x5948f99b2745 - test[aada8e7e76ba119b]::run_test::{closure#0}
[INFO] [stdout]   16:     0x5948f99ac034 - std[617be2ca0a6fd877]::sys::backtrace::__rust_begin_short_backtrace::<test[aada8e7e76ba119b]::run_test::{closure#1}, ()>
[INFO] [stdout]   17:     0x5948f99b57d2 - <std[617be2ca0a6fd877]::thread::lifecycle::spawn_unchecked<test[aada8e7e76ba119b]::run_test::{closure#1}, ()>::{closure#1} as core[a373ad73a504971]::ops::function::FnOnce<()>>::call_once::{shim:vtable#0}
[INFO] [stdout]   18:     0x5948f9a23d0f - <std[617be2ca0a6fd877]::sys::thread::unix::Thread>::new::thread_start
[INFO] [stdout]   19:     0x7157e5a71dfa - <unknown>
[INFO] [stdout]   20:     0x7157e5b053d4 - clone
[INFO] [stdout]   21:                0x0 - <unknown>
[INFO] [stdout] 
[INFO] [stdout] ---- resolve_dns_success stdout ----
[INFO] [stdout] 
[INFO] [stdout] thread 'resolve_dns_success' (1429) panicked at tests/dns.rs:7:34:
[INFO] [stdout] called `Result::unwrap()` on an `Err` value: Os { code: 2, kind: NotFound, message: "No such file or directory" }
[INFO] [stdout] stack backtrace:
[INFO] [stdout]    0:     0x5948f9a24691 - <<std[617be2ca0a6fd877]::sys::backtrace::BacktraceLock>::print::DisplayBacktrace as core[a373ad73a504971]::fmt::Display>::fmt
[INFO] [stdout]    1:     0x5948f9a38e3a - core[a373ad73a504971]::fmt::write
[INFO] [stdout]    2:     0x5948f9a28dac - <alloc[2e1b2a31b91974c5]::vec::Vec<u8> as core[a373ad73a504971]::io::write::Write>::write_fmt
[INFO] [stdout]    3:     0x5948f99fffe6 - std[617be2ca0a6fd877]::panicking::default_hook::{closure#0}
[INFO] [stdout]    4:     0x5948f9a1ca19 - std[617be2ca0a6fd877]::panicking::default_hook
[INFO] [stdout]    5:     0x5948f99b2120 - test[aada8e7e76ba119b]::test_main_inner::{closure#0}
[INFO] [stdout]    6:     0x5948f9a1cbd2 - std[617be2ca0a6fd877]::panicking::panic_with_hook
[INFO] [stdout]    7:     0x5948f9a00092 - std[617be2ca0a6fd877]::panicking::panic_handler::{closure#0}
[INFO] [stdout]    8:     0x5948f99f85d9 - std[617be2ca0a6fd877]::sys::backtrace::__rust_end_short_backtrace::<std[617be2ca0a6fd877]::panicking::panic_handler::{closure#0}, !>
[INFO] [stdout]    9:     0x5948f9a00e4d - __rustc[ea4f61d10b84890b]::rust_begin_unwind
[INFO] [stdout]   10:     0x5948f9a3956c - core[a373ad73a504971]::panicking::panic_fmt
[INFO] [stdout]   11:     0x5948f9a39342 - core[a373ad73a504971]::result::unwrap_failed
[INFO] [stdout]   12:     0x5948f99a41f8 - dns[b54e7bc1f58c5a9c]::mock_dig
[INFO] [stdout]   13:     0x5948f99a4c49 - <dns[b54e7bc1f58c5a9c]::resolve_dns_success::{closure#0} as core[a373ad73a504971]::ops::function::FnOnce<()>>::call_once
[INFO] [stdout]   14:     0x5948f99a556b - test[aada8e7e76ba119b]::__rust_begin_short_backtrace::<core[a373ad73a504971]::result::Result<(), alloc[2e1b2a31b91974c5]::string::String>, fn() -> core[a373ad73a504971]::result::Result<(), alloc[2e1b2a31b91974c5]::string::String>>
[INFO] [stdout]   15:     0x5948f99b2745 - test[aada8e7e76ba119b]::run_test::{closure#0}
[INFO] [stdout]   16:     0x5948f99ac034 - std[617be2ca0a6fd877]::sys::backtrace::__rust_begin_short_backtrace::<test[aada8e7e76ba119b]::run_test::{closure#1}, ()>
[INFO] [stdout]   17:     0x5948f99b57d2 - <std[617be2ca0a6fd877]::thread::lifecycle::spawn_unchecked<test[aada8e7e76ba119b]::run_test::{closure#1}, ()>::{closure#1} as core[a373ad73a504971]::ops::function::FnOnce<()>>::call_once::{shim:vtable#0}
[INFO] [stdout]   18:     0x5948f9a23d0f - <std[617be2ca0a6fd877]::sys::thread::unix::Thread>::new::thread_start
[INFO] [stdout]   19:     0x7157e5a71dfa - <unknown>
[INFO] [stdout]   20:     0x7157e5b053d4 - clone
[INFO] [stdout]   21:                0x0 - <unknown>
[INFO] [stdout] 
[INFO] [stdout] ---- resolve_dns_invalid_pair stdout ----
[INFO] [stdout] 
[INFO] [stdout] thread 'resolve_dns_invalid_pair' (1427) panicked at tests/dns.rs:7:34:
[INFO] [stdout] called `Result::unwrap()` on an `Err` value: Os { code: 2, kind: NotFound, message: "No such file or directory" }
[INFO] [stdout] stack backtrace:
[INFO] [stdout]    0:     0x5948f9a24691 - <<std[617be2ca0a6fd877]::sys::backtrace::BacktraceLock>::print::DisplayBacktrace as core[a373ad73a504971]::fmt::Display>::fmt
[INFO] [stdout]    1:     0x5948f9a38e3a - core[a373ad73a504971]::fmt::write
[INFO] [stdout]    2:     0x5948f9a28dac - <alloc[2e1b2a31b91974c5]::vec::Vec<u8> as core[a373ad73a504971]::io::write::Write>::write_fmt
[INFO] [stdout]    3:     0x5948f99fffe6 - std[617be2ca0a6fd877]::panicking::default_hook::{closure#0}
[INFO] [stdout]    4:     0x5948f9a1ca19 - std[617be2ca0a6fd877]::panicking::default_hook
[INFO] [stdout]    5:     0x5948f99b2120 - test[aada8e7e76ba119b]::test_main_inner::{closure#0}
[INFO] [stdout]    6:     0x5948f9a1cbd2 - std[617be2ca0a6fd877]::panicking::panic_with_hook
[INFO] [stdout]    7:     0x5948f9a00092 - std[617be2ca0a6fd877]::panicking::panic_handler::{closure#0}
[INFO] [stdout]    8:     0x5948f99f85d9 - std[617be2ca0a6fd877]::sys::backtrace::__rust_end_short_backtrace::<std[617be2ca0a6fd877]::panicking::panic_handler::{closure#0}, !>
[INFO] [stdout]    9:     0x5948f9a00e4d - __rustc[ea4f61d10b84890b]::rust_begin_unwind
[INFO] [stdout]   10:     0x5948f9a3956c - core[a373ad73a504971]::panicking::panic_fmt
[INFO] [stdout]   11:     0x5948f9a39342 - core[a373ad73a504971]::result::unwrap_failed
[INFO] [stdout]   12:     0x5948f99a41f8 - dns[b54e7bc1f58c5a9c]::mock_dig
[INFO] [stdout]   13:     0x5948f99a54ab - <dns[b54e7bc1f58c5a9c]::resolve_dns_invalid_pair::{closure#0} as core[a373ad73a504971]::ops::function::FnOnce<()>>::call_once
[INFO] [stdout]   14:     0x5948f99a556b - test[aada8e7e76ba119b]::__rust_begin_short_backtrace::<core[a373ad73a504971]::result::Result<(), alloc[2e1b2a31b91974c5]::string::String>, fn() -> core[a373ad73a504971]::result::Result<(), alloc[2e1b2a31b91974c5]::string::String>>
[INFO] [stdout]   15:     0x5948f99b2745 - test[aada8e7e76ba119b]::run_test::{closure#0}
[INFO] [stdout]   16:     0x5948f99ac034 - std[617be2ca0a6fd877]::sys::backtrace::__rust_begin_short_backtrace::<test[aada8e7e76ba119b]::run_test::{closure#1}, ()>
[INFO] [stdout]   17:     0x5948f99b57d2 - <std[617be2ca0a6fd877]::thread::lifecycle::spawn_unchecked<test[aada8e7e76ba119b]::run_test::{closure#1}, ()>::{closure#1} as core[a373ad73a504971]::ops::function::FnOnce<()>>::call_once::{shim:vtable#0}
[INFO] [stdout]   18:     0x5948f9a23d0f - <std[617be2ca0a6fd877]::sys::thread::unix::Thread>::new::thread_start
[INFO] [stdout]   19:     0x7157e5a71dfa - <unknown>
[INFO] [stdout]   20:     0x7157e5b053d4 - clone
[INFO] [stdout]   21:                0x0 - <unknown>
[INFO] [stdout] 
[INFO] [stdout] 
[INFO] [stdout] failures:
[INFO] [stdout]     resolve_dns_invalid_pair
[INFO] [stdout]     resolve_dns_nxdomain
[INFO] [stdout]     resolve_dns_success
[INFO] [stdout] 
[INFO] [stdout] test result: FAILED. 0 passed; 3 failed; 0 ignored; 0 measured; 0 filtered out; finished in 0.00s
[INFO] [stdout] 
[INFO] [stderr] error: test failed, to rerun pass `--test dns`
[INFO] running `Command { std: "docker" "inspect" "160b2b1eba5dc19bb1d18ce9165075043502b942d25f1393165fbc7387211d2b", kill_on_drop: false }`
[INFO] running `Command { std: "docker" "rm" "-f" "160b2b1eba5dc19bb1d18ce9165075043502b942d25f1393165fbc7387211d2b", kill_on_drop: false }`
[INFO] [stdout] 160b2b1eba5dc19bb1d18ce9165075043502b942d25f1393165fbc7387211d2b
