[INFO] fetching crate markstone-actos 0.1.0...
[INFO] testing markstone-actos-0.1.0 against 1.99.0-beta.8+cargoflags=--release for beta-release-1.100-2
[INFO] extracting crate markstone-actos 0.1.0 into /workspace/builds/worker-6-tc1/source
[INFO] started tweaking crates.io crate markstone-actos 0.1.0
[INFO] removed 0 missing tests
[INFO] finished tweaking crates.io crate markstone-actos 0.1.0
[INFO] tweaked toml for crates.io crate markstone-actos 0.1.0 written to /workspace/builds/worker-6-tc1/source/Cargo.toml
[INFO] validating manifest of crates.io crate markstone-actos 0.1.0 on toolchain 1.99.0-beta.8
[INFO] running `Command { std: CARGO_HOME="/workspace/cargo-home" RUSTUP_HOME="/workspace/rustup-home" "/workspace/cargo-home/bin/cargo" "+1.99.0-beta.8" "metadata" "--manifest-path" "Cargo.toml" "--no-deps", kill_on_drop: false }`
[INFO] crate crates.io crate markstone-actos 0.1.0 already has a lockfile, it will not be regenerated
[INFO] running `Command { std: CARGO_HOME="/workspace/cargo-home" RUSTUP_HOME="/workspace/rustup-home" "/workspace/cargo-home/bin/cargo" "+1.99.0-beta.8" "fetch" "--manifest-path" "Cargo.toml", kill_on_drop: false }`
[INFO] [stderr]     Blocking waiting for file lock on package cache
[INFO] [stderr]     Updating crates.io index
[INFO] [stderr]     Blocking waiting for file lock on package cache
[INFO] [stderr]  Downloading crates ...
[INFO] [stderr]   Downloaded rustc-hash v2.1.3
[INFO] [stderr]   Downloaded smallvec v1.16.1
[INFO] [stderr]   Downloaded markstone-core v0.1.0
[INFO] [stderr]   Downloaded typed-arena v2.0.2
[INFO] [stderr]   Downloaded maplit v1.0.2
[INFO] [stderr]   Downloaded zerofrom-derive v0.1.7
[INFO] [stderr]   Downloaded string_cache_codegen v0.6.1
[INFO] [stderr]   Downloaded precomputed-hash v0.1.1
[INFO] [stderr]   Downloaded new_debug_unreachable v1.0.6
[INFO] [stderr]   Downloaded phf_generator v0.13.1
[INFO] [stderr]   Downloaded dtoa-short v0.3.5
[INFO] [stderr]   Downloaded siphasher v1.0.3
[INFO] [stderr]   Downloaded phf_shared v0.13.1
[INFO] [stderr]   Downloaded phf_codegen v0.13.1
[INFO] [stderr]   Downloaded yoke-derive v0.8.2
[INFO] [stderr]   Downloaded phf v0.13.1
[INFO] [stderr]   Downloaded jetscii v0.5.3
[INFO] [stderr]   Downloaded markup5ever v0.39.0
[INFO] [stderr]   Downloaded web_atoms v0.2.6
[INFO] [stderr]   Downloaded string_cache v0.9.0
[INFO] [stderr]   Downloaded dtoa v1.0.11
[INFO] [stderr]   Downloaded entities v1.0.1
[INFO] [stderr]   Downloaded caseless v0.2.2
[INFO] [stderr]   Downloaded tendril v0.5.1
[INFO] [stderr]   Downloaded tinyvec v1.13.2
[INFO] [stderr]   Downloaded cssparser v0.37.0
[INFO] [stderr]   Downloaded ammonia v4.1.4
[INFO] [stderr]   Downloaded finl_unicode v1.4.0
[INFO] [stderr]   Downloaded html5ever v0.39.0
[INFO] [stderr]   Downloaded comrak v0.55.0
[INFO] running `Command { std: "docker" "create" "-v" "/var/lib/crater-agent-workspace/builds/worker-6-tc1/source:/opt/rustwide/workdir:ro,Z" "-v" "/var/lib/crater-agent-workspace/builds/worker-6-tc1/target:/opt/rustwide/target:rw,Z" "-v" "/var/lib/crater-agent-workspace/cargo-home:/opt/rustwide/cargo-home:ro,Z" "-v" "/var/lib/crater-agent-workspace/rustup-home:/opt/rustwide/rustup-home:ro,Z" "-m" "1610612736" "--network" "none" "ghcr.io/rust-lang/crates-build-env/linux@sha256:77db811e55d90add9212f6832c23229e3de5f1c1f9905e8cb07319ea15df73ac" "sleep" "infinity", kill_on_drop: false }`
[INFO] [stdout] 161b5262320b58c02c3e6eeb68b74be117ff235274ae6223be56a1a9d8f3c755
[INFO] running `Command { std: "docker" "start" "161b5262320b58c02c3e6eeb68b74be117ff235274ae6223be56a1a9d8f3c755", kill_on_drop: false }`
[INFO] running `Command { std: "docker" "inspect" "161b5262320b58c02c3e6eeb68b74be117ff235274ae6223be56a1a9d8f3c755", kill_on_drop: false }`
[INFO] running `Command { std: "docker" "exec" "-e" "SOURCE_DIR=/opt/rustwide/workdir" "-e" "CARGO_HOME=/opt/rustwide/cargo-home" "-e" "RUSTUP_HOME=/opt/rustwide/rustup-home" "-e" "CARGO_TARGET_DIR=/opt/rustwide/target" "-w" "/opt/rustwide/workdir" "--user" "0:0" "161b5262320b58c02c3e6eeb68b74be117ff235274ae6223be56a1a9d8f3c755" "/opt/rustwide/cargo-home/bin/cargo" "+1.99.0-beta.8" "metadata" "--no-deps" "--format-version=1", kill_on_drop: false }`
[INFO] running `Command { std: "docker" "inspect" "161b5262320b58c02c3e6eeb68b74be117ff235274ae6223be56a1a9d8f3c755", kill_on_drop: false }`
[INFO] running `Command { std: "docker" "exec" "-e" "SOURCE_DIR=/opt/rustwide/workdir" "-e" "CARGO_HOME=/opt/rustwide/cargo-home" "-e" "RUSTUP_HOME=/opt/rustwide/rustup-home" "-e" "CARGO_TARGET_DIR=/opt/rustwide/target" "-e" "CARGO_INCREMENTAL=0" "-e" "RUST_BACKTRACE=full" "-e" "RUSTFLAGS=--cap-lints=warn" "-e" "RUSTDOCFLAGS=--cap-lints=warn" "-w" "/opt/rustwide/workdir" "--user" "0:0" "161b5262320b58c02c3e6eeb68b74be117ff235274ae6223be56a1a9d8f3c755" "/opt/rustwide/cargo-home/bin/cargo" "+1.99.0-beta.8" "build" "--frozen" "--message-format=json" "--release", kill_on_drop: false }`
[INFO] [stderr]    Compiling proc-macro2 v1.0.107
[INFO] [stderr]    Compiling siphasher v1.0.3
[INFO] [stderr]    Compiling fastrand v2.5.0
[INFO] [stderr]    Compiling unicode-ident v1.0.24
[INFO] [stderr]    Compiling quote v1.0.47
[INFO] [stderr]    Compiling tinyvec_macros v0.1.1
[INFO] [stderr]    Compiling serde_core v1.0.229
[INFO] [stderr]    Compiling jetscii v0.5.3
[INFO] [stderr]    Compiling zmij v1.0.23
[INFO] [stderr]    Compiling entities v1.0.1
[INFO] [stderr]    Compiling serde v1.0.229
[INFO] [stderr]    Compiling serde_json v1.0.151
[INFO] [stderr]    Compiling finl_unicode v1.4.0
[INFO] [stderr]    Compiling smallvec v1.16.1
[INFO] [stderr]    Compiling memchr v2.8.3
[INFO] [stderr]    Compiling tinyvec v1.13.2
[INFO] [stderr]    Compiling rustc-hash v2.1.3
[INFO] [stderr]    Compiling typed-arena v2.0.2
[INFO] [stderr]    Compiling itoa v1.0.18
[INFO] [stderr]    Compiling phf_shared v0.13.1
[INFO] [stderr]    Compiling phf_generator v0.13.1
[INFO] [stderr]    Compiling phf_codegen v0.13.1
[INFO] [stderr]    Compiling phf v0.13.1
[INFO] [stderr]    Compiling unicode-normalization v0.1.25
[INFO] [stderr]    Compiling comrak v0.55.0
[INFO] [stderr]    Compiling syn v3.0.5
[INFO] [stderr]    Compiling caseless v0.2.2
[INFO] [stderr]    Compiling serde_derive v1.0.229
[INFO] [stderr]    Compiling markstone-core v0.1.0
[INFO] [stderr]    Compiling markstone-actos v0.1.0 (/opt/rustwide/workdir)
[INFO] [stderr]     Finished `release` profile [optimized] target(s) in 15.51s
[INFO] running `Command { std: "docker" "inspect" "161b5262320b58c02c3e6eeb68b74be117ff235274ae6223be56a1a9d8f3c755", kill_on_drop: false }`
[INFO] running `Command { std: "docker" "exec" "-e" "SOURCE_DIR=/opt/rustwide/workdir" "-e" "CARGO_HOME=/opt/rustwide/cargo-home" "-e" "RUSTUP_HOME=/opt/rustwide/rustup-home" "-e" "CARGO_TARGET_DIR=/opt/rustwide/target" "-e" "CARGO_INCREMENTAL=0" "-e" "RUST_BACKTRACE=full" "-e" "RUSTFLAGS=--cap-lints=warn" "-e" "RUSTDOCFLAGS=--cap-lints=warn" "-w" "/opt/rustwide/workdir" "--user" "0:0" "161b5262320b58c02c3e6eeb68b74be117ff235274ae6223be56a1a9d8f3c755" "/opt/rustwide/cargo-home/bin/cargo" "+1.99.0-beta.8" "test" "--frozen" "--no-run" "--message-format=json" "--release", kill_on_drop: false }`
[INFO] [stderr]    Compiling proc-macro2 v1.0.107
[INFO] [stderr]    Compiling quote v1.0.47
[INFO] [stderr]    Compiling smallvec v1.16.1
[INFO] [stderr]    Compiling stable_deref_trait v1.2.1
[INFO] [stderr]    Compiling libc v0.2.189
[INFO] [stderr]    Compiling parking_lot_core v0.9.12
[INFO] [stderr]    Compiling litemap v0.8.3
[INFO] [stderr]    Compiling writeable v0.6.4
[INFO] [stderr]    Compiling scopeguard v1.2.0
[INFO] [stderr]    Compiling icu_normalizer_data v2.1.1
[INFO] [stderr]    Compiling icu_properties_data v2.1.2
[INFO] [stderr]    Compiling cfg-if v1.0.4
[INFO] [stderr]    Compiling phf_shared v0.13.1
[INFO] [stderr]    Compiling new_debug_unreachable v1.0.6
[INFO] [stderr]    Compiling precomputed-hash v0.1.1
[INFO] [stderr]    Compiling log v0.4.34
[INFO] [stderr]    Compiling percent-encoding v2.3.2
[INFO] [stderr]    Compiling tendril v0.5.1
[INFO] [stderr]    Compiling dtoa v1.0.11
[INFO] [stderr]    Compiling lock_api v0.4.14
[INFO] [stderr]    Compiling utf8_iter v1.0.4
[INFO] [stderr]    Compiling aho-corasick v1.1.5
[INFO] [stderr]    Compiling regex-syntax v0.8.11
[INFO] [stderr]    Compiling maplit v1.0.2
[INFO] [stderr]    Compiling dtoa-short v0.3.5
[INFO] [stderr]    Compiling form_urlencoded v1.2.2
[INFO] [stderr]    Compiling cssparser v0.37.0
[INFO] [stderr]    Compiling phf v0.13.1
[INFO] [stderr]    Compiling comrak v0.55.0
[INFO] [stderr]    Compiling syn v3.0.5
[INFO] [stderr]    Compiling syn v2.0.119
[INFO] [stderr]    Compiling string_cache_codegen v0.6.1
[INFO] [stderr]    Compiling web_atoms v0.2.6
[INFO] [stderr]    Compiling parking_lot v0.12.5
[INFO] [stderr]    Compiling string_cache v0.9.0
[INFO] [stderr]    Compiling regex-automata v0.4.18
[INFO] [stderr]    Compiling markup5ever v0.39.0
[INFO] [stderr]    Compiling html5ever v0.39.0
[INFO] [stderr]    Compiling synstructure v0.13.2
[INFO] [stderr]    Compiling zerovec-derive v0.11.6
[INFO] [stderr]    Compiling displaydoc v0.2.7
[INFO] [stderr]    Compiling serde_derive v1.0.229
[INFO] [stderr]    Compiling zerofrom-derive v0.1.7
[INFO] [stderr]    Compiling yoke-derive v0.8.2
[INFO] [stderr]    Compiling zerofrom v0.1.8
[INFO] [stderr]    Compiling yoke v0.8.3
[INFO] [stderr]    Compiling zerovec v0.11.8
[INFO] [stderr]    Compiling zerotrie v0.2.5
[INFO] [stderr]    Compiling tinystr v0.8.4
[INFO] [stderr]    Compiling potential_utf v0.1.6
[INFO] [stderr]    Compiling icu_locale_core v2.1.1
[INFO] [stderr]    Compiling icu_collections v2.1.1
[INFO] [stderr]    Compiling serde v1.0.229
[INFO] [stderr]    Compiling icu_provider v2.1.1
[INFO] [stderr]    Compiling regex v1.13.1
[INFO] [stderr]    Compiling icu_normalizer v2.1.1
[INFO] [stderr]    Compiling icu_properties v2.1.2
[INFO] [stderr]    Compiling markstone-core v0.1.0
[INFO] [stderr]    Compiling markstone-actos v0.1.0 (/opt/rustwide/workdir)
[INFO] [stderr]    Compiling idna_adapter v1.2.1
[INFO] [stderr]    Compiling idna v1.1.0
[INFO] [stderr]    Compiling url v2.5.8
[INFO] [stderr]    Compiling ammonia v4.1.4
[INFO] [stderr]     Finished `release` profile [optimized] target(s) in 53.93s
[INFO] running `Command { std: "docker" "inspect" "161b5262320b58c02c3e6eeb68b74be117ff235274ae6223be56a1a9d8f3c755", kill_on_drop: false }`
[INFO] running `Command { std: "docker" "exec" "-e" "SOURCE_DIR=/opt/rustwide/workdir" "-e" "CARGO_HOME=/opt/rustwide/cargo-home" "-e" "RUSTUP_HOME=/opt/rustwide/rustup-home" "-e" "CARGO_TARGET_DIR=/opt/rustwide/target" "-e" "CARGO_INCREMENTAL=0" "-e" "RUST_BACKTRACE=full" "-e" "RUSTFLAGS=--cap-lints=warn" "-e" "RUSTDOCFLAGS=--cap-lints=warn" "-w" "/opt/rustwide/workdir" "--user" "0:0" "161b5262320b58c02c3e6eeb68b74be117ff235274ae6223be56a1a9d8f3c755" "/opt/rustwide/cargo-home/bin/cargo" "+1.99.0-beta.8" "test" "--frozen" "--release", kill_on_drop: false }`
[INFO] [stderr]     Finished `release` profile [optimized] target(s) in 0.09s
[INFO] [stderr]      Running unittests src/lib.rs (/opt/rustwide/target/release/deps/markstone_actos-74d34d3a39144d57)
[INFO] [stdout] 
[INFO] [stdout] running 3 tests
[INFO] [stdout] test tests::test_basic_mention_and_tag ... ok
[INFO] [stdout] test tests::test_patterns ... ok
[INFO] [stdout] test tests::test_actos_version ... ok
[INFO] [stdout] 
[INFO] [stdout] test result: ok. 3 passed; 0 failed; 0 ignored; 0 measured; 0 filtered out; finished in 0.00s
[INFO] [stdout] 
[INFO] [stderr]      Running tests/ammonia_oracle.rs (/opt/rustwide/target/release/deps/ammonia_oracle-3cee135ec4826b6a)
[INFO] [stdout] 
[INFO] [stdout] running 3 tests
[INFO] [stdout] test test_oracle_security_corpus_actos ... ok
[INFO] [stdout] test test_oracle_actos_mentions_and_tags ... ok
[INFO] [stdout] test test_oracle_golden_corpus_actos ... ok
[INFO] [stdout] 
[INFO] [stdout] test result: ok. 3 passed; 0 failed; 0 ignored; 0 measured; 0 filtered out; finished in 0.00s
[INFO] [stdout] 
[INFO] [stderr]      Running tests/exclusions.rs (/opt/rustwide/target/release/deps/exclusions-c62abfbe89b1ad27)
[INFO] [stdout] 
[INFO] [stdout] running 7 tests
[INFO] [stdout] test test_code_block_exclusion ... ok
[INFO] [stdout] test test_image_alt_text_exclusion ... ok
[INFO] [stdout] test test_link_text_exclusion ... ok
[INFO] [stdout] test test_link_text_tag_exclusion ... ok
[INFO] [stdout] test test_code_span_exclusion ... ok
[INFO] [stdout] test test_autolink_exclusion ... ok
[INFO] [stdout] test test_link_text_with_formatting_exclusion ... ok
[INFO] [stderr]      Running tests/mentions.rs (/opt/rustwide/target/release/deps/mentions-099bd7023fdd7a63)
[INFO] [stdout] 
[INFO] [stdout] test result: ok. 7 passed; 0 failed; 0 ignored; 0 measured; 0 filtered out; finished in 0.00s
[INFO] [stdout] 
[INFO] [stdout] 
[INFO] [stdout] running 11 tests
[INFO] [stdout] test test_mention_bytes_helpers ... ok
[INFO] [stdout] test test_mention_ast_node_structure_and_pos ... ok
[INFO] [stdout] test test_mention_multiple_in_one_text ... ok
[INFO] [stdout] test test_mention_too_long_rejection ... ok
[INFO] [stdout] test test_mention_too_short_rejection ... ok
[INFO] [stdout] test test_mention_preceding_char_rejection ... ok
[INFO] [stdout] test test_mention_trailing_punctuation_preservation ... ok
[INFO] [stdout] test test_mention_hyphen_rejection ... ok
[INFO] [stdout] test test_mention_valid_usernames ... ok
[INFO] [stderr]      Running tests/migration_sync.rs (/opt/rustwide/target/release/deps/migration_sync-1335c5b3d65eb3ff)
[INFO] [stdout] test test_mention_uppercase_rejection ... ok
[INFO] [stdout] test test_mention_valid_preceding_chars ... ok
[INFO] [stdout] 
[INFO] [stdout] test result: ok. 11 passed; 0 failed; 0 ignored; 0 measured; 0 filtered out; finished in 0.00s
[INFO] [stdout] 
[INFO] [stdout] 
[INFO] [stdout] running 3 tests
[INFO] [stdout] test test_tag_validation_parity_with_regex ... ok
[INFO] [stdout] test test_username_validation_parity_with_regex ... ok
[INFO] [stdout] test test_migration_regex_patterns_exact_match ... FAILED
[INFO] [stderr] error: test failed, to rerun pass `--test migration_sync`
[INFO] [stdout] 
[INFO] [stdout] failures:
[INFO] [stdout] 
[INFO] [stdout] ---- test_migration_regex_patterns_exact_match stdout ----
[INFO] [stdout] 
[INFO] [stdout] thread 'test_migration_regex_patterns_exact_match' (2204) panicked at tests/migration_sync.rs:32:9:
[INFO] [stdout] Migration file not found at expected path: "/opt/rustwide/workdir/../../actos-backend/migrations/0002_actors.up.sql"
[INFO] [stdout] stack backtrace:
[INFO] [stdout]    0:     0x63a33ef34591 - <<std[70759c8f55707aa4]::sys::backtrace::BacktraceLock>::print::DisplayBacktrace as core[df12db4294e9bfd3]::fmt::Display>::fmt
[INFO] [stdout]    1:     0x63a33ef49f3a - core[df12db4294e9bfd3]::fmt::write
[INFO] [stdout]    2:     0x63a33ef38a2c - <alloc[2182bb758b4b3781]::vec::Vec<u8> as core[df12db4294e9bfd3]::io::write::Write>::write_fmt
[INFO] [stdout]    3:     0x63a33ef10686 - std[70759c8f55707aa4]::panicking::default_hook::{closure#0}
[INFO] [stdout]    4:     0x63a33ef2c989 - std[70759c8f55707aa4]::panicking::default_hook
[INFO] [stdout]    5:     0x63a33ee02dd0 - test[9d35eded1c95d3be]::test_main_inner::<test[9d35eded1c95d3be]::test_main_static::{closure#0}>::{closure#0}
[INFO] [stdout]    6:     0x63a33ef2cb42 - std[70759c8f55707aa4]::panicking::panic_with_hook
[INFO] [stdout]    7:     0x63a33ef10732 - std[70759c8f55707aa4]::panicking::panic_handler::{closure#0}
[INFO] [stdout]    8:     0x63a33ef09329 - std[70759c8f55707aa4]::sys::backtrace::__rust_end_short_backtrace::<std[70759c8f55707aa4]::panicking::panic_handler::{closure#0}, !>
[INFO] [stdout]    9:     0x63a33ef1132d - __rustc[8fa7c3cbc660c2b3]::rust_begin_unwind
[INFO] [stdout]   10:     0x63a33ef4a71c - core[df12db4294e9bfd3]::panicking::panic_fmt
[INFO] [stdout]   11:     0x63a33edf4c42 - <migration_sync[f6b66dd4e556d836]::test_migration_regex_patterns_exact_match::{closure#0} as core[df12db4294e9bfd3]::ops::function::FnOnce<()>>::call_once
[INFO] [stdout]   12:     0x63a33edf60bb - test[9d35eded1c95d3be]::__rust_begin_short_backtrace::<core[df12db4294e9bfd3]::result::Result<(), alloc[2182bb758b4b3781]::string::String>, fn() -> core[df12db4294e9bfd3]::result::Result<(), alloc[2182bb758b4b3781]::string::String>>
[INFO] [stdout]   13:     0x63a33ee03725 - test[9d35eded1c95d3be]::run_test::{closure#0}
[INFO] [stdout]   14:     0x63a33edfcfe4 - std[70759c8f55707aa4]::sys::backtrace::__rust_begin_short_backtrace::<test[9d35eded1c95d3be]::run_test::{closure#1}, ()>
[INFO] [stdout]   15:     0x63a33ee06882 - <std[70759c8f55707aa4]::thread::lifecycle::spawn_unchecked<test[9d35eded1c95d3be]::run_test::{closure#1}, ()>::{closure#1} as core[df12db4294e9bfd3]::ops::function::FnOnce<()>>::call_once::{shim:vtable#0}
[INFO] [stdout]   16:     0x63a33ef33af9 - <std[70759c8f55707aa4]::sys::thread::unix::Thread>::new::thread_start
[INFO] [stdout]   17:     0x7120d36e1dfa - <unknown>
[INFO] [stdout]   18:     0x7120d37753d4 - clone
[INFO] [stdout]   19:                0x0 - <unknown>
[INFO] [stdout] 
[INFO] [stdout] 
[INFO] [stdout] failures:
[INFO] [stdout]     test_migration_regex_patterns_exact_match
[INFO] [stdout] 
[INFO] [stdout] test result: FAILED. 2 passed; 1 failed; 0 ignored; 0 measured; 0 filtered out; finished in 0.00s
[INFO] [stdout] 
[INFO] running `Command { std: "docker" "inspect" "161b5262320b58c02c3e6eeb68b74be117ff235274ae6223be56a1a9d8f3c755", kill_on_drop: false }`
[INFO] running `Command { std: "docker" "rm" "-f" "161b5262320b58c02c3e6eeb68b74be117ff235274ae6223be56a1a9d8f3c755", kill_on_drop: false }`
[INFO] [stdout] 161b5262320b58c02c3e6eeb68b74be117ff235274ae6223be56a1a9d8f3c755
