[INFO] fetching crate marknest 0.1.1...
[INFO] testing marknest-0.1.1 against 1.99.0-beta.8+cargoflags=--release for beta-release-1.100-2
[INFO] extracting crate marknest 0.1.1 into /workspace/builds/worker-2-tc1/source
[INFO] started tweaking crates.io crate marknest 0.1.1
[INFO] removed 0 missing tests
[INFO] finished tweaking crates.io crate marknest 0.1.1
[INFO] tweaked toml for crates.io crate marknest 0.1.1 written to /workspace/builds/worker-2-tc1/source/Cargo.toml
[INFO] validating manifest of crates.io crate marknest 0.1.1 on toolchain 1.99.0-beta.8
[INFO] running `Command { std: CARGO_HOME="/workspace/cargo-home" RUSTUP_HOME="/workspace/rustup-home" "/workspace/cargo-home/bin/cargo" "+1.99.0-beta.8" "metadata" "--manifest-path" "Cargo.toml" "--no-deps", kill_on_drop: false }`
[INFO] crate crates.io crate marknest 0.1.1 already has a lockfile, it will not be regenerated
[INFO] running `Command { std: CARGO_HOME="/workspace/cargo-home" RUSTUP_HOME="/workspace/rustup-home" "/workspace/cargo-home/bin/cargo" "+1.99.0-beta.8" "fetch" "--manifest-path" "Cargo.toml", kill_on_drop: false }`
[INFO] [stderr]     Blocking waiting for file lock on package cache
[INFO] [stderr]     Updating crates.io index
[INFO] [stderr]     Blocking waiting for file lock on package cache
[INFO] [stderr]  Downloading crates ...
[INFO] [stderr]   Downloaded marknest-core v0.1.1
[INFO] [stderr]   Downloaded pulldown-cmark v0.13.1
[INFO] running `Command { std: "docker" "create" "-v" "/var/lib/crater-agent-workspace/builds/worker-2-tc1/source:/opt/rustwide/workdir:ro,Z" "-v" "/var/lib/crater-agent-workspace/builds/worker-2-tc1/target:/opt/rustwide/target:rw,Z" "-v" "/var/lib/crater-agent-workspace/cargo-home:/opt/rustwide/cargo-home:ro,Z" "-v" "/var/lib/crater-agent-workspace/rustup-home:/opt/rustwide/rustup-home:ro,Z" "-m" "1610612736" "--network" "none" "ghcr.io/rust-lang/crates-build-env/linux@sha256:77db811e55d90add9212f6832c23229e3de5f1c1f9905e8cb07319ea15df73ac" "sleep" "infinity", kill_on_drop: false }`
[INFO] [stdout] dc801343882c3ec1b85470c6fbb50d06abbc12831e83fd0cab6b5374985cf57e
[INFO] running `Command { std: "docker" "start" "dc801343882c3ec1b85470c6fbb50d06abbc12831e83fd0cab6b5374985cf57e", kill_on_drop: false }`
[INFO] running `Command { std: "docker" "inspect" "dc801343882c3ec1b85470c6fbb50d06abbc12831e83fd0cab6b5374985cf57e", kill_on_drop: false }`
[INFO] running `Command { std: "docker" "exec" "-e" "SOURCE_DIR=/opt/rustwide/workdir" "-e" "CARGO_HOME=/opt/rustwide/cargo-home" "-e" "RUSTUP_HOME=/opt/rustwide/rustup-home" "-e" "CARGO_TARGET_DIR=/opt/rustwide/target" "-w" "/opt/rustwide/workdir" "--user" "0:0" "dc801343882c3ec1b85470c6fbb50d06abbc12831e83fd0cab6b5374985cf57e" "/opt/rustwide/cargo-home/bin/cargo" "+1.99.0-beta.8" "metadata" "--no-deps" "--format-version=1", kill_on_drop: false }`
[INFO] running `Command { std: "docker" "inspect" "dc801343882c3ec1b85470c6fbb50d06abbc12831e83fd0cab6b5374985cf57e", kill_on_drop: false }`
[INFO] running `Command { std: "docker" "exec" "-e" "SOURCE_DIR=/opt/rustwide/workdir" "-e" "CARGO_HOME=/opt/rustwide/cargo-home" "-e" "RUSTUP_HOME=/opt/rustwide/rustup-home" "-e" "CARGO_TARGET_DIR=/opt/rustwide/target" "-e" "CARGO_INCREMENTAL=0" "-e" "RUST_BACKTRACE=full" "-e" "RUSTFLAGS=--cap-lints=warn" "-e" "RUSTDOCFLAGS=--cap-lints=warn" "-w" "/opt/rustwide/workdir" "--user" "0:0" "dc801343882c3ec1b85470c6fbb50d06abbc12831e83fd0cab6b5374985cf57e" "/opt/rustwide/cargo-home/bin/cargo" "+1.99.0-beta.8" "build" "--frozen" "--message-format=json" "--release", kill_on_drop: false }`
[INFO] [stderr]    Compiling siphasher v1.0.2
[INFO] [stderr]    Compiling simd-adler32 v0.3.8
[INFO] [stderr]    Compiling parking_lot_core v0.9.12
[INFO] [stderr]    Compiling ring v0.17.14
[INFO] [stderr]    Compiling getrandom v0.2.17
[INFO] [stderr]    Compiling zerovec-derive v0.11.2
[INFO] [stderr]    Compiling zerofrom-derive v0.1.6
[INFO] [stderr]    Compiling yoke-derive v0.8.1
[INFO] [stderr]    Compiling thiserror-impl v2.0.18
[INFO] [stderr]    Compiling cssparser-macros v0.6.1
[INFO] [stderr]    Compiling match_token v0.35.0
[INFO] [stderr]    Compiling zip v2.4.2
[INFO] [stderr]    Compiling pulldown-cmark v0.13.1
[INFO] [stderr]    Compiling rustls v0.23.37
[INFO] [stderr]    Compiling bumpalo v3.20.2
[INFO] [stderr]    Compiling toml_datetime v0.6.11
[INFO] [stderr]    Compiling phf_shared v0.11.3
[INFO] [stderr]    Compiling miniz_oxide v0.8.9
[INFO] [stderr]    Compiling serde_spanned v0.6.9
[INFO] [stderr]    Compiling webpki-roots v1.0.6
[INFO] [stderr]    Compiling maplit v1.0.2
[INFO] [stderr]    Compiling phf_generator v0.11.3
[INFO] [stderr]    Compiling parking_lot v0.12.5
[INFO] [stderr]    Compiling webpki-roots v0.26.11
[INFO] [stderr]    Compiling toml_edit v0.22.27
[INFO] [stderr]    Compiling phf_codegen v0.11.3
[INFO] [stderr]    Compiling string_cache_codegen v0.5.4
[INFO] [stderr]    Compiling zopfli v0.8.3
[INFO] [stderr]    Compiling phf_macros v0.11.3
[INFO] [stderr]    Compiling tempfile v3.26.0
[INFO] [stderr]    Compiling web_atoms v0.1.3
[INFO] [stderr]    Compiling string_cache v0.8.9
[INFO] [stderr]    Compiling zerofrom v0.1.6
[INFO] [stderr]    Compiling yoke v0.8.1
[INFO] [stderr]    Compiling flate2 v1.1.9
[INFO] [stderr]    Compiling phf v0.11.3
[INFO] [stderr]    Compiling thiserror v2.0.18
[INFO] [stderr]    Compiling cssparser v0.35.0
[INFO] [stderr]    Compiling emojis v0.6.4
[INFO] [stderr]    Compiling zerovec v0.11.5
[INFO] [stderr]    Compiling zerotrie v0.2.3
[INFO] [stderr]    Compiling tinystr v0.8.2
[INFO] [stderr]    Compiling potential_utf v0.1.4
[INFO] [stderr]    Compiling icu_collections v2.1.1
[INFO] [stderr]    Compiling icu_locale_core v2.1.1
[INFO] [stderr]    Compiling markup5ever v0.35.0
[INFO] [stderr]    Compiling html5ever v0.35.0
[INFO] [stderr]    Compiling icu_provider v2.1.1
[INFO] [stderr]    Compiling toml v0.8.23
[INFO] [stderr]    Compiling icu_normalizer v2.1.1
[INFO] [stderr]    Compiling icu_properties v2.1.2
[INFO] [stderr]    Compiling idna_adapter v1.2.1
[INFO] [stderr]    Compiling idna v1.1.0
[INFO] [stderr]    Compiling url v2.5.8
[INFO] [stderr]    Compiling ammonia v4.1.2
[INFO] [stderr]    Compiling marknest-core v0.1.1
[INFO] [stderr]    Compiling rustls-webpki v0.103.9
[INFO] [stderr]    Compiling ureq v2.12.1
[INFO] [stderr]    Compiling marknest v0.1.1 (/opt/rustwide/workdir)
[INFO] [stderr]     Finished `release` profile [optimized] target(s) in 1m 14s
[INFO] running `Command { std: "docker" "inspect" "dc801343882c3ec1b85470c6fbb50d06abbc12831e83fd0cab6b5374985cf57e", kill_on_drop: false }`
[INFO] running `Command { std: "docker" "exec" "-e" "SOURCE_DIR=/opt/rustwide/workdir" "-e" "CARGO_HOME=/opt/rustwide/cargo-home" "-e" "RUSTUP_HOME=/opt/rustwide/rustup-home" "-e" "CARGO_TARGET_DIR=/opt/rustwide/target" "-e" "CARGO_INCREMENTAL=0" "-e" "RUST_BACKTRACE=full" "-e" "RUSTFLAGS=--cap-lints=warn" "-e" "RUSTDOCFLAGS=--cap-lints=warn" "-w" "/opt/rustwide/workdir" "--user" "0:0" "dc801343882c3ec1b85470c6fbb50d06abbc12831e83fd0cab6b5374985cf57e" "/opt/rustwide/cargo-home/bin/cargo" "+1.99.0-beta.8" "test" "--frozen" "--no-run" "--message-format=json" "--release", kill_on_drop: false }`
[INFO] [stderr]    Compiling marknest v0.1.1 (/opt/rustwide/workdir)
[INFO] [stderr]     Finished `release` profile [optimized] target(s) in 12.52s
[INFO] running `Command { std: "docker" "inspect" "dc801343882c3ec1b85470c6fbb50d06abbc12831e83fd0cab6b5374985cf57e", kill_on_drop: false }`
[INFO] running `Command { std: "docker" "exec" "-e" "SOURCE_DIR=/opt/rustwide/workdir" "-e" "CARGO_HOME=/opt/rustwide/cargo-home" "-e" "RUSTUP_HOME=/opt/rustwide/rustup-home" "-e" "CARGO_TARGET_DIR=/opt/rustwide/target" "-e" "CARGO_INCREMENTAL=0" "-e" "RUST_BACKTRACE=full" "-e" "RUSTFLAGS=--cap-lints=warn" "-e" "RUSTDOCFLAGS=--cap-lints=warn" "-w" "/opt/rustwide/workdir" "--user" "0:0" "dc801343882c3ec1b85470c6fbb50d06abbc12831e83fd0cab6b5374985cf57e" "/opt/rustwide/cargo-home/bin/cargo" "+1.99.0-beta.8" "test" "--frozen" "--release", kill_on_drop: false }`
[INFO] [stderr]     Finished `release` profile [optimized] target(s) in 0.12s
[INFO] [stderr]      Running unittests src/lib.rs (/opt/rustwide/target/release/deps/marknest-0e3a302cc0c778aa)
[INFO] [stdout] 
[INFO] [stdout] running 43 tests
[INFO] [stdout] test tests::apply_pdf_metadata_appends_author_and_subject_information ... ok
[INFO] [stdout] test tests::browser_candidate_paths_include_mac_and_linux_locations ... ok
[INFO] [stdout] test tests::convert_fails_when_multiple_entries_are_detected_for_a_folder_input ... ok
[INFO] [stdout] test tests::convert_batch_writes_a_render_report_with_outputs_and_warnings ... FAILED
[INFO] [stdout] test tests::convert_prefers_cli_then_config_then_environment_defaults ... FAILED
[INFO] [stdout] test tests::convert_inserts_a_generated_table_of_contents_when_requested ... FAILED
[INFO] [stdout] test tests::convert_passes_phase_3_options_to_the_pdf_renderer ... FAILED
[INFO] [stdout] test tests::convert_returns_a_warning_exit_code_when_assets_are_missing ... FAILED
[INFO] [stdout] test tests::convert_supports_individual_page_margins ... FAILED
[INFO] [stdout] test tests::convert_returns_a_validation_failure_when_runtime_rendering_is_required ... FAILED
[INFO] [stdout] test tests::convert_returns_a_warning_exit_code_when_runtime_rendering_warns ... FAILED
[INFO] [stdout] test tests::convert_writes_debug_artifacts_and_passes_print_templates_to_the_renderer ... FAILED
[INFO] [stdout] test tests::convert_renders_a_single_markdown_file_to_pdf ... FAILED
[INFO] [stdout] test tests::convert_rejects_scriptable_header_templates ... FAILED
[INFO] [stdout] test tests::convert_writes_runtime_assets_next_to_debug_html_when_mermaid_or_math_is_enabled ... FAILED
[INFO] [stdout] test tests::parses_bare_github_repo_url ... ok
[INFO] [stdout] test tests::parses_github_blob_url_with_file_path ... ok
[INFO] [stdout] test tests::parses_github_tree_url_with_tag_and_directory ... ok
[INFO] [stdout] test tests::parses_github_tree_url_with_branch ... ok
[INFO] [stdout] test tests::parses_github_url_with_trailing_slash ... ok
[INFO] [stdout] test tests::parses_http_github_url ... ok
[INFO] [stdout] test tests::parses_github_url_with_dot_git_suffix ... ok
[INFO] [stdout] test tests::rejects_non_github_url ... ok
[INFO] [stdout] test tests::playwright_headless_shell_candidates_prefer_the_highest_installed_version ... ok
[INFO] [stdout] test tests::rejects_non_url_input ... ok
[INFO] [stdout] test tests::render_html_to_pdf_bytes_preserves_renderer_failure_kind ... ok
[INFO] [stdout] test tests::resolve_browser_path_prefers_headless_shell_over_system_browser_candidates ... ok
[INFO] [stdout] test tests::resolve_input_returns_github_url_variant_for_github_urls ... ok
[INFO] [stdout] test tests::render_html_to_pdf_bytes_reads_the_generated_pdf ... ok
[INFO] [stdout] test tests::resolve_input_returns_local_type_for_non_url_paths ... ok
[INFO] [stdout] test tests::resolve_playwright_runtime_dir_prefers_environment_override ... FAILED
[INFO] [stdout] test tests::resolves_github_auth_token_from_environment ... ok
[INFO] [stdout] test tests::resolve_browser_path_prefers_configured_path_over_headless_shell_and_system_candidates ... ok
[INFO] [stdout] test tests::rejects_malformed_github_url_missing_repo ... ok
[INFO] [stdout] test tests::materialize_remote_assets_follows_redirected_image_urls ... ok
[INFO] [stdout] test tests::materialize_remote_assets_inlines_successful_fetches_and_reuses_the_fetch_result ... ok
[INFO] [stdout] test tests::convert_ignores_missing_assets_from_unselected_nested_readmes ... ok
[INFO] [stdout] test tests::validate_strict_fails_when_remote_image_materialization_warns ... ok
[INFO] [stdout] test tests::convert_batch_detects_output_collisions_before_rendering ... ok
[INFO] [stdout] test tests::convert_can_render_a_single_zip_entry_when_entry_is_requested ... ok
[INFO] [stdout] test tests::convert_can_render_all_entries_from_a_zip_input ... ok
[INFO] [stdout] test tests::convert_explicit_folder_input_uses_batch_mode_and_preserves_relative_paths ... ok
[INFO] [stderr] error: test failed, to rerun pass `--lib`
[INFO] [stdout] test tests::convert_writes_remote_asset_results_into_debug_artifacts ... ok
[INFO] [stdout] 
[INFO] [stdout] failures:
[INFO] [stdout] 
[INFO] [stdout] ---- tests::convert_batch_writes_a_render_report_with_outputs_and_warnings stdout ----
[INFO] [stdout] 
[INFO] [stdout] thread 'tests::convert_batch_writes_a_render_report_with_outputs_and_warnings' (1558) panicked at src/lib.rs:4104:43:
[INFO] [stdout] source directory should exist: Os { code: 2, kind: NotFound, message: "No such file or directory" }
[INFO] [stdout] stack backtrace:
[INFO] [stdout]    0:     0x577e6b097df1 - <<std[70759c8f55707aa4]::sys::backtrace::BacktraceLock>::print::DisplayBacktrace as core[df12db4294e9bfd3]::fmt::Display>::fmt
[INFO] [stdout]    1:     0x577e6b0b0c1a - core[df12db4294e9bfd3]::fmt::write
[INFO] [stdout]    2:     0x577e6b09cd8c - <alloc[2182bb758b4b3781]::vec::Vec<u8> as core[df12db4294e9bfd3]::io::write::Write>::write_fmt
[INFO] [stdout]    3:     0x577e6b06ebd6 - std[70759c8f55707aa4]::panicking::default_hook::{closure#0}
[INFO] [stdout]    4:     0x577e6b08da19 - std[70759c8f55707aa4]::panicking::default_hook
[INFO] [stdout]    5:     0x577e6af43b70 - test[9d35eded1c95d3be]::test_main_inner::<test[9d35eded1c95d3be]::test_main_static::{closure#0}>::{closure#0}
[INFO] [stdout]    6:     0x577e6b08dbd2 - std[70759c8f55707aa4]::panicking::panic_with_hook
[INFO] [stdout]    7:     0x577e6b06ec82 - std[70759c8f55707aa4]::panicking::panic_handler::{closure#0}
[INFO] [stdout]    8:     0x577e6b0673b9 - std[70759c8f55707aa4]::sys::backtrace::__rust_end_short_backtrace::<std[70759c8f55707aa4]::panicking::panic_handler::{closure#0}, !>
[INFO] [stdout]    9:     0x577e6b06fc8d - __rustc[8fa7c3cbc660c2b3]::rust_begin_unwind
[INFO] [stdout]   10:     0x577e6b0b137c - core[df12db4294e9bfd3]::panicking::panic_fmt
[INFO] [stdout]   11:     0x577e6b0b1152 - core[df12db4294e9bfd3]::result::unwrap_failed
[INFO] [stdout]   12:     0x577e6ad97c3e - marknest[82783cb178d30cd6]::tests::copy_directory
[INFO] [stdout]   13:     0x577e6ada474c - marknest[82783cb178d30cd6]::tests::convert_batch_writes_a_render_report_with_outputs_and_warnings
[INFO] [stdout]   14:     0x577e6ad95449 - <marknest[82783cb178d30cd6]::tests::convert_batch_writes_a_render_report_with_outputs_and_warnings::{closure#0} as core[df12db4294e9bfd3]::ops::function::FnOnce<()>>::call_once
[INFO] [stdout]   15:     0x577e6af36e5b - test[9d35eded1c95d3be]::__rust_begin_short_backtrace::<core[df12db4294e9bfd3]::result::Result<(), alloc[2182bb758b4b3781]::string::String>, fn() -> core[df12db4294e9bfd3]::result::Result<(), alloc[2182bb758b4b3781]::string::String>>
[INFO] [stdout]   16:     0x577e6af444c5 - test[9d35eded1c95d3be]::run_test::{closure#0}
[INFO] [stdout]   17:     0x577e6af3dd84 - std[70759c8f55707aa4]::sys::backtrace::__rust_begin_short_backtrace::<test[9d35eded1c95d3be]::run_test::{closure#1}, ()>
[INFO] [stdout]   18:     0x577e6af47622 - <std[70759c8f55707aa4]::thread::lifecycle::spawn_unchecked<test[9d35eded1c95d3be]::run_test::{closure#1}, ()>::{closure#1} as core[df12db4294e9bfd3]::ops::function::FnOnce<()>>::call_once::{shim:vtable#0}
[INFO] [stdout]   19:     0x577e6b0965e9 - <std[70759c8f55707aa4]::sys::thread::unix::Thread>::new::thread_start
[INFO] [stdout]   20:     0x75c305884dfa - <unknown>
[INFO] [stdout]   21:     0x75c3059183d4 - clone
[INFO] [stdout]   22:                0x0 - <unknown>
[INFO] [stdout] 
[INFO] [stdout] ---- tests::convert_prefers_cli_then_config_then_environment_defaults stdout ----
[INFO] [stdout] 
[INFO] [stdout] thread 'tests::convert_prefers_cli_then_config_then_environment_defaults' (1566) panicked at src/lib.rs:4104:43:
[INFO] [stdout] source directory should exist: Os { code: 2, kind: NotFound, message: "No such file or directory" }
[INFO] [stdout] stack backtrace:
[INFO] [stdout]    0:     0x577e6b097df1 - <<std[70759c8f55707aa4]::sys::backtrace::BacktraceLock>::print::DisplayBacktrace as core[df12db4294e9bfd3]::fmt::Display>::fmt
[INFO] [stdout]    1:     0x577e6b0b0c1a - core[df12db4294e9bfd3]::fmt::write
[INFO] [stdout]    2:     0x577e6b09cd8c - <alloc[2182bb758b4b3781]::vec::Vec<u8> as core[df12db4294e9bfd3]::io::write::Write>::write_fmt
[INFO] [stdout]    3:     0x577e6b06ebd6 - std[70759c8f55707aa4]::panicking::default_hook::{closure#0}
[INFO] [stdout]    4:     0x577e6b08da19 - std[70759c8f55707aa4]::panicking::default_hook
[INFO] [stdout]    5:     0x577e6af43b70 - test[9d35eded1c95d3be]::test_main_inner::<test[9d35eded1c95d3be]::test_main_static::{closure#0}>::{closure#0}
[INFO] [stdout]    6:     0x577e6b08dbd2 - std[70759c8f55707aa4]::panicking::panic_with_hook
[INFO] [stdout]    7:     0x577e6b06ec82 - std[70759c8f55707aa4]::panicking::panic_handler::{closure#0}
[INFO] [stdout]    8:     0x577e6b0673b9 - std[70759c8f55707aa4]::sys::backtrace::__rust_end_short_backtrace::<std[70759c8f55707aa4]::panicking::panic_handler::{closure#0}, !>
[INFO] [stdout]    9:     0x577e6b06fc8d - __rustc[8fa7c3cbc660c2b3]::rust_begin_unwind
[INFO] [stdout]   10:     0x577e6b0b137c - core[df12db4294e9bfd3]::panicking::panic_fmt
[INFO] [stdout]   11:     0x577e6b0b1152 - core[df12db4294e9bfd3]::result::unwrap_failed
[INFO] [stdout]   12:     0x577e6ad97c3e - marknest[82783cb178d30cd6]::tests::copy_directory
[INFO] [stdout]   13:     0x577e6ada0865 - marknest[82783cb178d30cd6]::tests::convert_prefers_cli_then_config_then_environment_defaults
[INFO] [stdout]   14:     0x577e6ad95369 - <marknest[82783cb178d30cd6]::tests::convert_prefers_cli_then_config_then_environment_defaults::{closure#0} as core[df12db4294e9bfd3]::ops::function::FnOnce<()>>::call_once
[INFO] [stdout]   15:     0x577e6af36e5b - test[9d35eded1c95d3be]::__rust_begin_short_backtrace::<core[df12db4294e9bfd3]::result::Result<(), alloc[2182bb758b4b3781]::string::String>, fn() -> core[df12db4294e9bfd3]::result::Result<(), alloc[2182bb758b4b3781]::string::String>>
[INFO] [stdout]   16:     0x577e6af444c5 - test[9d35eded1c95d3be]::run_test::{closure#0}
[INFO] [stdout]   17:     0x577e6af3dd84 - std[70759c8f55707aa4]::sys::backtrace::__rust_begin_short_backtrace::<test[9d35eded1c95d3be]::run_test::{closure#1}, ()>
[INFO] [stdout]   18:     0x577e6af47622 - <std[70759c8f55707aa4]::thread::lifecycle::spawn_unchecked<test[9d35eded1c95d3be]::run_test::{closure#1}, ()>::{closure#1} as core[df12db4294e9bfd3]::ops::function::FnOnce<()>>::call_once::{shim:vtable#0}
[INFO] [stdout]   19:     0x577e6b0965e9 - <std[70759c8f55707aa4]::sys::thread::unix::Thread>::new::thread_start
[INFO] [stdout]   20:     0x75c305884dfa - <unknown>
[INFO] [stdout]   21:     0x75c3059183d4 - clone
[INFO] [stdout]   22:                0x0 - <unknown>
[INFO] [stdout] 
[INFO] [stdout] ---- tests::convert_inserts_a_generated_table_of_contents_when_requested stdout ----
[INFO] [stdout] 
[INFO] [stdout] thread 'tests::convert_inserts_a_generated_table_of_contents_when_requested' (1564) panicked at src/lib.rs:4104:43:
[INFO] [stdout] source directory should exist: Os { code: 2, kind: NotFound, message: "No such file or directory" }
[INFO] [stdout] stack backtrace:
[INFO] [stdout]    0:     0x577e6b097df1 - <<std[70759c8f55707aa4]::sys::backtrace::BacktraceLock>::print::DisplayBacktrace as core[df12db4294e9bfd3]::fmt::Display>::fmt
[INFO] [stdout]    1:     0x577e6b0b0c1a - core[df12db4294e9bfd3]::fmt::write
[INFO] [stdout]    2:     0x577e6b09cd8c - <alloc[2182bb758b4b3781]::vec::Vec<u8> as core[df12db4294e9bfd3]::io::write::Write>::write_fmt
[INFO] [stdout]    3:     0x577e6b06ebd6 - std[70759c8f55707aa4]::panicking::default_hook::{closure#0}
[INFO] [stdout]    4:     0x577e6b08da19 - std[70759c8f55707aa4]::panicking::default_hook
[INFO] [stdout]    5:     0x577e6af43b70 - test[9d35eded1c95d3be]::test_main_inner::<test[9d35eded1c95d3be]::test_main_static::{closure#0}>::{closure#0}
[INFO] [stdout]    6:     0x577e6b08dbd2 - std[70759c8f55707aa4]::panicking::panic_with_hook
[INFO] [stdout]    7:     0x577e6b06ec82 - std[70759c8f55707aa4]::panicking::panic_handler::{closure#0}
[INFO] [stdout]    8:     0x577e6b0673b9 - std[70759c8f55707aa4]::sys::backtrace::__rust_end_short_backtrace::<std[70759c8f55707aa4]::panicking::panic_handler::{closure#0}, !>
[INFO] [stdout]    9:     0x577e6b06fc8d - __rustc[8fa7c3cbc660c2b3]::rust_begin_unwind
[INFO] [stdout]   10:     0x577e6b0b137c - core[df12db4294e9bfd3]::panicking::panic_fmt
[INFO] [stdout]   11:     0x577e6b0b1152 - core[df12db4294e9bfd3]::result::unwrap_failed
[INFO] [stdout]   12:     0x577e6ad97c3e - marknest[82783cb178d30cd6]::tests::copy_directory
[INFO] [stdout]   13:     0x577e6ada2c75 - marknest[82783cb178d30cd6]::tests::convert_inserts_a_generated_table_of_contents_when_requested
[INFO] [stdout]   14:     0x577e6ad953c9 - <marknest[82783cb178d30cd6]::tests::convert_inserts_a_generated_table_of_contents_when_requested::{closure#0} as core[df12db4294e9bfd3]::ops::function::FnOnce<()>>::call_once
[INFO] [stdout]   15:     0x577e6af36e5b - test[9d35eded1c95d3be]::__rust_begin_short_backtrace::<core[df12db4294e9bfd3]::result::Result<(), alloc[2182bb758b4b3781]::string::String>, fn() -> core[df12db4294e9bfd3]::result::Result<(), alloc[2182bb758b4b3781]::string::String>>
[INFO] [stdout]   16:     0x577e6af444c5 - test[9d35eded1c95d3be]::run_test::{closure#0}
[INFO] [stdout]   17:     0x577e6af3dd84 - std[70759c8f55707aa4]::sys::backtrace::__rust_begin_short_backtrace::<test[9d35eded1c95d3be]::run_test::{closure#1}, ()>
[INFO] [stdout]   18:     0x577e6af47622 - <std[70759c8f55707aa4]::thread::lifecycle::spawn_unchecked<test[9d35eded1c95d3be]::run_test::{closure#1}, ()>::{closure#1} as core[df12db4294e9bfd3]::ops::function::FnOnce<()>>::call_once::{shim:vtable#0}
[INFO] [stdout]   19:     0x577e6b0965e9 - <std[70759c8f55707aa4]::sys::thread::unix::Thread>::new::thread_start
[INFO] [stdout]   20:     0x75c305884dfa - <unknown>
[INFO] [stdout]   21:     0x75c3059183d4 - clone
[INFO] [stdout]   22:                0x0 - <unknown>
[INFO] [stdout] 
[INFO] [stdout] ---- tests::convert_passes_phase_3_options_to_the_pdf_renderer stdout ----
[INFO] [stdout] 
[INFO] [stdout] thread 'tests::convert_passes_phase_3_options_to_the_pdf_renderer' (1565) panicked at src/lib.rs:4104:43:
[INFO] [stdout] source directory should exist: Os { code: 2, kind: NotFound, message: "No such file or directory" }
[INFO] [stdout] stack backtrace:
[INFO] [stdout]    0:     0x577e6b097df1 - <<std[70759c8f55707aa4]::sys::backtrace::BacktraceLock>::print::DisplayBacktrace as core[df12db4294e9bfd3]::fmt::Display>::fmt
[INFO] [stdout]    1:     0x577e6b0b0c1a - core[df12db4294e9bfd3]::fmt::write
[INFO] [stdout]    2:     0x577e6b09cd8c - <alloc[2182bb758b4b3781]::vec::Vec<u8> as core[df12db4294e9bfd3]::io::write::Write>::write_fmt
[INFO] [stdout]    3:     0x577e6b06ebd6 - std[70759c8f55707aa4]::panicking::default_hook::{closure#0}
[INFO] [stdout]    4:     0x577e6b08da19 - std[70759c8f55707aa4]::panicking::default_hook
[INFO] [stdout]    5:     0x577e6af43b70 - test[9d35eded1c95d3be]::test_main_inner::<test[9d35eded1c95d3be]::test_main_static::{closure#0}>::{closure#0}
[INFO] [stdout]    6:     0x577e6b08dbd2 - std[70759c8f55707aa4]::panicking::panic_with_hook
[INFO] [stdout]    7:     0x577e6b06ec82 - std[70759c8f55707aa4]::panicking::panic_handler::{closure#0}
[INFO] [stdout]    8:     0x577e6b0673b9 - std[70759c8f55707aa4]::sys::backtrace::__rust_end_short_backtrace::<std[70759c8f55707aa4]::panicking::panic_handler::{closure#0}, !>
[INFO] [stdout]    9:     0x577e6b06fc8d - __rustc[8fa7c3cbc660c2b3]::rust_begin_unwind
[INFO] [stdout]   10:     0x577e6b0b137c - core[df12db4294e9bfd3]::panicking::panic_fmt
[INFO] [stdout]   11:     0x577e6b0b1152 - core[df12db4294e9bfd3]::result::unwrap_failed
[INFO] [stdout]   12:     0x577e6ad97c3e - marknest[82783cb178d30cd6]::tests::copy_directory
[INFO] [stdout]   13:     0x577e6ad9c761 - marknest[82783cb178d30cd6]::tests::convert_passes_phase_3_options_to_the_pdf_renderer
[INFO] [stdout]   14:     0x577e6ad95249 - <marknest[82783cb178d30cd6]::tests::convert_passes_phase_3_options_to_the_pdf_renderer::{closure#0} as core[df12db4294e9bfd3]::ops::function::FnOnce<()>>::call_once
[INFO] [stdout]   15:     0x577e6af36e5b - test[9d35eded1c95d3be]::__rust_begin_short_backtrace::<core[df12db4294e9bfd3]::result::Result<(), alloc[2182bb758b4b3781]::string::String>, fn() -> core[df12db4294e9bfd3]::result::Result<(), alloc[2182bb758b4b3781]::string::String>>
[INFO] [stdout]   16:     0x577e6af444c5 - test[9d35eded1c95d3be]::run_test::{closure#0}
[INFO] [stdout]   17:     0x577e6af3dd84 - std[70759c8f55707aa4]::sys::backtrace::__rust_begin_short_backtrace::<test[9d35eded1c95d3be]::run_test::{closure#1}, ()>
[INFO] [stdout]   18:     0x577e6af47622 - <std[70759c8f55707aa4]::thread::lifecycle::spawn_unchecked<test[9d35eded1c95d3be]::run_test::{closure#1}, ()>::{closure#1} as core[df12db4294e9bfd3]::ops::function::FnOnce<()>>::call_once::{shim:vtable#0}
[INFO] [stdout]   19:     0x577e6b0965e9 - <std[70759c8f55707aa4]::sys::thread::unix::Thread>::new::thread_start
[INFO] [stdout]   20:     0x75c305884dfa - <unknown>
[INFO] [stdout]   21:     0x75c3059183d4 - clone
[INFO] [stdout]   22:                0x0 - <unknown>
[INFO] [stdout] 
[INFO] [stdout] ---- tests::convert_returns_a_warning_exit_code_when_assets_are_missing stdout ----
[INFO] [stdout] 
[INFO] [stdout] thread 'tests::convert_returns_a_warning_exit_code_when_assets_are_missing' (1570) panicked at src/lib.rs:4104:43:
[INFO] [stdout] source directory should exist: Os { code: 2, kind: NotFound, message: "No such file or directory" }
[INFO] [stdout] stack backtrace:
[INFO] [stdout]    0:     0x577e6b097df1 - <<std[70759c8f55707aa4]::sys::backtrace::BacktraceLock>::print::DisplayBacktrace as core[df12db4294e9bfd3]::fmt::Display>::fmt
[INFO] [stdout]    1:     0x577e6b0b0c1a - core[df12db4294e9bfd3]::fmt::write
[INFO] [stdout]    2:     0x577e6b09cd8c - <alloc[2182bb758b4b3781]::vec::Vec<u8> as core[df12db4294e9bfd3]::io::write::Write>::write_fmt
[INFO] [stdout]    3:     0x577e6b06ebd6 - std[70759c8f55707aa4]::panicking::default_hook::{closure#0}
[INFO] [stdout]    4:     0x577e6b08da19 - std[70759c8f55707aa4]::panicking::default_hook
[INFO] [stdout]    5:     0x577e6af43b70 - test[9d35eded1c95d3be]::test_main_inner::<test[9d35eded1c95d3be]::test_main_static::{closure#0}>::{closure#0}
[INFO] [stdout]    6:     0x577e6b08dbd2 - std[70759c8f55707aa4]::panicking::panic_with_hook
[INFO] [stdout]    7:     0x577e6b06ec82 - std[70759c8f55707aa4]::panicking::panic_handler::{closure#0}
[INFO] [stdout]    8:     0x577e6b0673b9 - std[70759c8f55707aa4]::sys::backtrace::__rust_end_short_backtrace::<std[70759c8f55707aa4]::panicking::panic_handler::{closure#0}, !>
[INFO] [stdout]    9:     0x577e6b06fc8d - __rustc[8fa7c3cbc660c2b3]::rust_begin_unwind
[INFO] [stdout]   10:     0x577e6b0b137c - core[df12db4294e9bfd3]::panicking::panic_fmt
[INFO] [stdout]   11:     0x577e6b0b1152 - core[df12db4294e9bfd3]::result::unwrap_failed
[INFO] [stdout]   12:     0x577e6ad97c3e - marknest[82783cb178d30cd6]::tests::copy_directory
[INFO] [stdout]   13:     0x577e6ada1f81 - marknest[82783cb178d30cd6]::tests::convert_returns_a_warning_exit_code_when_assets_are_missing
[INFO] [stdout]   14:     0x577e6ad95389 - <marknest[82783cb178d30cd6]::tests::convert_returns_a_warning_exit_code_when_assets_are_missing::{closure#0} as core[df12db4294e9bfd3]::ops::function::FnOnce<()>>::call_once
[INFO] [stdout]   15:     0x577e6af36e5b - test[9d35eded1c95d3be]::__rust_begin_short_backtrace::<core[df12db4294e9bfd3]::result::Result<(), alloc[2182bb758b4b3781]::string::String>, fn() -> core[df12db4294e9bfd3]::result::Result<(), alloc[2182bb758b4b3781]::string::String>>
[INFO] [stdout]   16:     0x577e6af444c5 - test[9d35eded1c95d3be]::run_test::{closure#0}
[INFO] [stdout]   17:     0x577e6af3dd84 - std[70759c8f55707aa4]::sys::backtrace::__rust_begin_short_backtrace::<test[9d35eded1c95d3be]::run_test::{closure#1}, ()>
[INFO] [stdout]   18:     0x577e6af47622 - <std[70759c8f55707aa4]::thread::lifecycle::spawn_unchecked<test[9d35eded1c95d3be]::run_test::{closure#1}, ()>::{closure#1} as core[df12db4294e9bfd3]::ops::function::FnOnce<()>>::call_once::{shim:vtable#0}
[INFO] [stdout]   19:     0x577e6b0965e9 - <std[70759c8f55707aa4]::sys::thread::unix::Thread>::new::thread_start
[INFO] [stdout]   20:     0x75c305884dfa - <unknown>
[INFO] [stdout]   21:     0x75c3059183d4 - clone
[INFO] [stdout]   22:                0x0 - <unknown>
[INFO] [stdout] 
[INFO] [stdout] ---- tests::convert_supports_individual_page_margins stdout ----
[INFO] [stdout] 
[INFO] [stdout] thread 'tests::convert_supports_individual_page_margins' (1572) panicked at src/lib.rs:4104:43:
[INFO] [stdout] source directory should exist: Os { code: 2, kind: NotFound, message: "No such file or directory" }
[INFO] [stdout] stack backtrace:
[INFO] [stdout]    0:     0x577e6b097df1 - <<std[70759c8f55707aa4]::sys::backtrace::BacktraceLock>::print::DisplayBacktrace as core[df12db4294e9bfd3]::fmt::Display>::fmt
[INFO] [stdout]    1:     0x577e6b0b0c1a - core[df12db4294e9bfd3]::fmt::write
[INFO] [stdout]    2:     0x577e6b09cd8c - <alloc[2182bb758b4b3781]::vec::Vec<u8> as core[df12db4294e9bfd3]::io::write::Write>::write_fmt
[INFO] [stdout]    3:     0x577e6b06ebd6 - std[70759c8f55707aa4]::panicking::default_hook::{closure#0}
[INFO] [stdout]    4:     0x577e6b08da19 - std[70759c8f55707aa4]::panicking::default_hook
[INFO] [stdout]    5:     0x577e6af43b70 - test[9d35eded1c95d3be]::test_main_inner::<test[9d35eded1c95d3be]::test_main_static::{closure#0}>::{closure#0}
[INFO] [stdout]    6:     0x577e6b08dbd2 - std[70759c8f55707aa4]::panicking::panic_with_hook
[INFO] [stdout]    7:     0x577e6b06ec82 - std[70759c8f55707aa4]::panicking::panic_handler::{closure#0}
[INFO] [stdout]    8:     0x577e6b0673b9 - std[70759c8f55707aa4]::sys::backtrace::__rust_end_short_backtrace::<std[70759c8f55707aa4]::panicking::panic_handler::{closure#0}, !>
[INFO] [stdout]    9:     0x577e6b06fc8d - __rustc[8fa7c3cbc660c2b3]::rust_begin_unwind
[INFO] [stdout]   10:     0x577e6b0b137c - core[df12db4294e9bfd3]::panicking::panic_fmt
[INFO] [stdout]   11:     0x577e6b0b1152 - core[df12db4294e9bfd3]::result::unwrap_failed
[INFO] [stdout]   12:     0x577e6ad97c3e - marknest[82783cb178d30cd6]::tests::copy_directory
[INFO] [stdout]   13:     0x577e6ad99573 - marknest[82783cb178d30cd6]::tests::convert_supports_individual_page_margins
[INFO] [stdout]   14:     0x577e6ad950f9 - <marknest[82783cb178d30cd6]::tests::convert_supports_individual_page_margins::{closure#0} as core[df12db4294e9bfd3]::ops::function::FnOnce<()>>::call_once
[INFO] [stdout]   15:     0x577e6af36e5b - test[9d35eded1c95d3be]::__rust_begin_short_backtrace::<core[df12db4294e9bfd3]::result::Result<(), alloc[2182bb758b4b3781]::string::String>, fn() -> core[df12db4294e9bfd3]::result::Result<(), alloc[2182bb758b4b3781]::string::String>>
[INFO] [stdout]   16:     0x577e6af444c5 - test[9d35eded1c95d3be]::run_test::{closure#0}
[INFO] [stdout]   17:     0x577e6af3dd84 - std[70759c8f55707aa4]::sys::backtrace::__rust_begin_short_backtrace::<test[9d35eded1c95d3be]::run_test::{closure#1}, ()>
[INFO] [stdout]   18:     0x577e6af47622 - <std[70759c8f55707aa4]::thread::lifecycle::spawn_unchecked<test[9d35eded1c95d3be]::run_test::{closure#1}, ()>::{closure#1} as core[df12db4294e9bfd3]::ops::function::FnOnce<()>>::call_once::{shim:vtable#0}
[INFO] [stdout]   19:     0x577e6b0965e9 - <std[70759c8f55707aa4]::sys::thread::unix::Thread>::new::thread_start
[INFO] [stdout]   20:     0x75c305884dfa - <unknown>
[INFO] [stdout]   21:     0x75c3059183d4 - clone
[INFO] [stdout]   22:                0x0 - <unknown>
[INFO] [stdout] 
[INFO] [stdout] ---- tests::convert_returns_a_validation_failure_when_runtime_rendering_is_required stdout ----
[INFO] [stdout] 
[INFO] [stdout] thread 'tests::convert_returns_a_validation_failure_when_runtime_rendering_is_required' (1569) panicked at src/lib.rs:4104:43:
[INFO] [stdout] source directory should exist: Os { code: 2, kind: NotFound, message: "No such file or directory" }
[INFO] [stdout] stack backtrace:
[INFO] [stdout]    0:     0x577e6b097df1 - <<std[70759c8f55707aa4]::sys::backtrace::BacktraceLock>::print::DisplayBacktrace as core[df12db4294e9bfd3]::fmt::Display>::fmt
[INFO] [stdout]    1:     0x577e6b0b0c1a - core[df12db4294e9bfd3]::fmt::write
[INFO] [stdout]    2:     0x577e6b09cd8c - <alloc[2182bb758b4b3781]::vec::Vec<u8> as core[df12db4294e9bfd3]::io::write::Write>::write_fmt
[INFO] [stdout]    3:     0x577e6b06ebd6 - std[70759c8f55707aa4]::panicking::default_hook::{closure#0}
[INFO] [stdout]    4:     0x577e6b08da19 - std[70759c8f55707aa4]::panicking::default_hook
[INFO] [stdout]    5:     0x577e6af43b70 - test[9d35eded1c95d3be]::test_main_inner::<test[9d35eded1c95d3be]::test_main_static::{closure#0}>::{closure#0}
[INFO] [stdout]    6:     0x577e6b08dbd2 - std[70759c8f55707aa4]::panicking::panic_with_hook
[INFO] [stdout]    7:     0x577e6b06ec82 - std[70759c8f55707aa4]::panicking::panic_handler::{closure#0}
[INFO] [stdout]    8:     0x577e6b0673b9 - std[70759c8f55707aa4]::sys::backtrace::__rust_end_short_backtrace::<std[70759c8f55707aa4]::panicking::panic_handler::{closure#0}, !>
[INFO] [stdout]    9:     0x577e6b06fc8d - __rustc[8fa7c3cbc660c2b3]::rust_begin_unwind
[INFO] [stdout]   10:     0x577e6b0b137c - core[df12db4294e9bfd3]::panicking::panic_fmt
[INFO] [stdout]   11:     0x577e6b0b1152 - core[df12db4294e9bfd3]::result::unwrap_failed
[INFO] [stdout]   12:     0x577e6ad97c3e - marknest[82783cb178d30cd6]::tests::copy_directory
[INFO] [stdout]   13:     0x577e6ada5ac4 - marknest[82783cb178d30cd6]::tests::convert_returns_a_validation_failure_when_runtime_rendering_is_required
[INFO] [stdout]   14:     0x577e6ad954a9 - <marknest[82783cb178d30cd6]::tests::convert_returns_a_validation_failure_when_runtime_rendering_is_required::{closure#0} as core[df12db4294e9bfd3]::ops::function::FnOnce<()>>::call_once
[INFO] [stdout]   15:     0x577e6af36e5b - test[9d35eded1c95d3be]::__rust_begin_short_backtrace::<core[df12db4294e9bfd3]::result::Result<(), alloc[2182bb758b4b3781]::string::String>, fn() -> core[df12db4294e9bfd3]::result::Result<(), alloc[2182bb758b4b3781]::string::String>>
[INFO] [stdout]   16:     0x577e6af444c5 - test[9d35eded1c95d3be]::run_test::{closure#0}
[INFO] [stdout]   17:     0x577e6af3dd84 - std[70759c8f55707aa4]::sys::backtrace::__rust_begin_short_backtrace::<test[9d35eded1c95d3be]::run_test::{closure#1}, ()>
[INFO] [stdout]   18:     0x577e6af47622 - <std[70759c8f55707aa4]::thread::lifecycle::spawn_unchecked<test[9d35eded1c95d3be]::run_test::{closure#1}, ()>::{closure#1} as core[df12db4294e9bfd3]::ops::function::FnOnce<()>>::call_once::{shim:vtable#0}
[INFO] [stdout]   19:     0x577e6b0965e9 - <std[70759c8f55707aa4]::sys::thread::unix::Thread>::new::thread_start
[INFO] [stdout]   20:     0x75c305884dfa - <unknown>
[INFO] [stdout]   21:     0x75c3059183d4 - clone
[INFO] [stdout]   22:                0x0 - <unknown>
[INFO] [stdout] 
[INFO] [stdout] ---- tests::convert_returns_a_warning_exit_code_when_runtime_rendering_warns stdout ----
[INFO] [stdout] 
[INFO] [stdout] thread 'tests::convert_returns_a_warning_exit_code_when_runtime_rendering_warns' (1571) panicked at src/lib.rs:4104:43:
[INFO] [stdout] source directory should exist: Os { code: 2, kind: NotFound, message: "No such file or directory" }
[INFO] [stdout] stack backtrace:
[INFO] [stdout]    0:     0x577e6b097df1 - <<std[70759c8f55707aa4]::sys::backtrace::BacktraceLock>::print::DisplayBacktrace as core[df12db4294e9bfd3]::fmt::Display>::fmt
[INFO] [stdout]    1:     0x577e6b0b0c1a - core[df12db4294e9bfd3]::fmt::write
[INFO] [stdout]    2:     0x577e6b09cd8c - <alloc[2182bb758b4b3781]::vec::Vec<u8> as core[df12db4294e9bfd3]::io::write::Write>::write_fmt
[INFO] [stdout]    3:     0x577e6b06ebd6 - std[70759c8f55707aa4]::panicking::default_hook::{closure#0}
[INFO] [stdout]    4:     0x577e6b08da19 - std[70759c8f55707aa4]::panicking::default_hook
[INFO] [stdout]    5:     0x577e6af43b70 - test[9d35eded1c95d3be]::test_main_inner::<test[9d35eded1c95d3be]::test_main_static::{closure#0}>::{closure#0}
[INFO] [stdout]    6:     0x577e6b08dbd2 - std[70759c8f55707aa4]::panicking::panic_with_hook
[INFO] [stdout]    7:     0x577e6b06ec82 - std[70759c8f55707aa4]::panicking::panic_handler::{closure#0}
[INFO] [stdout]    8:     0x577e6b0673b9 - std[70759c8f55707aa4]::sys::backtrace::__rust_end_short_backtrace::<std[70759c8f55707aa4]::panicking::panic_handler::{closure#0}, !>
[INFO] [stdout]    9:     0x577e6b06fc8d - __rustc[8fa7c3cbc660c2b3]::rust_begin_unwind
[INFO] [stdout]   10:     0x577e6b0b137c - core[df12db4294e9bfd3]::panicking::panic_fmt
[INFO] [stdout]   11:     0x577e6b0b1152 - core[df12db4294e9bfd3]::result::unwrap_failed
[INFO] [stdout]   12:     0x577e6ad97c3e - marknest[82783cb178d30cd6]::tests::copy_directory
[INFO] [stdout]   13:     0x577e6ada5294 - marknest[82783cb178d30cd6]::tests::convert_returns_a_warning_exit_code_when_runtime_rendering_warns
[INFO] [stdout]   14:     0x577e6ad95469 - <marknest[82783cb178d30cd6]::tests::convert_returns_a_warning_exit_code_when_runtime_rendering_warns::{closure#0} as core[df12db4294e9bfd3]::ops::function::FnOnce<()>>::call_once
[INFO] [stdout]   15:     0x577e6af36e5b - test[9d35eded1c95d3be]::__rust_begin_short_backtrace::<core[df12db4294e9bfd3]::result::Result<(), alloc[2182bb758b4b3781]::string::String>, fn() -> core[df12db4294e9bfd3]::result::Result<(), alloc[2182bb758b4b3781]::string::String>>
[INFO] [stdout]   16:     0x577e6af444c5 - test[9d35eded1c95d3be]::run_test::{closure#0}
[INFO] [stdout]   17:     0x577e6af3dd84 - std[70759c8f55707aa4]::sys::backtrace::__rust_begin_short_backtrace::<test[9d35eded1c95d3be]::run_test::{closure#1}, ()>
[INFO] [stdout]   18:     0x577e6af47622 - <std[70759c8f55707aa4]::thread::lifecycle::spawn_unchecked<test[9d35eded1c95d3be]::run_test::{closure#1}, ()>::{closure#1} as core[df12db4294e9bfd3]::ops::function::FnOnce<()>>::call_once::{shim:vtable#0}
[INFO] [stdout]   19:     0x577e6b0965e9 - <std[70759c8f55707aa4]::sys::thread::unix::Thread>::new::thread_start
[INFO] [stdout]   20:     0x75c305884dfa - <unknown>
[INFO] [stdout]   21:     0x75c3059183d4 - clone
[INFO] [stdout]   22:                0x0 - <unknown>
[INFO] [stdout] 
[INFO] [stdout] ---- tests::convert_writes_debug_artifacts_and_passes_print_templates_to_the_renderer stdout ----
[INFO] [stdout] 
[INFO] [stdout] thread 'tests::convert_writes_debug_artifacts_and_passes_print_templates_to_the_renderer' (1573) panicked at src/lib.rs:4104:43:
[INFO] [stdout] source directory should exist: Os { code: 2, kind: NotFound, message: "No such file or directory" }
[INFO] [stdout] stack backtrace:
[INFO] [stdout]    0:     0x577e6b097df1 - <<std[70759c8f55707aa4]::sys::backtrace::BacktraceLock>::print::DisplayBacktrace as core[df12db4294e9bfd3]::fmt::Display>::fmt
[INFO] [stdout]    1:     0x577e6b0b0c1a - core[df12db4294e9bfd3]::fmt::write
[INFO] [stdout]    2:     0x577e6b09cd8c - <alloc[2182bb758b4b3781]::vec::Vec<u8> as core[df12db4294e9bfd3]::io::write::Write>::write_fmt
[INFO] [stdout]    3:     0x577e6b06ebd6 - std[70759c8f55707aa4]::panicking::default_hook::{closure#0}
[INFO] [stdout]    4:     0x577e6b08da19 - std[70759c8f55707aa4]::panicking::default_hook
[INFO] [stdout]    5:     0x577e6af43b70 - test[9d35eded1c95d3be]::test_main_inner::<test[9d35eded1c95d3be]::test_main_static::{closure#0}>::{closure#0}
[INFO] [stdout]    6:     0x577e6b08dbd2 - std[70759c8f55707aa4]::panicking::panic_with_hook
[INFO] [stdout]    7:     0x577e6b06ec82 - std[70759c8f55707aa4]::panicking::panic_handler::{closure#0}
[INFO] [stdout]    8:     0x577e6b0673b9 - std[70759c8f55707aa4]::sys::backtrace::__rust_end_short_backtrace::<std[70759c8f55707aa4]::panicking::panic_handler::{closure#0}, !>
[INFO] [stdout]    9:     0x577e6b06fc8d - __rustc[8fa7c3cbc660c2b3]::rust_begin_unwind
[INFO] [stdout]   10:     0x577e6b0b137c - core[df12db4294e9bfd3]::panicking::panic_fmt
[INFO] [stdout]   11:     0x577e6b0b1152 - core[df12db4294e9bfd3]::result::unwrap_failed
[INFO] [stdout]   12:     0x577e6ad97c3e - marknest[82783cb178d30cd6]::tests::copy_directory
[INFO] [stdout]   13:     0x577e6ada5eec - marknest[82783cb178d30cd6]::tests::convert_writes_debug_artifacts_and_passes_print_templates_to_the_renderer
[INFO] [stdout]   14:     0x577e6ad954c9 - <marknest[82783cb178d30cd6]::tests::convert_writes_debug_artifacts_and_passes_print_templates_to_the_renderer::{closure#0} as core[df12db4294e9bfd3]::ops::function::FnOnce<()>>::call_once
[INFO] [stdout]   15:     0x577e6af36e5b - test[9d35eded1c95d3be]::__rust_begin_short_backtrace::<core[df12db4294e9bfd3]::result::Result<(), alloc[2182bb758b4b3781]::string::String>, fn() -> core[df12db4294e9bfd3]::result::Result<(), alloc[2182bb758b4b3781]::string::String>>
[INFO] [stdout]   16:     0x577e6af444c5 - test[9d35eded1c95d3be]::run_test::{closure#0}
[INFO] [stdout]   17:     0x577e6af3dd84 - std[70759c8f55707aa4]::sys::backtrace::__rust_begin_short_backtrace::<test[9d35eded1c95d3be]::run_test::{closure#1}, ()>
[INFO] [stdout]   18:     0x577e6af47622 - <std[70759c8f55707aa4]::thread::lifecycle::spawn_unchecked<test[9d35eded1c95d3be]::run_test::{closure#1}, ()>::{closure#1} as core[df12db4294e9bfd3]::ops::function::FnOnce<()>>::call_once::{shim:vtable#0}
[INFO] [stdout]   19:     0x577e6b0965e9 - <std[70759c8f55707aa4]::sys::thread::unix::Thread>::new::thread_start
[INFO] [stdout]   20:     0x75c305884dfa - <unknown>
[INFO] [stdout]   21:     0x75c3059183d4 - clone
[INFO] [stdout]   22:                0x0 - <unknown>
[INFO] [stdout] 
[INFO] [stdout] ---- tests::convert_renders_a_single_markdown_file_to_pdf stdout ----
[INFO] [stdout] 
[INFO] [stdout] thread 'tests::convert_renders_a_single_markdown_file_to_pdf' (1568) panicked at src/lib.rs:4104:43:
[INFO] [stdout] source directory should exist: Os { code: 2, kind: NotFound, message: "No such file or directory" }
[INFO] [stdout] stack backtrace:
[INFO] [stdout]    0:     0x577e6b097df1 - <<std[70759c8f55707aa4]::sys::backtrace::BacktraceLock>::print::DisplayBacktrace as core[df12db4294e9bfd3]::fmt::Display>::fmt
[INFO] [stdout]    1:     0x577e6b0b0c1a - core[df12db4294e9bfd3]::fmt::write
[INFO] [stdout]    2:     0x577e6b09cd8c - <alloc[2182bb758b4b3781]::vec::Vec<u8> as core[df12db4294e9bfd3]::io::write::Write>::write_fmt
[INFO] [stdout]    3:     0x577e6b06ebd6 - std[70759c8f55707aa4]::panicking::default_hook::{closure#0}
[INFO] [stdout]    4:     0x577e6b08da19 - std[70759c8f55707aa4]::panicking::default_hook
[INFO] [stdout]    5:     0x577e6af43b70 - test[9d35eded1c95d3be]::test_main_inner::<test[9d35eded1c95d3be]::test_main_static::{closure#0}>::{closure#0}
[INFO] [stdout]    6:     0x577e6b08dbd2 - std[70759c8f55707aa4]::panicking::panic_with_hook
[INFO] [stdout]    7:     0x577e6b06ec82 - std[70759c8f55707aa4]::panicking::panic_handler::{closure#0}
[INFO] [stdout]    8:     0x577e6b0673b9 - std[70759c8f55707aa4]::sys::backtrace::__rust_end_short_backtrace::<std[70759c8f55707aa4]::panicking::panic_handler::{closure#0}, !>
[INFO] [stdout]    9:     0x577e6b06fc8d - __rustc[8fa7c3cbc660c2b3]::rust_begin_unwind
[INFO] [stdout]   10:     0x577e6b0b137c - core[df12db4294e9bfd3]::panicking::panic_fmt
[INFO] [stdout]   11:     0x577e6b0b1152 - core[df12db4294e9bfd3]::result::unwrap_failed
[INFO] [stdout]   12:     0x577e6ad97c3e - marknest[82783cb178d30cd6]::tests::copy_directory
[INFO] [stdout]   13:     0x577e6ad9aa9e - marknest[82783cb178d30cd6]::tests::convert_renders_a_single_markdown_file_to_pdf
[INFO] [stdout]   14:     0x577e6ad951c9 - <marknest[82783cb178d30cd6]::tests::convert_renders_a_single_markdown_file_to_pdf::{closure#0} as core[df12db4294e9bfd3]::ops::function::FnOnce<()>>::call_once
[INFO] [stdout]   15:     0x577e6af36e5b - test[9d35eded1c95d3be]::__rust_begin_short_backtrace::<core[df12db4294e9bfd3]::result::Result<(), alloc[2182bb758b4b3781]::string::String>, fn() -> core[df12db4294e9bfd3]::result::Result<(), alloc[2182bb758b4b3781]::string::String>>
[INFO] [stdout]   16:     0x577e6af444c5 - test[9d35eded1c95d3be]::run_test::{closure#0}
[INFO] [stdout]   17:     0x577e6af3dd84 - std[70759c8f55707aa4]::sys::backtrace::__rust_begin_short_backtrace::<test[9d35eded1c95d3be]::run_test::{closure#1}, ()>
[INFO] [stdout]   18:     0x577e6af47622 - <std[70759c8f55707aa4]::thread::lifecycle::spawn_unchecked<test[9d35eded1c95d3be]::run_test::{closure#1}, ()>::{closure#1} as core[df12db4294e9bfd3]::ops::function::FnOnce<()>>::call_once::{shim:vtable#0}
[INFO] [stdout]   19:     0x577e6b0965e9 - <std[70759c8f55707aa4]::sys::thread::unix::Thread>::new::thread_start
[INFO] [stdout]   20:     0x75c305884dfa - <unknown>
[INFO] [stdout]   21:     0x75c3059183d4 - clone
[INFO] [stdout]   22:                0x0 - <unknown>
[INFO] [stdout] 
[INFO] [stdout] ---- tests::convert_rejects_scriptable_header_templates stdout ----
[INFO] [stdout] 
[INFO] [stdout] thread 'tests::convert_rejects_scriptable_header_templates' (1567) panicked at src/lib.rs:4104:43:
[INFO] [stdout] source directory should exist: Os { code: 2, kind: NotFound, message: "No such file or directory" }
[INFO] [stdout] stack backtrace:
[INFO] [stdout]    0:     0x577e6b097df1 - <<std[70759c8f55707aa4]::sys::backtrace::BacktraceLock>::print::DisplayBacktrace as core[df12db4294e9bfd3]::fmt::Display>::fmt
[INFO] [stdout]    1:     0x577e6b0b0c1a - core[df12db4294e9bfd3]::fmt::write
[INFO] [stdout]    2:     0x577e6b09cd8c - <alloc[2182bb758b4b3781]::vec::Vec<u8> as core[df12db4294e9bfd3]::io::write::Write>::write_fmt
[INFO] [stdout]    3:     0x577e6b06ebd6 - std[70759c8f55707aa4]::panicking::default_hook::{closure#0}
[INFO] [stdout]    4:     0x577e6b08da19 - std[70759c8f55707aa4]::panicking::default_hook
[INFO] [stdout]    5:     0x577e6af43b70 - test[9d35eded1c95d3be]::test_main_inner::<test[9d35eded1c95d3be]::test_main_static::{closure#0}>::{closure#0}
[INFO] [stdout]    6:     0x577e6b08dbd2 - std[70759c8f55707aa4]::panicking::panic_with_hook
[INFO] [stdout]    7:     0x577e6b06ec82 - std[70759c8f55707aa4]::panicking::panic_handler::{closure#0}
[INFO] [stdout]    8:     0x577e6b0673b9 - std[70759c8f55707aa4]::sys::backtrace::__rust_end_short_backtrace::<std[70759c8f55707aa4]::panicking::panic_handler::{closure#0}, !>
[INFO] [stdout]    9:     0x577e6b06fc8d - __rustc[8fa7c3cbc660c2b3]::rust_begin_unwind
[INFO] [stdout]   10:     0x577e6b0b137c - core[df12db4294e9bfd3]::panicking::panic_fmt
[INFO] [stdout]   11:     0x577e6b0b1152 - core[df12db4294e9bfd3]::result::unwrap_failed
[INFO] [stdout]   12:     0x577e6ad97c3e - marknest[82783cb178d30cd6]::tests::copy_directory
[INFO] [stdout]   13:     0x577e6ad99cc5 - marknest[82783cb178d30cd6]::tests::convert_rejects_scriptable_header_templates
[INFO] [stdout]   14:     0x577e6ad95189 - <marknest[82783cb178d30cd6]::tests::convert_rejects_scriptable_header_templates::{closure#0} as core[df12db4294e9bfd3]::ops::function::FnOnce<()>>::call_once
[INFO] [stdout]   15:     0x577e6af36e5b - test[9d35eded1c95d3be]::__rust_begin_short_backtrace::<core[df12db4294e9bfd3]::result::Result<(), alloc[2182bb758b4b3781]::string::String>, fn() -> core[df12db4294e9bfd3]::result::Result<(), alloc[2182bb758b4b3781]::string::String>>
[INFO] [stdout]   16:     0x577e6af444c5 - test[9d35eded1c95d3be]::run_test::{closure#0}
[INFO] [stdout]   17:     0x577e6af3dd84 - std[70759c8f55707aa4]::sys::backtrace::__rust_begin_short_backtrace::<test[9d35eded1c95d3be]::run_test::{closure#1}, ()>
[INFO] [stdout]   18:     0x577e6af47622 - <std[70759c8f55707aa4]::thread::lifecycle::spawn_unchecked<test[9d35eded1c95d3be]::run_test::{closure#1}, ()>::{closure#1} as core[df12db4294e9bfd3]::ops::function::FnOnce<()>>::call_once::{shim:vtable#0}
[INFO] [stdout]   19:     0x577e6b0965e9 - <std[70759c8f55707aa4]::sys::thread::unix::Thread>::new::thread_start
[INFO] [stdout]   20:     0x75c305884dfa - <unknown>
[INFO] [stdout]   21:     0x75c3059183d4 - clone
[INFO] [stdout]   22:                0x0 - <unknown>
[INFO] [stdout] 
[INFO] [stdout] ---- tests::convert_writes_runtime_assets_next_to_debug_html_when_mermaid_or_math_is_enabled stdout ----
[INFO] [stdout] 
[INFO] [stdout] thread 'tests::convert_writes_runtime_assets_next_to_debug_html_when_mermaid_or_math_is_enabled' (1576) panicked at src/lib.rs:4104:43:
[INFO] [stdout] source directory should exist: Os { code: 2, kind: NotFound, message: "No such file or directory" }
[INFO] [stdout] stack backtrace:
[INFO] [stdout]    0:     0x577e6b097df1 - <<std[70759c8f55707aa4]::sys::backtrace::BacktraceLock>::print::DisplayBacktrace as core[df12db4294e9bfd3]::fmt::Display>::fmt
[INFO] [stdout]    1:     0x577e6b0b0c1a - core[df12db4294e9bfd3]::fmt::write
[INFO] [stdout]    2:     0x577e6b09cd8c - <alloc[2182bb758b4b3781]::vec::Vec<u8> as core[df12db4294e9bfd3]::io::write::Write>::write_fmt
[INFO] [stdout]    3:     0x577e6b06ebd6 - std[70759c8f55707aa4]::panicking::default_hook::{closure#0}
[INFO] [stdout]    4:     0x577e6b08da19 - std[70759c8f55707aa4]::panicking::default_hook
[INFO] [stdout]    5:     0x577e6af43b70 - test[9d35eded1c95d3be]::test_main_inner::<test[9d35eded1c95d3be]::test_main_static::{closure#0}>::{closure#0}
[INFO] [stdout]    6:     0x577e6b08dbd2 - std[70759c8f55707aa4]::panicking::panic_with_hook
[INFO] [stdout]    7:     0x577e6b06ec82 - std[70759c8f55707aa4]::panicking::panic_handler::{closure#0}
[INFO] [stdout]    8:     0x577e6b0673b9 - std[70759c8f55707aa4]::sys::backtrace::__rust_end_short_backtrace::<std[70759c8f55707aa4]::panicking::panic_handler::{closure#0}, !>
[INFO] [stdout]    9:     0x577e6b06fc8d - __rustc[8fa7c3cbc660c2b3]::rust_begin_unwind
[INFO] [stdout]   10:     0x577e6b0b137c - core[df12db4294e9bfd3]::panicking::panic_fmt
[INFO] [stdout]   11:     0x577e6b0b1152 - core[df12db4294e9bfd3]::result::unwrap_failed
[INFO] [stdout]   12:     0x577e6ad97c3e - marknest[82783cb178d30cd6]::tests::copy_directory
[INFO] [stdout]   13:     0x577e6ada8c2a - marknest[82783cb178d30cd6]::tests::convert_writes_runtime_assets_next_to_debug_html_when_mermaid_or_math_is_enabled
[INFO] [stdout]   14:     0x577e6ad95549 - <marknest[82783cb178d30cd6]::tests::convert_writes_runtime_assets_next_to_debug_html_when_mermaid_or_math_is_enabled::{closure#0} as core[df12db4294e9bfd3]::ops::function::FnOnce<()>>::call_once
[INFO] [stdout]   15:     0x577e6af36e5b - test[9d35eded1c95d3be]::__rust_begin_short_backtrace::<core[df12db4294e9bfd3]::result::Result<(), alloc[2182bb758b4b3781]::string::String>, fn() -> core[df12db4294e9bfd3]::result::Result<(), alloc[2182bb758b4b3781]::string::String>>
[INFO] [stdout]   16:     0x577e6af444c5 - test[9d35eded1c95d3be]::run_test::{closure#0}
[INFO] [stdout]   17:     0x577e6af3dd84 - std[70759c8f55707aa4]::sys::backtrace::__rust_begin_short_backtrace::<test[9d35eded1c95d3be]::run_test::{closure#1}, ()>
[INFO] [stdout]   18:     0x577e6af47622 - <std[70759c8f55707aa4]::thread::lifecycle::spawn_unchecked<test[9d35eded1c95d3be]::run_test::{closure#1}, ()>::{closure#1} as core[df12db4294e9bfd3]::ops::function::FnOnce<()>>::call_once::{shim:vtable#0}
[INFO] [stdout]   19:     0x577e6b0965e9 - <std[70759c8f55707aa4]::sys::thread::unix::Thread>::new::thread_start
[INFO] [stdout]   20:     0x75c305884dfa - <unknown>
[INFO] [stdout]   21:     0x75c3059183d4 - clone
[INFO] [stdout]   22:                0x0 - <unknown>
[INFO] [stdout] 
[INFO] [stdout] ---- tests::resolve_playwright_runtime_dir_prefers_environment_override stdout ----
[INFO] [stdout] 
[INFO] [stdout] thread 'tests::resolve_playwright_runtime_dir_prefers_environment_override' (1604) panicked at src/lib.rs:5483:14:
[INFO] [stdout] environment mutex should lock: PoisonError { .. }
[INFO] [stdout] stack backtrace:
[INFO] [stdout]    0:     0x577e6b097df1 - <<std[70759c8f55707aa4]::sys::backtrace::BacktraceLock>::print::DisplayBacktrace as core[df12db4294e9bfd3]::fmt::Display>::fmt
[INFO] [stdout]    1:     0x577e6b0b0c1a - core[df12db4294e9bfd3]::fmt::write
[INFO] [stdout]    2:     0x577e6b09cd8c - <alloc[2182bb758b4b3781]::vec::Vec<u8> as core[df12db4294e9bfd3]::io::write::Write>::write_fmt
[INFO] [stdout]    3:     0x577e6b06ebd6 - std[70759c8f55707aa4]::panicking::default_hook::{closure#0}
[INFO] [stdout]    4:     0x577e6b08da19 - std[70759c8f55707aa4]::panicking::default_hook
[INFO] [stdout]    5:     0x577e6af43b70 - test[9d35eded1c95d3be]::test_main_inner::<test[9d35eded1c95d3be]::test_main_static::{closure#0}>::{closure#0}
[INFO] [stdout]    6:     0x577e6b08dbd2 - std[70759c8f55707aa4]::panicking::panic_with_hook
[INFO] [stdout]    7:     0x577e6b06ec82 - std[70759c8f55707aa4]::panicking::panic_handler::{closure#0}
[INFO] [stdout]    8:     0x577e6b0673b9 - std[70759c8f55707aa4]::sys::backtrace::__rust_end_short_backtrace::<std[70759c8f55707aa4]::panicking::panic_handler::{closure#0}, !>
[INFO] [stdout]    9:     0x577e6b06fc8d - __rustc[8fa7c3cbc660c2b3]::rust_begin_unwind
[INFO] [stdout]   10:     0x577e6b0b137c - core[df12db4294e9bfd3]::panicking::panic_fmt
[INFO] [stdout]   11:     0x577e6b0b1152 - core[df12db4294e9bfd3]::result::unwrap_failed
[INFO] [stdout]   12:     0x577e6ada2a1d - marknest[82783cb178d30cd6]::tests::resolve_playwright_runtime_dir_prefers_environment_override
[INFO] [stdout]   13:     0x577e6ad953a9 - <marknest[82783cb178d30cd6]::tests::resolve_playwright_runtime_dir_prefers_environment_override::{closure#0} as core[df12db4294e9bfd3]::ops::function::FnOnce<()>>::call_once
[INFO] [stdout]   14:     0x577e6af36e5b - test[9d35eded1c95d3be]::__rust_begin_short_backtrace::<core[df12db4294e9bfd3]::result::Result<(), alloc[2182bb758b4b3781]::string::String>, fn() -> core[df12db4294e9bfd3]::result::Result<(), alloc[2182bb758b4b3781]::string::String>>
[INFO] [stdout]   15:     0x577e6af444c5 - test[9d35eded1c95d3be]::run_test::{closure#0}
[INFO] [stdout]   16:     0x577e6af3dd84 - std[70759c8f55707aa4]::sys::backtrace::__rust_begin_short_backtrace::<test[9d35eded1c95d3be]::run_test::{closure#1}, ()>
[INFO] [stdout]   17:     0x577e6af47622 - <std[70759c8f55707aa4]::thread::lifecycle::spawn_unchecked<test[9d35eded1c95d3be]::run_test::{closure#1}, ()>::{closure#1} as core[df12db4294e9bfd3]::ops::function::FnOnce<()>>::call_once::{shim:vtable#0}
[INFO] [stdout]   18:     0x577e6b0965e9 - <std[70759c8f55707aa4]::sys::thread::unix::Thread>::new::thread_start
[INFO] [stdout]   19:     0x75c305884dfa - <unknown>
[INFO] [stdout]   20:     0x75c3059183d4 - clone
[INFO] [stdout]   21:                0x0 - <unknown>
[INFO] [stdout] 
[INFO] [stdout] 
[INFO] [stdout] failures:
[INFO] [stdout]     tests::convert_batch_writes_a_render_report_with_outputs_and_warnings
[INFO] [stdout]     tests::convert_inserts_a_generated_table_of_contents_when_requested
[INFO] [stdout]     tests::convert_passes_phase_3_options_to_the_pdf_renderer
[INFO] [stdout]     tests::convert_prefers_cli_then_config_then_environment_defaults
[INFO] [stdout]     tests::convert_rejects_scriptable_header_templates
[INFO] [stdout]     tests::convert_renders_a_single_markdown_file_to_pdf
[INFO] [stdout]     tests::convert_returns_a_validation_failure_when_runtime_rendering_is_required
[INFO] [stdout]     tests::convert_returns_a_warning_exit_code_when_assets_are_missing
[INFO] [stdout]     tests::convert_returns_a_warning_exit_code_when_runtime_rendering_warns
[INFO] [stdout]     tests::convert_supports_individual_page_margins
[INFO] [stdout]     tests::convert_writes_debug_artifacts_and_passes_print_templates_to_the_renderer
[INFO] [stdout]     tests::convert_writes_runtime_assets_next_to_debug_html_when_mermaid_or_math_is_enabled
[INFO] [stdout]     tests::resolve_playwright_runtime_dir_prefers_environment_override
[INFO] [stdout] 
[INFO] [stdout] test result: FAILED. 30 passed; 13 failed; 0 ignored; 0 measured; 0 filtered out; finished in 0.46s
[INFO] [stdout] 
[INFO] running `Command { std: "docker" "inspect" "dc801343882c3ec1b85470c6fbb50d06abbc12831e83fd0cab6b5374985cf57e", kill_on_drop: false }`
[INFO] running `Command { std: "docker" "rm" "-f" "dc801343882c3ec1b85470c6fbb50d06abbc12831e83fd0cab6b5374985cf57e", kill_on_drop: false }`
[INFO] [stdout] dc801343882c3ec1b85470c6fbb50d06abbc12831e83fd0cab6b5374985cf57e
