[INFO] fetching crate marked 0.3.0...
[INFO] testing marked-0.3.0 against 1.100.0-beta.1+cargoflags=--release for beta-release-1.100-2
[INFO] extracting crate marked 0.3.0 into /workspace/builds/worker-1-tc2/source
[INFO] started tweaking crates.io crate marked 0.3.0
[INFO] finished tweaking crates.io crate marked 0.3.0
[INFO] tweaked toml for crates.io crate marked 0.3.0 written to /workspace/builds/worker-1-tc2/source/Cargo.toml
[INFO] validating manifest of crates.io crate marked 0.3.0 on toolchain 1.100.0-beta.1
[INFO] running `Command { std: CARGO_HOME="/workspace/cargo-home" RUSTUP_HOME="/workspace/rustup-home" "/workspace/cargo-home/bin/cargo" "+1.100.0-beta.1" "metadata" "--manifest-path" "Cargo.toml" "--no-deps", kill_on_drop: false }`
[INFO] running `Command { std: CARGO_HOME="/workspace/cargo-home" RUSTUP_HOME="/workspace/rustup-home" "/workspace/cargo-home/bin/cargo" "+1.100.0-beta.1" "generate-lockfile" "--manifest-path" "Cargo.toml", kill_on_drop: false }`
[INFO] [stderr]     Updating crates.io index
[INFO] [stderr]      Locking 58 packages to highest compatible versions
[INFO] [stderr]       Adding html5ever v0.25.2 (available: v0.40.1)
[INFO] [stderr]       Adding lazy_static v1.4.0 (available: v1.5.1)
[INFO] [stderr]       Adding rand v0.7.3 (available: v0.10.3)
[INFO] [stderr]       Adding string_cache v0.8.9 (available: v0.11.0)
[INFO] [stderr]       Adding tendril v0.4.3 (available: v0.5.1)
[INFO] [stderr]       Adding xml-rs v0.8.29 (available: v1.0.0)
[INFO] running `Command { std: CARGO_HOME="/workspace/cargo-home" RUSTUP_HOME="/workspace/rustup-home" "/workspace/cargo-home/bin/cargo" "+1.100.0-beta.1" "fetch" "--manifest-path" "Cargo.toml", kill_on_drop: false }`
[INFO] running `Command { std: "docker" "create" "-v" "/var/lib/crater-agent-workspace/builds/worker-1-tc2/source:/opt/rustwide/workdir:ro,Z" "-v" "/var/lib/crater-agent-workspace/builds/worker-1-tc2/target:/opt/rustwide/target:rw,Z" "-v" "/var/lib/crater-agent-workspace/cargo-home:/opt/rustwide/cargo-home:ro,Z" "-v" "/var/lib/crater-agent-workspace/rustup-home:/opt/rustwide/rustup-home:ro,Z" "-m" "1610612736" "--network" "none" "ghcr.io/rust-lang/crates-build-env/linux@sha256:77db811e55d90add9212f6832c23229e3de5f1c1f9905e8cb07319ea15df73ac" "sleep" "infinity", kill_on_drop: false }`
[INFO] [stdout] 07db7aa5128a1b60a89d27cac4b405e4494429793f2fbcb3e3bddabb1c0936f6
[INFO] running `Command { std: "docker" "start" "07db7aa5128a1b60a89d27cac4b405e4494429793f2fbcb3e3bddabb1c0936f6", kill_on_drop: false }`
[INFO] running `Command { std: "docker" "inspect" "07db7aa5128a1b60a89d27cac4b405e4494429793f2fbcb3e3bddabb1c0936f6", kill_on_drop: false }`
[INFO] running `Command { std: "docker" "exec" "-e" "SOURCE_DIR=/opt/rustwide/workdir" "-e" "CARGO_HOME=/opt/rustwide/cargo-home" "-e" "RUSTUP_HOME=/opt/rustwide/rustup-home" "-e" "CARGO_TARGET_DIR=/opt/rustwide/target" "-w" "/opt/rustwide/workdir" "--user" "0:0" "07db7aa5128a1b60a89d27cac4b405e4494429793f2fbcb3e3bddabb1c0936f6" "/opt/rustwide/cargo-home/bin/cargo" "+1.100.0-beta.1" "metadata" "--no-deps" "--format-version=1", kill_on_drop: false }`
[INFO] running `Command { std: "docker" "inspect" "07db7aa5128a1b60a89d27cac4b405e4494429793f2fbcb3e3bddabb1c0936f6", kill_on_drop: false }`
[INFO] running `Command { std: "docker" "exec" "-e" "SOURCE_DIR=/opt/rustwide/workdir" "-e" "CARGO_HOME=/opt/rustwide/cargo-home" "-e" "RUSTUP_HOME=/opt/rustwide/rustup-home" "-e" "CARGO_TARGET_DIR=/opt/rustwide/target" "-e" "CARGO_INCREMENTAL=0" "-e" "RUST_BACKTRACE=full" "-e" "RUSTFLAGS=--cap-lints=warn" "-e" "RUSTDOCFLAGS=--cap-lints=warn" "-w" "/opt/rustwide/workdir" "--user" "0:0" "07db7aa5128a1b60a89d27cac4b405e4494429793f2fbcb3e3bddabb1c0936f6" "/opt/rustwide/cargo-home/bin/cargo" "+1.100.0-beta.1" "build" "--frozen" "--message-format=json" "--release", kill_on_drop: false }`
[INFO] [stderr]    Compiling libc v0.2.191
[INFO] [stderr]    Compiling getrandom v0.1.16
[INFO] [stderr]    Compiling siphasher v0.3.11
[INFO] [stderr]    Compiling siphasher v1.0.4
[INFO] [stderr]    Compiling rand_core v0.6.4
[INFO] [stderr]    Compiling zerocopy v0.8.63
[INFO] [stderr]    Compiling syn v1.0.109
[INFO] [stderr]    Compiling mac v0.1.1
[INFO] [stderr]    Compiling marked v0.3.0 (/opt/rustwide/workdir)
[INFO] [stderr]    Compiling futf v0.1.5
[INFO] [stderr]    Compiling rand v0.8.8
[INFO] [stderr]    Compiling phf_shared v0.8.0
[INFO] [stderr]    Compiling tendril v0.4.3
[INFO] [stderr]    Compiling phf_shared v0.11.3
[INFO] [stderr]    Compiling phf v0.8.0
[INFO] [stderr]    Compiling string_cache v0.8.9
[INFO] [stderr]    Compiling phf_generator v0.11.3
[INFO] [stderr]    Compiling string_cache_codegen v0.5.4
[INFO] [stderr]    Compiling rand_core v0.5.1
[INFO] [stderr]    Compiling rand_pcg v0.2.1
[INFO] [stderr]    Compiling html5ever v0.25.2
[INFO] [stderr]    Compiling ppv-lite86 v0.2.21
[INFO] [stderr]    Compiling rand_chacha v0.2.2
[INFO] [stderr]    Compiling rand v0.7.3
[INFO] [stderr]    Compiling phf_generator v0.8.0
[INFO] [stderr]    Compiling phf_codegen v0.8.0
[INFO] [stderr]    Compiling markup5ever v0.10.1
[INFO] [stderr]     Finished `release` profile [optimized] target(s) in 18.55s
[INFO] running `Command { std: "docker" "inspect" "07db7aa5128a1b60a89d27cac4b405e4494429793f2fbcb3e3bddabb1c0936f6", kill_on_drop: false }`
[INFO] running `Command { std: "docker" "exec" "-e" "SOURCE_DIR=/opt/rustwide/workdir" "-e" "CARGO_HOME=/opt/rustwide/cargo-home" "-e" "RUSTUP_HOME=/opt/rustwide/rustup-home" "-e" "CARGO_TARGET_DIR=/opt/rustwide/target" "-e" "CARGO_INCREMENTAL=0" "-e" "RUST_BACKTRACE=full" "-e" "RUSTFLAGS=--cap-lints=warn" "-e" "RUSTDOCFLAGS=--cap-lints=warn" "-w" "/opt/rustwide/workdir" "--user" "0:0" "07db7aa5128a1b60a89d27cac4b405e4494429793f2fbcb3e3bddabb1c0936f6" "/opt/rustwide/cargo-home/bin/cargo" "+1.100.0-beta.1" "test" "--frozen" "--no-run" "--message-format=json" "--release", kill_on_drop: false }`
[INFO] [stderr]    Compiling getrandom v0.1.16
[INFO] [stderr]    Compiling rand_core v0.5.1
[INFO] [stderr]    Compiling rand_chacha v0.2.2
[INFO] [stderr]    Compiling rand_pcg v0.2.1
[INFO] [stderr]    Compiling rand v0.7.3
[INFO] [stderr]    Compiling marked v0.3.0 (/opt/rustwide/workdir)
[INFO] [stdout] warning: unused import: `crate::chain_filters`
[INFO] [stdout]   --> src/dom/tests.rs:15:5
[INFO] [stdout]    |
[INFO] [stdout] 15 | use crate::chain_filters;
[INFO] [stdout]    |     ^^^^^^^^^^^^^^^^^^^^
[INFO] [stdout]    |
[INFO] [stdout]    = note: `#[warn(unused_imports)]` (part of `#[warn(unused)]`) on by default
[INFO] [stdout] 
[INFO] [stdout] 
[INFO] [stderr]     Finished `release` profile [optimized] target(s) in 7.70s
[INFO] running `Command { std: "docker" "inspect" "07db7aa5128a1b60a89d27cac4b405e4494429793f2fbcb3e3bddabb1c0936f6", kill_on_drop: false }`
[INFO] running `Command { std: "docker" "exec" "-e" "SOURCE_DIR=/opt/rustwide/workdir" "-e" "CARGO_HOME=/opt/rustwide/cargo-home" "-e" "RUSTUP_HOME=/opt/rustwide/rustup-home" "-e" "CARGO_TARGET_DIR=/opt/rustwide/target" "-e" "CARGO_INCREMENTAL=0" "-e" "RUST_BACKTRACE=full" "-e" "RUSTFLAGS=--cap-lints=warn" "-e" "RUSTDOCFLAGS=--cap-lints=warn" "-w" "/opt/rustwide/workdir" "--user" "0:0" "07db7aa5128a1b60a89d27cac4b405e4494429793f2fbcb3e3bddabb1c0936f6" "/opt/rustwide/cargo-home/bin/cargo" "+1.100.0-beta.1" "test" "--frozen" "--release", kill_on_drop: false }`
[INFO] [stderr] warning: unused import: `crate::chain_filters`
[INFO] [stderr]   --> src/dom/tests.rs:15:5
[INFO] [stderr]    |
[INFO] [stderr] 15 | use crate::chain_filters;
[INFO] [stderr]    |     ^^^^^^^^^^^^^^^^^^^^
[INFO] [stderr]    |
[INFO] [stderr]    = note: `#[warn(unused_imports)]` (part of `#[warn(unused)]`) on by default
[INFO] [stderr] 
[INFO] [stderr] warning: `marked` (lib test) generated 1 warning (run `cargo fix --lib -p marked --tests` to apply 1 suggestion)
[INFO] [stderr]     Finished `release` profile [optimized] target(s) in 0.09s
[INFO] [stderr]      Running unittests src/lib.rs (/opt/rustwide/target/release/build/marked/c02f5d11cd8bcf1d/out/marked-c02f5d11cd8bcf1d)
[INFO] [stdout] 
[INFO] [stdout] running 64 tests
[INFO] [stdout] test chars::tests::replace_trim_right ... ok
[INFO] [stdout] test chars::tests::test_char_class ... ok
[INFO] [stdout] test chars::tests::replace_trim ... ok
[INFO] [stdout] test chars::tests::replace_trim_left ... ok
[INFO] [stdout] test decode::encoding_hint::tests::test_not_send_nor_sync ... ok
[INFO] [stdout] test decode::encoding_hint::tests::test_send_sync ... ok
[INFO] [stdout] test decode::tests::decode_koi8_u_encoding_rs ... ok
[INFO] [stdout] test decode::tests::decode_utf8_encoding_rs ... ok
[INFO] [stdout] test decode::tests::decode_windows_949_encoding_rs ... ok
[INFO] [stdout] test dom::tests::element_attrs ... ok
[INFO] [stdout] test decode::encoding_hint::tests::could_read_from ... ok
[INFO] [stdout] test chars::tests::replace_multibyte ... ok
[INFO] [stdout] test decode::encoding_hint::tests::encoding_hint ... ok
[INFO] [stdout] test decode::encoding_hint::tests::could_read_from_multi_byte ... ok
[INFO] [stdout] test dom::tests::element_attrs_dups ... ok
[INFO] [stdout] test chars::tests::replace_ctrl_only ... ok
[INFO] [stdout] test dom::tests::empty_document ... ok
[INFO] [stdout] test dom::tests::mixed_text_no_root ... ok
[INFO] [stdout] test dom::tests::one_element ... ok
[INFO] [stdout] test dom::tests::test_documento_utf16be_bom ... ok
[INFO] [stdout] test dom::tests::test_append_deep_clone ... ok
[INFO] [stdout] test dom::tests::test_documento_utf16be_meta_utf16le ... ok
[INFO] [stdout] test dom::tests::test_deep_clone ... ok
[INFO] [stdout] test dom::tests::test_documento_utf16le_meta_utf8 ... ok
[INFO] [stdout] test dom::tests::test_detach_root_doctype ... ok
[INFO] [stdout] test dom::tests::test_detach_fragment ... ok
[INFO] [stdout] test dom::tests::test_detach_root ... ok
[INFO] [stdout] test chars::tests::replace ... ok
[INFO] [stdout] test dom::tests::test_detach_text_sib ... ok
[INFO] [stdout] test dom::tests::size_of ... FAILED
[INFO] [stdout] test dom::tests::test_documento_utf8_bom ... ok
[INFO] [stdout] test dom::tests::test_documento_utf16le ... ok
[INFO] [stdout] test dom::tests::test_documento_utf16le_bom ... ok
[INFO] [stdout] test dom::tests::test_documento_utf8_meta ... ok
[INFO] [stdout] test dom::tests::test_detach_text ... ok
[INFO] [stdout] test dom::tests::test_documento_utf8_meta_utf16 ... ok
[INFO] [stdout] test dom::tests::test_empty_fragment ... ok
[INFO] [stdout] test dom::tests::test_html_attr ... ok
[INFO] [stdout] test dom::tests::test_empty_inline ... ok
[INFO] [stdout] test dom::tests::test_parsed_attrs ... ok
[INFO] [stdout] test dom::tests::test_plaintext ... ok
[INFO] [stdout] test dom::tests::test_remove_filter_breadth ... ok
[INFO] [stdout] test dom::tests::test_remove_filter ... ok
[INFO] [stdout] test dom::tests::test_empty_tag ... ok
[INFO] [stdout] test dom::tests::test_filter_chain ... ok
[INFO] [stdout] test dom::tests::test_fold_filter_breadth ... ok
[INFO] [stdout] test dom::tests::test_tag_metadata ... ok
[INFO] [stdout] test dom::tests::test_fold_filter ... ok
[INFO] [stdout] test dom::tests::test_xmp ... ok
[INFO] [stdout] test dom::tests::test_inline_fragment ... ok
[INFO] [stdout] test dom::tests::test_img_decoding_unknown ... ok
[INFO] [stdout] test dom::tests::test_text_fragment ... ok
[INFO] [stdout] test dom::tests::test_documento_utf8 ... ok
[INFO] [stdout] test dom::tests::test_detach_attach_sib ... ok
[INFO] [stdout] test dom::tests::test_select ... ok
[INFO] [stdout] test dom::tests::test_shallow_fragment ... ok
[INFO] [stdout] test dom::tests::test_select_children ... ok
[INFO] [stdout] test logger::tests::log_setup ... ok
[INFO] [stdout] test dom::tests::test_russez_windows1251_meta ... ok
[INFO] [stdout] test dom::tests::test_documento_windows1252_meta ... ok
[INFO] [stdout] test dom::tests::test_iro0094_shiftjis_meta ... ok
[INFO] [stdout] test dom::tests::test_matsunami_eucjp_meta ... ok
[INFO] [stdout] test dom::tests::test_filter_chain_large_sample ... ok
[INFO] [stdout] test dom::tests::test_filter_chain_large_sample_breadth ... ok
[INFO] [stdout] 
[INFO] [stdout] failures:
[INFO] [stdout] 
[INFO] [stdout] ---- dom::tests::size_of stdout ----
[INFO] [stdout] 
[INFO] [stdout] thread 'dom::tests::size_of' (693) panicked at src/dom/tests.rs:27:5:
[INFO] [stdout] assertion `left == right` failed
[INFO] [stdout]   left: 72
[INFO] [stdout]  right: 80
[INFO] [stdout] stack backtrace:
[INFO] [stdout]    0:     0x56f89ae07391 - <<std[617be2ca0a6fd877]::sys::backtrace::BacktraceLock>::print::DisplayBacktrace as core[a373ad73a504971]::fmt::Display>::fmt
[INFO] [stdout]    1:     0x56f89ae1ce2a - core[a373ad73a504971]::fmt::write
[INFO] [stdout]    2:     0x56f89ae0b7bc - <alloc[2e1b2a31b91974c5]::vec::Vec<u8> as core[a373ad73a504971]::io::write::Write>::write_fmt
[INFO] [stdout]    3:     0x56f89ade3776 - std[617be2ca0a6fd877]::panicking::default_hook::{closure#0}
[INFO] [stdout]    4:     0x56f89adff9e9 - std[617be2ca0a6fd877]::panicking::default_hook
[INFO] [stdout]    5:     0x56f89ad887a0 - test[aada8e7e76ba119b]::test_main_inner::{closure#0}
[INFO] [stdout]    6:     0x56f89adffba2 - std[617be2ca0a6fd877]::panicking::panic_with_hook
[INFO] [stdout]    7:     0x56f89ade3822 - std[617be2ca0a6fd877]::panicking::panic_handler::{closure#0}
[INFO] [stdout]    8:     0x56f89addc509 - std[617be2ca0a6fd877]::sys::backtrace::__rust_end_short_backtrace::<std[617be2ca0a6fd877]::panicking::panic_handler::{closure#0}, !>
[INFO] [stdout]    9:     0x56f89ade442d - __rustc[ea4f61d10b84890b]::rust_begin_unwind
[INFO] [stdout]   10:     0x56f89ae1d58c - core[a373ad73a504971]::panicking::panic_fmt
[INFO] [stdout]   11:     0x56f89ae1d4a3 - core[a373ad73a504971]::panicking::assert_failed_inner
[INFO] [stdout]   12:     0x56f89ae18a98 - core[a373ad73a504971]::panicking::assert_failed::<usize, usize>
[INFO] [stdout]   13:     0x56f89ad45780 - <marked[154caee565da23d6]::dom::tests::size_of::{closure#0} as core[a373ad73a504971]::ops::function::FnOnce<()>>::call_once
[INFO] [stdout]   14:     0x56f89ad7bbeb - test[aada8e7e76ba119b]::__rust_begin_short_backtrace::<core[a373ad73a504971]::result::Result<(), alloc[2e1b2a31b91974c5]::string::String>, fn() -> core[a373ad73a504971]::result::Result<(), alloc[2e1b2a31b91974c5]::string::String>>
[INFO] [stdout]   15:     0x56f89ad88dc5 - test[aada8e7e76ba119b]::run_test::{closure#0}
[INFO] [stdout]   16:     0x56f89ad826b4 - std[617be2ca0a6fd877]::sys::backtrace::__rust_begin_short_backtrace::<test[aada8e7e76ba119b]::run_test::{closure#1}, ()>
[INFO] [stdout]   17:     0x56f89ad8be52 - <std[617be2ca0a6fd877]::thread::lifecycle::spawn_unchecked<test[aada8e7e76ba119b]::run_test::{closure#1}, ()>::{closure#1} as core[a373ad73a504971]::ops::function::FnOnce<()>>::call_once::{shim:vtable#0}
[INFO] [stdout]   18:     0x56f89ae06bef - <std[617be2ca0a6fd877]::sys::thread::unix::Thread>::new::thread_start
[INFO] [stdout]   19:     0x7e51687e3dfa - <unknown>
[INFO] [stdout]   20:     0x7e51688773d4 - clone
[INFO] [stdout]   21:                0x0 - <unknown>
[INFO] [stdout] 
[INFO] [stdout] 
[INFO] [stdout] failures:
[INFO] [stdout]     dom::tests::size_of
[INFO] [stdout] 
[INFO] [stdout] test result: FAILED. 63 passed; 1 failed; 0 ignored; 0 measured; 0 filtered out; finished in 0.07s
[INFO] [stdout] 
[INFO] [stderr] error: test failed, to rerun pass `--lib`
[INFO] running `Command { std: "docker" "inspect" "07db7aa5128a1b60a89d27cac4b405e4494429793f2fbcb3e3bddabb1c0936f6", kill_on_drop: false }`
[INFO] running `Command { std: "docker" "rm" "-f" "07db7aa5128a1b60a89d27cac4b405e4494429793f2fbcb3e3bddabb1c0936f6", kill_on_drop: false }`
[INFO] [stdout] 07db7aa5128a1b60a89d27cac4b405e4494429793f2fbcb3e3bddabb1c0936f6
