[INFO] fetching crate mariadb-mysql-kbs 1.3.1-rc2...
[INFO] testing mariadb-mysql-kbs-1.3.1-rc2 against 1.99.0-beta.8+cargoflags=--release for beta-release-1.100-2
[INFO] extracting crate mariadb-mysql-kbs 1.3.1-rc2 into /workspace/builds/worker-1-tc1/source
[INFO] started tweaking crates.io crate mariadb-mysql-kbs 1.3.1-rc2
[INFO] finished tweaking crates.io crate mariadb-mysql-kbs 1.3.1-rc2
[INFO] tweaked toml for crates.io crate mariadb-mysql-kbs 1.3.1-rc2 written to /workspace/builds/worker-1-tc1/source/Cargo.toml
[INFO] validating manifest of crates.io crate mariadb-mysql-kbs 1.3.1-rc2 on toolchain 1.99.0-beta.8
[INFO] running `Command { std: CARGO_HOME="/workspace/cargo-home" RUSTUP_HOME="/workspace/rustup-home" "/workspace/cargo-home/bin/cargo" "+1.99.0-beta.8" "metadata" "--manifest-path" "Cargo.toml" "--no-deps", kill_on_drop: false }`
[INFO] crate crates.io crate mariadb-mysql-kbs 1.3.1-rc2 already has a lockfile, it will not be regenerated
[INFO] running `Command { std: CARGO_HOME="/workspace/cargo-home" RUSTUP_HOME="/workspace/rustup-home" "/workspace/cargo-home/bin/cargo" "+1.99.0-beta.8" "fetch" "--manifest-path" "Cargo.toml", kill_on_drop: false }`
[INFO] [stderr]  Downloading crates ...
[INFO] [stderr]   Downloaded ureq v3.0.6
[INFO] [stderr]   Downloaded serde_repr v0.1.19
[INFO] [stderr]   Downloaded string_cache v0.8.8
[INFO] [stderr]   Downloaded redox_syscall v0.5.9
[INFO] [stderr]   Downloaded ureq-proto v0.3.0
[INFO] [stderr]   Downloaded select v0.6.0
[INFO] [stderr]   Downloaded clap_derive v4.5.28
[INFO] [stderr]   Downloaded clap v4.5.30
[INFO] [stderr]   Downloaded clap_builder v4.5.30
[INFO] [stderr]   Downloaded rustls v0.23.23
[INFO] [stderr]   Downloaded ring v0.17.11
[INFO] running `Command { std: "docker" "create" "-v" "/var/lib/crater-agent-workspace/builds/worker-1-tc1/source:/opt/rustwide/workdir:ro,Z" "-v" "/var/lib/crater-agent-workspace/builds/worker-1-tc1/target:/opt/rustwide/target:rw,Z" "-v" "/var/lib/crater-agent-workspace/cargo-home:/opt/rustwide/cargo-home:ro,Z" "-v" "/var/lib/crater-agent-workspace/rustup-home:/opt/rustwide/rustup-home:ro,Z" "-m" "1610612736" "--network" "none" "ghcr.io/rust-lang/crates-build-env/linux@sha256:77db811e55d90add9212f6832c23229e3de5f1c1f9905e8cb07319ea15df73ac" "sleep" "infinity", kill_on_drop: false }`
[INFO] [stdout] f816621ff8ba5024204c924447fffa0f1c16166dd70db2b18f9691ce240f439f
[INFO] running `Command { std: "docker" "start" "f816621ff8ba5024204c924447fffa0f1c16166dd70db2b18f9691ce240f439f", kill_on_drop: false }`
[INFO] running `Command { std: "docker" "inspect" "f816621ff8ba5024204c924447fffa0f1c16166dd70db2b18f9691ce240f439f", kill_on_drop: false }`
[INFO] running `Command { std: "docker" "exec" "-e" "SOURCE_DIR=/opt/rustwide/workdir" "-e" "CARGO_HOME=/opt/rustwide/cargo-home" "-e" "RUSTUP_HOME=/opt/rustwide/rustup-home" "-e" "CARGO_TARGET_DIR=/opt/rustwide/target" "-w" "/opt/rustwide/workdir" "--user" "0:0" "f816621ff8ba5024204c924447fffa0f1c16166dd70db2b18f9691ce240f439f" "/opt/rustwide/cargo-home/bin/cargo" "+1.99.0-beta.8" "metadata" "--no-deps" "--format-version=1", kill_on_drop: false }`
[INFO] running `Command { std: "docker" "inspect" "f816621ff8ba5024204c924447fffa0f1c16166dd70db2b18f9691ce240f439f", kill_on_drop: false }`
[INFO] running `Command { std: "docker" "exec" "-e" "SOURCE_DIR=/opt/rustwide/workdir" "-e" "CARGO_HOME=/opt/rustwide/cargo-home" "-e" "RUSTUP_HOME=/opt/rustwide/rustup-home" "-e" "CARGO_TARGET_DIR=/opt/rustwide/target" "-e" "CARGO_INCREMENTAL=0" "-e" "RUST_BACKTRACE=full" "-e" "RUSTFLAGS=--cap-lints=warn" "-e" "RUSTDOCFLAGS=--cap-lints=warn" "-w" "/opt/rustwide/workdir" "--user" "0:0" "f816621ff8ba5024204c924447fffa0f1c16166dd70db2b18f9691ce240f439f" "/opt/rustwide/cargo-home/bin/cargo" "+1.99.0-beta.8" "build" "--frozen" "--message-format=json" "--release", kill_on_drop: false }`
[INFO] [stderr]    Compiling proc-macro2 v1.0.93
[INFO] [stderr]    Compiling unicode-ident v1.0.17
[INFO] [stderr]    Compiling libc v0.2.169
[INFO] [stderr]    Compiling byteorder v1.5.0
[INFO] [stderr]    Compiling siphasher v0.3.11
[INFO] [stderr]    Compiling siphasher v1.0.1
[INFO] [stderr]    Compiling serde v1.0.218
[INFO] [stderr]    Compiling new_debug_unreachable v1.0.6
[INFO] [stderr]    Compiling log v0.4.26
[INFO] [stderr]    Compiling smallvec v1.14.0
[INFO] [stderr]    Compiling cc v1.2.15
[INFO] [stderr]    Compiling syn v1.0.109
[INFO] [stderr]    Compiling mac v0.1.1
[INFO] [stderr]    Compiling phf_shared v0.11.3
[INFO] [stderr]    Compiling futf v0.1.5
[INFO] [stderr]    Compiling precomputed-hash v0.1.1
[INFO] [stderr]    Compiling httparse v1.10.0
[INFO] [stderr]    Compiling bytes v1.10.0
[INFO] [stderr]    Compiling phf_shared v0.10.0
[INFO] [stderr]    Compiling rustls v0.23.23
[INFO] [stderr]    Compiling miniz_oxide v0.8.5
[INFO] [stderr]    Compiling crc32fast v1.4.2
[INFO] [stderr]    Compiling once_cell v1.20.3
[INFO] [stderr]    Compiling tendril v0.4.3
[INFO] [stderr]    Compiling zeroize v1.8.1
[INFO] [stderr]    Compiling bit-vec v0.6.3
[INFO] [stderr]    Compiling serde_json v1.0.139
[INFO] [stderr]    Compiling phf v0.10.1
[INFO] [stderr]    Compiling clap_builder v4.5.30
[INFO] [stderr]    Compiling rustls-pemfile v2.2.0
[INFO] [stderr]    Compiling ryu v1.0.19
[INFO] [stderr]    Compiling bit-set v0.5.3
[INFO] [stderr]    Compiling http v1.2.0
[INFO] [stderr]    Compiling flate2 v1.0.35
[INFO] [stderr]    Compiling quote v1.0.38
[INFO] [stderr]    Compiling ring v0.17.11
[INFO] [stderr]    Compiling syn v2.0.98
[INFO] [stderr]    Compiling parking_lot_core v0.9.10
[INFO] [stderr]    Compiling getrandom v0.2.15
[INFO] [stderr]    Compiling parking_lot v0.12.3
[INFO] [stderr]    Compiling rand_core v0.6.4
[INFO] [stderr]    Compiling ureq-proto v0.3.0
[INFO] [stderr]    Compiling zerocopy-derive v0.7.35
[INFO] [stderr]    Compiling serde_derive v1.0.218
[INFO] [stderr]    Compiling futures-macro v0.3.31
[INFO] [stderr]    Compiling clap_derive v4.5.28
[INFO] [stderr]    Compiling tokio-macros v2.5.0
[INFO] [stderr]    Compiling serde_repr v0.1.19
[INFO] [stderr]    Compiling tokio v1.43.0
[INFO] [stderr]    Compiling futures-util v0.3.31
[INFO] [stderr]    Compiling zerocopy v0.7.35
[INFO] [stderr]    Compiling ppv-lite86 v0.2.20
[INFO] [stderr]    Compiling rand_chacha v0.3.1
[INFO] [stderr]    Compiling clap v4.5.30
[INFO] [stderr]    Compiling rand v0.8.5
[INFO] [stderr]    Compiling html5ever v0.26.0
[INFO] [stderr]    Compiling phf_generator v0.11.3
[INFO] [stderr]    Compiling phf_generator v0.10.0
[INFO] [stderr]    Compiling string_cache_codegen v0.5.4
[INFO] [stderr]    Compiling phf_codegen v0.10.0
[INFO] [stderr]    Compiling markup5ever v0.11.0
[INFO] [stderr]    Compiling futures-executor v0.3.31
[INFO] [stderr]    Compiling futures v0.3.31
[INFO] [stderr]    Compiling string_cache v0.8.8
[INFO] [stderr]    Compiling xml5ever v0.17.0
[INFO] [stderr]    Compiling markup5ever_rcdom v0.2.0
[INFO] [stderr]    Compiling select v0.6.0
[INFO] [stderr]    Compiling rustls-webpki v0.102.8
[INFO] [stderr]    Compiling ureq v3.0.6
[INFO] [stderr]    Compiling mariadb-mysql-kbs v1.3.1-rc2 (/opt/rustwide/workdir)
[INFO] [stderr]     Finished `release` profile [optimized] target(s) in 1m 18s
[INFO] running `Command { std: "docker" "inspect" "f816621ff8ba5024204c924447fffa0f1c16166dd70db2b18f9691ce240f439f", kill_on_drop: false }`
[INFO] running `Command { std: "docker" "exec" "-e" "SOURCE_DIR=/opt/rustwide/workdir" "-e" "CARGO_HOME=/opt/rustwide/cargo-home" "-e" "RUSTUP_HOME=/opt/rustwide/rustup-home" "-e" "CARGO_TARGET_DIR=/opt/rustwide/target" "-e" "CARGO_INCREMENTAL=0" "-e" "RUST_BACKTRACE=full" "-e" "RUSTFLAGS=--cap-lints=warn" "-e" "RUSTDOCFLAGS=--cap-lints=warn" "-w" "/opt/rustwide/workdir" "--user" "0:0" "f816621ff8ba5024204c924447fffa0f1c16166dd70db2b18f9691ce240f439f" "/opt/rustwide/cargo-home/bin/cargo" "+1.99.0-beta.8" "test" "--frozen" "--no-run" "--message-format=json" "--release", kill_on_drop: false }`
[INFO] [stderr]    Compiling yansi v1.0.1
[INFO] [stderr]    Compiling diff v0.1.13
[INFO] [stderr]    Compiling pretty_assertions v1.4.1
[INFO] [stderr]    Compiling mariadb-mysql-kbs v1.3.1-rc2 (/opt/rustwide/workdir)
[INFO] [stderr]     Finished `release` profile [optimized] target(s) in 7.74s
[INFO] running `Command { std: "docker" "inspect" "f816621ff8ba5024204c924447fffa0f1c16166dd70db2b18f9691ce240f439f", kill_on_drop: false }`
[INFO] running `Command { std: "docker" "exec" "-e" "SOURCE_DIR=/opt/rustwide/workdir" "-e" "CARGO_HOME=/opt/rustwide/cargo-home" "-e" "RUSTUP_HOME=/opt/rustwide/rustup-home" "-e" "CARGO_TARGET_DIR=/opt/rustwide/target" "-e" "CARGO_INCREMENTAL=0" "-e" "RUST_BACKTRACE=full" "-e" "RUSTFLAGS=--cap-lints=warn" "-e" "RUSTDOCFLAGS=--cap-lints=warn" "-w" "/opt/rustwide/workdir" "--user" "0:0" "f816621ff8ba5024204c924447fffa0f1c16166dd70db2b18f9691ce240f439f" "/opt/rustwide/cargo-home/bin/cargo" "+1.99.0-beta.8" "test" "--frozen" "--release", kill_on_drop: false }`
[INFO] [stderr]     Finished `release` profile [optimized] target(s) in 0.14s
[INFO] [stderr]      Running unittests src/rust/lib.rs (/opt/rustwide/target/release/deps/mariadb_mysql_kbs-d3ff823f38b2a6fa)
[INFO] [stdout] 
[INFO] [stdout] running 1 test
[INFO] [stdout] test search::tests::test_load_data ... ok
[INFO] [stdout] 
[INFO] [stdout] test result: ok. 1 passed; 0 failed; 0 ignored; 0 measured; 0 filtered out; finished in 0.01s
[INFO] [stdout] 
[INFO] [stdout] 
[INFO] [stdout] running 83 tests
[INFO] [stderr]      Running unittests src/rust/mariadb-mysql-kbs.rs (/opt/rustwide/target/release/deps/mariadb_mysql_kbs-7c772bbd11ba56f2)
[INFO] [stdout] test cleaner::tests::clean_binary_types_in_bytes ... ok
[INFO] [stdout] test cleaner::tests::clean_binary_types_in_microseconds ... ok
[INFO] [stdout] test cleaner::tests::clean_binary_types_number_of ... ok
[INFO] [stdout] test cleaner::tests::clean_binary_types_in_seconds ... ok
[INFO] [stdout] test aurora_mysql::tests::test_case_1 ... FAILED
[INFO] [stdout] test cleaner::tests::clean_enumerated_type ... ok
[INFO] [stdout] test cleaner::tests::clean_cli_nothing_to_clean ... ok
[INFO] [stdout] test cleaner::tests::clean_datetime_type ... ok
[INFO] [stdout] test cleaner::tests::clean_binary_types_size_in_mb ... ok
[INFO] [stdout] test cleaner::tests::clean_binary_types_size_of ... ok
[INFO] [stdout] test cleaner::tests::clean_cli_undefined ... ok
[INFO] [stdout] test cleaner::tests::clean_cli_html_code ... ok
[INFO] [stdout] test cleaner::tests::clean_cli_html_code_not_closed ... ok
[INFO] [stdout] test cleaner::tests::clean_type_batch_size ... ok
[INFO] [stdout] test cleaner::tests::clean_range_from_to_dataset_1 ... ok
[INFO] [stdout] test cleaner::tests::clean_type_bool ... ok
[INFO] [stdout] test cleaner::tests::clean_type_bytes_from_to ... ok
[INFO] [stdout] test cleaner::tests::clean_type_datetime ... ok
[INFO] [stdout] test cleaner::tests::clean_type_directory_name_s ... ok
[INFO] [stdout] test cleaner::tests::clean_type_double ... ok
[INFO] [stdout] test cleaner::tests::clean_enumeration_type ... ok
[INFO] [stdout] test cleaner::tests::clean_range_from_to_trim_dataset_2 ... ok
[INFO] [stdout] test cleaner::tests::clean_range_from_to_trim_dataset_3 ... ok
[INFO] [stdout] test cleaner::tests::clean_range_from_to_trim_dataset_4 ... ok
[INFO] [stdout] test cleaner::tests::clean_type_filename ... ok
[INFO] [stdout] test cleaner::tests::clean_type_path_name ... ok
[INFO] [stdout] test cleaner::tests::clean_type_varchar ... ok
[INFO] [stdout] test cleaner::tests::get_clean_text_vie_valid_values_non_valid_value_dataset_2 ... ok
[INFO] [stdout] test cleaner::tests::get_clean_text_vie_valid_values_non_valid_value_dataset_3 ... ok
[INFO] [stdout] test cleaner::tests::clean_removed_type ... ok
[INFO] [stdout] test cleaner::tests::clean_undefined_type ... ok
[INFO] [stdout] test cleaner::tests::get_clean_type_from_a_mixed_string_dataset_1 ... ok
[INFO] [stdout] test cleaner::tests::clean_wtf_type ... ok
[INFO] [stdout] test cleaner::tests::is_valid_default_dataset_1 ... ok
[INFO] [stdout] test cleaner::tests::clean_type_ip_address ... ok
[INFO] [stdout] test cleaner::tests::get_clean_text_vie_valid_values_non_valid_value_dataset_5 ... ok
[INFO] [stdout] test cleaner::tests::clean_type_text ... ok
[INFO] [stdout] test cleaner::tests::is_valid_default_dataset_5 ... ok
[INFO] [stdout] test cleaner::tests::clean_unused_type ... ok
[INFO] [stdout] test cleaner::tests::get_clean_text_vie_valid_values_non_valid_value_dataset_4 ... ok
[INFO] [stdout] test cleaner::tests::is_valid_default_dataset_3 ... ok
[INFO] [stdout] test cleaner::tests::get_clean_type_from_a_mixed_string_dataset_2 ... ok
[INFO] [stdout] test cleaner::tests::is_valid_default_dataset_2 ... ok
[INFO] [stdout] test cleaner::tests::get_clean_text_vie_valid_values_non_valid_value_dataset_1 ... ok
[INFO] [stdout] test cleaner::tests::is_valid_default_dataset_4 ... ok
[INFO] [stdout] test cleaner::tests::clean_binary_types_number_of_bytes ... ok
[INFO] [stdout] test cleaner::tests::is_valid_default_dataset_6 ... ok
[INFO] [stdout] test cleaner::tests::is_valid_default_dataset_8 ... ok
[INFO] [stdout] test cleaner::tests::test_transform_cli_into_name ... ok
[INFO] [stdout] test cleaner::tests::is_valid_default_dataset_7 ... ok
[INFO] [stdout] test cleaner::tests::test_transform_cli_into_name_invalid_1 ... ok
[INFO] [stdout] test cleaner::tests::test_transform_cli_into_name_invalid_2 ... ok
[INFO] [stdout] test mariadb::tests::test_case_1 ... FAILED
[INFO] [stdout] test mariadb::tests::test_case_10 ... FAILED
[INFO] [stdout] test mariadb::tests::test_case_11 ... FAILED
[INFO] [stdout] test mariadb::tests::test_case_12 ... FAILED
[INFO] [stdout] test mariadb::tests::test_case_13 ... FAILED
[INFO] [stdout] test mariadb::tests::test_case_14 ... FAILED
[INFO] [stdout] test mariadb::tests::test_case_15 ... FAILED
[INFO] [stdout] test mariadb::tests::test_case_16 ... FAILED
[INFO] [stdout] test mariadb::tests::test_case_17 ... FAILED
[INFO] [stdout] test mariadb::tests::test_case_18 ... FAILED
[INFO] [stdout] test mariadb::tests::test_case_19 ... FAILED
[INFO] [stdout] test mariadb::tests::test_case_2 ... FAILED
[INFO] [stdout] test mariadb::tests::test_case_20 ... FAILED
[INFO] [stdout] test mariadb::tests::test_case_21 ... FAILED
[INFO] [stdout] test mariadb::tests::test_case_3 ... FAILED
[INFO] [stdout] test mariadb::tests::test_case_5 ... FAILED
[INFO] [stdout] test mariadb::tests::test_case_6 ... FAILED
[INFO] [stdout] test mariadb::tests::test_case_4 ... FAILED
[INFO] [stdout] test mariadb::tests::test_case_7 ... FAILED
[INFO] [stdout] test mariadb::tests::test_case_8 ... FAILED
[INFO] [stdout] test mysql::tests::test_case_1 ... FAILED
[INFO] [stdout] test mysql::tests::test_case_10 ... FAILED
[INFO] [stdout] test mysql::tests::test_case_2 ... FAILED
[INFO] [stdout] test mysql::tests::test_case_3 ... FAILED
[INFO] [stdout] test mysql::tests::test_case_4 ... FAILED
[INFO] [stdout] test mariadb::tests::test_case_9 ... FAILED
[INFO] [stdout] test mysql::tests::test_case_5 ... FAILED
[INFO] [stdout] test mysql::tests::test_case_6 ... FAILED
[INFO] [stdout] test mysql::tests::test_case_7 ... FAILED
[INFO] [stdout] test mysql::tests::test_case_9 ... FAILED
[INFO] [stdout] test mysql::tests::test_case_8 ... FAILED
[INFO] [stdout] 
[INFO] [stdout] failures:
[INFO] [stdout] 
[INFO] [stdout] ---- aurora_mysql::tests::test_case_1 stdout ----
[INFO] [stdout] 
[INFO] [stdout] thread 'aurora_mysql::tests::test_case_1' (1772) panicked at src/rust/aurora_mysql.rs:137:14:
[INFO] [stdout] Should have been able to read the test data file: Os { code: 2, kind: NotFound, message: "No such file or directory" }
[INFO] [stdout] stack backtrace:
[INFO] [stdout]    0:     0x61a102146191 - <<std[70759c8f55707aa4]::sys::backtrace::BacktraceLock>::print::DisplayBacktrace as core[df12db4294e9bfd3]::fmt::Display>::fmt
[INFO] [stdout]    1:     0x61a10215d6ca - core[df12db4294e9bfd3]::fmt::write
[INFO] [stdout]    2:     0x61a10214a6dc - <alloc[2182bb758b4b3781]::vec::Vec<u8> as core[df12db4294e9bfd3]::io::write::Write>::write_fmt
[INFO] [stdout]    3:     0x61a102122416 - std[70759c8f55707aa4]::panicking::default_hook::{closure#0}
[INFO] [stdout]    4:     0x61a10213e589 - std[70759c8f55707aa4]::panicking::default_hook
[INFO] [stdout]    5:     0x61a101fe1620 - test[9d35eded1c95d3be]::test_main_inner::<test[9d35eded1c95d3be]::test_main_static::{closure#0}>::{closure#0}
[INFO] [stdout]    6:     0x61a10213e742 - std[70759c8f55707aa4]::panicking::panic_with_hook
[INFO] [stdout]    7:     0x61a1021224c2 - std[70759c8f55707aa4]::panicking::panic_handler::{closure#0}
[INFO] [stdout]    8:     0x61a10211b089 - std[70759c8f55707aa4]::sys::backtrace::__rust_end_short_backtrace::<std[70759c8f55707aa4]::panicking::panic_handler::{closure#0}, !>
[INFO] [stdout]    9:     0x61a1021230bd - __rustc[8fa7c3cbc660c2b3]::rust_begin_unwind
[INFO] [stdout]   10:     0x61a10215deac - core[df12db4294e9bfd3]::panicking::panic_fmt
[INFO] [stdout]   11:     0x61a10215dc82 - core[df12db4294e9bfd3]::result::unwrap_failed
[INFO] [stdout]   12:     0x61a101fb2aa7 - mariadb_mysql_kbs[afefad6b9182a5ea]::aurora_mysql::tests::test_case_1
[INFO] [stdout]   13:     0x61a101fd05b9 - <mariadb_mysql_kbs[afefad6b9182a5ea]::aurora_mysql::tests::test_case_1::{closure#0} as core[df12db4294e9bfd3]::ops::function::FnOnce<()>>::call_once
[INFO] [stdout]   14:     0x61a101fd490b - test[9d35eded1c95d3be]::__rust_begin_short_backtrace::<core[df12db4294e9bfd3]::result::Result<(), alloc[2182bb758b4b3781]::string::String>, fn() -> core[df12db4294e9bfd3]::result::Result<(), alloc[2182bb758b4b3781]::string::String>>
[INFO] [stdout]   15:     0x61a101fe1f75 - test[9d35eded1c95d3be]::run_test::{closure#0}
[INFO] [stdout]   16:     0x61a101fdb834 - std[70759c8f55707aa4]::sys::backtrace::__rust_begin_short_backtrace::<test[9d35eded1c95d3be]::run_test::{closure#1}, ()>
[INFO] [stdout]   17:     0x61a101fe50d2 - <std[70759c8f55707aa4]::thread::lifecycle::spawn_unchecked<test[9d35eded1c95d3be]::run_test::{closure#1}, ()>::{closure#1} as core[df12db4294e9bfd3]::ops::function::FnOnce<()>>::call_once::{shim:vtable#0}
[INFO] [stdout]   18:     0x61a1021456f9 - <std[70759c8f55707aa4]::sys::thread::unix::Thread>::new::thread_start
[INFO] [stdout]   19:     0x71473a5d8dfa - <unknown>
[INFO] [stdout]   20:     0x71473a66c3d4 - clone
[INFO] [stdout]   21:                0x0 - <unknown>
[INFO] [stdout] 
[INFO] [stdout] ---- mariadb::tests::test_case_1 stdout ----
[INFO] [stdout] 
[INFO] [stdout] thread 'mariadb::tests::test_case_1' (1824) panicked at src/rust/mariadb.rs:540:14:
[INFO] [stdout] Should have been able to read the test data file: Os { code: 2, kind: NotFound, message: "No such file or directory" }
[INFO] [stdout] stack backtrace:
[INFO] [stdout]    0:     0x61a102146191 - <<std[70759c8f55707aa4]::sys::backtrace::BacktraceLock>::print::DisplayBacktrace as core[df12db4294e9bfd3]::fmt::Display>::fmt
[INFO] [stdout]    1:     0x61a10215d6ca - core[df12db4294e9bfd3]::fmt::write
[INFO] [stdout]    2:     0x61a10214a6dc - <alloc[2182bb758b4b3781]::vec::Vec<u8> as core[df12db4294e9bfd3]::io::write::Write>::write_fmt
[INFO] [stdout]    3:     0x61a102122416 - std[70759c8f55707aa4]::panicking::default_hook::{closure#0}
[INFO] [stdout]    4:     0x61a10213e589 - std[70759c8f55707aa4]::panicking::default_hook
[INFO] [stdout]    5:     0x61a101fe1620 - test[9d35eded1c95d3be]::test_main_inner::<test[9d35eded1c95d3be]::test_main_static::{closure#0}>::{closure#0}
[INFO] [stdout]    6:     0x61a10213e742 - std[70759c8f55707aa4]::panicking::panic_with_hook
[INFO] [stdout]    7:     0x61a1021224c2 - std[70759c8f55707aa4]::panicking::panic_handler::{closure#0}
[INFO] [stdout]    8:     0x61a10211b089 - std[70759c8f55707aa4]::sys::backtrace::__rust_end_short_backtrace::<std[70759c8f55707aa4]::panicking::panic_handler::{closure#0}, !>
[INFO] [stdout]    9:     0x61a1021230bd - __rustc[8fa7c3cbc660c2b3]::rust_begin_unwind
[INFO] [stdout]   10:     0x61a10215deac - core[df12db4294e9bfd3]::panicking::panic_fmt
[INFO] [stdout]   11:     0x61a10215dc82 - core[df12db4294e9bfd3]::result::unwrap_failed
[INFO] [stdout]   12:     0x61a101fa15a4 - mariadb_mysql_kbs[afefad6b9182a5ea]::mariadb::tests::get_test_data
[INFO] [stdout]   13:     0x61a101fa1675 - mariadb_mysql_kbs[afefad6b9182a5ea]::mariadb::tests::test_case_1
[INFO] [stdout]   14:     0x61a101fd0ff9 - <mariadb_mysql_kbs[afefad6b9182a5ea]::mariadb::tests::test_case_1::{closure#0} as core[df12db4294e9bfd3]::ops::function::FnOnce<()>>::call_once
[INFO] [stdout]   15:     0x61a101fd490b - test[9d35eded1c95d3be]::__rust_begin_short_backtrace::<core[df12db4294e9bfd3]::result::Result<(), alloc[2182bb758b4b3781]::string::String>, fn() -> core[df12db4294e9bfd3]::result::Result<(), alloc[2182bb758b4b3781]::string::String>>
[INFO] [stdout]   16:     0x61a101fe1f75 - test[9d35eded1c95d3be]::run_test::{closure#0}
[INFO] [stdout]   17:     0x61a101fdb834 - std[70759c8f55707aa4]::sys::backtrace::__rust_begin_short_backtrace::<test[9d35eded1c95d3be]::run_test::{closure#1}, ()>
[INFO] [stdout]   18:     0x61a101fe50d2 - <std[70759c8f55707aa4]::thread::lifecycle::spawn_unchecked<test[9d35eded1c95d3be]::run_test::{closure#1}, ()>::{closure#1} as core[df12db4294e9bfd3]::ops::function::FnOnce<()>>::call_once::{shim:vtable#0}
[INFO] [stdout]   19:     0x61a1021456f9 - <std[70759c8f55707aa4]::sys::thread::unix::Thread>::new::thread_start
[INFO] [stdout]   20:     0x71473a5d8dfa - <unknown>
[INFO] [stdout]   21:     0x71473a66c3d4 - clone
[INFO] [stdout]   22:                0x0 - <unknown>
[INFO] [stdout] 
[INFO] [stdout] ---- mariadb::tests::test_case_10 stdout ----
[INFO] [stdout] 
[INFO] [stdout] thread 'mariadb::tests::test_case_10' (1825) panicked at src/rust/mariadb.rs:540:14:
[INFO] [stdout] Should have been able to read the test data file: Os { code: 2, kind: NotFound, message: "No such file or directory" }
[INFO] [stdout] stack backtrace:
[INFO] [stdout]    0:     0x61a102146191 - <<std[70759c8f55707aa4]::sys::backtrace::BacktraceLock>::print::DisplayBacktrace as core[df12db4294e9bfd3]::fmt::Display>::fmt
[INFO] [stdout]    1:     0x61a10215d6ca - core[df12db4294e9bfd3]::fmt::write
[INFO] [stdout]    2:     0x61a10214a6dc - <alloc[2182bb758b4b3781]::vec::Vec<u8> as core[df12db4294e9bfd3]::io::write::Write>::write_fmt
[INFO] [stdout]    3:     0x61a102122416 - std[70759c8f55707aa4]::panicking::default_hook::{closure#0}
[INFO] [stdout]    4:     0x61a10213e589 - std[70759c8f55707aa4]::panicking::default_hook
[INFO] [stdout]    5:     0x61a101fe1620 - test[9d35eded1c95d3be]::test_main_inner::<test[9d35eded1c95d3be]::test_main_static::{closure#0}>::{closure#0}
[INFO] [stdout]    6:     0x61a10213e742 - std[70759c8f55707aa4]::panicking::panic_with_hook
[INFO] [stdout]    7:     0x61a1021224c2 - std[70759c8f55707aa4]::panicking::panic_handler::{closure#0}
[INFO] [stdout]    8:     0x61a10211b089 - std[70759c8f55707aa4]::sys::backtrace::__rust_end_short_backtrace::<std[70759c8f55707aa4]::panicking::panic_handler::{closure#0}, !>
[INFO] [stdout]    9:     0x61a1021230bd - __rustc[8fa7c3cbc660c2b3]::rust_begin_unwind
[INFO] [stdout]   10:     0x61a10215deac - core[df12db4294e9bfd3]::panicking::panic_fmt
[INFO] [stdout]   11:     0x61a10215dc82 - core[df12db4294e9bfd3]::result::unwrap_failed
[INFO] [stdout]   12:     0x61a101fa15a4 - mariadb_mysql_kbs[afefad6b9182a5ea]::mariadb::tests::get_test_data
[INFO] [stdout]   13:     0x61a101fa67a7 - mariadb_mysql_kbs[afefad6b9182a5ea]::mariadb::tests::test_case_10
[INFO] [stdout]   14:     0x61a101fd1119 - <mariadb_mysql_kbs[afefad6b9182a5ea]::mariadb::tests::test_case_10::{closure#0} as core[df12db4294e9bfd3]::ops::function::FnOnce<()>>::call_once
[INFO] [stdout]   15:     0x61a101fd490b - test[9d35eded1c95d3be]::__rust_begin_short_backtrace::<core[df12db4294e9bfd3]::result::Result<(), alloc[2182bb758b4b3781]::string::String>, fn() -> core[df12db4294e9bfd3]::result::Result<(), alloc[2182bb758b4b3781]::string::String>>
[INFO] [stdout]   16:     0x61a101fe1f75 - test[9d35eded1c95d3be]::run_test::{closure#0}
[INFO] [stdout]   17:     0x61a101fdb834 - std[70759c8f55707aa4]::sys::backtrace::__rust_begin_short_backtrace::<test[9d35eded1c95d3be]::run_test::{closure#1}, ()>
[INFO] [stdout]   18:     0x61a101fe50d2 - <std[70759c8f55707aa4]::thread::lifecycle::spawn_unchecked<test[9d35eded1c95d3be]::run_test::{closure#1}, ()>::{closure#1} as core[df12db4294e9bfd3]::ops::function::FnOnce<()>>::call_once::{shim:vtable#0}
[INFO] [stdout]   19:     0x61a1021456f9 - <std[70759c8f55707aa4]::sys::thread::unix::Thread>::new::thread_start
[INFO] [stdout]   20:     0x71473a5d8dfa - <unknown>
[INFO] [stdout]   21:     0x71473a66c3d4 - clone
[INFO] [stdout]   22:                0x0 - <unknown>
[INFO] [stdout] 
[INFO] [stdout] ---- mariadb::tests::test_case_11 stdout ----
[INFO] [stdout] 
[INFO] [stdout] thread 'mariadb::tests::test_case_11' (1826) panicked at src/rust/mariadb.rs:540:14:
[INFO] [stdout] Should have been able to read the test data file: Os { code: 2, kind: NotFound, message: "No such file or directory" }
[INFO] [stdout] stack backtrace:
[INFO] [stdout]    0:     0x61a102146191 - <<std[70759c8f55707aa4]::sys::backtrace::BacktraceLock>::print::DisplayBacktrace as core[df12db4294e9bfd3]::fmt::Display>::fmt
[INFO] [stdout]    1:     0x61a10215d6ca - core[df12db4294e9bfd3]::fmt::write
[INFO] [stdout]    2:     0x61a10214a6dc - <alloc[2182bb758b4b3781]::vec::Vec<u8> as core[df12db4294e9bfd3]::io::write::Write>::write_fmt
[INFO] [stdout]    3:     0x61a102122416 - std[70759c8f55707aa4]::panicking::default_hook::{closure#0}
[INFO] [stdout]    4:     0x61a10213e589 - std[70759c8f55707aa4]::panicking::default_hook
[INFO] [stdout]    5:     0x61a101fe1620 - test[9d35eded1c95d3be]::test_main_inner::<test[9d35eded1c95d3be]::test_main_static::{closure#0}>::{closure#0}
[INFO] [stdout]    6:     0x61a10213e742 - std[70759c8f55707aa4]::panicking::panic_with_hook
[INFO] [stdout]    7:     0x61a1021224c2 - std[70759c8f55707aa4]::panicking::panic_handler::{closure#0}
[INFO] [stdout]    8:     0x61a10211b089 - std[70759c8f55707aa4]::sys::backtrace::__rust_end_short_backtrace::<std[70759c8f55707aa4]::panicking::panic_handler::{closure#0}, !>
[INFO] [stdout]    9:     0x61a1021230bd - __rustc[8fa7c3cbc660c2b3]::rust_begin_unwind
[INFO] [stdout]   10:     0x61a10215deac - core[df12db4294e9bfd3]::panicking::panic_fmt
[INFO] [stdout]   11:     0x61a10215dc82 - core[df12db4294e9bfd3]::result::unwrap_failed
[INFO] [stdout]   12:     0x61a101fa15a4 - mariadb_mysql_kbs[afefad6b9182a5ea]::mariadb::tests::get_test_data
[INFO] [stdout]   13:     0x61a101fa6e15 - mariadb_mysql_kbs[afefad6b9182a5ea]::mariadb::tests::test_case_11
[INFO] [stdout]   14:     0x61a101fd1139 - <mariadb_mysql_kbs[afefad6b9182a5ea]::mariadb::tests::test_case_11::{closure#0} as core[df12db4294e9bfd3]::ops::function::FnOnce<()>>::call_once
[INFO] [stdout]   15:     0x61a101fd490b - test[9d35eded1c95d3be]::__rust_begin_short_backtrace::<core[df12db4294e9bfd3]::result::Result<(), alloc[2182bb758b4b3781]::string::String>, fn() -> core[df12db4294e9bfd3]::result::Result<(), alloc[2182bb758b4b3781]::string::String>>
[INFO] [stdout]   16:     0x61a101fe1f75 - test[9d35eded1c95d3be]::run_test::{closure#0}
[INFO] [stdout]   17:     0x61a101fdb834 - std[70759c8f55707aa4]::sys::backtrace::__rust_begin_short_backtrace::<test[9d35eded1c95d3be]::run_test::{closure#1}, ()>
[INFO] [stdout]   18:     0x61a101fe50d2 - <std[70759c8f55707aa4]::thread::lifecycle::spawn_unchecked<test[9d35eded1c95d3be]::run_test::{closure#1}, ()>::{closure#1} as core[df12db4294e9bfd3]::ops::function::FnOnce<()>>::call_once::{shim:vtable#0}
[INFO] [stdout]   19:     0x61a1021456f9 - <std[70759c8f55707aa4]::sys::thread::unix::Thread>::new::thread_start
[INFO] [stdout]   20:     0x71473a5d8dfa - <unknown>
[INFO] [stdout]   21:     0x71473a66c3d4 - clone
[INFO] [stdout]   22:                0x0 - <unknown>
[INFO] [stdout] 
[INFO] [stdout] ---- mariadb::tests::test_case_12 stdout ----
[INFO] [stdout] 
[INFO] [stdout] thread 'mariadb::tests::test_case_12' (1827) panicked at src/rust/mariadb.rs:540:14:
[INFO] [stdout] Should have been able to read the test data file: Os { code: 2, kind: NotFound, message: "No such file or directory" }
[INFO] [stdout] stack backtrace:
[INFO] [stdout]    0:     0x61a102146191 - <<std[70759c8f55707aa4]::sys::backtrace::BacktraceLock>::print::DisplayBacktrace as core[df12db4294e9bfd3]::fmt::Display>::fmt
[INFO] [stdout]    1:     0x61a10215d6ca - core[df12db4294e9bfd3]::fmt::write
[INFO] [stdout]    2:     0x61a10214a6dc - <alloc[2182bb758b4b3781]::vec::Vec<u8> as core[df12db4294e9bfd3]::io::write::Write>::write_fmt
[INFO] [stdout]    3:     0x61a102122416 - std[70759c8f55707aa4]::panicking::default_hook::{closure#0}
[INFO] [stdout]    4:     0x61a10213e589 - std[70759c8f55707aa4]::panicking::default_hook
[INFO] [stdout]    5:     0x61a101fe1620 - test[9d35eded1c95d3be]::test_main_inner::<test[9d35eded1c95d3be]::test_main_static::{closure#0}>::{closure#0}
[INFO] [stdout]    6:     0x61a10213e742 - std[70759c8f55707aa4]::panicking::panic_with_hook
[INFO] [stdout]    7:     0x61a1021224c2 - std[70759c8f55707aa4]::panicking::panic_handler::{closure#0}
[INFO] [stdout]    8:     0x61a10211b089 - std[70759c8f55707aa4]::sys::backtrace::__rust_end_short_backtrace::<std[70759c8f55707aa4]::panicking::panic_handler::{closure#0}, !>
[INFO] [stdout]    9:     0x61a1021230bd - __rustc[8fa7c3cbc660c2b3]::rust_begin_unwind
[INFO] [stdout]   10:     0x61a10215deac - core[df12db4294e9bfd3]::panicking::panic_fmt
[INFO] [stdout]   11:     0x61a10215dc82 - core[df12db4294e9bfd3]::result::unwrap_failed
[INFO] [stdout]   12:     0x61a101fa15a4 - mariadb_mysql_kbs[afefad6b9182a5ea]::mariadb::tests::get_test_data
[INFO] [stdout]   13:     0x61a101fa74a5 - mariadb_mysql_kbs[afefad6b9182a5ea]::mariadb::tests::test_case_12
[INFO] [stdout]   14:     0x61a101fd1159 - <mariadb_mysql_kbs[afefad6b9182a5ea]::mariadb::tests::test_case_12::{closure#0} as core[df12db4294e9bfd3]::ops::function::FnOnce<()>>::call_once
[INFO] [stdout]   15:     0x61a101fd490b - test[9d35eded1c95d3be]::__rust_begin_short_backtrace::<core[df12db4294e9bfd3]::result::Result<(), alloc[2182bb758b4b3781]::string::String>, fn() -> core[df12db4294e9bfd3]::result::Result<(), alloc[2182bb758b4b3781]::string::String>>
[INFO] [stdout]   16:     0x61a101fe1f75 - test[9d35eded1c95d3be]::run_test::{closure#0}
[INFO] [stdout]   17:     0x61a101fdb834 - std[70759c8f55707aa4]::sys::backtrace::__rust_begin_short_backtrace::<test[9d35eded1c95d3be]::run_test::{closure#1}, ()>
[INFO] [stdout]   18:     0x61a101fe50d2 - <std[70759c8f55707aa4]::thread::lifecycle::spawn_unchecked<test[9d35eded1c95d3be]::run_test::{closure#1}, ()>::{closure#1} as core[df12db4294e9bfd3]::ops::function::FnOnce<()>>::call_once::{shim:vtable#0}
[INFO] [stdout]   19:     0x61a1021456f9 - <std[70759c8f55707aa4]::sys::thread::unix::Thread>::new::thread_start
[INFO] [stdout]   20:     0x71473a5d8dfa - <unknown>
[INFO] [stdout]   21:     0x71473a66c3d4 - clone
[INFO] [stdout]   22:                0x0 - <unknown>
[INFO] [stdout] 
[INFO] [stdout] ---- mariadb::tests::test_case_13 stdout ----
[INFO] [stdout] 
[INFO] [stdout] thread 'mariadb::tests::test_case_13' (1828) panicked at src/rust/mariadb.rs:540:14:
[INFO] [stdout] Should have been able to read the test data file: Os { code: 2, kind: NotFound, message: "No such file or directory" }
[INFO] [stdout] stack backtrace:
[INFO] [stdout]    0:     0x61a102146191 - <<std[70759c8f55707aa4]::sys::backtrace::BacktraceLock>::print::DisplayBacktrace as core[df12db4294e9bfd3]::fmt::Display>::fmt
[INFO] [stdout]    1:     0x61a10215d6ca - core[df12db4294e9bfd3]::fmt::write
[INFO] [stdout]    2:     0x61a10214a6dc - <alloc[2182bb758b4b3781]::vec::Vec<u8> as core[df12db4294e9bfd3]::io::write::Write>::write_fmt
[INFO] [stdout]    3:     0x61a102122416 - std[70759c8f55707aa4]::panicking::default_hook::{closure#0}
[INFO] [stdout]    4:     0x61a10213e589 - std[70759c8f55707aa4]::panicking::default_hook
[INFO] [stdout]    5:     0x61a101fe1620 - test[9d35eded1c95d3be]::test_main_inner::<test[9d35eded1c95d3be]::test_main_static::{closure#0}>::{closure#0}
[INFO] [stdout]    6:     0x61a10213e742 - std[70759c8f55707aa4]::panicking::panic_with_hook
[INFO] [stdout]    7:     0x61a1021224c2 - std[70759c8f55707aa4]::panicking::panic_handler::{closure#0}
[INFO] [stdout]    8:     0x61a10211b089 - std[70759c8f55707aa4]::sys::backtrace::__rust_end_short_backtrace::<std[70759c8f55707aa4]::panicking::panic_handler::{closure#0}, !>
[INFO] [stdout]    9:     0x61a1021230bd - __rustc[8fa7c3cbc660c2b3]::rust_begin_unwind
[INFO] [stdout]   10:     0x61a10215deac - core[df12db4294e9bfd3]::panicking::panic_fmt
[INFO] [stdout]   11:     0x61a10215dc82 - core[df12db4294e9bfd3]::result::unwrap_failed
[INFO] [stdout]   12:     0x61a101fa15a4 - mariadb_mysql_kbs[afefad6b9182a5ea]::mariadb::tests::get_test_data
[INFO] [stdout]   13:     0x61a101fa78b5 - mariadb_mysql_kbs[afefad6b9182a5ea]::mariadb::tests::test_case_13
[INFO] [stdout]   14:     0x61a101fd1179 - <mariadb_mysql_kbs[afefad6b9182a5ea]::mariadb::tests::test_case_13::{closure#0} as core[df12db4294e9bfd3]::ops::function::FnOnce<()>>::call_once
[INFO] [stdout]   15:     0x61a101fd490b - test[9d35eded1c95d3be]::__rust_begin_short_backtrace::<core[df12db4294e9bfd3]::result::Result<(), alloc[2182bb758b4b3781]::string::String>, fn() -> core[df12db4294e9bfd3]::result::Result<(), alloc[2182bb758b4b3781]::string::String>>
[INFO] [stdout]   16:     0x61a101fe1f75 - test[9d35eded1c95d3be]::run_test::{closure#0}
[INFO] [stdout]   17:     0x61a101fdb834 - std[70759c8f55707aa4]::sys::backtrace::__rust_begin_short_backtrace::<test[9d35eded1c95d3be]::run_test::{closure#1}, ()>
[INFO] [stdout]   18:     0x61a101fe50d2 - <std[70759c8f55707aa4]::thread::lifecycle::spawn_unchecked<test[9d35eded1c95d3be]::run_test::{closure#1}, ()>::{closure#1} as core[df12db4294e9bfd3]::ops::function::FnOnce<()>>::call_once::{shim:vtable#0}
[INFO] [stdout]   19:     0x61a1021456f9 - <std[70759c8f55707aa4]::sys::thread::unix::Thread>::new::thread_start
[INFO] [stdout]   20:     0x71473a5d8dfa - <unknown>
[INFO] [stdout]   21:     0x71473a66c3d4 - clone
[INFO] [stdout]   22:                0x0 - <unknown>
[INFO] [stdout] 
[INFO] [stdout] ---- mariadb::tests::test_case_14 stdout ----
[INFO] [stdout] 
[INFO] [stdout] thread 'mariadb::tests::test_case_14' (1829) panicked at src/rust/mariadb.rs:540:14:
[INFO] [stdout] Should have been able to read the test data file: Os { code: 2, kind: NotFound, message: "No such file or directory" }
[INFO] [stdout] stack backtrace:
[INFO] [stdout]    0:     0x61a102146191 - <<std[70759c8f55707aa4]::sys::backtrace::BacktraceLock>::print::DisplayBacktrace as core[df12db4294e9bfd3]::fmt::Display>::fmt
[INFO] [stdout]    1:     0x61a10215d6ca - core[df12db4294e9bfd3]::fmt::write
[INFO] [stdout]    2:     0x61a10214a6dc - <alloc[2182bb758b4b3781]::vec::Vec<u8> as core[df12db4294e9bfd3]::io::write::Write>::write_fmt
[INFO] [stdout]    3:     0x61a102122416 - std[70759c8f55707aa4]::panicking::default_hook::{closure#0}
[INFO] [stdout]    4:     0x61a10213e589 - std[70759c8f55707aa4]::panicking::default_hook
[INFO] [stdout]    5:     0x61a101fe1620 - test[9d35eded1c95d3be]::test_main_inner::<test[9d35eded1c95d3be]::test_main_static::{closure#0}>::{closure#0}
[INFO] [stdout]    6:     0x61a10213e742 - std[70759c8f55707aa4]::panicking::panic_with_hook
[INFO] [stdout]    7:     0x61a1021224c2 - std[70759c8f55707aa4]::panicking::panic_handler::{closure#0}
[INFO] [stdout]    8:     0x61a10211b089 - std[70759c8f55707aa4]::sys::backtrace::__rust_end_short_backtrace::<std[70759c8f55707aa4]::panicking::panic_handler::{closure#0}, !>
[INFO] [stdout]    9:     0x61a1021230bd - __rustc[8fa7c3cbc660c2b3]::rust_begin_unwind
[INFO] [stdout]   10:     0x61a10215deac - core[df12db4294e9bfd3]::panicking::panic_fmt
[INFO] [stdout]   11:     0x61a10215dc82 - core[df12db4294e9bfd3]::result::unwrap_failed
[INFO] [stdout]   12:     0x61a101fa15a4 - mariadb_mysql_kbs[afefad6b9182a5ea]::mariadb::tests::get_test_data
[INFO] [stdout]   13:     0x61a101fa7f15 - mariadb_mysql_kbs[afefad6b9182a5ea]::mariadb::tests::test_case_14
[INFO] [stdout]   14:     0x61a101fd1199 - <mariadb_mysql_kbs[afefad6b9182a5ea]::mariadb::tests::test_case_14::{closure#0} as core[df12db4294e9bfd3]::ops::function::FnOnce<()>>::call_once
[INFO] [stdout]   15:     0x61a101fd490b - test[9d35eded1c95d3be]::__rust_begin_short_backtrace::<core[df12db4294e9bfd3]::result::Result<(), alloc[2182bb758b4b3781]::string::String>, fn() -> core[df12db4294e9bfd3]::result::Result<(), alloc[2182bb758b4b3781]::string::String>>
[INFO] [stdout]   16:     0x61a101fe1f75 - test[9d35eded1c95d3be]::run_test::{closure#0}
[INFO] [stdout]   17:     0x61a101fdb834 - std[70759c8f55707aa4]::sys::backtrace::__rust_begin_short_backtrace::<test[9d35eded1c95d3be]::run_test::{closure#1}, ()>
[INFO] [stdout]   18:     0x61a101fe50d2 - <std[70759c8f55707aa4]::thread::lifecycle::spawn_unchecked<test[9d35eded1c95d3be]::run_test::{closure#1}, ()>::{closure#1} as core[df12db4294e9bfd3]::ops::function::FnOnce<()>>::call_once::{shim:vtable#0}
[INFO] [stdout]   19:     0x61a1021456f9 - <std[70759c8f55707aa4]::sys::thread::unix::Thread>::new::thread_start
[INFO] [stdout]   20:     0x71473a5d8dfa - <unknown>
[INFO] [stdout]   21:     0x71473a66c3d4 - clone
[INFO] [stdout]   22:                0x0 - <unknown>
[INFO] [stdout] 
[INFO] [stdout] ---- mariadb::tests::test_case_15 stdout ----
[INFO] [stdout] 
[INFO] [stdout] thread 'mariadb::tests::test_case_15' (1830) panicked at src/rust/mariadb.rs:540:14:
[INFO] [stdout] Should have been able to read the test data file: Os { code: 2, kind: NotFound, message: "No such file or directory" }
[INFO] [stdout] stack backtrace:
[INFO] [stdout]    0:     0x61a102146191 - <<std[70759c8f55707aa4]::sys::backtrace::BacktraceLock>::print::DisplayBacktrace as core[df12db4294e9bfd3]::fmt::Display>::fmt
[INFO] [stdout]    1:     0x61a10215d6ca - core[df12db4294e9bfd3]::fmt::write
[INFO] [stdout]    2:     0x61a10214a6dc - <alloc[2182bb758b4b3781]::vec::Vec<u8> as core[df12db4294e9bfd3]::io::write::Write>::write_fmt
[INFO] [stdout]    3:     0x61a102122416 - std[70759c8f55707aa4]::panicking::default_hook::{closure#0}
[INFO] [stdout]    4:     0x61a10213e589 - std[70759c8f55707aa4]::panicking::default_hook
[INFO] [stdout]    5:     0x61a101fe1620 - test[9d35eded1c95d3be]::test_main_inner::<test[9d35eded1c95d3be]::test_main_static::{closure#0}>::{closure#0}
[INFO] [stdout]    6:     0x61a10213e742 - std[70759c8f55707aa4]::panicking::panic_with_hook
[INFO] [stdout]    7:     0x61a1021224c2 - std[70759c8f55707aa4]::panicking::panic_handler::{closure#0}
[INFO] [stdout]    8:     0x61a10211b089 - std[70759c8f55707aa4]::sys::backtrace::__rust_end_short_backtrace::<std[70759c8f55707aa4]::panicking::panic_handler::{closure#0}, !>
[INFO] [stdout]    9:     0x61a1021230bd - __rustc[8fa7c3cbc660c2b3]::rust_begin_unwind
[INFO] [stdout]   10:     0x61a10215deac - core[df12db4294e9bfd3]::panicking::panic_fmt
[INFO] [stdout]   11:     0x61a10215dc82 - core[df12db4294e9bfd3]::result::unwrap_failed
[INFO] [stdout]   12:     0x61a101fa15a4 - mariadb_mysql_kbs[afefad6b9182a5ea]::mariadb::tests::get_test_data
[INFO] [stdout]   13:     0x61a101fa84c5 - mariadb_mysql_kbs[afefad6b9182a5ea]::mariadb::tests::test_case_15
[INFO] [stdout]   14:     0x61a101fd11b9 - <mariadb_mysql_kbs[afefad6b9182a5ea]::mariadb::tests::test_case_15::{closure#0} as core[df12db4294e9bfd3]::ops::function::FnOnce<()>>::call_once
[INFO] [stdout]   15:     0x61a101fd490b - test[9d35eded1c95d3be]::__rust_begin_short_backtrace::<core[df12db4294e9bfd3]::result::Result<(), alloc[2182bb758b4b3781]::string::String>, fn() -> core[df12db4294e9bfd3]::result::Result<(), alloc[2182bb758b4b3781]::string::String>>
[INFO] [stdout]   16:     0x61a101fe1f75 - test[9d35eded1c95d3be]::run_test::{closure#0}
[INFO] [stdout]   17:     0x61a101fdb834 - std[70759c8f55707aa4]::sys::backtrace::__rust_begin_short_backtrace::<test[9d35eded1c95d3be]::run_test::{closure#1}, ()>
[INFO] [stdout]   18:     0x61a101fe50d2 - <std[70759c8f55707aa4]::thread::lifecycle::spawn_unchecked<test[9d35eded1c95d3be]::run_test::{closure#1}, ()>::{closure#1} as core[df12db4294e9bfd3]::ops::function::FnOnce<()>>::call_once::{shim:vtable#0}
[INFO] [stdout]   19:     0x61a1021456f9 - <std[70759c8f55707aa4]::sys::thread::unix::Thread>::new::thread_start
[INFO] [stdout]   20:     0x71473a5d8dfa - <unknown>
[INFO] [stdout]   21:     0x71473a66c3d4 - clone
[INFO] [stdout]   22:                0x0 - <unknown>
[INFO] [stdout] 
[INFO] [stdout] ---- mariadb::tests::test_case_16 stdout ----
[INFO] [stdout] 
[INFO] [stdout] thread 'mariadb::tests::test_case_16' (1831) panicked at src/rust/mariadb.rs:540:14:
[INFO] [stdout] Should have been able to read the test data file: Os { code: 2, kind: NotFound, message: "No such file or directory" }
[INFO] [stdout] stack backtrace:
[INFO] [stdout]    0:     0x61a102146191 - <<std[70759c8f55707aa4]::sys::backtrace::BacktraceLock>::print::DisplayBacktrace as core[df12db4294e9bfd3]::fmt::Display>::fmt
[INFO] [stdout]    1:     0x61a10215d6ca - core[df12db4294e9bfd3]::fmt::write
[INFO] [stdout]    2:     0x61a10214a6dc - <alloc[2182bb758b4b3781]::vec::Vec<u8> as core[df12db4294e9bfd3]::io::write::Write>::write_fmt
[INFO] [stdout]    3:     0x61a102122416 - std[70759c8f55707aa4]::panicking::default_hook::{closure#0}
[INFO] [stdout]    4:     0x61a10213e589 - std[70759c8f55707aa4]::panicking::default_hook
[INFO] [stdout]    5:     0x61a101fe1620 - test[9d35eded1c95d3be]::test_main_inner::<test[9d35eded1c95d3be]::test_main_static::{closure#0}>::{closure#0}
[INFO] [stdout]    6:     0x61a10213e742 - std[70759c8f55707aa4]::panicking::panic_with_hook
[INFO] [stdout]    7:     0x61a1021224c2 - std[70759c8f55707aa4]::panicking::panic_handler::{closure#0}
[INFO] [stdout]    8:     0x61a10211b089 - std[70759c8f55707aa4]::sys::backtrace::__rust_end_short_backtrace::<std[70759c8f55707aa4]::panicking::panic_handler::{closure#0}, !>
[INFO] [stdout]    9:     0x61a1021230bd - __rustc[8fa7c3cbc660c2b3]::rust_begin_unwind
[INFO] [stdout]   10:     0x61a10215deac - core[df12db4294e9bfd3]::panicking::panic_fmt
[INFO] [stdout]   11:     0x61a10215dc82 - core[df12db4294e9bfd3]::result::unwrap_failed
[INFO] [stdout]   12:     0x61a101fa15a4 - mariadb_mysql_kbs[afefad6b9182a5ea]::mariadb::tests::get_test_data
[INFO] [stdout]   13:     0x61a101fa8a45 - mariadb_mysql_kbs[afefad6b9182a5ea]::mariadb::tests::test_case_16
[INFO] [stdout]   14:     0x61a101fd11d9 - <mariadb_mysql_kbs[afefad6b9182a5ea]::mariadb::tests::test_case_16::{closure#0} as core[df12db4294e9bfd3]::ops::function::FnOnce<()>>::call_once
[INFO] [stdout]   15:     0x61a101fd490b - test[9d35eded1c95d3be]::__rust_begin_short_backtrace::<core[df12db4294e9bfd3]::result::Result<(), alloc[2182bb758b4b3781]::string::String>, fn() -> core[df12db4294e9bfd3]::result::Result<(), alloc[2182bb758b4b3781]::string::String>>
[INFO] [stdout]   16:     0x61a101fe1f75 - test[9d35eded1c95d3be]::run_test::{closure#0}
[INFO] [stdout]   17:     0x61a101fdb834 - std[70759c8f55707aa4]::sys::backtrace::__rust_begin_short_backtrace::<test[9d35eded1c95d3be]::run_test::{closure#1}, ()>
[INFO] [stdout]   18:     0x61a101fe50d2 - <std[70759c8f55707aa4]::thread::lifecycle::spawn_unchecked<test[9d35eded1c95d3be]::run_test::{closure#1}, ()>::{closure#1} as core[df12db4294e9bfd3]::ops::function::FnOnce<()>>::call_once::{shim:vtable#0}
[INFO] [stdout]   19:     0x61a1021456f9 - <std[70759c8f55707aa4]::sys::thread::unix::Thread>::new::thread_start
[INFO] [stdout]   20:     0x71473a5d8dfa - <unknown>
[INFO] [stdout]   21:     0x71473a66c3d4 - clone
[INFO] [stdout]   22:                0x0 - <unknown>
[INFO] [stdout] 
[INFO] [stdout] ---- mariadb::tests::test_case_17 stdout ----
[INFO] [stdout] 
[INFO] [stdout] thread 'mariadb::tests::test_case_17' (1832) panicked at src/rust/mariadb.rs:540:14:
[INFO] [stdout] Should have been able to read the test data file: Os { code: 2, kind: NotFound, message: "No such file or directory" }
[INFO] [stdout] stack backtrace:
[INFO] [stdout]    0:     0x61a102146191 - <<std[70759c8f55707aa4]::sys::backtrace::BacktraceLock>::print::DisplayBacktrace as core[df12db4294e9bfd3]::fmt::Display>::fmt
[INFO] [stdout]    1:     0x61a10215d6ca - core[df12db4294e9bfd3]::fmt::write
[INFO] [stdout]    2:     0x61a10214a6dc - <alloc[2182bb758b4b3781]::vec::Vec<u8> as core[df12db4294e9bfd3]::io::write::Write>::write_fmt
[INFO] [stdout]    3:     0x61a102122416 - std[70759c8f55707aa4]::panicking::default_hook::{closure#0}
[INFO] [stdout]    4:     0x61a10213e589 - std[70759c8f55707aa4]::panicking::default_hook
[INFO] [stdout]    5:     0x61a101fe1620 - test[9d35eded1c95d3be]::test_main_inner::<test[9d35eded1c95d3be]::test_main_static::{closure#0}>::{closure#0}
[INFO] [stdout]    6:     0x61a10213e742 - std[70759c8f55707aa4]::panicking::panic_with_hook
[INFO] [stdout]    7:     0x61a1021224c2 - std[70759c8f55707aa4]::panicking::panic_handler::{closure#0}
[INFO] [stdout]    8:     0x61a10211b089 - std[70759c8f55707aa4]::sys::backtrace::__rust_end_short_backtrace::<std[70759c8f55707aa4]::panicking::panic_handler::{closure#0}, !>
[INFO] [stdout]    9:     0x61a1021230bd - __rustc[8fa7c3cbc660c2b3]::rust_begin_unwind
[INFO] [stdout]   10:     0x61a10215deac - core[df12db4294e9bfd3]::panicking::panic_fmt
[INFO] [stdout]   11:     0x61a10215dc82 - core[df12db4294e9bfd3]::result::unwrap_failed
[INFO] [stdout]   12:     0x61a101fa15a4 - mariadb_mysql_kbs[afefad6b9182a5ea]::mariadb::tests::get_test_data
[INFO] [stdout]   13:     0x61a101fa9005 - mariadb_mysql_kbs[afefad6b9182a5ea]::mariadb::tests::test_case_17
[INFO] [stdout]   14:     0x61a101fd11f9 - <mariadb_mysql_kbs[afefad6b9182a5ea]::mariadb::tests::test_case_17::{closure#0} as core[df12db4294e9bfd3]::ops::function::FnOnce<()>>::call_once
[INFO] [stdout]   15:     0x61a101fd490b - test[9d35eded1c95d3be]::__rust_begin_short_backtrace::<core[df12db4294e9bfd3]::result::Result<(), alloc[2182bb758b4b3781]::string::String>, fn() -> core[df12db4294e9bfd3]::result::Result<(), alloc[2182bb758b4b3781]::string::String>>
[INFO] [stdout]   16:     0x61a101fe1f75 - test[9d35eded1c95d3be]::run_test::{closure#0}
[INFO] [stdout]   17:     0x61a101fdb834 - std[70759c8f55707aa4]::sys::backtrace::__rust_begin_short_backtrace::<test[9d35eded1c95d3be]::run_test::{closure#1}, ()>
[INFO] [stdout]   18:     0x61a101fe50d2 - <std[70759c8f55707aa4]::thread::lifecycle::spawn_unchecked<test[9d35eded1c95d3be]::run_test::{closure#1}, ()>::{closure#1} as core[df12db4294e9bfd3]::ops::function::FnOnce<()>>::call_once::{shim:vtable#0}
[INFO] [stdout]   19:     0x61a1021456f9 - <std[70759c8f55707aa4]::sys::thread::unix::Thread>::new::thread_start
[INFO] [stdout]   20:     0x71473a5d8dfa - <unknown>
[INFO] [stdout]   21:     0x71473a66c3d4 - clone
[INFO] [stdout]   22:                0x0 - <unknown>
[INFO] [stdout] 
[INFO] [stdout] ---- mariadb::tests::test_case_18 stdout ----
[INFO] [stdout] 
[INFO] [stdout] thread 'mariadb::tests::test_case_18' (1833) panicked at src/rust/mariadb.rs:540:14:
[INFO] [stdout] Should have been able to read the test data file: Os { code: 2, kind: NotFound, message: "No such file or directory" }
[INFO] [stdout] stack backtrace:
[INFO] [stdout]    0:     0x61a102146191 - <<std[70759c8f55707aa4]::sys::backtrace::BacktraceLock>::print::DisplayBacktrace as core[df12db4294e9bfd3]::fmt::Display>::fmt
[INFO] [stdout]    1:     0x61a10215d6ca - core[df12db4294e9bfd3]::fmt::write
[INFO] [stdout]    2:     0x61a10214a6dc - <alloc[2182bb758b4b3781]::vec::Vec<u8> as core[df12db4294e9bfd3]::io::write::Write>::write_fmt
[INFO] [stdout]    3:     0x61a102122416 - std[70759c8f55707aa4]::panicking::default_hook::{closure#0}
[INFO] [stdout]    4:     0x61a10213e589 - std[70759c8f55707aa4]::panicking::default_hook
[INFO] [stdout]    5:     0x61a101fe1620 - test[9d35eded1c95d3be]::test_main_inner::<test[9d35eded1c95d3be]::test_main_static::{closure#0}>::{closure#0}
[INFO] [stdout]    6:     0x61a10213e742 - std[70759c8f55707aa4]::panicking::panic_with_hook
[INFO] [stdout]    7:     0x61a1021224c2 - std[70759c8f55707aa4]::panicking::panic_handler::{closure#0}
[INFO] [stdout]    8:     0x61a10211b089 - std[70759c8f55707aa4]::sys::backtrace::__rust_end_short_backtrace::<std[70759c8f55707aa4]::panicking::panic_handler::{closure#0}, !>
[INFO] [stdout]    9:     0x61a1021230bd - __rustc[8fa7c3cbc660c2b3]::rust_begin_unwind
[INFO] [stdout]   10:     0x61a10215deac - core[df12db4294e9bfd3]::panicking::panic_fmt
[INFO] [stdout]   11:     0x61a10215dc82 - core[df12db4294e9bfd3]::result::unwrap_failed
[INFO] [stdout]   12:     0x61a101fa15a4 - mariadb_mysql_kbs[afefad6b9182a5ea]::mariadb::tests::get_test_data
[INFO] [stdout]   13:     0x61a101fa95f7 - mariadb_mysql_kbs[afefad6b9182a5ea]::mariadb::tests::test_case_18
[INFO] [stdout]   14:     0x61a101fd1219 - <mariadb_mysql_kbs[afefad6b9182a5ea]::mariadb::tests::test_case_18::{closure#0} as core[df12db4294e9bfd3]::ops::function::FnOnce<()>>::call_once
[INFO] [stdout]   15:     0x61a101fd490b - test[9d35eded1c95d3be]::__rust_begin_short_backtrace::<core[df12db4294e9bfd3]::result::Result<(), alloc[2182bb758b4b3781]::string::String>, fn() -> core[df12db4294e9bfd3]::result::Result<(), alloc[2182bb758b4b3781]::string::String>>
[INFO] [stdout]   16:     0x61a101fe1f75 - test[9d35eded1c95d3be]::run_test::{closure#0}
[INFO] [stdout]   17:     0x61a101fdb834 - std[70759c8f55707aa4]::sys::backtrace::__rust_begin_short_backtrace::<test[9d35eded1c95d3be]::run_test::{closure#1}, ()>
[INFO] [stdout]   18:     0x61a101fe50d2 - <std[70759c8f55707aa4]::thread::lifecycle::spawn_unchecked<test[9d35eded1c95d3be]::run_test::{closure#1}, ()>::{closure#1} as core[df12db4294e9bfd3]::ops::function::FnOnce<()>>::call_once::{shim:vtable#0}
[INFO] [stdout]   19:     0x61a1021456f9 - <std[70759c8f55707aa4]::sys::thread::unix::Thread>::new::thread_start
[INFO] [stdout]   20:     0x71473a5d8dfa - <unknown>
[INFO] [stdout]   21:     0x71473a66c3d4 - clone
[INFO] [stdout]   22:                0x0 - <unknown>
[INFO] [stdout] 
[INFO] [stdout] ---- mariadb::tests::test_case_19 stdout ----
[INFO] [stdout] 
[INFO] [stdout] thread 'mariadb::tests::test_case_19' (1834) panicked at src/rust/mariadb.rs:540:14:
[INFO] [stdout] Should have been able to read the test data file: Os { code: 2, kind: NotFound, message: "No such file or directory" }
[INFO] [stdout] stack backtrace:
[INFO] [stdout]    0:     0x61a102146191 - <<std[70759c8f55707aa4]::sys::backtrace::BacktraceLock>::print::DisplayBacktrace as core[df12db4294e9bfd3]::fmt::Display>::fmt
[INFO] [stdout]    1:     0x61a10215d6ca - core[df12db4294e9bfd3]::fmt::write
[INFO] [stdout]    2:     0x61a10214a6dc - <alloc[2182bb758b4b3781]::vec::Vec<u8> as core[df12db4294e9bfd3]::io::write::Write>::write_fmt
[INFO] [stdout]    3:     0x61a102122416 - std[70759c8f55707aa4]::panicking::default_hook::{closure#0}
[INFO] [stdout]    4:     0x61a10213e589 - std[70759c8f55707aa4]::panicking::default_hook
[INFO] [stdout]    5:     0x61a101fe1620 - test[9d35eded1c95d3be]::test_main_inner::<test[9d35eded1c95d3be]::test_main_static::{closure#0}>::{closure#0}
[INFO] [stdout]    6:     0x61a10213e742 - std[70759c8f55707aa4]::panicking::panic_with_hook
[INFO] [stdout]    7:     0x61a1021224c2 - std[70759c8f55707aa4]::panicking::panic_handler::{closure#0}
[INFO] [stdout]    8:     0x61a10211b089 - std[70759c8f55707aa4]::sys::backtrace::__rust_end_short_backtrace::<std[70759c8f55707aa4]::panicking::panic_handler::{closure#0}, !>
[INFO] [stdout]    9:     0x61a1021230bd - __rustc[8fa7c3cbc660c2b3]::rust_begin_unwind
[INFO] [stdout]   10:     0x61a10215deac - core[df12db4294e9bfd3]::panicking::panic_fmt
[INFO] [stdout]   11:     0x61a10215dc82 - core[df12db4294e9bfd3]::result::unwrap_failed
[INFO] [stdout]   12:     0x61a101fa15a4 - mariadb_mysql_kbs[afefad6b9182a5ea]::mariadb::tests::get_test_data
[INFO] [stdout]   13:     0x61a101faa12a - mariadb_mysql_kbs[afefad6b9182a5ea]::mariadb::tests::test_case_19
[INFO] [stdout]   14:     0x61a101fd1239 - <mariadb_mysql_kbs[afefad6b9182a5ea]::mariadb::tests::test_case_19::{closure#0} as core[df12db4294e9bfd3]::ops::function::FnOnce<()>>::call_once
[INFO] [stdout]   15:     0x61a101fd490b - test[9d35eded1c95d3be]::__rust_begin_short_backtrace::<core[df12db4294e9bfd3]::result::Result<(), alloc[2182bb758b4b3781]::string::String>, fn() -> core[df12db4294e9bfd3]::result::Result<(), alloc[2182bb758b4b3781]::string::String>>
[INFO] [stdout]   16:     0x61a101fe1f75 - test[9d35eded1c95d3be]::run_test::{closure#0}
[INFO] [stdout]   17:     0x61a101fdb834 - std[70759c8f55707aa4]::sys::backtrace::__rust_begin_short_backtrace::<test[9d35eded1c95d3be]::run_test::{closure#1}, ()>
[INFO] [stdout]   18:     0x61a101fe50d2 - <std[70759c8f55707aa4]::thread::lifecycle::spawn_unchecked<test[9d35eded1c95d3be]::run_test::{closure#1}, ()>::{closure#1} as core[df12db4294e9bfd3]::ops::function::FnOnce<()>>::call_once::{shim:vtable#0}
[INFO] [stdout]   19:     0x61a1021456f9 - <std[70759c8f55707aa4]::sys::thread::unix::Thread>::new::thread_start
[INFO] [stdout]   20:     0x71473a5d8dfa - <unknown>
[INFO] [stdout]   21:     0x71473a66c3d4 - clone
[INFO] [stdout]   22:                0x0 - <unknown>
[INFO] [stdout] 
[INFO] [stdout] ---- mariadb::tests::test_case_2 stdout ----
[INFO] [stdout] 
[INFO] [stdout] thread 'mariadb::tests::test_case_2' (1835) panicked at src/rust/mariadb.rs:540:14:
[INFO] [stdout] Should have been able to read the test data file: Os { code: 2, kind: NotFound, message: "No such file or directory" }
[INFO] [stdout] stack backtrace:
[INFO] [stdout]    0:     0x61a102146191 - <<std[70759c8f55707aa4]::sys::backtrace::BacktraceLock>::print::DisplayBacktrace as core[df12db4294e9bfd3]::fmt::Display>::fmt
[INFO] [stdout]    1:     0x61a10215d6ca - core[df12db4294e9bfd3]::fmt::write
[INFO] [stdout]    2:     0x61a10214a6dc - <alloc[2182bb758b4b3781]::vec::Vec<u8> as core[df12db4294e9bfd3]::io::write::Write>::write_fmt
[INFO] [stdout]    3:     0x61a102122416 - std[70759c8f55707aa4]::panicking::default_hook::{closure#0}
[INFO] [stdout]    4:     0x61a10213e589 - std[70759c8f55707aa4]::panicking::default_hook
[INFO] [stdout]    5:     0x61a101fe1620 - test[9d35eded1c95d3be]::test_main_inner::<test[9d35eded1c95d3be]::test_main_static::{closure#0}>::{closure#0}
[INFO] [stdout]    6:     0x61a10213e742 - std[70759c8f55707aa4]::panicking::panic_with_hook
[INFO] [stdout]    7:     0x61a1021224c2 - std[70759c8f55707aa4]::panicking::panic_handler::{closure#0}
[INFO] [stdout]    8:     0x61a10211b089 - std[70759c8f55707aa4]::sys::backtrace::__rust_end_short_backtrace::<std[70759c8f55707aa4]::panicking::panic_handler::{closure#0}, !>
[INFO] [stdout]    9:     0x61a1021230bd - __rustc[8fa7c3cbc660c2b3]::rust_begin_unwind
[INFO] [stdout]   10:     0x61a10215deac - core[df12db4294e9bfd3]::panicking::panic_fmt
[INFO] [stdout]   11:     0x61a10215dc82 - core[df12db4294e9bfd3]::result::unwrap_failed
[INFO] [stdout]   12:     0x61a101fa15a4 - mariadb_mysql_kbs[afefad6b9182a5ea]::mariadb::tests::get_test_data
[INFO] [stdout]   13:     0x61a101fa1d45 - mariadb_mysql_kbs[afefad6b9182a5ea]::mariadb::tests::test_case_2
[INFO] [stdout]   14:     0x61a101fd1019 - <mariadb_mysql_kbs[afefad6b9182a5ea]::mariadb::tests::test_case_2::{closure#0} as core[df12db4294e9bfd3]::ops::function::FnOnce<()>>::call_once
[INFO] [stdout]   15:     0x61a101fd490b - test[9d35eded1c95d3be]::__rust_begin_short_backtrace::<core[df12db4294e9bfd3]::result::Result<(), alloc[2182bb758b4b3781]::string::String>, fn() -> core[df12db4294e9bfd3]::result::Result<(), alloc[2182bb758b4b3781]::string::String>>
[INFO] [stdout]   16:     0x61a101fe1f75 - test[9d35eded1c95d3be]::run_test::{closure#0}
[INFO] [stdout]   17:     0x61a101fdb834 - std[70759c8f55707aa4]::sys::backtrace::__rust_begin_short_backtrace::<test[9d35eded1c95d3be]::run_test::{closure#1}, ()>
[INFO] [stdout]   18:     0x61a101fe50d2 - <std[70759c8f55707aa4]::thread::lifecycle::spawn_unchecked<test[9d35eded1c95d3be]::run_test::{closure#1}, ()>::{closure#1} as core[df12db4294e9bfd3]::ops::function::FnOnce<()>>::call_once::{shim:vtable#0}
[INFO] [stdout]   19:     0x61a1021456f9 - <std[70759c8f55707aa4]::sys::thread::unix::Thread>::new::thread_start
[INFO] [stdout]   20:     0x71473a5d8dfa - <unknown>
[INFO] [stdout]   21:     0x71473a66c3d4 - clone
[INFO] [stdout]   22:                0x0 - <unknown>
[INFO] [stdout] 
[INFO] [stdout] ---- mariadb::tests::test_case_20 stdout ----
[INFO] [stdout] 
[INFO] [stdout] thread 'mariadb::tests::test_case_20' (1836) panicked at src/rust/mariadb.rs:540:14:
[INFO] [stdout] Should have been able to read the test data file: Os { code: 2, kind: NotFound, message: "No such file or directory" }
[INFO] [stdout] stack backtrace:
[INFO] [stdout]    0:     0x61a102146191 - <<std[70759c8f55707aa4]::sys::backtrace::BacktraceLock>::print::DisplayBacktrace as core[df12db4294e9bfd3]::fmt::Display>::fmt
[INFO] [stdout]    1:     0x61a10215d6ca - core[df12db4294e9bfd3]::fmt::write
[INFO] [stdout]    2:     0x61a10214a6dc - <alloc[2182bb758b4b3781]::vec::Vec<u8> as core[df12db4294e9bfd3]::io::write::Write>::write_fmt
[INFO] [stdout]    3:     0x61a102122416 - std[70759c8f55707aa4]::panicking::default_hook::{closure#0}
[INFO] [stdout]    4:     0x61a10213e589 - std[70759c8f55707aa4]::panicking::default_hook
[INFO] [stdout]    5:     0x61a101fe1620 - test[9d35eded1c95d3be]::test_main_inner::<test[9d35eded1c95d3be]::test_main_static::{closure#0}>::{closure#0}
[INFO] [stdout]    6:     0x61a10213e742 - std[70759c8f55707aa4]::panicking::panic_with_hook
[INFO] [stdout]    7:     0x61a1021224c2 - std[70759c8f55707aa4]::panicking::panic_handler::{closure#0}
[INFO] [stdout]    8:     0x61a10211b089 - std[70759c8f55707aa4]::sys::backtrace::__rust_end_short_backtrace::<std[70759c8f55707aa4]::panicking::panic_handler::{closure#0}, !>
[INFO] [stdout]    9:     0x61a1021230bd - __rustc[8fa7c3cbc660c2b3]::rust_begin_unwind
[INFO] [stdout]   10:     0x61a10215deac - core[df12db4294e9bfd3]::panicking::panic_fmt
[INFO] [stdout]   11:     0x61a10215dc82 - core[df12db4294e9bfd3]::result::unwrap_failed
[INFO] [stdout]   12:     0x61a101fa15a4 - mariadb_mysql_kbs[afefad6b9182a5ea]::mariadb::tests::get_test_data
[INFO] [stdout]   13:     0x61a101fab4c7 - mariadb_mysql_kbs[afefad6b9182a5ea]::mariadb::tests::test_case_20
[INFO] [stdout]   14:     0x61a101fd1259 - <mariadb_mysql_kbs[afefad6b9182a5ea]::mariadb::tests::test_case_20::{closure#0} as core[df12db4294e9bfd3]::ops::function::FnOnce<()>>::call_once
[INFO] [stdout]   15:     0x61a101fd490b - test[9d35eded1c95d3be]::__rust_begin_short_backtrace::<core[df12db4294e9bfd3]::result::Result<(), alloc[2182bb758b4b3781]::string::String>, fn() -> core[df12db4294e9bfd3]::result::Result<(), alloc[2182bb758b4b3781]::string::String>>
[INFO] [stdout]   16:     0x61a101fe1f75 - test[9d35eded1c95d3be]::run_test::{closure#0}
[INFO] [stdout]   17:     0x61a101fdb834 - std[70759c8f55707aa4]::sys::backtrace::__rust_begin_short_backtrace::<test[9d35eded1c95d3be]::run_test::{closure#1}, ()>
[INFO] [stdout]   18:     0x61a101fe50d2 - <std[70759c8f55707aa4]::thread::lifecycle::spawn_unchecked<test[9d35eded1c95d3be]::run_test::{closure#1}, ()>::{closure#1} as core[df12db4294e9bfd3]::ops::function::FnOnce<()>>::call_once::{shim:vtable#0}
[INFO] [stdout]   19:     0x61a1021456f9 - <std[70759c8f55707aa4]::sys::thread::unix::Thread>::new::thread_start
[INFO] [stdout]   20:     0x71473a5d8dfa - <unknown>
[INFO] [stdout]   21:     0x71473a66c3d4 - clone
[INFO] [stdout]   22:                0x0 - <unknown>
[INFO] [stdout] 
[INFO] [stdout] ---- mariadb::tests::test_case_21 stdout ----
[INFO] [stdout] 
[INFO] [stdout] thread 'mariadb::tests::test_case_21' (1837) panicked at src/rust/mariadb.rs:540:14:
[INFO] [stdout] Should have been able to read the test data file: Os { code: 2, kind: NotFound, message: "No such file or directory" }
[INFO] [stdout] stack backtrace:
[INFO] [stdout]    0:     0x61a102146191 - <<std[70759c8f55707aa4]::sys::backtrace::BacktraceLock>::print::DisplayBacktrace as core[df12db4294e9bfd3]::fmt::Display>::fmt
[INFO] [stdout]    1:     0x61a10215d6ca - core[df12db4294e9bfd3]::fmt::write
[INFO] [stdout]    2:     0x61a10214a6dc - <alloc[2182bb758b4b3781]::vec::Vec<u8> as core[df12db4294e9bfd3]::io::write::Write>::write_fmt
[INFO] [stdout]    3:     0x61a102122416 - std[70759c8f55707aa4]::panicking::default_hook::{closure#0}
[INFO] [stdout]    4:     0x61a10213e589 - std[70759c8f55707aa4]::panicking::default_hook
[INFO] [stdout]    5:     0x61a101fe1620 - test[9d35eded1c95d3be]::test_main_inner::<test[9d35eded1c95d3be]::test_main_static::{closure#0}>::{closure#0}
[INFO] [stdout]    6:     0x61a10213e742 - std[70759c8f55707aa4]::panicking::panic_with_hook
[INFO] [stdout]    7:     0x61a1021224c2 - std[70759c8f55707aa4]::panicking::panic_handler::{closure#0}
[INFO] [stdout]    8:     0x61a10211b089 - std[70759c8f55707aa4]::sys::backtrace::__rust_end_short_backtrace::<std[70759c8f55707aa4]::panicking::panic_handler::{closure#0}, !>
[INFO] [stdout]    9:     0x61a1021230bd - __rustc[8fa7c3cbc660c2b3]::rust_begin_unwind
[INFO] [stdout]   10:     0x61a10215deac - core[df12db4294e9bfd3]::panicking::panic_fmt
[INFO] [stdout]   11:     0x61a10215dc82 - core[df12db4294e9bfd3]::result::unwrap_failed
[INFO] [stdout]   12:     0x61a101fa15a4 - mariadb_mysql_kbs[afefad6b9182a5ea]::mariadb::tests::get_test_data
[INFO] [stdout]   13:     0x61a101fabe07 - mariadb_mysql_kbs[afefad6b9182a5ea]::mariadb::tests::test_case_21
[INFO] [stdout]   14:     0x61a101fd1279 - <mariadb_mysql_kbs[afefad6b9182a5ea]::mariadb::tests::test_case_21::{closure#0} as core[df12db4294e9bfd3]::ops::function::FnOnce<()>>::call_once
[INFO] [stdout]   15:     0x61a101fd490b - test[9d35eded1c95d3be]::__rust_begin_short_backtrace::<core[df12db4294e9bfd3]::result::Result<(), alloc[2182bb758b4b3781]::string::String>, fn() -> core[df12db4294e9bfd3]::result::Result<(), alloc[2182bb758b4b3781]::string::String>>
[INFO] [stdout]   16:     0x61a101fe1f75 - test[9d35eded1c95d3be]::run_test::{closure#0}
[INFO] [stdout]   17:     0x61a101fdb834 - std[70759c8f55707aa4]::sys::backtrace::__rust_begin_short_backtrace::<test[9d35eded1c95d3be]::run_test::{closure#1}, ()>
[INFO] [stdout]   18:     0x61a101fe50d2 - <std[70759c8f55707aa4]::thread::lifecycle::spawn_unchecked<test[9d35eded1c95d3be]::run_test::{closure#1}, ()>::{closure#1} as core[df12db4294e9bfd3]::ops::function::FnOnce<()>>::call_once::{shim:vtable#0}
[INFO] [stdout]   19:     0x61a1021456f9 - <std[70759c8f55707aa4]::sys::thread::unix::Thread>::new::thread_start
[INFO] [stdout]   20:     0x71473a5d8dfa - <unknown>
[INFO] [stdout]   21:     0x71473a66c3d4 - clone
[INFO] [stdout]   22:                0x0 - <unknown>
[INFO] [stdout] 
[INFO] [stdout] ---- mariadb::tests::test_case_3 stdout ----
[INFO] [stdout] 
[INFO] [stdout] thread 'mariadb::tests::test_case_3' (1838) panicked at src/rust/mariadb.rs:540:14:
[INFO] [stdout] Should have been able to read the test data file: Os { code: 2, kind: NotFound, message: "No such file or directory" }
[INFO] [stdout] stack backtrace:
[INFO] [stdout]    0:     0x61a102146191 - <<std[70759c8f55707aa4]::sys::backtrace::BacktraceLock>::print::DisplayBacktrace as core[df12db4294e9bfd3]::fmt::Display>::fmt
[INFO] [stdout]    1:     0x61a10215d6ca - core[df12db4294e9bfd3]::fmt::write
[INFO] [stdout]    2:     0x61a10214a6dc - <alloc[2182bb758b4b3781]::vec::Vec<u8> as core[df12db4294e9bfd3]::io::write::Write>::write_fmt
[INFO] [stdout]    3:     0x61a102122416 - std[70759c8f55707aa4]::panicking::default_hook::{closure#0}
[INFO] [stdout]    4:     0x61a10213e589 - std[70759c8f55707aa4]::panicking::default_hook
[INFO] [stdout]    5:     0x61a101fe1620 - test[9d35eded1c95d3be]::test_main_inner::<test[9d35eded1c95d3be]::test_main_static::{closure#0}>::{closure#0}
[INFO] [stdout]    6:     0x61a10213e742 - std[70759c8f55707aa4]::panicking::panic_with_hook
[INFO] [stdout]    7:     0x61a1021224c2 - std[70759c8f55707aa4]::panicking::panic_handler::{closure#0}
[INFO] [stdout]    8:     0x61a10211b089 - std[70759c8f55707aa4]::sys::backtrace::__rust_end_short_backtrace::<std[70759c8f55707aa4]::panicking::panic_handler::{closure#0}, !>
[INFO] [stdout]    9:     0x61a1021230bd - __rustc[8fa7c3cbc660c2b3]::rust_begin_unwind
[INFO] [stdout]   10:     0x61a10215deac - core[df12db4294e9bfd3]::panicking::panic_fmt
[INFO] [stdout]   11:     0x61a10215dc82 - core[df12db4294e9bfd3]::result::unwrap_failed
[INFO] [stdout]   12:     0x61a101fa15a4 - mariadb_mysql_kbs[afefad6b9182a5ea]::mariadb::tests::get_test_data
[INFO] [stdout]   13:     0x61a101fa2395 - mariadb_mysql_kbs[afefad6b9182a5ea]::mariadb::tests::test_case_3
[INFO] [stdout]   14:     0x61a101fd1039 - <mariadb_mysql_kbs[afefad6b9182a5ea]::mariadb::tests::test_case_3::{closure#0} as core[df12db4294e9bfd3]::ops::function::FnOnce<()>>::call_once
[INFO] [stdout]   15:     0x61a101fd490b - test[9d35eded1c95d3be]::__rust_begin_short_backtrace::<core[df12db4294e9bfd3]::result::Result<(), alloc[2182bb758b4b3781]::string::String>, fn() -> core[df12db4294e9bfd3]::result::Result<(), alloc[2182bb758b4b3781]::string::String>>
[INFO] [stdout]   16:     0x61a101fe1f75 - test[9d35eded1c95d3be]::run_test::{closure#0}
[INFO] [stdout]   17:     0x61a101fdb834 - std[70759c8f55707aa4]::sys::backtrace::__rust_begin_short_backtrace::<test[9d35eded1c95d3be]::run_test::{closure#1}, ()>
[INFO] [stdout]   18:     0x61a101fe50d2 - <std[70759c8f55707aa4]::thread::lifecycle::spawn_unchecked<test[9d35eded1c95d3be]::run_test::{closure#1}, ()>::{closure#1} as core[df12db4294e9bfd3]::ops::function::FnOnce<()>>::call_once::{shim:vtable#0}
[INFO] [stdout]   19:     0x61a1021456f9 - <std[70759c8f55707aa4]::sys::thread::unix::Thread>::new::thread_start
[INFO] [stdout]   20:     0x71473a5d8dfa - <unknown>
[INFO] [stdout]   21:     0x71473a66c3d4 - clone
[INFO] [stdout]   22:                0x0 - <unknown>
[INFO] [stdout] 
[INFO] [stdout] ---- mariadb::tests::test_case_5 stdout ----
[INFO] [stdout] 
[INFO] [stdout] thread 'mariadb::tests::test_case_5' (1840) panicked at src/rust/mariadb.rs:540:14:
[INFO] [stdout] Should have been able to read the test data file: Os { code: 2, kind: NotFound, message: "No such file or directory" }
[INFO] [stdout] stack backtrace:
[INFO] [stdout]    0:     0x61a102146191 - <<std[70759c8f55707aa4]::sys::backtrace::BacktraceLock>::print::DisplayBacktrace as core[df12db4294e9bfd3]::fmt::Display>::fmt
[INFO] [stdout]    1:     0x61a10215d6ca - core[df12db4294e9bfd3]::fmt::write
[INFO] [stdout]    2:     0x61a10214a6dc - <alloc[2182bb758b4b3781]::vec::Vec<u8> as core[df12db4294e9bfd3]::io::write::Write>::write_fmt
[INFO] [stdout]    3:     0x61a102122416 - std[70759c8f55707aa4]::panicking::default_hook::{closure#0}
[INFO] [stdout]    4:     0x61a10213e589 - std[70759c8f55707aa4]::panicking::default_hook
[INFO] [stdout]    5:     0x61a101fe1620 - test[9d35eded1c95d3be]::test_main_inner::<test[9d35eded1c95d3be]::test_main_static::{closure#0}>::{closure#0}
[INFO] [stdout]    6:     0x61a10213e742 - std[70759c8f55707aa4]::panicking::panic_with_hook
[INFO] [stdout]    7:     0x61a1021224c2 - std[70759c8f55707aa4]::panicking::panic_handler::{closure#0}
[INFO] [stdout]    8:     0x61a10211b089 - std[70759c8f55707aa4]::sys::backtrace::__rust_end_short_backtrace::<std[70759c8f55707aa4]::panicking::panic_handler::{closure#0}, !>
[INFO] [stdout]    9:     0x61a1021230bd - __rustc[8fa7c3cbc660c2b3]::rust_begin_unwind
[INFO] [stdout]   10:     0x61a10215deac - core[df12db4294e9bfd3]::panicking::panic_fmt
[INFO] [stdout]   11:     0x61a10215dc82 - core[df12db4294e9bfd3]::result::unwrap_failed
[INFO] [stdout]   12:     0x61a101fa15a4 - mariadb_mysql_kbs[afefad6b9182a5ea]::mariadb::tests::get_test_data
[INFO] [stdout]   13:     0x61a101fa3e77 - mariadb_mysql_kbs[afefad6b9182a5ea]::mariadb::tests::test_case_5
[INFO] [stdout]   14:     0x61a101fd1079 - <mariadb_mysql_kbs[afefad6b9182a5ea]::mariadb::tests::test_case_5::{closure#0} as core[df12db4294e9bfd3]::ops::function::FnOnce<()>>::call_once
[INFO] [stdout]   15:     0x61a101fd490b - test[9d35eded1c95d3be]::__rust_begin_short_backtrace::<core[df12db4294e9bfd3]::result::Result<(), alloc[2182bb758b4b3781]::string::String>, fn() -> core[df12db4294e9bfd3]::result::Result<(), alloc[2182bb758b4b3781]::string::String>>
[INFO] [stdout]   16:     0x61a101fe1f75 - test[9d35eded1c95d3be]::run_test::{closure#0}
[INFO] [stdout]   17:     0x61a101fdb834 - std[70759c8f55707aa4]::sys::backtrace::__rust_begin_short_backtrace::<test[9d35eded1c95d3be]::run_test::{closure#1}, ()>
[INFO] [stdout]   18:     0x61a101fe50d2 - <std[70759c8f55707aa4]::thread::lifecycle::spawn_unchecked<test[9d35eded1c95d3be]::run_test::{closure#1}, ()>::{closure#1} as core[df12db4294e9bfd3]::ops::function::FnOnce<()>>::call_once::{shim:vtable#0}
[INFO] [stdout]   19:     0x61a1021456f9 - <std[70759c8f55707aa4]::sys::thread::unix::Thread>::new::thread_start
[INFO] [stdout]   20:     0x71473a5d8dfa - <unknown>
[INFO] [stdout]   21:     0x71473a66c3d4 - clone
[INFO] [stdout]   22:                0x0 - <unknown>
[INFO] [stdout] 
[INFO] [stdout] ---- mariadb::tests::test_case_6 stdout ----
[INFO] [stdout] 
[INFO] [stdout] thread 'mariadb::tests::test_case_6' (1841) panicked at src/rust/mariadb.rs:540:14:
[INFO] [stdout] Should have been able to read the test data file: Os { code: 2, kind: NotFound, message: "No such file or directory" }
[INFO] [stdout] stack backtrace:
[INFO] [stdout]    0:     0x61a102146191 - <<std[70759c8f55707aa4]::sys::backtrace::BacktraceLock>::print::DisplayBacktrace as core[df12db4294e9bfd3]::fmt::Display>::fmt
[INFO] [stdout]    1:     0x61a10215d6ca - core[df12db4294e9bfd3]::fmt::write
[INFO] [stdout]    2:     0x61a10214a6dc - <alloc[2182bb758b4b3781]::vec::Vec<u8> as core[df12db4294e9bfd3]::io::write::Write>::write_fmt
[INFO] [stdout]    3:     0x61a102122416 - std[70759c8f55707aa4]::panicking::default_hook::{closure#0}
[INFO] [stdout]    4:     0x61a10213e589 - std[70759c8f55707aa4]::panicking::default_hook
[INFO] [stdout]    5:     0x61a101fe1620 - test[9d35eded1c95d3be]::test_main_inner::<test[9d35eded1c95d3be]::test_main_static::{closure#0}>::{closure#0}
[INFO] [stdout]    6:     0x61a10213e742 - std[70759c8f55707aa4]::panicking::panic_with_hook
[INFO] [stdout]    7:     0x61a1021224c2 - std[70759c8f55707aa4]::panicking::panic_handler::{closure#0}
[INFO] [stdout]    8:     0x61a10211b089 - std[70759c8f55707aa4]::sys::backtrace::__rust_end_short_backtrace::<std[70759c8f55707aa4]::panicking::panic_handler::{closure#0}, !>
[INFO] [stdout]    9:     0x61a1021230bd - __rustc[8fa7c3cbc660c2b3]::rust_begin_unwind
[INFO] [stdout]   10:     0x61a10215deac - core[df12db4294e9bfd3]::panicking::panic_fmt
[INFO] [stdout]   11:     0x61a10215dc82 - core[df12db4294e9bfd3]::result::unwrap_failed
[INFO] [stdout]   12:     0x61a101fa15a4 - mariadb_mysql_kbs[afefad6b9182a5ea]::mariadb::tests::get_test_data
[INFO] [stdout]   13:     0x61a101fa4657 - mariadb_mysql_kbs[afefad6b9182a5ea]::mariadb::tests::test_case_6
[INFO] [stdout]   14:     0x61a101fd1099 - <mariadb_mysql_kbs[afefad6b9182a5ea]::mariadb::tests::test_case_6::{closure#0} as core[df12db4294e9bfd3]::ops::function::FnOnce<()>>::call_once
[INFO] [stdout]   15:     0x61a101fd490b - test[9d35eded1c95d3be]::__rust_begin_short_backtrace::<core[df12db4294e9bfd3]::result::Result<(), alloc[2182bb758b4b3781]::string::String>, fn() -> core[df12db4294e9bfd3]::result::Result<(), alloc[2182bb758b4b3781]::string::String>>
[INFO] [stdout]   16:     0x61a101fe1f75 - test[9d35eded1c95d3be]::run_test::{closure#0}
[INFO] [stdout]   17:     0x61a101fdb834 - std[70759c8f55707aa4]::sys::backtrace::__rust_begin_short_backtrace::<test[9d35eded1c95d3be]::run_test::{closure#1}, ()>
[INFO] [stdout]   18:     0x61a101fe50d2 - <std[70759c8f55707aa4]::thread::lifecycle::spawn_unchecked<test[9d35eded1c95d3be]::run_test::{closure#1}, ()>::{closure#1} as core[df12db4294e9bfd3]::ops::function::FnOnce<()>>::call_once::{shim:vtable#0}
[INFO] [stdout]   19:     0x61a1021456f9 - <std[70759c8f55707aa4]::sys::thread::unix::Thread>::new::thread_start
[INFO] [stdout]   20:     0x71473a5d8dfa - <unknown>
[INFO] [stdout]   21:     0x71473a66c3d4 - clone
[INFO] [stdout]   22:                0x0 - <unknown>
[INFO] [stdout] 
[INFO] [stdout] ---- mariadb::tests::test_case_4 stdout ----
[INFO] [stdout] 
[INFO] [stdout] thread 'mariadb::tests::test_case_4' (1839) panicked at src/rust/mariadb.rs:540:14:
[INFO] [stdout] Should have been able to read the test data file: Os { code: 2, kind: NotFound, message: "No such file or directory" }
[INFO] [stdout] stack backtrace:
[INFO] [stdout]    0:     0x61a102146191 - <<std[70759c8f55707aa4]::sys::backtrace::BacktraceLock>::print::DisplayBacktrace as core[df12db4294e9bfd3]::fmt::Display>::fmt
[INFO] [stdout]    1:     0x61a10215d6ca - core[df12db4294e9bfd3]::fmt::write
[INFO] [stdout]    2:     0x61a10214a6dc - <alloc[2182bb758b4b3781]::vec::Vec<u8> as core[df12db4294e9bfd3]::io::write::Write>::write_fmt
[INFO] [stdout]    3:     0x61a102122416 - std[70759c8f55707aa4]::panicking::default_hook::{closure#0}
[INFO] [stdout]    4:     0x61a10213e589 - std[70759c8f55707aa4]::panicking::default_hook
[INFO] [stdout]    5:     0x61a101fe1620 - test[9d35eded1c95d3be]::test_main_inner::<test[9d35eded1c95d3be]::test_main_static::{closure#0}>::{closure#0}
[INFO] [stdout]    6:     0x61a10213e742 - std[70759c8f55707aa4]::panicking::panic_with_hook
[INFO] [stdout]    7:     0x61a1021224c2 - std[70759c8f55707aa4]::panicking::panic_handler::{closure#0}
[INFO] [stdout]    8:     0x61a10211b089 - std[70759c8f55707aa4]::sys::backtrace::__rust_end_short_backtrace::<std[70759c8f55707aa4]::panicking::panic_handler::{closure#0}, !>
[INFO] [stdout]    9:     0x61a1021230bd - __rustc[8fa7c3cbc660c2b3]::rust_begin_unwind
[INFO] [stdout]   10:     0x61a10215deac - core[df12db4294e9bfd3]::panicking::panic_fmt
[INFO] [stdout]   11:     0x61a10215dc82 - core[df12db4294e9bfd3]::result::unwrap_failed
[INFO] [stdout]   12:     0x61a101fa15a4 - mariadb_mysql_kbs[afefad6b9182a5ea]::mariadb::tests::get_test_data
[INFO] [stdout]   13:     0x61a101fa2857 - mariadb_mysql_kbs[afefad6b9182a5ea]::mariadb::tests::test_case_4
[INFO] [stdout]   14:     0x61a101fd1059 - <mariadb_mysql_kbs[afefad6b9182a5ea]::mariadb::tests::test_case_4::{closure#0} as core[df12db4294e9bfd3]::ops::function::FnOnce<()>>::call_once
[INFO] [stdout]   15:     0x61a101fd490b - test[9d35eded1c95d3be]::__rust_begin_short_backtrace::<core[df12db4294e9bfd3]::result::Result<(), alloc[2182bb758b4b3781]::string::String>, fn() -> core[df12db4294e9bfd3]::result::Result<(), alloc[2182bb758b4b3781]::string::String>>
[INFO] [stdout]   16:     0x61a101fe1f75 - test[9d35eded1c95d3be]::run_test::{closure#0}
[INFO] [stdout]   17:     0x61a101fdb834 - std[70759c8f55707aa4]::sys::backtrace::__rust_begin_short_backtrace::<test[9d35eded1c95d3be]::run_test::{closure#1}, ()>
[INFO] [stdout]   18:     0x61a101fe50d2 - <std[70759c8f55707aa4]::thread::lifecycle::spawn_unchecked<test[9d35eded1c95d3be]::run_test::{closure#1}, ()>::{closure#1} as core[df12db4294e9bfd3]::ops::function::FnOnce<()>>::call_once::{shim:vtable#0}
[INFO] [stdout]   19:     0x61a1021456f9 - <std[70759c8f55707aa4]::sys::thread::unix::Thread>::new::thread_start
[INFO] [stdout]   20:     0x71473a5d8dfa - <unknown>
[INFO] [stdout]   21:     0x71473a66c3d4 - clone
[INFO] [stdout]   22:                0x0 - <unknown>
[INFO] [stdout] 
[INFO] [stdout] ---- mariadb::tests::test_case_7 stdout ----
[INFO] [stdout] 
[INFO] [stdout] thread 'mariadb::tests::test_case_7' (1842) panicked at src/rust/mariadb.rs:540:14:
[INFO] [stdout] Should have been able to read the test data file: Os { code: 2, kind: NotFound, message: "No such file or directory" }
[INFO] [stdout] stack backtrace:
[INFO] [stdout]    0:     0x61a102146191 - <<std[70759c8f55707aa4]::sys::backtrace::BacktraceLock>::print::DisplayBacktrace as core[df12db4294e9bfd3]::fmt::Display>::fmt
[INFO] [stdout]    1:     0x61a10215d6ca - core[df12db4294e9bfd3]::fmt::write
[INFO] [stdout]    2:     0x61a10214a6dc - <alloc[2182bb758b4b3781]::vec::Vec<u8> as core[df12db4294e9bfd3]::io::write::Write>::write_fmt
[INFO] [stdout]    3:     0x61a102122416 - std[70759c8f55707aa4]::panicking::default_hook::{closure#0}
[INFO] [stdout]    4:     0x61a10213e589 - std[70759c8f55707aa4]::panicking::default_hook
[INFO] [stdout]    5:     0x61a101fe1620 - test[9d35eded1c95d3be]::test_main_inner::<test[9d35eded1c95d3be]::test_main_static::{closure#0}>::{closure#0}
[INFO] [stdout]    6:     0x61a10213e742 - std[70759c8f55707aa4]::panicking::panic_with_hook
[INFO] [stdout]    7:     0x61a1021224c2 - std[70759c8f55707aa4]::panicking::panic_handler::{closure#0}
[INFO] [stdout]    8:     0x61a10211b089 - std[70759c8f55707aa4]::sys::backtrace::__rust_end_short_backtrace::<std[70759c8f55707aa4]::panicking::panic_handler::{closure#0}, !>
[INFO] [stdout]    9:     0x61a1021230bd - __rustc[8fa7c3cbc660c2b3]::rust_begin_unwind
[INFO] [stdout]   10:     0x61a10215deac - core[df12db4294e9bfd3]::panicking::panic_fmt
[INFO] [stdout]   11:     0x61a10215dc82 - core[df12db4294e9bfd3]::result::unwrap_failed
[INFO] [stdout]   12:     0x61a101fa15a4 - mariadb_mysql_kbs[afefad6b9182a5ea]::mariadb::tests::get_test_data
[INFO] [stdout]   13:     0x61a101fa5245 - mariadb_mysql_kbs[afefad6b9182a5ea]::mariadb::tests::test_case_7
[INFO] [stdout]   14:     0x61a101fd10b9 - <mariadb_mysql_kbs[afefad6b9182a5ea]::mariadb::tests::test_case_7::{closure#0} as core[df12db4294e9bfd3]::ops::function::FnOnce<()>>::call_once
[INFO] [stdout]   15:     0x61a101fd490b - test[9d35eded1c95d3be]::__rust_begin_short_backtrace::<core[df12db4294e9bfd3]::result::Result<(), alloc[2182bb758b4b3781]::string::String>, fn() -> core[df12db4294e9bfd3]::result::Result<(), alloc[2182bb758b4b3781]::string::String>>
[INFO] [stdout]   16:     0x61a101fe1f75 - test[9d35eded1c95d3be]::run_test::{closure#0}
[INFO] [stdout]   17:     0x61a101fdb834 - std[70759c8f55707aa4]::sys::backtrace::__rust_begin_short_backtrace::<test[9d35eded1c95d3be]::run_test::{closure#1}, ()>
[INFO] [stdout]   18:     0x61a101fe50d2 - <std[70759c8f55707aa4]::thread::lifecycle::spawn_unchecked<test[9d35eded1c95d3be]::run_test::{closure#1}, ()>::{closure#1} as core[df12db4294e9bfd3]::ops::function::FnOnce<()>>::call_once::{shim:vtable#0}
[INFO] [stdout]   19:     0x61a1021456f9 - <std[70759c8f55707aa4]::sys::thread::unix::Thread>::new::thread_start
[INFO] [stdout]   20:     0x71473a5d8dfa - <unknown>
[INFO] [stdout]   21:     0x71473a66c3d4 - clone
[INFO] [stdout]   22:                0x0 - <unknown>
[INFO] [stdout] 
[INFO] [stdout] ---- mariadb::tests::test_case_8 stdout ----
[INFO] [stdout] 
[INFO] [stdout] thread 'mariadb::tests::test_case_8' (1843) panicked at src/rust/mariadb.rs:540:14:
[INFO] [stdout] Should have been able to read the test data file: Os { code: 2, kind: NotFound, message: "No such file or directory" }
[INFO] [stdout] stack backtrace:
[INFO] [stdout]    0:     0x61a102146191 - <<std[70759c8f55707aa4]::sys::backtrace::BacktraceLock>::print::DisplayBacktrace as core[df12db4294e9bfd3]::fmt::Display>::fmt
[INFO] [stdout]    1:     0x61a10215d6ca - core[df12db4294e9bfd3]::fmt::write
[INFO] [stdout]    2:     0x61a10214a6dc - <alloc[2182bb758b4b3781]::vec::Vec<u8> as core[df12db4294e9bfd3]::io::write::Write>::write_fmt
[INFO] [stdout]    3:     0x61a102122416 - std[70759c8f55707aa4]::panicking::default_hook::{closure#0}
[INFO] [stdout]    4:     0x61a10213e589 - std[70759c8f55707aa4]::panicking::default_hook
[INFO] [stdout]    5:     0x61a101fe1620 - test[9d35eded1c95d3be]::test_main_inner::<test[9d35eded1c95d3be]::test_main_static::{closure#0}>::{closure#0}
[INFO] [stdout]    6:     0x61a10213e742 - std[70759c8f55707aa4]::panicking::panic_with_hook
[INFO] [stdout]    7:     0x61a1021224c2 - std[70759c8f55707aa4]::panicking::panic_handler::{closure#0}
[INFO] [stdout]    8:     0x61a10211b089 - std[70759c8f55707aa4]::sys::backtrace::__rust_end_short_backtrace::<std[70759c8f55707aa4]::panicking::panic_handler::{closure#0}, !>
[INFO] [stdout]    9:     0x61a1021230bd - __rustc[8fa7c3cbc660c2b3]::rust_begin_unwind
[INFO] [stdout]   10:     0x61a10215deac - core[df12db4294e9bfd3]::panicking::panic_fmt
[INFO] [stdout]   11:     0x61a10215dc82 - core[df12db4294e9bfd3]::result::unwrap_failed
[INFO] [stdout]   12:     0x61a101fa15a4 - mariadb_mysql_kbs[afefad6b9182a5ea]::mariadb::tests::get_test_data
[INFO] [stdout]   13:     0x61a101fa57f7 - mariadb_mysql_kbs[afefad6b9182a5ea]::mariadb::tests::test_case_8
[INFO] [stdout]   14:     0x61a101fd10d9 - <mariadb_mysql_kbs[afefad6b9182a5ea]::mariadb::tests::test_case_8::{closure#0} as core[df12db4294e9bfd3]::ops::function::FnOnce<()>>::call_once
[INFO] [stdout]   15:     0x61a101fd490b - test[9d35eded1c95d3be]::__rust_begin_short_backtrace::<core[df12db4294e9bfd3]::result::Result<(), alloc[2182bb758b4b3781]::string::String>, fn() -> core[df12db4294e9bfd3]::result::Result<(), alloc[2182bb758b4b3781]::string::String>>
[INFO] [stdout]   16:     0x61a101fe1f75 - test[9d35eded1c95d3be]::run_test::{closure#0}
[INFO] [stdout]   17:     0x61a101fdb834 - std[70759c8f55707aa4]::sys::backtrace::__rust_begin_short_backtrace::<test[9d35eded1c95d3be]::run_test::{closure#1}, ()>
[INFO] [stdout]   18:     0x61a101fe50d2 - <std[70759c8f55707aa4]::thread::lifecycle::spawn_unchecked<test[9d35eded1c95d3be]::run_test::{closure#1}, ()>::{closure#1} as core[df12db4294e9bfd3]::ops::function::FnOnce<()>>::call_once::{shim:vtable#0}
[INFO] [stdout]   19:     0x61a1021456f9 - <std[70759c8f55707aa4]::sys::thread::unix::Thread>::new::thread_start
[INFO] [stdout]   20:     0x71473a5d8dfa - <unknown>
[INFO] [stdout]   21:     0x71473a66c3d4 - clone
[INFO] [stdout]   22:                0x0 - <unknown>
[INFO] [stdout] 
[INFO] [stdout] ---- mysql::tests::test_case_1 stdout ----
[INFO] [stdout] 
[INFO] [stdout] thread 'mysql::tests::test_case_1' (1845) panicked at src/rust/mysql.rs:574:14:
[INFO] [stdout] Should have been able to read the test data file: Os { code: 2, kind: NotFound, message: "No such file or directory" }
[INFO] [stdout] stack backtrace:
[INFO] [stdout]    0:     0x61a102146191 - <<std[70759c8f55707aa4]::sys::backtrace::BacktraceLock>::print::DisplayBacktrace as core[df12db4294e9bfd3]::fmt::Display>::fmt
[INFO] [stdout]    1:     0x61a10215d6ca - core[df12db4294e9bfd3]::fmt::write
[INFO] [stdout]    2:     0x61a10214a6dc - <alloc[2182bb758b4b3781]::vec::Vec<u8> as core[df12db4294e9bfd3]::io::write::Write>::write_fmt
[INFO] [stdout]    3:     0x61a102122416 - std[70759c8f55707aa4]::panicking::default_hook::{closure#0}
[INFO] [stdout]    4:     0x61a10213e589 - std[70759c8f55707aa4]::panicking::default_hook
[INFO] [stdout]    5:     0x61a101fe1620 - test[9d35eded1c95d3be]::test_main_inner::<test[9d35eded1c95d3be]::test_main_static::{closure#0}>::{closure#0}
[INFO] [stdout]    6:     0x61a10213e742 - std[70759c8f55707aa4]::panicking::panic_with_hook
[INFO] [stdout]    7:     0x61a1021224c2 - std[70759c8f55707aa4]::panicking::panic_handler::{closure#0}
[INFO] [stdout]    8:     0x61a10211b089 - std[70759c8f55707aa4]::sys::backtrace::__rust_end_short_backtrace::<std[70759c8f55707aa4]::panicking::panic_handler::{closure#0}, !>
[INFO] [stdout]    9:     0x61a1021230bd - __rustc[8fa7c3cbc660c2b3]::rust_begin_unwind
[INFO] [stdout]   10:     0x61a10215deac - core[df12db4294e9bfd3]::panicking::panic_fmt
[INFO] [stdout]   11:     0x61a10215dc82 - core[df12db4294e9bfd3]::result::unwrap_failed
[INFO] [stdout]   12:     0x61a101f91874 - mariadb_mysql_kbs[afefad6b9182a5ea]::mysql::tests::get_test_data
[INFO] [stdout]   13:     0x61a101f91947 - mariadb_mysql_kbs[afefad6b9182a5ea]::mysql::tests::test_case_1
[INFO] [stdout]   14:     0x61a101fd05d9 - <mariadb_mysql_kbs[afefad6b9182a5ea]::mysql::tests::test_case_1::{closure#0} as core[df12db4294e9bfd3]::ops::function::FnOnce<()>>::call_once
[INFO] [stdout]   15:     0x61a101fd490b - test[9d35eded1c95d3be]::__rust_begin_short_backtrace::<core[df12db4294e9bfd3]::result::Result<(), alloc[2182bb758b4b3781]::string::String>, fn() -> core[df12db4294e9bfd3]::result::Result<(), alloc[2182bb758b4b3781]::string::String>>
[INFO] [stdout]   16:     0x61a101fe1f75 - test[9d35eded1c95d3be]::run_test::{closure#0}
[INFO] [stdout]   17:     0x61a101fdb834 - std[70759c8f55707aa4]::sys::backtrace::__rust_begin_short_backtrace::<test[9d35eded1c95d3be]::run_test::{closure#1}, ()>
[INFO] [stdout]   18:     0x61a101fe50d2 - <std[70759c8f55707aa4]::thread::lifecycle::spawn_unchecked<test[9d35eded1c95d3be]::run_test::{closure#1}, ()>::{closure#1} as core[df12db4294e9bfd3]::ops::function::FnOnce<()>>::call_once::{shim:vtable#0}
[INFO] [stdout]   19:     0x61a1021456f9 - <std[70759c8f55707aa4]::sys::thread::unix::Thread>::new::thread_start
[INFO] [stdout]   20:     0x71473a5d8dfa - <unknown>
[INFO] [stdout]   21:     0x71473a66c3d4 - clone
[INFO] [stdout]   22:                0x0 - <unknown>
[INFO] [stdout] 
[INFO] [stdout] ---- mysql::tests::test_case_10 stdout ----
[INFO] [stdout] 
[INFO] [stdout] thread 'mysql::tests::test_case_10' (1846) panicked at src/rust/mysql.rs:574:14:
[INFO] [stdout] Should have been able to read the test data file: Os { code: 2, kind: NotFound, message: "No such file or directory" }
[INFO] [stdout] stack backtrace:
[INFO] [stdout]    0:     0x61a102146191 - <<std[70759c8f55707aa4]::sys::backtrace::BacktraceLock>::print::DisplayBacktrace as core[df12db4294e9bfd3]::fmt::Display>::fmt
[INFO] [stdout]    1:     0x61a10215d6ca - core[df12db4294e9bfd3]::fmt::write
[INFO] [stdout]    2:     0x61a10214a6dc - <alloc[2182bb758b4b3781]::vec::Vec<u8> as core[df12db4294e9bfd3]::io::write::Write>::write_fmt
[INFO] [stdout]    3:     0x61a102122416 - std[70759c8f55707aa4]::panicking::default_hook::{closure#0}
[INFO] [stdout]    4:     0x61a10213e589 - std[70759c8f55707aa4]::panicking::default_hook
[INFO] [stdout]    5:     0x61a101fe1620 - test[9d35eded1c95d3be]::test_main_inner::<test[9d35eded1c95d3be]::test_main_static::{closure#0}>::{closure#0}
[INFO] [stdout]    6:     0x61a10213e742 - std[70759c8f55707aa4]::panicking::panic_with_hook
[INFO] [stdout]    7:     0x61a1021224c2 - std[70759c8f55707aa4]::panicking::panic_handler::{closure#0}
[INFO] [stdout]    8:     0x61a10211b089 - std[70759c8f55707aa4]::sys::backtrace::__rust_end_short_backtrace::<std[70759c8f55707aa4]::panicking::panic_handler::{closure#0}, !>
[INFO] [stdout]    9:     0x61a1021230bd - __rustc[8fa7c3cbc660c2b3]::rust_begin_unwind
[INFO] [stdout]   10:     0x61a10215deac - core[df12db4294e9bfd3]::panicking::panic_fmt
[INFO] [stdout]   11:     0x61a10215dc82 - core[df12db4294e9bfd3]::result::unwrap_failed
[INFO] [stdout]   12:     0x61a101f91874 - mariadb_mysql_kbs[afefad6b9182a5ea]::mysql::tests::get_test_data
[INFO] [stdout]   13:     0x61a101f9f1aa - mariadb_mysql_kbs[afefad6b9182a5ea]::mysql::tests::test_case_10
[INFO] [stdout]   14:     0x61a101fd06f9 - <mariadb_mysql_kbs[afefad6b9182a5ea]::mysql::tests::test_case_10::{closure#0} as core[df12db4294e9bfd3]::ops::function::FnOnce<()>>::call_once
[INFO] [stdout]   15:     0x61a101fd490b - test[9d35eded1c95d3be]::__rust_begin_short_backtrace::<core[df12db4294e9bfd3]::result::Result<(), alloc[2182bb758b4b3781]::string::String>, fn() -> core[df12db4294e9bfd3]::result::Result<(), alloc[2182bb758b4b3781]::string::String>>
[INFO] [stdout]   16:     0x61a101fe1f75 - test[9d35eded1c95d3be]::run_test::{closure#0}
[INFO] [stdout]   17:     0x61a101fdb834 - std[70759c8f55707aa4]::sys::backtrace::__rust_begin_short_backtrace::<test[9d35eded1c95d3be]::run_test::{closure#1}, ()>
[INFO] [stdout]   18:     0x61a101fe50d2 - <std[70759c8f55707aa4]::thread::lifecycle::spawn_unchecked<test[9d35eded1c95d3be]::run_test::{closure#1}, ()>::{closure#1} as core[df12db4294e9bfd3]::ops::function::FnOnce<()>>::call_once::{shim:vtable#0}
[INFO] [stdout]   19:     0x61a1021456f9 - <std[70759c8f55707aa4]::sys::thread::unix::Thread>::new::thread_start
[INFO] [stdout]   20:     0x71473a5d8dfa - <unknown>
[INFO] [stdout]   21:     0x71473a66c3d4 - clone
[INFO] [stdout]   22:                0x0 - <unknown>
[INFO] [stdout] 
[INFO] [stdout] ---- mysql::tests::test_case_2 stdout ----
[INFO] [stdout] 
[INFO] [stdout] thread 'mysql::tests::test_case_2' (1847) panicked at src/rust/mysql.rs:574:14:
[INFO] [stdout] Should have been able to read the test data file: Os { code: 2, kind: NotFound, message: "No such file or directory" }
[INFO] [stdout] stack backtrace:
[INFO] [stdout]    0:     0x61a102146191 - <<std[70759c8f55707aa4]::sys::backtrace::BacktraceLock>::print::DisplayBacktrace as core[df12db4294e9bfd3]::fmt::Display>::fmt
[INFO] [stdout]    1:     0x61a10215d6ca - core[df12db4294e9bfd3]::fmt::write
[INFO] [stdout]    2:     0x61a10214a6dc - <alloc[2182bb758b4b3781]::vec::Vec<u8> as core[df12db4294e9bfd3]::io::write::Write>::write_fmt
[INFO] [stdout]    3:     0x61a102122416 - std[70759c8f55707aa4]::panicking::default_hook::{closure#0}
[INFO] [stdout]    4:     0x61a10213e589 - std[70759c8f55707aa4]::panicking::default_hook
[INFO] [stdout]    5:     0x61a101fe1620 - test[9d35eded1c95d3be]::test_main_inner::<test[9d35eded1c95d3be]::test_main_static::{closure#0}>::{closure#0}
[INFO] [stdout]    6:     0x61a10213e742 - std[70759c8f55707aa4]::panicking::panic_with_hook
[INFO] [stdout]    7:     0x61a1021224c2 - std[70759c8f55707aa4]::panicking::panic_handler::{closure#0}
[INFO] [stdout]    8:     0x61a10211b089 - std[70759c8f55707aa4]::sys::backtrace::__rust_end_short_backtrace::<std[70759c8f55707aa4]::panicking::panic_handler::{closure#0}, !>
[INFO] [stdout]    9:     0x61a1021230bd - __rustc[8fa7c3cbc660c2b3]::rust_begin_unwind
[INFO] [stdout]   10:     0x61a10215deac - core[df12db4294e9bfd3]::panicking::panic_fmt
[INFO] [stdout]   11:     0x61a10215dc82 - core[df12db4294e9bfd3]::result::unwrap_failed
[INFO] [stdout]   12:     0x61a101f91874 - mariadb_mysql_kbs[afefad6b9182a5ea]::mysql::tests::get_test_data
[INFO] [stdout]   13:     0x61a101f9220a - mariadb_mysql_kbs[afefad6b9182a5ea]::mysql::tests::test_case_2
[INFO] [stdout]   14:     0x61a101fd05f9 - <mariadb_mysql_kbs[afefad6b9182a5ea]::mysql::tests::test_case_2::{closure#0} as core[df12db4294e9bfd3]::ops::function::FnOnce<()>>::call_once
[INFO] [stdout]   15:     0x61a101fd490b - test[9d35eded1c95d3be]::__rust_begin_short_backtrace::<core[df12db4294e9bfd3]::result::Result<(), alloc[2182bb758b4b3781]::string::String>, fn() -> core[df12db4294e9bfd3]::result::Result<(), alloc[2182bb758b4b3781]::string::String>>
[INFO] [stdout]   16:     0x61a101fe1f75 - test[9d35eded1c95d3be]::run_test::{closure#0}
[INFO] [stdout]   17:     0x61a101fdb834 - std[70759c8f55707aa4]::sys::backtrace::__rust_begin_short_backtrace::<test[9d35eded1c95d3be]::run_test::{closure#1}, ()>
[INFO] [stdout]   18:     0x61a101fe50d2 - <std[70759c8f55707aa4]::thread::lifecycle::spawn_unchecked<test[9d35eded1c95d3be]::run_test::{closure#1}, ()>::{closure#1} as core[df12db4294e9bfd3]::ops::function::FnOnce<()>>::call_once::{shim:vtable#0}
[INFO] [stdout]   19:     0x61a1021456f9 - <std[70759c8f55707aa4]::sys::thread::unix::Thread>::new::thread_start
[INFO] [stdout]   20:     0x71473a5d8dfa - <unknown>
[INFO] [stdout]   21:     0x71473a66c3d4 - clone
[INFO] [stdout]   22:                0x0 - <unknown>
[INFO] [stdout] 
[INFO] [stdout] ---- mysql::tests::test_case_3 stdout ----
[INFO] [stdout] 
[INFO] [stdout] thread 'mysql::tests::test_case_3' (1848) panicked at src/rust/mysql.rs:574:14:
[INFO] [stdout] Should have been able to read the test data file: Os { code: 2, kind: NotFound, message: "No such file or directory" }
[INFO] [stdout] stack backtrace:
[INFO] [stdout]    0:     0x61a102146191 - <<std[70759c8f55707aa4]::sys::backtrace::BacktraceLock>::print::DisplayBacktrace as core[df12db4294e9bfd3]::fmt::Display>::fmt
[INFO] [stdout]    1:     0x61a10215d6ca - core[df12db4294e9bfd3]::fmt::write
[INFO] [stdout]    2:     0x61a10214a6dc - <alloc[2182bb758b4b3781]::vec::Vec<u8> as core[df12db4294e9bfd3]::io::write::Write>::write_fmt
[INFO] [stdout]    3:     0x61a102122416 - std[70759c8f55707aa4]::panicking::default_hook::{closure#0}
[INFO] [stdout]    4:     0x61a10213e589 - std[70759c8f55707aa4]::panicking::default_hook
[INFO] [stdout]    5:     0x61a101fe1620 - test[9d35eded1c95d3be]::test_main_inner::<test[9d35eded1c95d3be]::test_main_static::{closure#0}>::{closure#0}
[INFO] [stdout]    6:     0x61a10213e742 - std[70759c8f55707aa4]::panicking::panic_with_hook
[INFO] [stdout]    7:     0x61a1021224c2 - std[70759c8f55707aa4]::panicking::panic_handler::{closure#0}
[INFO] [stdout]    8:     0x61a10211b089 - std[70759c8f55707aa4]::sys::backtrace::__rust_end_short_backtrace::<std[70759c8f55707aa4]::panicking::panic_handler::{closure#0}, !>
[INFO] [stdout]    9:     0x61a1021230bd - __rustc[8fa7c3cbc660c2b3]::rust_begin_unwind
[INFO] [stdout]   10:     0x61a10215deac - core[df12db4294e9bfd3]::panicking::panic_fmt
[INFO] [stdout]   11:     0x61a10215dc82 - core[df12db4294e9bfd3]::result::unwrap_failed
[INFO] [stdout]   12:     0x61a101f91874 - mariadb_mysql_kbs[afefad6b9182a5ea]::mysql::tests::get_test_data
[INFO] [stdout]   13:     0x61a101f94925 - mariadb_mysql_kbs[afefad6b9182a5ea]::mysql::tests::test_case_3
[INFO] [stdout]   14:     0x61a101fd0619 - <mariadb_mysql_kbs[afefad6b9182a5ea]::mysql::tests::test_case_3::{closure#0} as core[df12db4294e9bfd3]::ops::function::FnOnce<()>>::call_once
[INFO] [stdout]   15:     0x61a101fd490b - test[9d35eded1c95d3be]::__rust_begin_short_backtrace::<core[df12db4294e9bfd3]::result::Result<(), alloc[2182bb758b4b3781]::string::String>, fn() -> core[df12db4294e9bfd3]::result::Result<(), alloc[2182bb758b4b3781]::string::String>>
[INFO] [stdout]   16:     0x61a101fe1f75 - test[9d35eded1c95d3be]::run_test::{closure#0}
[INFO] [stdout]   17:     0x61a101fdb834 - std[70759c8f55707aa4]::sys::backtrace::__rust_begin_short_backtrace::<test[9d35eded1c95d3be]::run_test::{closure#1}, ()>
[INFO] [stdout]   18:     0x61a101fe50d2 - <std[70759c8f55707aa4]::thread::lifecycle::spawn_unchecked<test[9d35eded1c95d3be]::run_test::{closure#1}, ()>::{closure#1} as core[df12db4294e9bfd3]::ops::function::FnOnce<()>>::call_once::{shim:vtable#0}
[INFO] [stdout]   19:     0x61a1021456f9 - <std[70759c8f55707aa4]::sys::thread::unix::Thread>::new::thread_start
[INFO] [stdout]   20:     0x71473a5d8dfa - <unknown>
[INFO] [stdout]   21:     0x71473a66c3d4 - clone
[INFO] [stdout]   22:                0x0 - <unknown>
[INFO] [stdout] 
[INFO] [stdout] ---- mysql::tests::test_case_4 stdout ----
[INFO] [stdout] 
[INFO] [stdout] thread 'mysql::tests::test_case_4' (1849) panicked at src/rust/mysql.rs:574:14:
[INFO] [stdout] Should have been able to read the test data file: Os { code: 2, kind: NotFound, message: "No such file or directory" }
[INFO] [stdout] stack backtrace:
[INFO] [stdout]    0:     0x61a102146191 - <<std[70759c8f55707aa4]::sys::backtrace::BacktraceLock>::print::DisplayBacktrace as core[df12db4294e9bfd3]::fmt::Display>::fmt
[INFO] [stdout]    1:     0x61a10215d6ca - core[df12db4294e9bfd3]::fmt::write
[INFO] [stdout]    2:     0x61a10214a6dc - <alloc[2182bb758b4b3781]::vec::Vec<u8> as core[df12db4294e9bfd3]::io::write::Write>::write_fmt
[INFO] [stdout]    3:     0x61a102122416 - std[70759c8f55707aa4]::panicking::default_hook::{closure#0}
[INFO] [stdout]    4:     0x61a10213e589 - std[70759c8f55707aa4]::panicking::default_hook
[INFO] [stdout]    5:     0x61a101fe1620 - test[9d35eded1c95d3be]::test_main_inner::<test[9d35eded1c95d3be]::test_main_static::{closure#0}>::{closure#0}
[INFO] [stdout]    6:     0x61a10213e742 - std[70759c8f55707aa4]::panicking::panic_with_hook
[INFO] [stdout]    7:     0x61a1021224c2 - std[70759c8f55707aa4]::panicking::panic_handler::{closure#0}
[INFO] [stdout]    8:     0x61a10211b089 - std[70759c8f55707aa4]::sys::backtrace::__rust_end_short_backtrace::<std[70759c8f55707aa4]::panicking::panic_handler::{closure#0}, !>
[INFO] [stdout]    9:     0x61a1021230bd - __rustc[8fa7c3cbc660c2b3]::rust_begin_unwind
[INFO] [stdout]   10:     0x61a10215deac - core[df12db4294e9bfd3]::panicking::panic_fmt
[INFO] [stdout]   11:     0x61a10215dc82 - core[df12db4294e9bfd3]::result::unwrap_failed
[INFO] [stdout]   12:     0x61a101f91874 - mariadb_mysql_kbs[afefad6b9182a5ea]::mysql::tests::get_test_data
[INFO] [stdout]   13:     0x61a101f95059 - mariadb_mysql_kbs[afefad6b9182a5ea]::mysql::tests::test_case_4
[INFO] [stdout]   14:     0x61a101fd0639 - <mariadb_mysql_kbs[afefad6b9182a5ea]::mysql::tests::test_case_4::{closure#0} as core[df12db4294e9bfd3]::ops::function::FnOnce<()>>::call_once
[INFO] [stdout]   15:     0x61a101fd490b - test[9d35eded1c95d3be]::__rust_begin_short_backtrace::<core[df12db4294e9bfd3]::result::Result<(), alloc[2182bb758b4b3781]::string::String>, fn() -> core[df12db4294e9bfd3]::result::Result<(), alloc[2182bb758b4b3781]::string::String>>
[INFO] [stdout]   16:     0x61a101fe1f75 - test[9d35eded1c95d3be]::run_test::{closure#0}
[INFO] [stdout]   17:     0x61a101fdb834 - std[70759c8f55707aa4]::sys::backtrace::__rust_begin_short_backtrace::<test[9d35eded1c95d3be]::run_test::{closure#1}, ()>
[INFO] [stdout]   18:     0x61a101fe50d2 - <std[70759c8f55707aa4]::thread::lifecycle::spawn_unchecked<test[9d35eded1c95d3be]::run_test::{closure#1}, ()>::{closure#1} as core[df12db4294e9bfd3]::ops::function::FnOnce<()>>::call_once::{shim:vtable#0}
[INFO] [stdout]   19:     0x61a1021456f9 - <std[70759c8f55707aa4]::sys::thread::unix::Thread>::new::thread_start
[INFO] [stdout]   20:     0x71473a5d8dfa - <unknown>
[INFO] [stdout]   21:     0x71473a66c3d4 - clone
[INFO] [stdout]   22:                0x0 - <unknown>
[INFO] [stdout] 
[INFO] [stdout] ---- mariadb::tests::test_case_9 stdout ----
[INFO] [stdout] 
[INFO] [stdout] thread 'mariadb::tests::test_case_9' (1844) panicked at src/rust/mariadb.rs:540:14:
[INFO] [stdout] Should have been able to read the test data file: Os { code: 2, kind: NotFound, message: "No such file or directory" }
[INFO] [stdout] stack backtrace:
[INFO] [stdout]    0:     0x61a102146191 - <<std[70759c8f55707aa4]::sys::backtrace::BacktraceLock>::print::DisplayBacktrace as core[df12db4294e9bfd3]::fmt::Display>::fmt
[INFO] [stdout]    1:     0x61a10215d6ca - core[df12db4294e9bfd3]::fmt::write
[INFO] [stdout]    2:     0x61a10214a6dc - <alloc[2182bb758b4b3781]::vec::Vec<u8> as core[df12db4294e9bfd3]::io::write::Write>::write_fmt
[INFO] [stdout]    3:     0x61a102122416 - std[70759c8f55707aa4]::panicking::default_hook::{closure#0}
[INFO] [stdout]    4:     0x61a10213e589 - std[70759c8f55707aa4]::panicking::default_hook
[INFO] [stdout]    5:     0x61a101fe1620 - test[9d35eded1c95d3be]::test_main_inner::<test[9d35eded1c95d3be]::test_main_static::{closure#0}>::{closure#0}
[INFO] [stdout]    6:     0x61a10213e742 - std[70759c8f55707aa4]::panicking::panic_with_hook
[INFO] [stdout]    7:     0x61a1021224c2 - std[70759c8f55707aa4]::panicking::panic_handler::{closure#0}
[INFO] [stdout]    8:     0x61a10211b089 - std[70759c8f55707aa4]::sys::backtrace::__rust_end_short_backtrace::<std[70759c8f55707aa4]::panicking::panic_handler::{closure#0}, !>
[INFO] [stdout]    9:     0x61a1021230bd - __rustc[8fa7c3cbc660c2b3]::rust_begin_unwind
[INFO] [stdout]   10:     0x61a10215deac - core[df12db4294e9bfd3]::panicking::panic_fmt
[INFO] [stdout]   11:     0x61a10215dc82 - core[df12db4294e9bfd3]::result::unwrap_failed
[INFO] [stdout]   12:     0x61a101fa15a4 - mariadb_mysql_kbs[afefad6b9182a5ea]::mariadb::tests::get_test_data
[INFO] [stdout]   13:     0x61a101fa6067 - mariadb_mysql_kbs[afefad6b9182a5ea]::mariadb::tests::test_case_9
[INFO] [stdout]   14:     0x61a101fd10f9 - <mariadb_mysql_kbs[afefad6b9182a5ea]::mariadb::tests::test_case_9::{closure#0} as core[df12db4294e9bfd3]::ops::function::FnOnce<()>>::call_once
[INFO] [stdout]   15:     0x61a101fd490b - test[9d35eded1c95d3be]::__rust_begin_short_backtrace::<core[df12db4294e9bfd3]::result::Result<(), alloc[2182bb758b4b3781]::string::String>, fn() -> core[df12db4294e9bfd3]::result::Result<(), alloc[2182bb758b4b3781]::string::String>>
[INFO] [stdout]   16:     0x61a101fe1f75 - test[9d35eded1c95d3be]::run_test::{closure#0}
[INFO] [stdout]   17:     0x61a101fdb834 - std[70759c8f55707aa4]::sys::backtrace::__rust_begin_short_backtrace::<test[9d35eded1c95d3be]::run_test::{closure#1}, ()>
[INFO] [stdout]   18:     0x61a101fe50d2 - <std[70759c8f55707aa4]::thread::lifecycle::spawn_unchecked<test[9d35eded1c95d3be]::run_test::{closure#1}, ()>::{closure#1} as core[df12db4294e9bfd3]::ops::function::FnOnce<()>>::call_once::{shim:vtable#0}
[INFO] [stdout]   19:     0x61a1021456f9 - <std[70759c8f55707aa4]::sys::thread::unix::Thread>::new::thread_start
[INFO] [stdout]   20:     0x71473a5d8dfa - <unknown>
[INFO] [stdout]   21:     0x71473a66c3d4 - clone
[INFO] [stdout]   22:                0x0 - <unknown>
[INFO] [stdout] 
[INFO] [stdout] ---- mysql::tests::test_case_5 stdout ----
[INFO] [stdout] 
[INFO] [stdout] thread 'mysql::tests::test_case_5' (1850) panicked at src/rust/mysql.rs:574:14:
[INFO] [stdout] Should have been able to read the test data file: Os { code: 2, kind: NotFound, message: "No such file or directory" }
[INFO] [stdout] stack backtrace:
[INFO] [stdout]    0:     0x61a102146191 - <<std[70759c8f55707aa4]::sys::backtrace::BacktraceLock>::print::DisplayBacktrace as core[df12db4294e9bfd3]::fmt::Display>::fmt
[INFO] [stdout]    1:     0x61a10215d6ca - core[df12db4294e9bfd3]::fmt::write
[INFO] [stdout]    2:     0x61a10214a6dc - <alloc[2182bb758b4b3781]::vec::Vec<u8> as core[df12db4294e9bfd3]::io::write::Write>::write_fmt
[INFO] [stdout]    3:     0x61a102122416 - std[70759c8f55707aa4]::panicking::default_hook::{closure#0}
[INFO] [stdout]    4:     0x61a10213e589 - std[70759c8f55707aa4]::panicking::default_hook
[INFO] [stdout]    5:     0x61a101fe1620 - test[9d35eded1c95d3be]::test_main_inner::<test[9d35eded1c95d3be]::test_main_static::{closure#0}>::{closure#0}
[INFO] [stdout]    6:     0x61a10213e742 - std[70759c8f55707aa4]::panicking::panic_with_hook
[INFO] [stdout]    7:     0x61a1021224c2 - std[70759c8f55707aa4]::panicking::panic_handler::{closure#0}
[INFO] [stdout]    8:     0x61a10211b089 - std[70759c8f55707aa4]::sys::backtrace::__rust_end_short_backtrace::<std[70759c8f55707aa4]::panicking::panic_handler::{closure#0}, !>
[INFO] [stdout]    9:     0x61a1021230bd - __rustc[8fa7c3cbc660c2b3]::rust_begin_unwind
[INFO] [stdout]   10:     0x61a10215deac - core[df12db4294e9bfd3]::panicking::panic_fmt
[INFO] [stdout]   11:     0x61a10215dc82 - core[df12db4294e9bfd3]::result::unwrap_failed
[INFO] [stdout]   12:     0x61a101f91874 - mariadb_mysql_kbs[afefad6b9182a5ea]::mysql::tests::get_test_data
[INFO] [stdout]   13:     0x61a101f9bba7 - mariadb_mysql_kbs[afefad6b9182a5ea]::mysql::tests::test_case_5
[INFO] [stdout]   14:     0x61a101fd0659 - <mariadb_mysql_kbs[afefad6b9182a5ea]::mysql::tests::test_case_5::{closure#0} as core[df12db4294e9bfd3]::ops::function::FnOnce<()>>::call_once
[INFO] [stdout]   15:     0x61a101fd490b - test[9d35eded1c95d3be]::__rust_begin_short_backtrace::<core[df12db4294e9bfd3]::result::Result<(), alloc[2182bb758b4b3781]::string::String>, fn() -> core[df12db4294e9bfd3]::result::Result<(), alloc[2182bb758b4b3781]::string::String>>
[INFO] [stdout]   16:     0x61a101fe1f75 - test[9d35eded1c95d3be]::run_test::{closure#0}
[INFO] [stdout]   17:     0x61a101fdb834 - std[70759c8f55707aa4]::sys::backtrace::__rust_begin_short_backtrace::<test[9d35eded1c95d3be]::run_test::{closure#1}, ()>
[INFO] [stdout]   18:     0x61a101fe50d2 - <std[70759c8f55707aa4]::thread::lifecycle::spawn_unchecked<test[9d35eded1c95d3be]::run_test::{closure#1}, ()>::{closure#1} as core[df12db4294e9bfd3]::ops::function::FnOnce<()>>::call_once::{shim:vtable#0}
[INFO] [stdout]   19:     0x61a1021456f9 - <std[70759c8f55707aa4]::sys::thread::unix::Thread>::new::thread_start
[INFO] [stdout]   20:     0x71473a5d8dfa - <unknown>
[INFO] [stdout]   21:     0x71473a66c3d4 - clone
[INFO] [stdout]   22:                0x0 - <unknown>
[INFO] [stdout] 
[INFO] [stdout] ---- mysql::tests::test_case_6 stdout ----
[INFO] [stdout] 
[INFO] [stdout] thread 'mysql::tests::test_case_6' (1851) panicked at src/rust/mysql.rs:574:14:
[INFO] [stdout] Should have been able to read the test data file: Os { code: 2, kind: NotFound, message: "No such file or directory" }
[INFO] [stdout] stack backtrace:
[INFO] [stdout]    0:     0x61a102146191 - <<std[70759c8f55707aa4]::sys::backtrace::BacktraceLock>::print::DisplayBacktrace as core[df12db4294e9bfd3]::fmt::Display>::fmt
[INFO] [stdout]    1:     0x61a10215d6ca - core[df12db4294e9bfd3]::fmt::write
[INFO] [stdout]    2:     0x61a10214a6dc - <alloc[2182bb758b4b3781]::vec::Vec<u8> as core[df12db4294e9bfd3]::io::write::Write>::write_fmt
[INFO] [stdout]    3:     0x61a102122416 - std[70759c8f55707aa4]::panicking::default_hook::{closure#0}
[INFO] [stdout]    4:     0x61a10213e589 - std[70759c8f55707aa4]::panicking::default_hook
[INFO] [stdout]    5:     0x61a101fe1620 - test[9d35eded1c95d3be]::test_main_inner::<test[9d35eded1c95d3be]::test_main_static::{closure#0}>::{closure#0}
[INFO] [stdout]    6:     0x61a10213e742 - std[70759c8f55707aa4]::panicking::panic_with_hook
[INFO] [stdout]    7:     0x61a1021224c2 - std[70759c8f55707aa4]::panicking::panic_handler::{closure#0}
[INFO] [stdout]    8:     0x61a10211b089 - std[70759c8f55707aa4]::sys::backtrace::__rust_end_short_backtrace::<std[70759c8f55707aa4]::panicking::panic_handler::{closure#0}, !>
[INFO] [stdout]    9:     0x61a1021230bd - __rustc[8fa7c3cbc660c2b3]::rust_begin_unwind
[INFO] [stdout]   10:     0x61a10215deac - core[df12db4294e9bfd3]::panicking::panic_fmt
[INFO] [stdout]   11:     0x61a10215dc82 - core[df12db4294e9bfd3]::result::unwrap_failed
[INFO] [stdout]   12:     0x61a101f91874 - mariadb_mysql_kbs[afefad6b9182a5ea]::mysql::tests::get_test_data
[INFO] [stdout]   13:     0x61a101f9c2f7 - mariadb_mysql_kbs[afefad6b9182a5ea]::mysql::tests::test_case_6
[INFO] [stdout]   14:     0x61a101fd0679 - <mariadb_mysql_kbs[afefad6b9182a5ea]::mysql::tests::test_case_6::{closure#0} as core[df12db4294e9bfd3]::ops::function::FnOnce<()>>::call_once
[INFO] [stdout]   15:     0x61a101fd490b - test[9d35eded1c95d3be]::__rust_begin_short_backtrace::<core[df12db4294e9bfd3]::result::Result<(), alloc[2182bb758b4b3781]::string::String>, fn() -> core[df12db4294e9bfd3]::result::Result<(), alloc[2182bb758b4b3781]::string::String>>
[INFO] [stdout]   16:     0x61a101fe1f75 - test[9d35eded1c95d3be]::run_test::{closure#0}
[INFO] [stdout]   17:     0x61a101fdb834 - std[70759c8f55707aa4]::sys::backtrace::__rust_begin_short_backtrace::<test[9d35eded1c95d3be]::run_test::{closure#1}, ()>
[INFO] [stdout]   18:     0x61a101fe50d2 - <std[70759c8f55707aa4]::thread::lifecycle::spawn_unchecked<test[9d35eded1c95d3be]::run_test::{closure#1}, ()>::{closure#1} as core[df12db4294e9bfd3]::ops::function::FnOnce<()>>::call_once::{shim:vtable#0}
[INFO] [stdout]   19:     0x61a1021456f9 - <std[70759c8f55707aa4]::sys::thread::unix::Thread>::new::thread_start
[INFO] [stdout]   20:     0x71473a5d8dfa - <unknown>
[INFO] [stdout]   21:     0x71473a66c3d4 - clone
[INFO] [stdout]   22:                0x0 - <unknown>
[INFO] [stdout] 
[INFO] [stdout] ---- mysql::tests::test_case_7 stdout ----
[INFO] [stdout] 
[INFO] [stdout] thread 'mysql::tests::test_case_7' (1852) panicked at src/rust/mysql.rs:574:14:
[INFO] [stdout] Should have been able to read the test data file: Os { code: 2, kind: NotFound, message: "No such file or directory" }
[INFO] [stdout] stack backtrace:
[INFO] [stdout]    0:     0x61a102146191 - <<std[70759c8f55707aa4]::sys::backtrace::BacktraceLock>::print::DisplayBacktrace as core[df12db4294e9bfd3]::fmt::Display>::fmt
[INFO] [stdout]    1:     0x61a10215d6ca - core[df12db4294e9bfd3]::fmt::write
[INFO] [stdout]    2:     0x61a10214a6dc - <alloc[2182bb758b4b3781]::vec::Vec<u8> as core[df12db4294e9bfd3]::io::write::Write>::write_fmt
[INFO] [stdout]    3:     0x61a102122416 - std[70759c8f55707aa4]::panicking::default_hook::{closure#0}
[INFO] [stdout]    4:     0x61a10213e589 - std[70759c8f55707aa4]::panicking::default_hook
[INFO] [stdout]    5:     0x61a101fe1620 - test[9d35eded1c95d3be]::test_main_inner::<test[9d35eded1c95d3be]::test_main_static::{closure#0}>::{closure#0}
[INFO] [stdout]    6:     0x61a10213e742 - std[70759c8f55707aa4]::panicking::panic_with_hook
[INFO] [stdout]    7:     0x61a1021224c2 - std[70759c8f55707aa4]::panicking::panic_handler::{closure#0}
[INFO] [stdout]    8:     0x61a10211b089 - std[70759c8f55707aa4]::sys::backtrace::__rust_end_short_backtrace::<std[70759c8f55707aa4]::panicking::panic_handler::{closure#0}, !>
[INFO] [stdout]    9:     0x61a1021230bd - __rustc[8fa7c3cbc660c2b3]::rust_begin_unwind
[INFO] [stdout]   10:     0x61a10215deac - core[df12db4294e9bfd3]::panicking::panic_fmt
[INFO] [stdout]   11:     0x61a10215dc82 - core[df12db4294e9bfd3]::result::unwrap_failed
[INFO] [stdout]   12:     0x61a101f91874 - mariadb_mysql_kbs[afefad6b9182a5ea]::mysql::tests::get_test_data
[INFO] [stdout]   13:     0x61a101f9ceb7 - mariadb_mysql_kbs[afefad6b9182a5ea]::mysql::tests::test_case_7
[INFO] [stdout]   14:     0x61a101fd0699 - <mariadb_mysql_kbs[afefad6b9182a5ea]::mysql::tests::test_case_7::{closure#0} as core[df12db4294e9bfd3]::ops::function::FnOnce<()>>::call_once
[INFO] [stdout]   15:     0x61a101fd490b - test[9d35eded1c95d3be]::__rust_begin_short_backtrace::<core[df12db4294e9bfd3]::result::Result<(), alloc[2182bb758b4b3781]::string::String>, fn() -> core[df12db4294e9bfd3]::result::Result<(), alloc[2182bb758b4b3781]::string::String>>
[INFO] [stdout]   16:     0x61a101fe1f75 - test[9d35eded1c95d3be]::run_test::{closure#0}
[INFO] [stdout]   17:     0x61a101fdb834 - std[70759c8f55707aa4]::sys::backtrace::__rust_begin_short_backtrace::<test[9d35eded1c95d3be]::run_test::{closure#1}, ()>
[INFO] [stdout]   18:     0x61a101fe50d2 - <std[70759c8f55707aa4]::thread::lifecycle::spawn_unchecked<test[9d35eded1c95d3be]::run_test::{closure#1}, ()>::{closure#1} as core[df12db4294e9bfd3]::ops::function::FnOnce<()>>::call_once::{shim:vtable#0}
[INFO] [stdout]   19:     0x61a1021456f9 - <std[70759c8f55707aa4]::sys::thread::unix::Thread>::new::thread_start
[INFO] [stdout]   20:     0x71473a5d8dfa - <unknown>
[INFO] [stdout]   21:     0x71473a66c3d4 - clone
[INFO] [stdout]   22:                0x0 - <unknown>
[INFO] [stdout] 
[INFO] [stdout] ---- mysql::tests::test_case_9 stdout ----
[INFO] [stdout] 
[INFO] [stdout] thread 'mysql::tests::test_case_9' (1854) panicked at src/rust/mysql.rs:574:14:
[INFO] [stdout] Should have been able to read the test data file: Os { code: 2, kind: NotFound, message: "No such file or directory" }
[INFO] [stdout] stack backtrace:
[INFO] [stdout]    0:     0x61a102146191 - <<std[70759c8f55707aa4]::sys::backtrace::BacktraceLock>::print::DisplayBacktrace as core[df12db4294e9bfd3]::fmt::Display>::fmt
[INFO] [stdout]    1:     0x61a10215d6ca - core[df12db4294e9bfd3]::fmt::write
[INFO] [stdout]    2:     0x61a10214a6dc - <alloc[2182bb758b4b3781]::vec::Vec<u8> as core[df12db4294e9bfd3]::io::write::Write>::write_fmt
[INFO] [stdout]    3:     0x61a102122416 - std[70759c8f55707aa4]::panicking::default_hook::{closure#0}
[INFO] [stdout]    4:     0x61a10213e589 - std[70759c8f55707aa4]::panicking::default_hook
[INFO] [stdout]    5:     0x61a101fe1620 - test[9d35eded1c95d3be]::test_main_inner::<test[9d35eded1c95d3be]::test_main_static::{closure#0}>::{closure#0}
[INFO] [stdout]    6:     0x61a10213e742 - std[70759c8f55707aa4]::panicking::panic_with_hook
[INFO] [stdout]    7:     0x61a1021224c2 - std[70759c8f55707aa4]::panicking::panic_handler::{closure#0}
[INFO] [stdout]    8:     0x61a10211b089 - std[70759c8f55707aa4]::sys::backtrace::__rust_end_short_backtrace::<std[70759c8f55707aa4]::panicking::panic_handler::{closure#0}, !>
[INFO] [stdout]    9:     0x61a1021230bd - __rustc[8fa7c3cbc660c2b3]::rust_begin_unwind
[INFO] [stdout]   10:     0x61a10215deac - core[df12db4294e9bfd3]::panicking::panic_fmt
[INFO] [stdout]   11:     0x61a10215dc82 - core[df12db4294e9bfd3]::result::unwrap_failed
[INFO] [stdout]   12:     0x61a101f91874 - mariadb_mysql_kbs[afefad6b9182a5ea]::mysql::tests::get_test_data
[INFO] [stdout]   13:     0x61a101f9ddca - mariadb_mysql_kbs[afefad6b9182a5ea]::mysql::tests::test_case_9
[INFO] [stdout]   14:     0x61a101fd06d9 - <mariadb_mysql_kbs[afefad6b9182a5ea]::mysql::tests::test_case_9::{closure#0} as core[df12db4294e9bfd3]::ops::function::FnOnce<()>>::call_once
[INFO] [stdout]   15:     0x61a101fd490b - test[9d35eded1c95d3be]::__rust_begin_short_backtrace::<core[df12db4294e9bfd3]::result::Result<(), alloc[2182bb758b4b3781]::string::String>, fn() -> core[df12db4294e9bfd3]::result::Result<(), alloc[2182bb758b4b3781]::string::String>>
[INFO] [stdout]   16:     0x61a101fe1f75 - test[9d35eded1c95d3be]::run_test::{closure#0}
[INFO] [stdout]   17:     0x61a101fdb834 - std[70759c8f55707aa4]::sys::backtrace::__rust_begin_short_backtrace::<test[9d35eded1c95d3be]::run_test::{closure#1}, ()>
[INFO] [stdout]   18:     0x61a101fe50d2 - <std[70759c8f55707aa4]::thread::lifecycle::spawn_unchecked<test[9d35eded1c95d3be]::run_test::{closure#1}, ()>::{closure#1} as core[df12db4294e9bfd3]::ops::function::FnOnce<()>>::call_once::{shim:vtable#0}
[INFO] [stdout]   19:     0x61a1021456f9 - <std[70759c8f55707aa4]::sys::thread::unix::Thread>::new::thread_start
[INFO] [stdout]   20:     0x71473a5d8dfa - <unknown>
[INFO] [stdout]   21:     0x71473a66c3d4 - clone
[INFO] [stdout]   22:                0x0 - <unknown>
[INFO] [stdout] 
[INFO] [stdout] ---- mysql::tests::test_case_8 stdout ----
[INFO] [stdout] 
[INFO] [stdout] thread 'mysql::tests::test_case_8' (1853) panicked at src/rust/mysql.rs:574:14:
[INFO] [stdout] Should have been able to read the test data file: Os { code: 2, kind: NotFound, message: "No such file or directory" }
[INFO] [stdout] stack backtrace:
[INFO] [stdout]    0:     0x61a102146191 - <<std[70759c8f55707aa4]::sys::backtrace::BacktraceLock>::print::DisplayBacktrace as core[df12db4294e9bfd3]::fmt::Display>::fmt
[INFO] [stdout]    1:     0x61a10215d6ca - core[df12db4294e9bfd3]::fmt::write
[INFO] [stdout]    2:     0x61a10214a6dc - <alloc[2182bb758b4b3781]::vec::Vec<u8> as core[df12db4294e9bfd3]::io::write::Write>::write_fmt
[INFO] [stdout]    3:     0x61a102122416 - std[70759c8f55707aa4]::panicking::default_hook::{closure#0}
[INFO] [stdout]    4:     0x61a10213e589 - std[70759c8f55707aa4]::panicking::default_hook
[INFO] [stdout]    5:     0x61a101fe1620 - test[9d35eded1c95d3be]::test_main_inner::<test[9d35eded1c95d3be]::test_main_static::{closure#0}>::{closure#0}
[INFO] [stdout]    6:     0x61a10213e742 - std[70759c8f55707aa4]::panicking::panic_with_hook
[INFO] [stdout]    7:     0x61a1021224c2 - std[70759c8f55707aa4]::panicking::panic_handler::{closure#0}
[INFO] [stdout]    8:     0x61a10211b089 - std[70759c8f55707aa4]::sys::backtrace::__rust_end_short_backtrace::<std[70759c8f55707aa4]::panicking::panic_handler::{closure#0}, !>
[INFO] [stdout]    9:     0x61a1021230bd - __rustc[8fa7c3cbc660c2b3]::rust_begin_unwind
[INFO] [stdout]   10:     0x61a10215deac - core[df12db4294e9bfd3]::panicking::panic_fmt
[INFO] [stdout]   11:     0x61a10215dc82 - core[df12db4294e9bfd3]::result::unwrap_failed
[INFO] [stdout]   12:     0x61a101f91874 - mariadb_mysql_kbs[afefad6b9182a5ea]::mysql::tests::get_test_data
[INFO] [stdout]   13:     0x61a101f9d7f5 - mariadb_mysql_kbs[afefad6b9182a5ea]::mysql::tests::test_case_8
[INFO] [stdout]   14:     0x61a101fd06b9 - <mariadb_mysql_kbs[afefad6b9182a5ea]::mysql::tests::test_case_8::{closure#0} as core[df12db4294e9bfd3]::ops::function::FnOnce<()>>::call_once
[INFO] [stdout]   15:     0x61a101fd490b - test[9d35eded1c95d3be]::__rust_begin_short_backtrace::<core[df12db4294e9bfd3]::result::Result<(), alloc[2182bb758b4b3781]::string::String>, fn() -> core[df12db4294e9bfd3]::result::Result<(), alloc[2182bb758b4b3781]::string::String>>
[INFO] [stdout]   16:     0x61a101fe1f75 - test[9d35eded1c95d3be]::run_test::{closure#0}
[INFO] [stdout]   17:     0x61a101fdb834 - std[70759c8f55707aa4]::sys::backtrace::__rust_begin_short_backtrace::<test[9d35eded1c95d3be]::run_test::{closure#1}, ()>
[INFO] [stdout]   18:     0x61a101fe50d2 - <std[70759c8f55707aa4]::thread::lifecycle::spawn_unchecked<test[9d35eded1c95d3be]::run_test::{closure#1}, ()>::{closure#1} as core[df12db4294e9bfd3]::ops::function::FnOnce<()>>::call_once::{shim:vtable#0}
[INFO] [stdout]   19:     0x61a1021456f9 - <std[70759c8f55707aa4]::sys::thread::unix::Thread>::new::thread_start
[INFO] [stdout]   20:     0x71473a5d8dfa - <unknown>
[INFO] [stdout]   21:     0x71473a66c3d4 - clone
[INFO] [stdout]   22:                0x0 - <unknown>
[INFO] [stdout] 
[INFO] [stdout] 
[INFO] [stdout] failures:
[INFO] [stdout]     aurora_mysql::tests::test_case_1
[INFO] [stdout]     mariadb::tests::test_case_1
[INFO] [stdout]     mariadb::tests::test_case_10
[INFO] [stdout]     mariadb::tests::test_case_11
[INFO] [stdout]     mariadb::tests::test_case_12
[INFO] [stdout]     mariadb::tests::test_case_13
[INFO] [stdout]     mariadb::tests::test_case_14
[INFO] [stdout]     mariadb::tests::test_case_15
[INFO] [stdout]     mariadb::tests::test_case_16
[INFO] [stdout]     mariadb::tests::test_case_17
[INFO] [stdout]     mariadb::tests::test_case_18
[INFO] [stdout]     mariadb::tests::test_case_19
[INFO] [stdout]     mariadb::tests::test_case_2
[INFO] [stdout]     mariadb::tests::test_case_20
[INFO] [stdout]     mariadb::tests::test_case_21
[INFO] [stdout]     mariadb::tests::test_case_3
[INFO] [stdout]     mariadb::tests::test_case_4
[INFO] [stdout]     mariadb::tests::test_case_5
[INFO] [stdout]     mariadb::tests::test_case_6
[INFO] [stdout]     mariadb::tests::test_case_7
[INFO] [stdout]     mariadb::tests::test_case_8
[INFO] [stdout]     mariadb::tests::test_case_9
[INFO] [stdout]     mysql::tests::test_case_1
[INFO] [stdout]     mysql::tests::test_case_10
[INFO] [stdout]     mysql::tests::test_case_2
[INFO] [stdout]     mysql::tests::test_case_3
[INFO] [stdout]     mysql::tests::test_case_4
[INFO] [stdout]     mysql::tests::test_case_5
[INFO] [stdout]     mysql::tests::test_case_6
[INFO] [stdout]     mysql::tests::test_case_7
[INFO] [stdout]     mysql::tests::test_case_8
[INFO] [stdout]     mysql::tests::test_case_9
[INFO] [stdout] 
[INFO] [stdout] test result: FAILED. 51 passed; 32 failed; 0 ignored; 0 measured; 0 filtered out; finished in 0.08s
[INFO] [stdout] 
[INFO] [stderr] error: test failed, to rerun pass `--bin mariadb-mysql-kbs`
[INFO] running `Command { std: "docker" "inspect" "f816621ff8ba5024204c924447fffa0f1c16166dd70db2b18f9691ce240f439f", kill_on_drop: false }`
[INFO] running `Command { std: "docker" "rm" "-f" "f816621ff8ba5024204c924447fffa0f1c16166dd70db2b18f9691ce240f439f", kill_on_drop: false }`
[INFO] [stdout] f816621ff8ba5024204c924447fffa0f1c16166dd70db2b18f9691ce240f439f
