[INFO] fetching crate mappy 1.0.0...
[INFO] testing mappy-1.0.0 against 1.100.0-beta.1+cargoflags=--release for beta-release-1.100-2
[INFO] extracting crate mappy 1.0.0 into /workspace/builds/worker-0-tc2/source
[INFO] started tweaking crates.io crate mappy 1.0.0
[INFO] removed 0 missing examples
[INFO] finished tweaking crates.io crate mappy 1.0.0
[INFO] tweaked toml for crates.io crate mappy 1.0.0 written to /workspace/builds/worker-0-tc2/source/Cargo.toml
[INFO] validating manifest of crates.io crate mappy 1.0.0 on toolchain 1.100.0-beta.1
[INFO] running `Command { std: CARGO_HOME="/workspace/cargo-home" RUSTUP_HOME="/workspace/rustup-home" "/workspace/cargo-home/bin/cargo" "+1.100.0-beta.1" "metadata" "--manifest-path" "Cargo.toml" "--no-deps", kill_on_drop: false }`
[INFO] crate crates.io crate mappy 1.0.0 already has a lockfile, it will not be regenerated
[INFO] running `Command { std: CARGO_HOME="/workspace/cargo-home" RUSTUP_HOME="/workspace/rustup-home" "/workspace/cargo-home/bin/cargo" "+1.100.0-beta.1" "fetch" "--manifest-path" "Cargo.toml", kill_on_drop: false }`
[INFO] running `Command { std: "docker" "create" "-v" "/var/lib/crater-agent-workspace/builds/worker-0-tc2/source:/opt/rustwide/workdir:ro,Z" "-v" "/var/lib/crater-agent-workspace/builds/worker-0-tc2/target:/opt/rustwide/target:rw,Z" "-v" "/var/lib/crater-agent-workspace/cargo-home:/opt/rustwide/cargo-home:ro,Z" "-v" "/var/lib/crater-agent-workspace/rustup-home:/opt/rustwide/rustup-home:ro,Z" "-m" "1610612736" "--network" "none" "ghcr.io/rust-lang/crates-build-env/linux@sha256:77db811e55d90add9212f6832c23229e3de5f1c1f9905e8cb07319ea15df73ac" "sleep" "infinity", kill_on_drop: false }`
[INFO] [stdout] abd8d1d599ab45704e918f7865804e6cf4001be4494eda5ee41c6df0c66721f1
[INFO] running `Command { std: "docker" "start" "abd8d1d599ab45704e918f7865804e6cf4001be4494eda5ee41c6df0c66721f1", kill_on_drop: false }`
[INFO] running `Command { std: "docker" "inspect" "abd8d1d599ab45704e918f7865804e6cf4001be4494eda5ee41c6df0c66721f1", kill_on_drop: false }`
[INFO] running `Command { std: "docker" "exec" "-e" "SOURCE_DIR=/opt/rustwide/workdir" "-e" "CARGO_HOME=/opt/rustwide/cargo-home" "-e" "RUSTUP_HOME=/opt/rustwide/rustup-home" "-e" "CARGO_TARGET_DIR=/opt/rustwide/target" "-w" "/opt/rustwide/workdir" "--user" "0:0" "abd8d1d599ab45704e918f7865804e6cf4001be4494eda5ee41c6df0c66721f1" "/opt/rustwide/cargo-home/bin/cargo" "+1.100.0-beta.1" "metadata" "--no-deps" "--format-version=1", kill_on_drop: false }`
[INFO] running `Command { std: "docker" "inspect" "abd8d1d599ab45704e918f7865804e6cf4001be4494eda5ee41c6df0c66721f1", kill_on_drop: false }`
[INFO] running `Command { std: "docker" "exec" "-e" "SOURCE_DIR=/opt/rustwide/workdir" "-e" "CARGO_HOME=/opt/rustwide/cargo-home" "-e" "RUSTUP_HOME=/opt/rustwide/rustup-home" "-e" "CARGO_TARGET_DIR=/opt/rustwide/target" "-e" "CARGO_INCREMENTAL=0" "-e" "RUST_BACKTRACE=full" "-e" "RUSTFLAGS=--cap-lints=warn" "-e" "RUSTDOCFLAGS=--cap-lints=warn" "-w" "/opt/rustwide/workdir" "--user" "0:0" "abd8d1d599ab45704e918f7865804e6cf4001be4494eda5ee41c6df0c66721f1" "/opt/rustwide/cargo-home/bin/cargo" "+1.100.0-beta.1" "build" "--frozen" "--message-format=json" "--release", kill_on_drop: false }`
[INFO] [stderr]    Compiling winnow v0.7.14
[INFO] [stderr]    Compiling glam v0.30.10
[INFO] [stderr]    Compiling mappy v1.0.0 (/opt/rustwide/workdir)
[INFO] [stderr]     Finished `release` profile [optimized] target(s) in 10.46s
[INFO] running `Command { std: "docker" "inspect" "abd8d1d599ab45704e918f7865804e6cf4001be4494eda5ee41c6df0c66721f1", kill_on_drop: false }`
[INFO] running `Command { std: "docker" "exec" "-e" "SOURCE_DIR=/opt/rustwide/workdir" "-e" "CARGO_HOME=/opt/rustwide/cargo-home" "-e" "RUSTUP_HOME=/opt/rustwide/rustup-home" "-e" "CARGO_TARGET_DIR=/opt/rustwide/target" "-e" "CARGO_INCREMENTAL=0" "-e" "RUST_BACKTRACE=full" "-e" "RUSTFLAGS=--cap-lints=warn" "-e" "RUSTDOCFLAGS=--cap-lints=warn" "-w" "/opt/rustwide/workdir" "--user" "0:0" "abd8d1d599ab45704e918f7865804e6cf4001be4494eda5ee41c6df0c66721f1" "/opt/rustwide/cargo-home/bin/cargo" "+1.100.0-beta.1" "test" "--frozen" "--no-run" "--message-format=json" "--release", kill_on_drop: false }`
[INFO] [stderr]    Compiling mappy v1.0.0 (/opt/rustwide/workdir)
[INFO] [stderr]     Finished `release` profile [optimized] target(s) in 0.69s
[INFO] running `Command { std: "docker" "inspect" "abd8d1d599ab45704e918f7865804e6cf4001be4494eda5ee41c6df0c66721f1", kill_on_drop: false }`
[INFO] running `Command { std: "docker" "exec" "-e" "SOURCE_DIR=/opt/rustwide/workdir" "-e" "CARGO_HOME=/opt/rustwide/cargo-home" "-e" "RUSTUP_HOME=/opt/rustwide/rustup-home" "-e" "CARGO_TARGET_DIR=/opt/rustwide/target" "-e" "CARGO_INCREMENTAL=0" "-e" "RUST_BACKTRACE=full" "-e" "RUSTFLAGS=--cap-lints=warn" "-e" "RUSTDOCFLAGS=--cap-lints=warn" "-w" "/opt/rustwide/workdir" "--user" "0:0" "abd8d1d599ab45704e918f7865804e6cf4001be4494eda5ee41c6df0c66721f1" "/opt/rustwide/cargo-home/bin/cargo" "+1.100.0-beta.1" "test" "--frozen" "--release", kill_on_drop: false }`
[INFO] [stderr]     Finished `release` profile [optimized] target(s) in 0.03s
[INFO] [stderr]      Running unittests src/lib.rs (/opt/rustwide/target/release/build/mappy/f4e4afef320523bb/out/mappy-f4e4afef320523bb)
[INFO] [stdout] 
[INFO] [stderr]    Doc-tests mappy
[INFO] [stdout] running 0 tests
[INFO] [stdout] 
[INFO] [stdout] test result: ok. 0 passed; 0 failed; 0 ignored; 0 measured; 0 filtered out; finished in 0.00s
[INFO] [stdout] 
[INFO] [stdout] 
[INFO] [stdout] running 1 test
[INFO] [stdout] test src/map.rs - map::FromEntity (line 114) ... FAILED
[INFO] [stdout] 
[INFO] [stdout] failures:
[INFO] [stdout] 
[INFO] [stdout] ---- src/map.rs - map::FromEntity (line 114) stdout ----
[INFO] [stdout] error[E0603]: module `map` is private
[INFO] [stdout]    --> src/map.rs:116:12
[INFO] [stdout]     |
[INFO] [stdout] 116 | use mappy::map::{Entity, FromEntity};
[INFO] [stdout]     |            ^^^   ------ struct `Entity` is not publicly re-exported
[INFO] [stdout]     |            |
[INFO] [stdout]     |            private module
[INFO] [stdout]     |
[INFO] [stdout] note: the module `map` is defined here
[INFO] [stdout]    --> src/lib.rs:1:1
[INFO] [stdout]     |
[INFO] [stdout]   1 | mod map;
[INFO] [stdout]     | ^^^^^^^
[INFO] [stdout] 
[INFO] [stdout] error[E0603]: module `map` is private
[INFO] [stdout]    --> src/map.rs:116:12
[INFO] [stdout]     |
[INFO] [stdout] 116 | use mappy::map::{Entity, FromEntity};
[INFO] [stdout]     |            ^^^           ---------- trait `FromEntity` is not publicly re-exported
[INFO] [stdout]     |            |
[INFO] [stdout]     |            private module
[INFO] [stdout]     |
[INFO] [stdout] note: the module `map` is defined here
[INFO] [stdout]    --> src/lib.rs:1:1
[INFO] [stdout]     |
[INFO] [stdout]   1 | mod map;
[INFO] [stdout]     | ^^^^^^^
[INFO] [stdout] 
[INFO] [stdout] error: aborting due to 2 previous errors
[INFO] [stdout] 
[INFO] [stdout] For more information about this error, try `rustc --explain E0603`.
[INFO] [stdout] Couldn't compile the test.
[INFO] [stdout] 
[INFO] [stdout] failures:
[INFO] [stdout]     src/map.rs - map::FromEntity (line 114)
[INFO] [stdout] 
[INFO] [stdout] test result: FAILED. 0 passed; 1 failed; 0 ignored; 0 measured; 0 filtered out; finished in 0.06s
[INFO] [stdout] 
[INFO] [stdout] all doctests ran in 0.13s; merged doctests compilation took 0.06s
[INFO] [stderr] error: doctest failed, to rerun pass `--doc`
[INFO] running `Command { std: "docker" "inspect" "abd8d1d599ab45704e918f7865804e6cf4001be4494eda5ee41c6df0c66721f1", kill_on_drop: false }`
[INFO] running `Command { std: "docker" "rm" "-f" "abd8d1d599ab45704e918f7865804e6cf4001be4494eda5ee41c6df0c66721f1", kill_on_drop: false }`
[INFO] [stdout] abd8d1d599ab45704e918f7865804e6cf4001be4494eda5ee41c6df0c66721f1
