[INFO] fetching crate mappy-core 0.3.2...
[INFO] testing mappy-core-0.3.2 against 1.99.0-beta.8+cargoflags=--release for beta-release-1.100-2
[INFO] extracting crate mappy-core 0.3.2 into /workspace/builds/worker-6-tc1/source
[INFO] started tweaking crates.io crate mappy-core 0.3.2
[INFO] removed 0 missing examples
[INFO] finished tweaking crates.io crate mappy-core 0.3.2
[INFO] tweaked toml for crates.io crate mappy-core 0.3.2 written to /workspace/builds/worker-6-tc1/source/Cargo.toml
[INFO] validating manifest of crates.io crate mappy-core 0.3.2 on toolchain 1.99.0-beta.8
[INFO] running `Command { std: CARGO_HOME="/workspace/cargo-home" RUSTUP_HOME="/workspace/rustup-home" "/workspace/cargo-home/bin/cargo" "+1.99.0-beta.8" "metadata" "--manifest-path" "Cargo.toml" "--no-deps", kill_on_drop: false }`
[INFO] crate crates.io crate mappy-core 0.3.2 already has a lockfile, it will not be regenerated
[INFO] running `Command { std: CARGO_HOME="/workspace/cargo-home" RUSTUP_HOME="/workspace/rustup-home" "/workspace/cargo-home/bin/cargo" "+1.99.0-beta.8" "fetch" "--manifest-path" "Cargo.toml", kill_on_drop: false }`
[INFO] [stderr]     Updating crates.io index
[INFO] [stderr]  Downloading crates ...
[INFO] [stderr]   Downloaded wasi v0.14.7+wasi-0.2.4
[INFO] [stderr]   Downloaded cfg-if v1.0.3
[INFO] [stderr]   Downloaded twox-hash v2.1.2
[INFO] [stderr]   Downloaded getrandom v0.3.3
[INFO] [stderr]   Downloaded fxhash v0.2.1
[INFO] [stderr]   Downloaded fs2 v0.4.3
[INFO] [stderr]   Downloaded instant v0.1.13
[INFO] [stderr]   Downloaded idna_adapter v1.2.1
[INFO] [stderr]   Downloaded zerofrom v0.1.6
[INFO] [stderr]   Downloaded pin-project-lite v0.2.16
[INFO] [stderr]   Downloaded tokio-macros v2.6.0
[INFO] [stderr]   Downloaded thiserror v2.0.17
[INFO] [stderr]   Downloaded parking_lot_core v0.8.6
[INFO] [stderr]   Downloaded pin-utils v0.1.0
[INFO] [stderr]   Downloaded yoke-derive v0.8.0
[INFO] [stderr]   Downloaded futures-sink v0.3.31
[INFO] [stderr]   Downloaded sha1_smol v1.0.1
[INFO] [stderr]   Downloaded plotters-backend v0.3.7
[INFO] [stderr]   Downloaded plotters-svg v0.3.7
[INFO] [stderr]   Downloaded itoa v1.0.15
[INFO] [stderr]   Downloaded potential_utf v0.1.3
[INFO] [stderr]   Downloaded futures-task v0.3.31
[INFO] [stderr]   Downloaded rand_xorshift v0.4.0
[INFO] [stderr]   Downloaded bit-set v0.8.0
[INFO] [stderr]   Downloaded redox_syscall v0.2.16
[INFO] [stderr]   Downloaded zerofrom-derive v0.1.6
[INFO] [stderr]   Downloaded writeable v0.6.1
[INFO] [stderr]   Downloaded tinystr v0.8.1
[INFO] [stderr]   Downloaded crossbeam-deque v0.8.6
[INFO] [stderr]   Downloaded bit-vec v0.8.0
[INFO] [stderr]   Downloaded dashmap v6.1.0
[INFO] [stderr]   Downloaded clap_lex v0.7.5
[INFO] [stderr]   Downloaded anstyle v1.0.13
[INFO] [stderr]   Downloaded unicode-ident v1.0.19
[INFO] [stderr]   Downloaded bitflags v2.9.4
[INFO] [stderr]   Downloaded thiserror-impl v2.0.17
[INFO] [stderr]   Downloaded zerovec-derive v0.11.1
[INFO] [stderr]   Downloaded yoke v0.8.0
[INFO] [stderr]   Downloaded num-integer v0.1.46
[INFO] [stderr]   Downloaded async-trait v0.1.89
[INFO] [stderr]   Downloaded quickcheck v1.0.3
[INFO] [stderr]   Downloaded getrandom v0.2.16
[INFO] [stderr]   Downloaded criterion-plot v0.6.0
[INFO] [stderr]   Downloaded tracing-core v0.1.34
[INFO] [stderr]   Downloaded tracing-attributes v0.1.30
[INFO] [stderr]   Downloaded socket2 v0.6.0
[INFO] [stderr]   Downloaded signal-hook-registry v1.4.6
[INFO] [stderr]   Downloaded crossbeam-epoch v0.9.18
[INFO] [stderr]   Downloaded ryu v1.0.20
[INFO] [stderr]   Downloaded litemap v0.8.0
[INFO] [stderr]   Downloaded slab v0.4.11
[INFO] [stderr]   Downloaded parking_lot v0.11.2
[INFO] [stderr]   Downloaded env_logger v0.8.4
[INFO] [stderr]   Downloaded half v2.7.0
[INFO] [stderr]   Downloaded bytemuck v1.24.0
[INFO] [stderr]   Downloaded proc-macro2 v1.0.101
[INFO] [stderr]   Downloaded tracing v0.1.41
[INFO] [stderr]   Downloaded icu_properties v2.0.1
[INFO] [stderr]   Downloaded icu_provider v2.0.0
[INFO] [stderr]   Downloaded icu_locale_core v2.0.0
[INFO] [stderr]   Downloaded icu_normalizer v2.0.0
[INFO] [stderr]   Downloaded icu_normalizer_data v2.0.0
[INFO] [stderr]   Downloaded clap v4.5.48
[INFO] [stderr]   Downloaded mio v1.0.4
[INFO] [stderr]   Downloaded memchr v2.7.6
[INFO] [stderr]   Downloaded url v2.5.7
[INFO] [stderr]   Downloaded zerotrie v0.2.2
[INFO] [stderr]   Downloaded rayon-core v1.13.0
[INFO] [stderr]   Downloaded bytes v1.11.0
[INFO] [stderr]   Downloaded icu_collections v2.0.0
[INFO] [stderr]   Downloaded tokio-util v0.7.17
[INFO] [stderr]   Downloaded num-bigint v0.4.6
[INFO] [stderr]   Downloaded combine v4.6.7
[INFO] [stderr]   Downloaded zerovec v0.11.4
[INFO] [stderr]   Downloaded regex v1.12.1
[INFO] [stderr]   Downloaded criterion v0.7.0
[INFO] [stderr]   Downloaded plotters v0.3.7
[INFO] [stderr]   Downloaded serde_json v1.0.145
[INFO] [stderr]   Downloaded icu_properties_data v2.0.1
[INFO] [stderr]   Downloaded futures-util v0.3.31
[INFO] [stderr]   Downloaded clap_builder v4.5.48
[INFO] [stderr]   Downloaded rayon v1.11.0
[INFO] [stderr]   Downloaded syn v2.0.106
[INFO] [stderr]   Downloaded proptest v1.9.0
[INFO] [stderr]   Downloaded bitvec v1.0.1
[INFO] [stderr]   Downloaded redis v0.32.7
[INFO] [stderr]   Downloaded regex-syntax v0.8.7
[INFO] [stderr]   Downloaded sled v0.34.7
[INFO] [stderr]   Downloaded regex-automata v0.4.12
[INFO] [stderr]   Downloaded tokio v1.48.0
[INFO] running `Command { std: "docker" "create" "-v" "/var/lib/crater-agent-workspace/builds/worker-6-tc1/source:/opt/rustwide/workdir:ro,Z" "-v" "/var/lib/crater-agent-workspace/builds/worker-6-tc1/target:/opt/rustwide/target:rw,Z" "-v" "/var/lib/crater-agent-workspace/cargo-home:/opt/rustwide/cargo-home:ro,Z" "-v" "/var/lib/crater-agent-workspace/rustup-home:/opt/rustwide/rustup-home:ro,Z" "-m" "1610612736" "--network" "none" "ghcr.io/rust-lang/crates-build-env/linux@sha256:77db811e55d90add9212f6832c23229e3de5f1c1f9905e8cb07319ea15df73ac" "sleep" "infinity", kill_on_drop: false }`
[INFO] [stdout] 0ab63e389d73ee1a8acdae8cbe17b47642c825410d3f990b743cfa92b3904070
[INFO] running `Command { std: "docker" "start" "0ab63e389d73ee1a8acdae8cbe17b47642c825410d3f990b743cfa92b3904070", kill_on_drop: false }`
[INFO] running `Command { std: "docker" "inspect" "0ab63e389d73ee1a8acdae8cbe17b47642c825410d3f990b743cfa92b3904070", kill_on_drop: false }`
[INFO] running `Command { std: "docker" "exec" "-e" "SOURCE_DIR=/opt/rustwide/workdir" "-e" "CARGO_HOME=/opt/rustwide/cargo-home" "-e" "RUSTUP_HOME=/opt/rustwide/rustup-home" "-e" "CARGO_TARGET_DIR=/opt/rustwide/target" "-w" "/opt/rustwide/workdir" "--user" "0:0" "0ab63e389d73ee1a8acdae8cbe17b47642c825410d3f990b743cfa92b3904070" "/opt/rustwide/cargo-home/bin/cargo" "+1.99.0-beta.8" "metadata" "--no-deps" "--format-version=1", kill_on_drop: false }`
[INFO] running `Command { std: "docker" "inspect" "0ab63e389d73ee1a8acdae8cbe17b47642c825410d3f990b743cfa92b3904070", kill_on_drop: false }`
[INFO] running `Command { std: "docker" "exec" "-e" "SOURCE_DIR=/opt/rustwide/workdir" "-e" "CARGO_HOME=/opt/rustwide/cargo-home" "-e" "RUSTUP_HOME=/opt/rustwide/rustup-home" "-e" "CARGO_TARGET_DIR=/opt/rustwide/target" "-e" "CARGO_INCREMENTAL=0" "-e" "RUST_BACKTRACE=full" "-e" "RUSTFLAGS=--cap-lints=warn" "-e" "RUSTDOCFLAGS=--cap-lints=warn" "-w" "/opt/rustwide/workdir" "--user" "0:0" "0ab63e389d73ee1a8acdae8cbe17b47642c825410d3f990b743cfa92b3904070" "/opt/rustwide/cargo-home/bin/cargo" "+1.99.0-beta.8" "build" "--frozen" "--message-format=json" "--release", kill_on_drop: false }`
[INFO] [stderr]    Compiling libc v0.2.177
[INFO] [stderr]    Compiling cfg-if v1.0.3
[INFO] [stderr]    Compiling proc-macro2 v1.0.101
[INFO] [stderr]    Compiling quote v1.0.41
[INFO] [stderr]    Compiling unicode-ident v1.0.19
[INFO] [stderr]    Compiling getrandom v0.3.3
[INFO] [stderr]    Compiling crossbeam-utils v0.8.21
[INFO] [stderr]    Compiling zerocopy v0.8.27
[INFO] [stderr]    Compiling smallvec v1.15.1
[INFO] [stderr]    Compiling once_cell v1.21.3
[INFO] [stderr]    Compiling parking_lot_core v0.8.6
[INFO] [stderr]    Compiling serde_core v1.0.228
[INFO] [stderr]    Compiling radium v0.7.0
[INFO] [stderr]    Compiling crc32fast v1.5.0
[INFO] [stderr]    Compiling autocfg v1.5.0
[INFO] [stderr]    Compiling rayon-core v1.13.0
[INFO] [stderr]    Compiling instant v0.1.13
[INFO] [stderr]    Compiling rustix v1.1.2
[INFO] [stderr]    Compiling ahash v0.8.12
[INFO] [stderr]    Compiling thiserror v2.0.17
[INFO] [stderr]    Compiling tap v1.0.1
[INFO] [stderr]    Compiling serde_json v1.0.145
[INFO] [stderr]    Compiling pin-project-lite v0.2.16
[INFO] [stderr]    Compiling bitflags v2.9.4
[INFO] [stderr]    Compiling serde v1.0.228
[INFO] [stderr]    Compiling anyhow v1.0.100
[INFO] [stderr]    Compiling virtue v0.0.18
[INFO] [stderr]    Compiling linux-raw-sys v0.11.0
[INFO] [stderr]    Compiling byteorder v1.5.0
[INFO] [stderr]    Compiling wyz v0.5.1
[INFO] [stderr]    Compiling tracing-core v0.1.34
[INFO] [stderr]    Compiling funty v2.0.0
[INFO] [stderr]    Compiling either v1.15.0
[INFO] [stderr]    Compiling fxhash v0.2.1
[INFO] [stderr]    Compiling log v0.4.28
[INFO] [stderr]    Compiling hashbrown v0.14.5
[INFO] [stderr]    Compiling itoa v1.0.15
[INFO] [stderr]    Compiling unty v0.0.4
[INFO] [stderr]    Compiling num-traits v0.2.19
[INFO] [stderr]    Compiling ryu v1.0.20
[INFO] [stderr]    Compiling fastrand v2.3.0
[INFO] [stderr]    Compiling bytes v1.11.0
[INFO] [stderr]    Compiling memchr v2.7.6
[INFO] [stderr]    Compiling crossbeam-epoch v0.9.18
[INFO] [stderr]    Compiling parking_lot_core v0.9.12
[INFO] [stderr]    Compiling rand_core v0.9.3
[INFO] [stderr]    Compiling syn v2.0.106
[INFO] [stderr]    Compiling crossbeam-deque v0.8.6
[INFO] [stderr]    Compiling parking_lot v0.12.5
[INFO] [stderr]    Compiling signal-hook-registry v1.4.6
[INFO] [stderr]    Compiling bincode_derive v2.0.1
[INFO] [stderr]    Compiling parking_lot v0.11.2
[INFO] [stderr]    Compiling mio v1.0.4
[INFO] [stderr]    Compiling fs2 v0.4.3
[INFO] [stderr]    Compiling socket2 v0.6.0
[INFO] [stderr]    Compiling sled v0.34.7
[INFO] [stderr]    Compiling dashmap v6.1.0
[INFO] [stderr]    Compiling bitvec v1.0.1
[INFO] [stderr]    Compiling bincode v2.0.1
[INFO] [stderr]    Compiling bytemuck v1.24.0
[INFO] [stderr]    Compiling rayon v1.11.0
[INFO] [stderr]    Compiling ppv-lite86 v0.2.21
[INFO] [stderr]    Compiling rand_chacha v0.9.0
[INFO] [stderr]    Compiling rand v0.9.2
[INFO] [stderr]    Compiling tempfile v3.23.0
[INFO] [stderr]    Compiling twox-hash v2.1.2
[INFO] [stderr]    Compiling thiserror-impl v2.0.17
[INFO] [stderr]    Compiling serde_derive v1.0.228
[INFO] [stderr]    Compiling tracing-attributes v0.1.30
[INFO] [stderr]    Compiling tokio-macros v2.6.0
[INFO] [stderr]    Compiling async-trait v0.1.89
[INFO] [stderr]    Compiling tokio v1.48.0
[INFO] [stderr]    Compiling tracing v0.1.41
[INFO] [stderr]    Compiling mappy-core v0.3.2 (/opt/rustwide/workdir)
[INFO] [stderr]     Finished `release` profile [optimized] target(s) in 46.31s
[INFO] running `Command { std: "docker" "inspect" "0ab63e389d73ee1a8acdae8cbe17b47642c825410d3f990b743cfa92b3904070", kill_on_drop: false }`
[INFO] running `Command { std: "docker" "exec" "-e" "SOURCE_DIR=/opt/rustwide/workdir" "-e" "CARGO_HOME=/opt/rustwide/cargo-home" "-e" "RUSTUP_HOME=/opt/rustwide/rustup-home" "-e" "CARGO_TARGET_DIR=/opt/rustwide/target" "-e" "CARGO_INCREMENTAL=0" "-e" "RUST_BACKTRACE=full" "-e" "RUSTFLAGS=--cap-lints=warn" "-e" "RUSTDOCFLAGS=--cap-lints=warn" "-w" "/opt/rustwide/workdir" "--user" "0:0" "0ab63e389d73ee1a8acdae8cbe17b47642c825410d3f990b743cfa92b3904070" "/opt/rustwide/cargo-home/bin/cargo" "+1.99.0-beta.8" "test" "--frozen" "--no-run" "--message-format=json" "--release", kill_on_drop: false }`
[INFO] [stderr]    Compiling smallvec v1.15.1
[INFO] [stderr]    Compiling stable_deref_trait v1.2.1
[INFO] [stderr]    Compiling zerocopy v0.8.27
[INFO] [stderr]    Compiling serde_core v1.0.228
[INFO] [stderr]    Compiling litemap v0.8.0
[INFO] [stderr]    Compiling serde v1.0.228
[INFO] [stderr]    Compiling num-traits v0.2.19
[INFO] [stderr]    Compiling writeable v0.6.1
[INFO] [stderr]    Compiling icu_normalizer_data v2.0.0
[INFO] [stderr]    Compiling icu_properties_data v2.0.1
[INFO] [stderr]    Compiling regex-syntax v0.8.7
[INFO] [stderr]    Compiling syn v2.0.106
[INFO] [stderr]    Compiling aho-corasick v1.1.3
[INFO] [stderr]    Compiling either v1.15.0
[INFO] [stderr]    Compiling log v0.4.28
[INFO] [stderr]    Compiling futures-sink v0.3.31
[INFO] [stderr]    Compiling futures-core v0.3.31
[INFO] [stderr]    Compiling parking_lot_core v0.9.12
[INFO] [stderr]    Compiling parking_lot_core v0.8.6
[INFO] [stderr]    Compiling getrandom v0.2.16
[INFO] [stderr]    Compiling clap_lex v0.7.5
[INFO] [stderr]    Compiling anstyle v1.0.13
[INFO] [stderr]    Compiling plotters-backend v0.3.7
[INFO] [stderr]    Compiling ciborium-io v0.2.2
[INFO] [stderr]    Compiling rand_core v0.6.4
[INFO] [stderr]    Compiling itertools v0.13.0
[INFO] [stderr]    Compiling rayon v1.11.0
[INFO] [stderr]    Compiling parking_lot v0.11.2
[INFO] [stderr]    Compiling form_urlencoded v1.2.2
[INFO] [stderr]    Compiling clap_builder v4.5.48
[INFO] [stderr]    Compiling parking_lot v0.12.5
[INFO] [stderr]    Compiling wait-timeout v0.2.1
[INFO] [stderr]    Compiling pin-utils v0.1.0
[INFO] [stderr]    Compiling slab v0.4.11
[INFO] [stderr]    Compiling cast v0.3.0
[INFO] [stderr]    Compiling futures-task v0.3.31
[INFO] [stderr]    Compiling bit-vec v0.8.0
[INFO] [stderr]    Compiling plotters-svg v0.3.7
[INFO] [stderr]    Compiling same-file v1.0.6
[INFO] [stderr]    Compiling quick-error v1.2.3
[INFO] [stderr]    Compiling fnv v1.0.7
[INFO] [stderr]    Compiling bit-set v0.8.0
[INFO] [stderr]    Compiling rusty-fork v0.3.1
[INFO] [stderr]    Compiling dashmap v6.1.0
[INFO] [stderr]    Compiling walkdir v2.5.0
[INFO] [stderr]    Compiling futures-util v0.3.31
[INFO] [stderr]    Compiling sled v0.34.7
[INFO] [stderr]    Compiling rand v0.8.5
[INFO] [stderr]    Compiling rand_xorshift v0.4.0
[INFO] [stderr]    Compiling oorandom v11.1.5
[INFO] [stderr]    Compiling unarray v0.1.4
[INFO] [stderr]    Compiling sha1_smol v1.0.1
[INFO] [stderr]    Compiling anes v0.1.6
[INFO] [stderr]    Compiling num-integer v0.1.46
[INFO] [stderr]    Compiling plotters v0.3.7
[INFO] [stderr]    Compiling num-bigint v0.4.6
[INFO] [stderr]    Compiling criterion-plot v0.6.0
[INFO] [stderr]    Compiling regex-automata v0.4.12
[INFO] [stderr]    Compiling clap v4.5.48
[INFO] [stderr]    Compiling serde_json v1.0.145
[INFO] [stderr]    Compiling synstructure v0.13.2
[INFO] [stderr]    Compiling zerofrom-derive v0.1.6
[INFO] [stderr]    Compiling yoke-derive v0.8.0
[INFO] [stderr]    Compiling zerocopy-derive v0.8.27
[INFO] [stderr]    Compiling zerovec-derive v0.11.1
[INFO] [stderr]    Compiling displaydoc v0.2.5
[INFO] [stderr]    Compiling serde_derive v1.0.228
[INFO] [stderr]    Compiling tokio-macros v2.6.0
[INFO] [stderr]    Compiling regex v1.12.1
[INFO] [stderr]    Compiling zerofrom v0.1.6
[INFO] [stderr]    Compiling thiserror-impl v2.0.17
[INFO] [stderr]    Compiling tracing-attributes v0.1.30
[INFO] [stderr]    Compiling env_logger v0.8.4
[INFO] [stderr]    Compiling async-trait v0.1.89
[INFO] [stderr]    Compiling yoke v0.8.0
[INFO] [stderr]    Compiling tokio v1.48.0
[INFO] [stderr]    Compiling quickcheck v1.0.3
[INFO] [stderr]    Compiling zerotrie v0.2.2
[INFO] [stderr]    Compiling zerovec v0.11.4
[INFO] [stderr]    Compiling tracing v0.1.41
[INFO] [stderr]    Compiling thiserror v2.0.17
[INFO] [stderr]    Compiling tinystr v0.8.1
[INFO] [stderr]    Compiling potential_utf v0.1.3
[INFO] [stderr]    Compiling icu_collections v2.0.0
[INFO] [stderr]    Compiling icu_locale_core v2.0.0
[INFO] [stderr]    Compiling ppv-lite86 v0.2.21
[INFO] [stderr]    Compiling half v2.7.0
[INFO] [stderr]    Compiling ahash v0.8.12
[INFO] [stderr]    Compiling icu_provider v2.0.0
[INFO] [stderr]    Compiling rand_chacha v0.9.0
[INFO] [stderr]    Compiling ciborium-ll v0.2.2
[INFO] [stderr]    Compiling icu_normalizer v2.0.0
[INFO] [stderr]    Compiling icu_properties v2.0.1
[INFO] [stderr]    Compiling rand v0.9.2
[INFO] [stderr]    Compiling ciborium v0.2.2
[INFO] [stderr]    Compiling tinytemplate v1.2.1
[INFO] [stderr]    Compiling twox-hash v2.1.2
[INFO] [stderr]    Compiling proptest v1.9.0
[INFO] [stderr]    Compiling criterion v0.7.0
[INFO] [stderr]    Compiling idna_adapter v1.2.1
[INFO] [stderr]    Compiling idna v1.1.0
[INFO] [stderr]    Compiling url v2.5.7
[INFO] [stderr]    Compiling tokio-util v0.7.17
[INFO] [stderr]    Compiling mappy-core v0.3.2 (/opt/rustwide/workdir)
[INFO] [stderr]    Compiling combine v4.6.7
[INFO] [stderr]    Compiling redis v0.32.7
[INFO] [stdout] warning: use of deprecated method `rand::Rng::gen_range`: Renamed to `random_range`
[INFO] [stdout]   --> examples/performance_comparison.rs:59:49
[INFO] [stdout]    |
[INFO] [stdout] 59 |             let value = format!("value_{}", rng.gen_range(1..=1000));
[INFO] [stdout]    |                                                 ^^^^^^^^^
[INFO] [stdout]    |
[INFO] [stdout]    = note: `#[warn(deprecated)]` on by default
[INFO] [stdout] 
[INFO] [stdout] 
[INFO] [stdout] warning: comparison is useless due to type limits
[INFO] [stdout]    --> src/engine.rs:567:17
[INFO] [stdout]     |
[INFO] [stdout] 567 |         assert!(stats.uptime_seconds >= 0); // This is always true for u64, but kept for clarity
[INFO] [stdout]     |                 ^^^^^^^^^^^^^^^^^^^^^^^^^
[INFO] [stdout]     |
[INFO] [stdout]     = note: `#[warn(unused_comparisons)]` on by default
[INFO] [stdout] 
[INFO] [stdout] 
[INFO] [stderr]     Finished `release` profile [optimized] target(s) in 2m 17s
[INFO] running `Command { std: "docker" "inspect" "0ab63e389d73ee1a8acdae8cbe17b47642c825410d3f990b743cfa92b3904070", kill_on_drop: false }`
[INFO] running `Command { std: "docker" "exec" "-e" "SOURCE_DIR=/opt/rustwide/workdir" "-e" "CARGO_HOME=/opt/rustwide/cargo-home" "-e" "RUSTUP_HOME=/opt/rustwide/rustup-home" "-e" "CARGO_TARGET_DIR=/opt/rustwide/target" "-e" "CARGO_INCREMENTAL=0" "-e" "RUST_BACKTRACE=full" "-e" "RUSTFLAGS=--cap-lints=warn" "-e" "RUSTDOCFLAGS=--cap-lints=warn" "-w" "/opt/rustwide/workdir" "--user" "0:0" "0ab63e389d73ee1a8acdae8cbe17b47642c825410d3f990b743cfa92b3904070" "/opt/rustwide/cargo-home/bin/cargo" "+1.99.0-beta.8" "test" "--frozen" "--release", kill_on_drop: false }`
[INFO] [stderr] warning: use of deprecated method `rand::Rng::gen_range`: Renamed to `random_range`
[INFO] [stderr]   --> examples/performance_comparison.rs:59:49
[INFO] [stderr]    |
[INFO] [stderr] 59 |             let value = format!("value_{}", rng.gen_range(1..=1000));
[INFO] [stderr]    |                                                 ^^^^^^^^^
[INFO] [stderr]    |
[INFO] [stderr]    = note: `#[warn(deprecated)]` on by default
[INFO] [stderr] 
[INFO] [stderr] warning: comparison is useless due to type limits
[INFO] [stderr]    --> src/engine.rs:567:17
[INFO] [stderr]     |
[INFO] [stderr] 567 |         assert!(stats.uptime_seconds >= 0); // This is always true for u64, but kept for clarity
[INFO] [stderr]     |                 ^^^^^^^^^^^^^^^^^^^^^^^^^
[INFO] [stderr]     |
[INFO] [stderr]     = note: `#[warn(unused_comparisons)]` on by default
[INFO] [stderr] 
[INFO] [stderr] warning: `mappy-core` (example "performance_comparison") generated 1 warning
[INFO] [stderr] warning: `mappy-core` (lib test) generated 1 warning
[INFO] [stderr]     Finished `release` profile [optimized] target(s) in 0.25s
[INFO] [stderr]      Running unittests src/lib.rs (/opt/rustwide/target/release/deps/mappy_core-c4f8b03135856fc7)
[INFO] [stdout] 
[INFO] [stdout] running 63 tests
[INFO] [stdout] test concurrent::tests::test_concurrent_access ... ok
[INFO] [stdout] test encoding::tests::test_compact_encoding ... ok
[INFO] [stdout] test error::tests::test_error_rate_controller ... ok
[INFO] [stdout] test engine::tests::test_engine_ttl_operations ... ok
[INFO] [stdout] test error::tests::test_collision_tracker ... ok
[INFO] [stdout] test deletion::tests::test_deletion_manager ... ok
[INFO] [stdout] test concurrent::tests::test_concurrent_maplet ... ok
[INFO] [stdout] test engine::tests::test_engine_creation ... ok
[INFO] [stdout] test engine::tests::test_engine_basic_operations ... ok
[INFO] [stdout] test encoding::tests::test_exponential_encoding ... ok
[INFO] [stdout] test error::tests::test_strong_maplet_validator ... ok
[INFO] [stdout] test hash::tests::test_fingerprint_hasher ... ok
[INFO] [stdout] test maplet::tests::test_maplet_merge_values ... ok
[INFO] [stdout] test maplet::tests::test_maplet_insert_query ... ok
[INFO] [stdout] test maplet::tests::test_maplet_stats ... ok
[INFO] [stdout] test maplet::tests::test_memory_usage_accuracy ... ok
[INFO] [stdout] test maplet::tests::test_slot_finding_for_key ... ok
[INFO] [stdout] test operators::tests::test_bool_operators ... ok
[INFO] [stdout] test layout::tests::test_layout_optimizer ... ok
[INFO] [stdout] test maplet::tests::test_concurrent_insertions_no_filter_inconsistency ... ok
[INFO] [stdout] test operators::tests::test_set_operator ... ok
[INFO] [stdout] test hash::tests::test_perfect_hash ... ok
[INFO] [stdout] test hash::tests::test_collision_detector ... ok
[INFO] [stdout] test engine::tests::test_engine_with_disk_storage ... FAILED
[INFO] [stdout] test layout::tests::test_interleaved_storage ... ok
[INFO] [stdout] test engine::tests::test_engine_disk_persistence_behavior ... FAILED
[INFO] [stdout] test maplet::tests::test_maplet_creation ... ok
[INFO] [stdout] test quotient_filter::tests::test_quotient_filter_stats ... ok
[INFO] [stdout] test resize::tests::test_merge_manager ... ok
[INFO] [stdout] test resize::tests::test_resize_manager ... ok
[INFO] [stdout] test operators::tests::test_counter_operator ... ok
[INFO] [stdout] test operators::tests::test_max_operator ... ok
[INFO] [stdout] test hash::tests::test_optimal_fingerprint_size ... ok
[INFO] [stdout] test operators::tests::test_min_operator ... ok
[INFO] [stdout] test engine::tests::test_engine_stats ... ok
[INFO] [stdout] test operators::tests::test_string_concat_operator ... ok
[INFO] [stdout] test operators::tests::test_vector_concat_operator ... ok
[INFO] [stdout] test quotient_filter::tests::test_quotient_filter_capacity ... ok
[INFO] [stdout] test quotient_filter::tests::test_actual_slot_finding ... ok
[INFO] [stdout] test quotient_filter::tests::test_quotient_filter_basic ... ok
[INFO] [stdout] test storage::memory::tests::test_memory_storage_stats ... ok
[INFO] [stdout] test storage::memory::tests::test_memory_storage_basic_operations ... ok
[INFO] [stdout] test quotient_filter::tests::test_quotient_filter_multiset ... ok
[INFO] [stdout] test storage::memory::tests::test_memory_storage_clear ... ok
[INFO] [stdout] test storage::memory::tests::test_memory_storage_keys ... ok
[INFO] [stdout] test ttl::tests::test_ttl_manager_basic_operations ... ok
[INFO] [stdout] test tests::test_basic_maplet_creation ... ok
[INFO] [stdout] test ttl::tests::test_ttl_clear_all ... ok
[INFO] [stdout] test types::tests::test_maplet_config_validation ... ok
[INFO] [stdout] test types::tests::test_maplet_stats ... ok
[INFO] [stdout] test ttl::tests::test_ttl_stats ... ok
[INFO] [stdout] test storage::aof::tests::test_aof_storage_basic_operations ... ok
[INFO] [stdout] test storage::hybrid::tests::test_hybrid_storage_stats ... ok
[INFO] [stdout] test storage::aof::tests::test_aof_storage_persistence ... ok
[INFO] [stdout] test storage::aof::tests::test_aof_storage_stats ... ok
[INFO] [stdout] test storage::hybrid::tests::test_hybrid_storage_basic_operations ... ok
[INFO] [stdout] test storage::disk::tests::test_disk_storage_basic_operations ... ok
[INFO] [stdout] test encoding::tests::test_varint_encoding ... ok
[INFO] [stdout] test storage::disk::tests::test_disk_storage_stats ... ok
[INFO] [stdout] test storage::hybrid::tests::test_hybrid_storage_persistence ... ok
[INFO] [stdout] test storage::disk::tests::test_disk_storage_persistence ... ok
[INFO] [stdout] test engine::tests::test_engine_ttl_expiration ... ok
[INFO] [stdout] test ttl::tests::test_ttl_expiration ... ok
[INFO] [stderr] error: test failed, to rerun pass `--lib`
[INFO] [stdout] 
[INFO] [stdout] failures:
[INFO] [stdout] 
[INFO] [stdout] ---- engine::tests::test_engine_with_disk_storage stdout ----
[INFO] [stdout] 
[INFO] [stdout] thread 'engine::tests::test_engine_with_disk_storage' (3817) panicked at src/engine.rs:421:48:
[INFO] [stdout] called `Result::unwrap()` on an `Err` value: Internal("Failed to create data directory: Read-only file system (os error 30)")
[INFO] [stdout] stack backtrace:
[INFO] [stdout]    0:     0x61efe32b5f61 - <<std[70759c8f55707aa4]::sys::backtrace::BacktraceLock>::print::DisplayBacktrace as core[df12db4294e9bfd3]::fmt::Display>::fmt
[INFO] [stdout]    1:     0x61efe32cc8ca - core[df12db4294e9bfd3]::fmt::write
[INFO] [stdout]    2:     0x61efe32baacc - <alloc[2182bb758b4b3781]::vec::Vec<u8> as core[df12db4294e9bfd3]::io::write::Write>::write_fmt
[INFO] [stdout]    3:     0x61efe328f386 - std[70759c8f55707aa4]::panicking::default_hook::{closure#0}
[INFO] [stdout]    4:     0x61efe32acf99 - std[70759c8f55707aa4]::panicking::default_hook
[INFO] [stdout]    5:     0x61efe31918c0 - test[9d35eded1c95d3be]::test_main_inner::<test[9d35eded1c95d3be]::test_main_static::{closure#0}>::{closure#0}
[INFO] [stdout]    6:     0x61efe32ad2c2 - std[70759c8f55707aa4]::panicking::panic_with_hook
[INFO] [stdout]    7:     0x61efe328f432 - std[70759c8f55707aa4]::panicking::panic_handler::{closure#0}
[INFO] [stdout]    8:     0x61efe3287f69 - std[70759c8f55707aa4]::sys::backtrace::__rust_end_short_backtrace::<std[70759c8f55707aa4]::panicking::panic_handler::{closure#0}, !>
[INFO] [stdout]    9:     0x61efe329011d - __rustc[8fa7c3cbc660c2b3]::rust_begin_unwind
[INFO] [stdout]   10:     0x61efe32cd02c - core[df12db4294e9bfd3]::panicking::panic_fmt
[INFO] [stdout]   11:     0x61efe32cce02 - core[df12db4294e9bfd3]::result::unwrap_failed
[INFO] [stdout]   12:     0x61efe311eb1f - mappy_core[c867926af6d197]::engine::tests::test_engine_with_disk_storage::{closure#0}
[INFO] [stdout]   13:     0x61efe316d863 - <tokio[9c81e1c501c3ec52]::runtime::scheduler::current_thread::Context>::enter::<core[df12db4294e9bfd3]::task::poll::Poll<()>, <tokio[9c81e1c501c3ec52]::runtime::scheduler::current_thread::CoreGuard>::block_on<core[df12db4294e9bfd3]::pin::Pin<&mut core[df12db4294e9bfd3]::pin::Pin<&mut dyn core[df12db4294e9bfd3]::future::future::Future<Output = ()>>>>::{closure#0}::{closure#0}>
[INFO] [stdout]   14:     0x61efe31545ec - <tokio[9c81e1c501c3ec52]::runtime::context::scoped::Scoped<tokio[9c81e1c501c3ec52]::runtime::scheduler::Context>>::set::<<tokio[9c81e1c501c3ec52]::runtime::scheduler::current_thread::CoreGuard>::enter<<tokio[9c81e1c501c3ec52]::runtime::scheduler::current_thread::CoreGuard>::block_on<core[df12db4294e9bfd3]::pin::Pin<&mut core[df12db4294e9bfd3]::pin::Pin<&mut dyn core[df12db4294e9bfd3]::future::future::Future<Output = ()>>>>::{closure#0}, core[df12db4294e9bfd3]::option::Option<()>>::{closure#0}, (alloc[2182bb758b4b3781]::boxed::Box<tokio[9c81e1c501c3ec52]::runtime::scheduler::current_thread::Core>, core[df12db4294e9bfd3]::option::Option<()>)>
[INFO] [stdout]   15:     0x61efe316d54f - <tokio[9c81e1c501c3ec52]::runtime::scheduler::current_thread::CurrentThread>::block_on::<core[df12db4294e9bfd3]::pin::Pin<&mut dyn core[df12db4294e9bfd3]::future::future::Future<Output = ()>>>
[INFO] [stdout]   16:     0x61efe3145fd2 - <tokio[9c81e1c501c3ec52]::runtime::runtime::Runtime>::block_on::<core[df12db4294e9bfd3]::pin::Pin<&mut dyn core[df12db4294e9bfd3]::future::future::Future<Output = ()>>>
[INFO] [stdout]   17:     0x61efe312245b - mappy_core[c867926af6d197]::engine::tests::test_engine_with_disk_storage
[INFO] [stdout]   18:     0x61efe315bc39 - <mappy_core[c867926af6d197]::engine::tests::test_engine_with_disk_storage::{closure#0} as core[df12db4294e9bfd3]::ops::function::FnOnce<()>>::call_once
[INFO] [stdout]   19:     0x61efe3184bab - test[9d35eded1c95d3be]::__rust_begin_short_backtrace::<core[df12db4294e9bfd3]::result::Result<(), alloc[2182bb758b4b3781]::string::String>, fn() -> core[df12db4294e9bfd3]::result::Result<(), alloc[2182bb758b4b3781]::string::String>>
[INFO] [stdout]   20:     0x61efe3192215 - test[9d35eded1c95d3be]::run_test::{closure#0}
[INFO] [stdout]   21:     0x61efe318bad4 - std[70759c8f55707aa4]::sys::backtrace::__rust_begin_short_backtrace::<test[9d35eded1c95d3be]::run_test::{closure#1}, ()>
[INFO] [stdout]   22:     0x61efe3195372 - <std[70759c8f55707aa4]::thread::lifecycle::spawn_unchecked<test[9d35eded1c95d3be]::run_test::{closure#1}, ()>::{closure#1} as core[df12db4294e9bfd3]::ops::function::FnOnce<()>>::call_once::{shim:vtable#0}
[INFO] [stdout]   23:     0x61efe32b5529 - <std[70759c8f55707aa4]::sys::thread::unix::Thread>::new::thread_start
[INFO] [stdout]   24:     0x7caadbd23dfa - <unknown>
[INFO] [stdout]   25:     0x7caadbdb73d4 - clone
[INFO] [stdout]   26:                0x0 - <unknown>
[INFO] [stdout] 
[INFO] [stdout] ---- engine::tests::test_engine_disk_persistence_behavior stdout ----
[INFO] [stdout] 
[INFO] [stdout] thread 'engine::tests::test_engine_disk_persistence_behavior' (3813) panicked at src/engine.rs:468:54:
[INFO] [stdout] called `Result::unwrap()` on an `Err` value: Internal("Failed to create data directory: Read-only file system (os error 30)")
[INFO] [stdout] stack backtrace:
[INFO] [stdout]    0:     0x61efe32b5f61 - <<std[70759c8f55707aa4]::sys::backtrace::BacktraceLock>::print::DisplayBacktrace as core[df12db4294e9bfd3]::fmt::Display>::fmt
[INFO] [stdout]    1:     0x61efe32cc8ca - core[df12db4294e9bfd3]::fmt::write
[INFO] [stdout]    2:     0x61efe32baacc - <alloc[2182bb758b4b3781]::vec::Vec<u8> as core[df12db4294e9bfd3]::io::write::Write>::write_fmt
[INFO] [stdout]    3:     0x61efe328f386 - std[70759c8f55707aa4]::panicking::default_hook::{closure#0}
[INFO] [stdout]    4:     0x61efe32acf99 - std[70759c8f55707aa4]::panicking::default_hook
[INFO] [stdout]    5:     0x61efe31918c0 - test[9d35eded1c95d3be]::test_main_inner::<test[9d35eded1c95d3be]::test_main_static::{closure#0}>::{closure#0}
[INFO] [stdout]    6:     0x61efe32ad2c2 - std[70759c8f55707aa4]::panicking::panic_with_hook
[INFO] [stdout]    7:     0x61efe328f432 - std[70759c8f55707aa4]::panicking::panic_handler::{closure#0}
[INFO] [stdout]    8:     0x61efe3287f69 - std[70759c8f55707aa4]::sys::backtrace::__rust_end_short_backtrace::<std[70759c8f55707aa4]::panicking::panic_handler::{closure#0}, !>
[INFO] [stdout]    9:     0x61efe329011d - __rustc[8fa7c3cbc660c2b3]::rust_begin_unwind
[INFO] [stdout]   10:     0x61efe32cd02c - core[df12db4294e9bfd3]::panicking::panic_fmt
[INFO] [stdout]   11:     0x61efe32cce02 - core[df12db4294e9bfd3]::result::unwrap_failed
[INFO] [stdout]   12:     0x61efe311fa85 - mappy_core[c867926af6d197]::engine::tests::test_engine_disk_persistence_behavior::{closure#0}
[INFO] [stdout]   13:     0x61efe316d863 - <tokio[9c81e1c501c3ec52]::runtime::scheduler::current_thread::Context>::enter::<core[df12db4294e9bfd3]::task::poll::Poll<()>, <tokio[9c81e1c501c3ec52]::runtime::scheduler::current_thread::CoreGuard>::block_on<core[df12db4294e9bfd3]::pin::Pin<&mut core[df12db4294e9bfd3]::pin::Pin<&mut dyn core[df12db4294e9bfd3]::future::future::Future<Output = ()>>>>::{closure#0}::{closure#0}>
[INFO] [stdout]   14:     0x61efe31545ec - <tokio[9c81e1c501c3ec52]::runtime::context::scoped::Scoped<tokio[9c81e1c501c3ec52]::runtime::scheduler::Context>>::set::<<tokio[9c81e1c501c3ec52]::runtime::scheduler::current_thread::CoreGuard>::enter<<tokio[9c81e1c501c3ec52]::runtime::scheduler::current_thread::CoreGuard>::block_on<core[df12db4294e9bfd3]::pin::Pin<&mut core[df12db4294e9bfd3]::pin::Pin<&mut dyn core[df12db4294e9bfd3]::future::future::Future<Output = ()>>>>::{closure#0}, core[df12db4294e9bfd3]::option::Option<()>>::{closure#0}, (alloc[2182bb758b4b3781]::boxed::Box<tokio[9c81e1c501c3ec52]::runtime::scheduler::current_thread::Core>, core[df12db4294e9bfd3]::option::Option<()>)>
[INFO] [stdout]   15:     0x61efe316d54f - <tokio[9c81e1c501c3ec52]::runtime::scheduler::current_thread::CurrentThread>::block_on::<core[df12db4294e9bfd3]::pin::Pin<&mut dyn core[df12db4294e9bfd3]::future::future::Future<Output = ()>>>
[INFO] [stdout]   16:     0x61efe3145fd2 - <tokio[9c81e1c501c3ec52]::runtime::runtime::Runtime>::block_on::<core[df12db4294e9bfd3]::pin::Pin<&mut dyn core[df12db4294e9bfd3]::future::future::Future<Output = ()>>>
[INFO] [stdout]   17:     0x61efe31225ab - mappy_core[c867926af6d197]::engine::tests::test_engine_disk_persistence_behavior
[INFO] [stdout]   18:     0x61efe315bc59 - <mappy_core[c867926af6d197]::engine::tests::test_engine_disk_persistence_behavior::{closure#0} as core[df12db4294e9bfd3]::ops::function::FnOnce<()>>::call_once
[INFO] [stdout]   19:     0x61efe3184bab - test[9d35eded1c95d3be]::__rust_begin_short_backtrace::<core[df12db4294e9bfd3]::result::Result<(), alloc[2182bb758b4b3781]::string::String>, fn() -> core[df12db4294e9bfd3]::result::Result<(), alloc[2182bb758b4b3781]::string::String>>
[INFO] [stdout]   20:     0x61efe3192215 - test[9d35eded1c95d3be]::run_test::{closure#0}
[INFO] [stdout]   21:     0x61efe318bad4 - std[70759c8f55707aa4]::sys::backtrace::__rust_begin_short_backtrace::<test[9d35eded1c95d3be]::run_test::{closure#1}, ()>
[INFO] [stdout]   22:     0x61efe3195372 - <std[70759c8f55707aa4]::thread::lifecycle::spawn_unchecked<test[9d35eded1c95d3be]::run_test::{closure#1}, ()>::{closure#1} as core[df12db4294e9bfd3]::ops::function::FnOnce<()>>::call_once::{shim:vtable#0}
[INFO] [stdout]   23:     0x61efe32b5529 - <std[70759c8f55707aa4]::sys::thread::unix::Thread>::new::thread_start
[INFO] [stdout]   24:     0x7caadbd23dfa - <unknown>
[INFO] [stdout]   25:     0x7caadbdb73d4 - clone
[INFO] [stdout]   26:                0x0 - <unknown>
[INFO] [stdout] 
[INFO] [stdout] 
[INFO] [stdout] failures:
[INFO] [stdout]     engine::tests::test_engine_disk_persistence_behavior
[INFO] [stdout]     engine::tests::test_engine_with_disk_storage
[INFO] [stdout] 
[INFO] [stdout] test result: FAILED. 61 passed; 2 failed; 0 ignored; 0 measured; 0 filtered out; finished in 1.11s
[INFO] [stdout] 
[INFO] running `Command { std: "docker" "inspect" "0ab63e389d73ee1a8acdae8cbe17b47642c825410d3f990b743cfa92b3904070", kill_on_drop: false }`
[INFO] running `Command { std: "docker" "rm" "-f" "0ab63e389d73ee1a8acdae8cbe17b47642c825410d3f990b743cfa92b3904070", kill_on_drop: false }`
[INFO] [stdout] 0ab63e389d73ee1a8acdae8cbe17b47642c825410d3f990b743cfa92b3904070
