[INFO] fetching crate manteau 0.1.11...
[INFO] testing manteau-0.1.11 against 1.100.0-beta.1+cargoflags=--release for beta-release-1.100-2
[INFO] extracting crate manteau 0.1.11 into /workspace/builds/worker-6-tc2/source
[INFO] started tweaking crates.io crate manteau 0.1.11
[INFO] removed 0 missing tests
[INFO] finished tweaking crates.io crate manteau 0.1.11
[INFO] tweaked toml for crates.io crate manteau 0.1.11 written to /workspace/builds/worker-6-tc2/source/Cargo.toml
[INFO] validating manifest of crates.io crate manteau 0.1.11 on toolchain 1.100.0-beta.1
[INFO] running `Command { std: CARGO_HOME="/workspace/cargo-home" RUSTUP_HOME="/workspace/rustup-home" "/workspace/cargo-home/bin/cargo" "+1.100.0-beta.1" "metadata" "--manifest-path" "Cargo.toml" "--no-deps", kill_on_drop: false }`
[INFO] crate crates.io crate manteau 0.1.11 already has a lockfile, it will not be regenerated
[INFO] running `Command { std: CARGO_HOME="/workspace/cargo-home" RUSTUP_HOME="/workspace/rustup-home" "/workspace/cargo-home/bin/cargo" "+1.100.0-beta.1" "fetch" "--manifest-path" "Cargo.toml", kill_on_drop: false }`
[INFO] running `Command { std: "docker" "create" "-v" "/var/lib/crater-agent-workspace/builds/worker-6-tc2/source:/opt/rustwide/workdir:ro,Z" "-v" "/var/lib/crater-agent-workspace/builds/worker-6-tc2/target:/opt/rustwide/target:rw,Z" "-v" "/var/lib/crater-agent-workspace/cargo-home:/opt/rustwide/cargo-home:ro,Z" "-v" "/var/lib/crater-agent-workspace/rustup-home:/opt/rustwide/rustup-home:ro,Z" "-m" "1610612736" "--network" "none" "ghcr.io/rust-lang/crates-build-env/linux@sha256:77db811e55d90add9212f6832c23229e3de5f1c1f9905e8cb07319ea15df73ac" "sleep" "infinity", kill_on_drop: false }`
[INFO] [stdout] be49bfc22fec8b23706afc728c07b1cfee8191c57642afe4e0f63f4d645a004e
[INFO] running `Command { std: "docker" "start" "be49bfc22fec8b23706afc728c07b1cfee8191c57642afe4e0f63f4d645a004e", kill_on_drop: false }`
[INFO] running `Command { std: "docker" "inspect" "be49bfc22fec8b23706afc728c07b1cfee8191c57642afe4e0f63f4d645a004e", kill_on_drop: false }`
[INFO] running `Command { std: "docker" "exec" "-e" "SOURCE_DIR=/opt/rustwide/workdir" "-e" "CARGO_HOME=/opt/rustwide/cargo-home" "-e" "RUSTUP_HOME=/opt/rustwide/rustup-home" "-e" "CARGO_TARGET_DIR=/opt/rustwide/target" "-w" "/opt/rustwide/workdir" "--user" "0:0" "be49bfc22fec8b23706afc728c07b1cfee8191c57642afe4e0f63f4d645a004e" "/opt/rustwide/cargo-home/bin/cargo" "+1.100.0-beta.1" "metadata" "--no-deps" "--format-version=1", kill_on_drop: false }`
[INFO] running `Command { std: "docker" "inspect" "be49bfc22fec8b23706afc728c07b1cfee8191c57642afe4e0f63f4d645a004e", kill_on_drop: false }`
[INFO] running `Command { std: "docker" "exec" "-e" "SOURCE_DIR=/opt/rustwide/workdir" "-e" "CARGO_HOME=/opt/rustwide/cargo-home" "-e" "RUSTUP_HOME=/opt/rustwide/rustup-home" "-e" "CARGO_TARGET_DIR=/opt/rustwide/target" "-e" "CARGO_INCREMENTAL=0" "-e" "RUST_BACKTRACE=full" "-e" "RUSTFLAGS=--cap-lints=warn" "-e" "RUSTDOCFLAGS=--cap-lints=warn" "-w" "/opt/rustwide/workdir" "--user" "0:0" "be49bfc22fec8b23706afc728c07b1cfee8191c57642afe4e0f63f4d645a004e" "/opt/rustwide/cargo-home/bin/cargo" "+1.100.0-beta.1" "build" "--frozen" "--message-format=json" "--release", kill_on_drop: false }`
[INFO] [stderr]    Compiling proc-macro2 v1.0.106
[INFO] [stderr]    Compiling unicode-ident v1.0.24
[INFO] [stderr]    Compiling quote v1.0.45
[INFO] [stderr]    Compiling siphasher v1.0.3
[INFO] [stderr]    Compiling fastrand v2.4.1
[INFO] [stderr]    Compiling icu_normalizer_data v2.2.0
[INFO] [stderr]    Compiling stable_deref_trait v1.2.1
[INFO] [stderr]    Compiling icu_properties_data v2.2.0
[INFO] [stderr]    Compiling smallvec v1.15.1
[INFO] [stderr]    Compiling syn v1.0.109
[INFO] [stderr]    Compiling thiserror v2.0.18
[INFO] [stderr]    Compiling serde_core v1.0.228
[INFO] [stderr]    Compiling libc v0.2.186
[INFO] [stderr]    Compiling uncased v0.9.10
[INFO] [stderr]    Compiling proc-macro-error-attr v1.0.4
[INFO] [stderr]    Compiling proc-macro-error v1.0.4
[INFO] [stderr]    Compiling cfg-if v1.0.4
[INFO] [stderr]    Compiling parking_lot_core v0.9.12
[INFO] [stderr]    Compiling scopeguard v1.2.0
[INFO] [stderr]    Compiling zmij v1.0.21
[INFO] [stderr]    Compiling new_debug_unreachable v1.0.6
[INFO] [stderr]    Compiling libm v0.2.16
[INFO] [stderr]    Compiling litemap v0.8.2
[INFO] [stderr]    Compiling writeable v0.6.3
[INFO] [stderr]    Compiling precomputed-hash v0.1.1
[INFO] [stderr]    Compiling lock_api v0.4.14
[INFO] [stderr]    Compiling utf8_iter v1.0.4
[INFO] [stderr]    Compiling thiserror v1.0.69
[INFO] [stderr]    Compiling num-traits v0.2.19
[INFO] [stderr]    Compiling phf_shared v0.13.1
[INFO] [stderr]    Compiling serde_json v1.0.149
[INFO] [stderr]    Compiling serde v1.0.228
[INFO] [stderr]    Compiling log v0.4.29
[INFO] [stderr]    Compiling tendril v0.5.1
[INFO] [stderr]    Compiling phf_generator v0.13.1
[INFO] [stderr]    Compiling itoa v1.0.18
[INFO] [stderr]    Compiling generic-array v0.14.7
[INFO] [stderr]    Compiling typenum v1.20.1
[INFO] [stderr]    Compiling percent-encoding v2.3.2
[INFO] [stderr]    Compiling dtoa v1.0.11
[INFO] [stderr]    Compiling phf_codegen v0.13.1
[INFO] [stderr]    Compiling memchr v2.8.0
[INFO] [stderr]    Compiling form_urlencoded v1.2.2
[INFO] [stderr]    Compiling selectors v0.36.1
[INFO] [stderr]    Compiling once_cell v1.21.4
[INFO] [stderr]    Compiling regex-syntax v0.8.10
[INFO] [stderr]    Compiling dtoa-short v0.3.5
[INFO] [stderr]    Compiling servo_arc v0.4.3
[INFO] [stderr]    Compiling syn v2.0.117
[INFO] [stderr]    Compiling string_cache_codegen v0.6.1
[INFO] [stderr]    Compiling hashbrown v0.17.1
[INFO] [stderr]    Compiling winnow v1.0.4
[INFO] [stderr]    Compiling rustc-hash v2.1.2
[INFO] [stderr]    Compiling equivalent v1.0.2
[INFO] [stderr]    Compiling bitflags v2.11.1
[INFO] [stderr]    Compiling web_atoms v0.2.6
[INFO] [stderr]    Compiling regex-automata v0.4.14
[INFO] [stderr]    Compiling tracing-core v0.1.36
[INFO] [stderr]    Compiling block-buffer v0.10.4
[INFO] [stderr]    Compiling parking_lot v0.12.5
[INFO] [stderr]    Compiling crypto-common v0.1.7
[INFO] [stderr]    Compiling indexmap v2.14.0
[INFO] [stderr]    Compiling digest v0.10.7
[INFO] [stderr]    Compiling toml_parser v1.1.3+spec-1.1.0
[INFO] [stderr]    Compiling string_cache v0.9.0
[INFO] [stderr]    Compiling pin-project-lite v0.2.17
[INFO] [stderr]    Compiling toml_datetime v1.1.1+spec-1.1.0
[INFO] [stderr]    Compiling either v1.18.0
[INFO] [stderr]    Compiling cpufeatures v0.2.17
[INFO] [stderr]    Compiling heck v0.5.0
[INFO] [stderr]    Compiling sha2 v0.10.9
[INFO] [stderr]    Compiling itertools v0.14.0
[INFO] [stderr]    Compiling toml_edit v0.25.15+spec-1.1.0
[INFO] [stderr]    Compiling proc-macro-error-attr3 v3.1.1
[INFO] [stderr]    Compiling unicode-width v0.2.2
[INFO] [stderr]    Compiling htmlparser v0.2.1
[INFO] [stderr]    Compiling askama_escape v0.10.3
[INFO] [stderr]    Compiling regex v1.12.3
[INFO] [stderr]    Compiling strsim v0.11.1
[INFO] [stderr]    Compiling proc-macro-crate v3.5.0
[INFO] [stderr]    Compiling synstructure v0.13.2
[INFO] [stderr]    Compiling proc-macro-error3 v3.1.1
[INFO] [stderr]    Compiling zerovec-derive v0.11.3
[INFO] [stderr]    Compiling displaydoc v0.2.5
[INFO] [stderr]    Compiling phf_macros v0.13.1
[INFO] [stderr]    Compiling thiserror-impl v2.0.18
[INFO] [stderr]    Compiling thiserror-impl v1.0.69
[INFO] [stderr]    Compiling serde_derive v1.0.228
[INFO] [stderr]    Compiling tracing-attributes v0.1.31
[INFO] [stderr]    Compiling cssparser-macros v0.6.1
[INFO] [stderr]    Compiling derive_more-impl v2.1.1
[INFO] [stderr]    Compiling async-trait v0.1.89
[INFO] [stderr]    Compiling enum-as-inner v0.7.0
[INFO] [stderr]    Compiling zerofrom-derive v0.1.7
[INFO] [stderr]    Compiling yoke-derive v0.8.2
[INFO] [stderr]    Compiling zerofrom v0.1.8
[INFO] [stderr]    Compiling phf v0.13.1
[INFO] [stderr]    Compiling yoke v0.8.2
[INFO] [stderr]    Compiling derive_more v2.1.1
[INFO] [stderr]    Compiling csscolorparser v0.8.4
[INFO] [stderr]    Compiling zerotrie v0.2.4
[INFO] [stderr]    Compiling zerovec v0.11.6
[INFO] [stderr]    Compiling cssparser v0.36.0
[INFO] [stderr]    Compiling str-newtype-derive v2.0.0
[INFO] [stderr]    Compiling tracing v0.1.44
[INFO] [stderr]    Compiling tinystr v0.8.3
[INFO] [stderr]    Compiling potential_utf v0.1.5
[INFO] [stderr]    Compiling icu_collections v2.2.0
[INFO] [stderr]    Compiling static-automata-macros v1.0.3
[INFO] [stderr]    Compiling icu_locale_core v2.2.0
[INFO] [stderr]    Compiling static-automata v1.0.3
[INFO] [stderr]    Compiling markup5ever v0.39.0
[INFO] [stderr]    Compiling markup5ever v0.38.0
[INFO] [stderr]    Compiling html5ever v0.38.0
[INFO] [stderr]    Compiling html5ever v0.39.0
[INFO] [stderr]    Compiling str-newtype v2.0.0
[INFO] [stderr]    Compiling langtag v1.1.0
[INFO] [stderr]    Compiling html2text v0.16.7
[INFO] [stderr]    Compiling icu_provider v2.2.0
[INFO] [stderr]    Compiling icu_properties v2.2.0
[INFO] [stderr]    Compiling icu_normalizer v2.2.0
[INFO] [stderr]    Compiling idna_adapter v1.2.2
[INFO] [stderr]    Compiling idna v1.1.0
[INFO] [stderr]    Compiling url v2.5.8
[INFO] [stderr]    Compiling validator v0.20.0
[INFO] [stderr]    Compiling css-inline v0.20.2
[INFO] [stderr]    Compiling manteau-core v0.1.11
[INFO] [stderr]    Compiling mrml v6.0.1
[INFO] [stderr]    Compiling manteau-macros v0.1.11
[INFO] [stderr]    Compiling manteau-render v0.1.11
[INFO] [stderr]    Compiling manteau v0.1.11 (/opt/rustwide/workdir)
[INFO] [stderr]     Finished `release` profile [optimized] target(s) in 1m 31s
[INFO] running `Command { std: "docker" "inspect" "be49bfc22fec8b23706afc728c07b1cfee8191c57642afe4e0f63f4d645a004e", kill_on_drop: false }`
[INFO] running `Command { std: "docker" "exec" "-e" "SOURCE_DIR=/opt/rustwide/workdir" "-e" "CARGO_HOME=/opt/rustwide/cargo-home" "-e" "RUSTUP_HOME=/opt/rustwide/rustup-home" "-e" "CARGO_TARGET_DIR=/opt/rustwide/target" "-e" "CARGO_INCREMENTAL=0" "-e" "RUST_BACKTRACE=full" "-e" "RUSTFLAGS=--cap-lints=warn" "-e" "RUSTDOCFLAGS=--cap-lints=warn" "-w" "/opt/rustwide/workdir" "--user" "0:0" "be49bfc22fec8b23706afc728c07b1cfee8191c57642afe4e0f63f4d645a004e" "/opt/rustwide/cargo-home/bin/cargo" "+1.100.0-beta.1" "test" "--frozen" "--no-run" "--message-format=json" "--release", kill_on_drop: false }`
[INFO] [stderr]    Compiling serde_core v1.0.228
[INFO] [stderr]    Compiling log v0.4.29
[INFO] [stderr]    Compiling tracing-core v0.1.36
[INFO] [stderr]    Compiling target-triple v1.0.1
[INFO] [stderr]    Compiling winnow v1.0.4
[INFO] [stderr]    Compiling toml_writer v1.1.2+spec-1.1.0
[INFO] [stderr]    Compiling tokio-macros v2.7.0
[INFO] [stderr]    Compiling thread_local v1.1.9
[INFO] [stderr]    Compiling termcolor v1.4.1
[INFO] [stderr]    Compiling nu-ansi-term v0.50.3
[INFO] [stderr]    Compiling sharded-slab v0.1.7
[INFO] [stderr]    Compiling glob v0.3.4
[INFO] [stderr]    Compiling markup5ever v0.39.0
[INFO] [stderr]    Compiling selectors v0.36.1
[INFO] [stderr]    Compiling markup5ever v0.38.0
[INFO] [stderr]    Compiling html5ever v0.39.0
[INFO] [stderr]    Compiling tracing v0.1.44
[INFO] [stderr]    Compiling tracing-log v0.2.0
[INFO] [stderr]    Compiling html5ever v0.38.0
[INFO] [stderr]    Compiling toml_parser v1.1.3+spec-1.1.0
[INFO] [stderr]    Compiling tracing-subscriber v0.3.23
[INFO] [stderr]    Compiling tokio v1.52.3
[INFO] [stderr]    Compiling css-inline v0.20.2
[INFO] [stderr]    Compiling html2text v0.16.7
[INFO] [stderr]    Compiling mrml v6.0.1
[INFO] [stderr]    Compiling serde v1.0.228
[INFO] [stderr]    Compiling serde_json v1.0.149
[INFO] [stderr]    Compiling serde_spanned v1.1.1
[INFO] [stderr]    Compiling toml_datetime v1.1.1+spec-1.1.0
[INFO] [stderr]    Compiling toml v1.1.5+spec-1.1.0
[INFO] [stderr]    Compiling validator v0.20.0
[INFO] [stderr]    Compiling trybuild v1.0.120
[INFO] [stderr]    Compiling manteau-core v0.1.11
[INFO] [stderr]    Compiling manteau-render v0.1.11
[INFO] [stderr]    Compiling manteau-mock v0.1.11
[INFO] [stderr]    Compiling manteau v0.1.11 (/opt/rustwide/workdir)
[INFO] [stderr]     Finished `release` profile [optimized] target(s) in 1m 04s
[INFO] running `Command { std: "docker" "inspect" "be49bfc22fec8b23706afc728c07b1cfee8191c57642afe4e0f63f4d645a004e", kill_on_drop: false }`
[INFO] running `Command { std: "docker" "exec" "-e" "SOURCE_DIR=/opt/rustwide/workdir" "-e" "CARGO_HOME=/opt/rustwide/cargo-home" "-e" "RUSTUP_HOME=/opt/rustwide/rustup-home" "-e" "CARGO_TARGET_DIR=/opt/rustwide/target" "-e" "CARGO_INCREMENTAL=0" "-e" "RUST_BACKTRACE=full" "-e" "RUSTFLAGS=--cap-lints=warn" "-e" "RUSTDOCFLAGS=--cap-lints=warn" "-w" "/opt/rustwide/workdir" "--user" "0:0" "be49bfc22fec8b23706afc728c07b1cfee8191c57642afe4e0f63f4d645a004e" "/opt/rustwide/cargo-home/bin/cargo" "+1.100.0-beta.1" "test" "--frozen" "--release", kill_on_drop: false }`
[INFO] [stderr]     Finished `release` profile [optimized] target(s) in 0.42s
[INFO] [stderr]      Running unittests src/lib.rs (/opt/rustwide/target/release/build/manteau/28e2a0020eaa46e6/out/manteau-28e2a0020eaa46e6)
[INFO] [stdout] 
[INFO] [stdout] running 0 tests
[INFO] [stdout] 
[INFO] [stdout] test result: ok. 0 passed; 0 failed; 0 ignored; 0 measured; 0 filtered out; finished in 0.00s
[INFO] [stdout] 
[INFO] [stderr]      Running tests/mailer.rs (/opt/rustwide/target/release/build/manteau/c0e816fa566130f4/out/mailer-c0e816fa566130f4)
[INFO] [stderr]      Running tests/mjml_diagnostics.rs (/opt/rustwide/target/release/build/manteau/3c2d284a1193730b/out/mjml_diagnostics-3c2d284a1193730b)
[INFO] [stdout] 
[INFO] [stdout] running 2 tests
[INFO] [stdout] test failed_submission_retains_exact_prepared_content ... ok
[INFO] [stdout] test configured_mailer_prepares_and_captures_once ... ok
[INFO] [stdout] 
[INFO] [stdout] test result: ok. 2 passed; 0 failed; 0 ignored; 0 measured; 0 filtered out; finished in 0.00s
[INFO] [stdout] 
[INFO] [stdout] 
[INFO] [stdout] running 1 test
[INFO] [stderr]    Compiling proc-macro2 v1.0.106
[INFO] [stderr]    Compiling unicode-ident v1.0.24
[INFO] [stderr]    Compiling quote v1.0.45
[INFO] [stderr]    Compiling version_check v0.9.5
[INFO] [stderr]    Compiling siphasher v1.0.3
[INFO] [stderr]    Compiling fastrand v2.4.1
[INFO] [stderr]     Checking smallvec v1.15.1
[INFO] [stderr]    Compiling icu_properties_data v2.2.0
[INFO] [stderr]    Compiling icu_normalizer_data v2.2.0
[INFO] [stderr]     Checking stable_deref_trait v1.2.1
[INFO] [stderr]     Checking cfg-if v1.0.4
[INFO] [stderr]    Compiling syn v1.0.109
[INFO] [stderr]    Compiling thiserror v2.0.18
[INFO] [stderr]    Compiling serde_core v1.0.228
[INFO] [stderr]    Compiling libc v0.2.186
[INFO] [stderr]     Checking litemap v0.8.2
[INFO] [stderr]     Checking writeable v0.6.3
[INFO] [stderr]    Compiling parking_lot_core v0.9.12
[INFO] [stderr]    Compiling zmij v1.0.21
[INFO] [stderr]    Compiling libm v0.2.16
[INFO] [stderr]     Checking scopeguard v1.2.0
[INFO] [stderr]     Checking utf8_iter v1.0.4
[INFO] [stderr]     Checking new_debug_unreachable v1.0.6
[INFO] [stderr]    Compiling uncased v0.9.10
[INFO] [stderr]    Compiling generic-array v0.14.7
[INFO] [stderr]    Compiling proc-macro-error-attr v1.0.4
[INFO] [stderr]    Compiling proc-macro-error v1.0.4
[INFO] [stderr]    Compiling autocfg v1.5.1
[INFO] [stderr]    Compiling thiserror v1.0.69
[INFO] [stderr]     Checking lock_api v0.4.14
[INFO] [stderr]     Checking log v0.4.29
[INFO] [stderr]     Checking precomputed-hash v0.1.1
[INFO] [stderr]    Compiling serde_json v1.0.149
[INFO] [stderr]     Checking phf_shared v0.13.1
[INFO] [stderr]    Compiling serde v1.0.228
[INFO] [stderr]     Checking itoa v1.0.18
[INFO] [stderr]     Checking tendril v0.5.1
[INFO] [stderr]     Checking typenum v1.20.1
[INFO] [stderr]     Checking percent-encoding v2.3.2
[INFO] [stderr]     Checking once_cell v1.21.4
[INFO] [stderr]     Checking memchr v2.8.0
[INFO] [stderr]    Compiling num-traits v0.2.19
[INFO] [stderr]     Checking form_urlencoded v1.2.2
[INFO] [stderr]     Checking dtoa v1.0.11
[INFO] [stderr]     Checking regex-syntax v0.8.10
[INFO] [stderr]     Checking tracing-core v0.1.36
[INFO] [stderr]     Checking dtoa-short v0.3.5
[INFO] [stderr]     Checking pin-project-lite v0.2.17
[INFO] [stderr]    Compiling phf_generator v0.13.1
[INFO] [stderr]    Compiling phf_codegen v0.13.1
[INFO] [stderr]     Checking servo_arc v0.4.3
[INFO] [stderr]     Checking rustc-hash v2.1.2
[INFO] [stderr]    Compiling selectors v0.36.1
[INFO] [stderr]    Compiling syn v2.0.117
[INFO] [stderr]    Compiling string_cache_codegen v0.6.1
[INFO] [stderr]     Checking cpufeatures v0.2.17
[INFO] [stderr]    Compiling regex-automata v0.4.14
[INFO] [stderr]     Checking bitflags v2.11.1
[INFO] [stderr]    Compiling winnow v1.0.4
[INFO] [stderr]    Compiling equivalent v1.0.2
[INFO] [stderr]     Checking parking_lot v0.12.5
[INFO] [stderr]    Compiling hashbrown v0.17.1
[INFO] [stderr]    Compiling web_atoms v0.2.6
[INFO] [stderr]     Checking string_cache v0.9.0
[INFO] [stderr]     Checking askama_escape v0.10.3
[INFO] [stderr]     Checking crypto-common v0.1.7
[INFO] [stderr]     Checking block-buffer v0.10.4
[INFO] [stderr]    Compiling toml_datetime v1.1.1+spec-1.1.0
[INFO] [stderr]     Checking digest v0.10.7
[INFO] [stderr]     Checking sha2 v0.10.9
[INFO] [stderr]    Compiling indexmap v2.14.0
[INFO] [stderr]     Checking either v1.18.0
[INFO] [stderr]    Compiling heck v0.5.0
[INFO] [stderr]    Compiling proc-macro-error-attr3 v3.1.1
[INFO] [stderr]     Checking itertools v0.14.0
[INFO] [stderr]     Checking unicode-width v0.2.2
[INFO] [stderr]     Checking htmlparser v0.2.1
[INFO] [stderr]     Checking lazy_static v1.5.0
[INFO] [stderr]    Compiling strsim v0.11.1
[INFO] [stderr]     Checking sharded-slab v0.1.7
[INFO] [stderr]     Checking tracing-log v0.2.0
[INFO] [stderr]     Checking thread_local v1.1.9
[INFO] [stderr]     Checking nu-ansi-term v0.50.3
[INFO] [stderr]    Compiling toml_parser v1.1.3+spec-1.1.0
[INFO] [stderr]     Checking regex v1.12.3
[INFO] [stderr]     Checking tracing-subscriber v0.3.23
[INFO] [stderr]    Compiling toml_edit v0.25.15+spec-1.1.0
[INFO] [stderr]    Compiling proc-macro-crate v3.5.0
[INFO] [stderr]    Compiling synstructure v0.13.2
[INFO] [stderr]    Compiling proc-macro-error3 v3.1.1
[INFO] [stderr]    Compiling zerofrom-derive v0.1.7
[INFO] [stderr]    Compiling yoke-derive v0.8.2
[INFO] [stderr]    Compiling zerovec-derive v0.11.3
[INFO] [stderr]    Compiling displaydoc v0.2.5
[INFO] [stderr]    Compiling phf_macros v0.13.1
[INFO] [stderr]    Compiling thiserror-impl v2.0.18
[INFO] [stderr]    Compiling thiserror-impl v1.0.69
[INFO] [stderr]    Compiling serde_derive v1.0.228
[INFO] [stderr]    Compiling tracing-attributes v0.1.31
[INFO] [stderr]    Compiling derive_more-impl v2.1.1
[INFO] [stderr]    Compiling async-trait v0.1.89
[INFO] [stderr]    Compiling cssparser-macros v0.6.1
[INFO] [stderr]    Compiling enum-as-inner v0.7.0
[INFO] [stderr]    Compiling tokio-macros v2.7.0
[INFO] [stderr]     Checking tokio v1.52.3
[INFO] [stderr]     Checking phf v0.13.1
[INFO] [stderr]     Checking cssparser v0.36.0
[INFO] [stderr]     Checking csscolorparser v0.8.4
[INFO] [stderr]     Checking derive_more v2.1.1
[INFO] [stderr]    Compiling str-newtype-derive v2.0.0
[INFO] [stderr]     Checking zerofrom v0.1.8
[INFO] [stderr]     Checking tracing v0.1.44
[INFO] [stderr]     Checking yoke v0.8.2
[INFO] [stderr]     Checking zerovec v0.11.6
[INFO] [stderr]     Checking zerotrie v0.2.4
[INFO] [stderr]     Checking markup5ever v0.39.0
[INFO] [stderr]     Checking markup5ever v0.38.0
[INFO] [stderr]    Compiling static-automata-macros v1.0.3
[INFO] [stderr]     Checking html5ever v0.39.0
[INFO] [stderr]     Checking html5ever v0.38.0
[INFO] [stderr]     Checking static-automata v1.0.3
[INFO] [stderr]     Checking tinystr v0.8.3
[INFO] [stderr]     Checking potential_utf v0.1.5
[INFO] [stderr]     Checking icu_collections v2.2.0
[INFO] [stderr]     Checking icu_locale_core v2.2.0
[INFO] [stderr]     Checking str-newtype v2.0.0
[INFO] [stderr]     Checking langtag v1.1.0
[INFO] [stderr]     Checking html2text v0.16.7
[INFO] [stderr]    Compiling icu_provider v2.2.0
[INFO] [stderr]     Checking icu_normalizer v2.2.0
[INFO] [stderr]     Checking icu_properties v2.2.0
[INFO] [stderr]     Checking idna_adapter v1.2.2
[INFO] [stderr]     Checking idna v1.1.0
[INFO] [stderr]     Checking url v2.5.8
[INFO] [stdout] test mjml_diagnostics has been running for over 60 seconds
[INFO] [stderr]     Checking validator v0.20.0
[INFO] [stderr]     Checking css-inline v0.20.2
[INFO] [stderr]     Checking manteau-core v0.1.11
[INFO] [stderr]     Checking mrml v6.0.1
[INFO] [stderr]     Checking manteau-mock v0.1.11
[INFO] [stderr]     Checking manteau-render v0.1.11
[INFO] [stderr]    Compiling manteau-macros v0.1.11
[INFO] [stderr]     Checking manteau v0.1.11 (/opt/rustwide/workdir)
[INFO] [stderr]     Checking manteau-tests v0.0.0 (/opt/rustwide/target/tests/trybuild/manteau)
[INFO] [stderr]     Finished `dev` profile [unoptimized + debuginfo] target(s) in 1m 08s
[INFO] [stderr] 
[INFO] [stderr] 
[INFO] [stderr] test tests/ui/mjml/closing_tag.rs ... ok
[INFO] [stderr] test tests/ui/mjml/control_flow_children.rs ... ok
[INFO] [stderr] test tests/ui/mjml/document_duplicate_body.rs ... ok
[INFO] [stderr] test tests/ui/mjml/document_missing_body.rs ... ok
[INFO] [stderr] test tests/ui/mjml/duplicate_attribute.rs ... ok
[INFO] [stderr] test tests/ui/mjml/invalid_child.rs ... ok
[INFO] [stderr] test tests/ui/mjml/invalid_class_name.rs ... ok
[INFO] [stderr] test tests/ui/mjml/invalid_literals.rs ... ok
[INFO] [stderr] test tests/ui/mjml/invalid_padding.rs ... ok
[INFO] [stderr] test tests/ui/mjml/invalid_source_set.rs ... ok
[INFO] [stderr] test tests/ui/mjml/invalid_url.rs ... ok
[INFO] [stderr] test tests/ui/mjml/missing_attribute.rs ... ok
[INFO] [stderr] test tests/ui/mjml/misspelled_tag.rs ... ok
[INFO] [stderr] test tests/ui/mjml/unknown_attribute.rs ... ok
[INFO] [stderr] test tests/ui/mjml/unknown_tag.rs ... ok
[INFO] [stderr] test tests/ui/mjml/unsupported_attribute.rs ... ok
[INFO] [stderr] test tests/ui/mjml/unsupported_head.rs ... ok
[INFO] [stderr] test tests/ui/mjml/unsupported_hero_mode.rs ... ok
[INFO] [stderr] test tests/ui/mjml/untrusted_raw.rs ... ok
[INFO] [stderr] test tests/ui/mjml/wrong_child_type.rs ... ok
[INFO] [stderr] test tests/ui/mjml/wrong_dimension_type.rs ... mismatch
[INFO] [stderr] 
[INFO] [stderr] EXPECTED:
[INFO] [stderr] ┈┈┈┈┈┈┈┈┈┈┈┈┈┈┈┈┈┈┈┈┈┈┈┈┈┈┈┈┈┈┈┈┈┈┈┈┈┈┈┈┈┈┈┈┈┈┈┈┈┈┈┈┈┈┈┈┈┈┈┈
[INFO] [stderr] error[E0277]: the trait bound `manteau::prelude::Pixels: From<manteau::prelude::Percentage>` is not satisfied
[INFO] [stderr]  --> tests/ui/mjml/wrong_dimension_type.rs:5:37
[INFO] [stderr]   |
[INFO] [stderr] 5 |   let _ = mjml!(<mj-text font-size={width}>"Hello"</mj-text>);
[INFO] [stderr]   |                          ----       ^^^^^ the trait `From<manteau::prelude::Percentage>` is not implemented for `manteau::prelude::Pixels`
[INFO] [stderr]   |                          |
[INFO] [stderr]   |                          required by a bound introduced by this call
[INFO] [stderr]   |
[INFO] [stderr] help: the trait `From<manteau::prelude::Percentage>` is not implemented for `manteau::prelude::Pixels`
[INFO] [stderr]       but trait `From<u32>` is implemented for it
[INFO] [stderr]  --> $WORKSPACE/manteau-core/src/templating/attributes/measurements.rs
[INFO] [stderr]   |
[INFO] [stderr]   | impl From<u32> for Pixels {
[INFO] [stderr]   | ^^^^^^^^^^^^^^^^^^^^^^^^^
[INFO] [stderr]   = help: for that trait implementation, expected `u32`, found `manteau::prelude::Percentage`
[INFO] [stderr]   = note: required for `manteau::prelude::Percentage` to implement `Into<manteau::prelude::Pixels>`
[INFO] [stderr] note: required by a bound in `manteau::templating::Text::font_size`
[INFO] [stderr]  --> src/templating/text.rs
[INFO] [stderr]   |
[INFO] [stderr]   |   pub fn font_size(mut self, size: impl Into<Pixels>) -> Self {
[INFO] [stderr]   |                                         ^^^^^^^^^^^^ required by this bound in `Text::font_size`
[INFO] [stderr] ┈┈┈┈┈┈┈┈┈┈┈┈┈┈┈┈┈┈┈┈┈┈┈┈┈┈┈┈┈┈┈┈┈┈┈┈┈┈┈┈┈┈┈┈┈┈┈┈┈┈┈┈┈┈┈┈┈┈┈┈
[INFO] [stderr] 
[INFO] [stderr] ACTUAL OUTPUT:
[INFO] [stderr] ┈┈┈┈┈┈┈┈┈┈┈┈┈┈┈┈┈┈┈┈┈┈┈┈┈┈┈┈┈┈┈┈┈┈┈┈┈┈┈┈┈┈┈┈┈┈┈┈┈┈┈┈┈┈┈┈┈┈┈┈
[INFO] [stderr] error[E0277]: the trait bound `manteau::prelude::Pixels: From<manteau::prelude::Percentage>` is not satisfied
[INFO] [stderr]  --> tests/ui/mjml/wrong_dimension_type.rs:5:37
[INFO] [stderr]   |
[INFO] [stderr] 5 |   let _ = mjml!(<mj-text font-size={width}>"Hello"</mj-text>);
[INFO] [stderr]   |                          ----       ^^^^^ the trait `From<manteau::prelude::Percentage>` is not implemented for `manteau::prelude::Pixels`
[INFO] [stderr]   |                          |
[INFO] [stderr]   |                          required by a bound introduced by this call
[INFO] [stderr]   |
[INFO] [stderr] help: the trait `From<manteau::prelude::Percentage>` is not implemented for `manteau::prelude::Pixels`
[INFO] [stderr]       but trait `From<u32>` is implemented for it
[INFO] [stderr]  --> $CARGO/manteau-core-$VERSION/src/templating/attributes/measurements.rs
[INFO] [stderr]   |
[INFO] [stderr]   | impl From<u32> for Pixels {
[INFO] [stderr]   | ^^^^^^^^^^^^^^^^^^^^^^^^^
[INFO] [stderr]   = help: for that trait implementation, expected `u32`, found `manteau::prelude::Percentage`
[INFO] [stderr]   = note: required for `manteau::prelude::Percentage` to implement `Into<manteau::prelude::Pixels>`
[INFO] [stderr] note: required by a bound in `manteau::templating::Text::font_size`
[INFO] [stderr]  --> src/templating/text.rs
[INFO] [stderr]   |
[INFO] [stderr]   | impl Text {
[INFO] [stderr] ...
[INFO] [stderr]   |   pub fn font_size(mut self, size: impl Into<Pixels>) -> Self {
[INFO] [stderr]   |                                         ^^^^^^^^^^^^ required by this bound in `Text::font_size`
[INFO] [stderr] ┈┈┈┈┈┈┈┈┈┈┈┈┈┈┈┈┈┈┈┈┈┈┈┈┈┈┈┈┈┈┈┈┈┈┈┈┈┈┈┈┈┈┈┈┈┈┈┈┈┈┈┈┈┈┈┈┈┈┈┈
[INFO] [stderr] note: If the actual output is the correct output you can bless it by rerunning
[INFO] [stderr]       your test with the environment variable TRYBUILD=overwrite
[INFO] [stderr] 
[INFO] [stderr] test tests/ui/mjml/wrong_url_type.rs ... ok
[INFO] [stderr] 
[INFO] [stderr] 
[INFO] [stderr] error: test failed, to rerun pass `--test mjml_diagnostics`
[INFO] [stdout] test mjml_diagnostics ... FAILED
[INFO] [stdout] 
[INFO] [stdout] failures:
[INFO] [stdout] 
[INFO] [stdout] ---- mjml_diagnostics stdout ----
[INFO] [stdout] 
[INFO] [stdout] thread 'mjml_diagnostics' (4262) panicked at /opt/rustwide/cargo-home/registry/src/index.crates.io-1949cf8c6b5b557f/trybuild-1.0.120/src/run.rs:103:13:
[INFO] [stdout] 1 of 22 tests failed
[INFO] [stdout] stack backtrace:
[INFO] [stdout]    0:     0x5e4808d79ee1 - <<std[617be2ca0a6fd877]::sys::backtrace::BacktraceLock>::print::DisplayBacktrace as core[a373ad73a504971]::fmt::Display>::fmt
[INFO] [stdout]    1:     0x5e4808d901ca - core[a373ad73a504971]::fmt::write
[INFO] [stdout]    2:     0x5e4808d7e72c - <alloc[2e1b2a31b91974c5]::vec::Vec<u8> as core[a373ad73a504971]::io::write::Write>::write_fmt
[INFO] [stdout]    3:     0x5e4808d53346 - std[617be2ca0a6fd877]::panicking::default_hook::{closure#0}
[INFO] [stdout]    4:     0x5e4808d71489 - std[617be2ca0a6fd877]::panicking::default_hook
[INFO] [stdout]    5:     0x5e4808d0aa90 - test[aada8e7e76ba119b]::test_main_inner::{closure#0}
[INFO] [stdout]    6:     0x5e4808d71642 - std[617be2ca0a6fd877]::panicking::panic_with_hook
[INFO] [stdout]    7:     0x5e4808d533f2 - std[617be2ca0a6fd877]::panicking::panic_handler::{closure#0}
[INFO] [stdout]    8:     0x5e4808d4bc49 - std[617be2ca0a6fd877]::sys::backtrace::__rust_end_short_backtrace::<std[617be2ca0a6fd877]::panicking::panic_handler::{closure#0}, !>
[INFO] [stdout]    9:     0x5e4808d53ffd - __rustc[ea4f61d10b84890b]::rust_begin_unwind
[INFO] [stdout]   10:     0x5e4808d9093c - core[a373ad73a504971]::panicking::panic_fmt
[INFO] [stdout]   11:     0x5e4808c5e138 - <trybuild[ff3c737040f24cd2]::Runner>::run
[INFO] [stdout]   12:     0x5e4808c613a0 - <trybuild[ff3c737040f24cd2]::TestCases as core[a373ad73a504971]::ops::drop::Drop>::drop
[INFO] [stdout]   13:     0x5e4808c57a08 - mjml_diagnostics[95f351642438cabf]::mjml_diagnostics
[INFO] [stdout]   14:     0x5e4808c57c09 - <mjml_diagnostics[95f351642438cabf]::mjml_diagnostics::{closure#0} as core[a373ad73a504971]::ops::function::FnOnce<()>>::call_once
[INFO] [stdout]   15:     0x5e4808cfdedb - test[aada8e7e76ba119b]::__rust_begin_short_backtrace::<core[a373ad73a504971]::result::Result<(), alloc[2e1b2a31b91974c5]::string::String>, fn() -> core[a373ad73a504971]::result::Result<(), alloc[2e1b2a31b91974c5]::string::String>>
[INFO] [stdout]   16:     0x5e4808d0b0b5 - test[aada8e7e76ba119b]::run_test::{closure#0}
[INFO] [stdout]   17:     0x5e4808d049a4 - std[617be2ca0a6fd877]::sys::backtrace::__rust_begin_short_backtrace::<test[aada8e7e76ba119b]::run_test::{closure#1}, ()>
[INFO] [stdout]   18:     0x5e4808d0e142 - <std[617be2ca0a6fd877]::thread::lifecycle::spawn_unchecked<test[aada8e7e76ba119b]::run_test::{closure#1}, ()>::{closure#1} as core[a373ad73a504971]::ops::function::FnOnce<()>>::call_once::{shim:vtable#0}
[INFO] [stdout]   19:     0x5e4808d7913f - <std[617be2ca0a6fd877]::sys::thread::unix::Thread>::new::thread_start
[INFO] [stdout]   20:     0x74fd3f796dfa - <unknown>
[INFO] [stdout]   21:     0x74fd3f82a3d4 - clone
[INFO] [stdout]   22:                0x0 - <unknown>
[INFO] [stdout] 
[INFO] [stdout] 
[INFO] [stdout] failures:
[INFO] [stdout]     mjml_diagnostics
[INFO] [stdout] 
[INFO] [stdout] test result: FAILED. 0 passed; 1 failed; 0 ignored; 0 measured; 0 filtered out; finished in 90.83s
[INFO] [stdout] 
[INFO] running `Command { std: "docker" "inspect" "be49bfc22fec8b23706afc728c07b1cfee8191c57642afe4e0f63f4d645a004e", kill_on_drop: false }`
[INFO] running `Command { std: "docker" "rm" "-f" "be49bfc22fec8b23706afc728c07b1cfee8191c57642afe4e0f63f4d645a004e", kill_on_drop: false }`
[INFO] [stdout] be49bfc22fec8b23706afc728c07b1cfee8191c57642afe4e0f63f4d645a004e
