[INFO] fetching crate mant-core 0.6.4...
[INFO] testing mant-core-0.6.4 against 1.100.0-beta.1+cargoflags=--release for beta-release-1.100-2
[INFO] extracting crate mant-core 0.6.4 into /workspace/builds/worker-3-tc2/source
[INFO] started tweaking crates.io crate mant-core 0.6.4
[INFO] finished tweaking crates.io crate mant-core 0.6.4
[INFO] tweaked toml for crates.io crate mant-core 0.6.4 written to /workspace/builds/worker-3-tc2/source/Cargo.toml
[INFO] validating manifest of crates.io crate mant-core 0.6.4 on toolchain 1.100.0-beta.1
[INFO] running `Command { std: CARGO_HOME="/workspace/cargo-home" RUSTUP_HOME="/workspace/rustup-home" "/workspace/cargo-home/bin/cargo" "+1.100.0-beta.1" "metadata" "--manifest-path" "Cargo.toml" "--no-deps", kill_on_drop: false }`
[INFO] crate crates.io crate mant-core 0.6.4 already has a lockfile, it will not be regenerated
[INFO] running `Command { std: CARGO_HOME="/workspace/cargo-home" RUSTUP_HOME="/workspace/rustup-home" "/workspace/cargo-home/bin/cargo" "+1.100.0-beta.1" "fetch" "--manifest-path" "Cargo.toml", kill_on_drop: false }`
[INFO] [stderr] warning: `package.homepage` is redundant with `package.repository`
[INFO] [stderr]   --> Cargo.toml:57:12
[INFO] [stderr]    |
[INFO] [stderr] 57 | homepage = "https://github.com/BryanHeBY/ManT"
[INFO] [stderr]    |            ^^^^^^^^^^^^^^^^^^^^^^^^^^^^^^^^^^^
[INFO] [stderr] ...
[INFO] [stderr] 64 | repository = "https://github.com/BryanHeBY/ManT"
[INFO] [stderr]    |              -----------------------------------
[INFO] [stderr]    |
[INFO] [stderr]    = note: `cargo::redundant_homepage` is set to `warn` by default
[INFO] [stderr] help: consider removing `package.homepage`
[INFO] [stderr] warning: `mant-core` (manifest) generated 1 warning
[INFO] running `Command { std: "docker" "create" "-v" "/var/lib/crater-agent-workspace/builds/worker-3-tc2/source:/opt/rustwide/workdir:ro,Z" "-v" "/var/lib/crater-agent-workspace/builds/worker-3-tc2/target:/opt/rustwide/target:rw,Z" "-v" "/var/lib/crater-agent-workspace/cargo-home:/opt/rustwide/cargo-home:ro,Z" "-v" "/var/lib/crater-agent-workspace/rustup-home:/opt/rustwide/rustup-home:ro,Z" "-m" "1610612736" "--network" "none" "ghcr.io/rust-lang/crates-build-env/linux@sha256:77db811e55d90add9212f6832c23229e3de5f1c1f9905e8cb07319ea15df73ac" "sleep" "infinity", kill_on_drop: false }`
[INFO] [stdout] b69363641d08a1ee54d61cee924b42240c023f0354cbfa1461a3f8bd7dc87b19
[INFO] running `Command { std: "docker" "start" "b69363641d08a1ee54d61cee924b42240c023f0354cbfa1461a3f8bd7dc87b19", kill_on_drop: false }`
[INFO] running `Command { std: "docker" "inspect" "b69363641d08a1ee54d61cee924b42240c023f0354cbfa1461a3f8bd7dc87b19", kill_on_drop: false }`
[INFO] running `Command { std: "docker" "exec" "-e" "SOURCE_DIR=/opt/rustwide/workdir" "-e" "CARGO_HOME=/opt/rustwide/cargo-home" "-e" "RUSTUP_HOME=/opt/rustwide/rustup-home" "-e" "CARGO_TARGET_DIR=/opt/rustwide/target" "-w" "/opt/rustwide/workdir" "--user" "0:0" "b69363641d08a1ee54d61cee924b42240c023f0354cbfa1461a3f8bd7dc87b19" "/opt/rustwide/cargo-home/bin/cargo" "+1.100.0-beta.1" "metadata" "--no-deps" "--format-version=1", kill_on_drop: false }`
[INFO] running `Command { std: "docker" "inspect" "b69363641d08a1ee54d61cee924b42240c023f0354cbfa1461a3f8bd7dc87b19", kill_on_drop: false }`
[INFO] running `Command { std: "docker" "exec" "-e" "SOURCE_DIR=/opt/rustwide/workdir" "-e" "CARGO_HOME=/opt/rustwide/cargo-home" "-e" "RUSTUP_HOME=/opt/rustwide/rustup-home" "-e" "CARGO_TARGET_DIR=/opt/rustwide/target" "-e" "CARGO_INCREMENTAL=0" "-e" "RUST_BACKTRACE=full" "-e" "RUSTFLAGS=--cap-lints=warn" "-e" "RUSTDOCFLAGS=--cap-lints=warn" "-w" "/opt/rustwide/workdir" "--user" "0:0" "b69363641d08a1ee54d61cee924b42240c023f0354cbfa1461a3f8bd7dc87b19" "/opt/rustwide/cargo-home/bin/cargo" "+1.100.0-beta.1" "build" "--frozen" "--message-format=json" "--release", kill_on_drop: false }`
[INFO] [stderr] warning: `package.homepage` is redundant with `package.repository`
[INFO] [stderr]   --> Cargo.toml:57:12
[INFO] [stderr]    |
[INFO] [stderr] 57 | homepage = "https://github.com/BryanHeBY/ManT"
[INFO] [stderr]    |            ^^^^^^^^^^^^^^^^^^^^^^^^^^^^^^^^^^^
[INFO] [stderr] ...
[INFO] [stderr] 64 | repository = "https://github.com/BryanHeBY/ManT"
[INFO] [stderr]    |              -----------------------------------
[INFO] [stderr]    |
[INFO] [stderr]    = note: `cargo::redundant_homepage` is set to `warn` by default
[INFO] [stderr] help: consider removing `package.homepage`
[INFO] [stderr] warning: `mant-core` (manifest) generated 1 warning
[INFO] [stderr]    Compiling serde_json v1.0.151
[INFO] [stderr]    Compiling ref-cast v1.0.26
[INFO] [stderr]    Compiling regex-automata v0.4.18
[INFO] [stderr]    Compiling miniz_oxide v0.8.9
[INFO] [stderr]    Compiling pulldown-cmark v0.13.4
[INFO] [stderr]    Compiling grep-matcher v0.1.9
[INFO] [stderr]    Compiling bitflags v2.13.1
[INFO] [stderr]    Compiling jobserver v0.1.35
[INFO] [stderr]    Compiling ref-cast-impl v1.0.26
[INFO] [stderr]    Compiling serde_derive_internals v0.30.0
[INFO] [stderr]    Compiling toml v1.1.4+spec-1.1.0
[INFO] [stderr]    Compiling cc v1.4.2
[INFO] [stderr]    Compiling schemars_derive v1.2.2
[INFO] [stderr]    Compiling flate2 v1.1.9
[INFO] [stderr]    Compiling zstd-sys v2.0.16+zstd.1.5.7
[INFO] [stderr]    Compiling libmandoc-rs v0.6.4
[INFO] [stderr]    Compiling mant-sources v0.6.4
[INFO] [stderr]    Compiling schemars v1.2.2
[INFO] [stderr]    Compiling mant-ast v0.6.4
[INFO] [stderr]    Compiling bstr v1.13.1
[INFO] [stderr]    Compiling grep-regex v0.1.14
[INFO] [stderr]    Compiling zstd-safe v7.2.4
[INFO] [stderr]    Compiling zstd v0.13.3
[INFO] [stderr]    Compiling mant-core v0.6.4 (/opt/rustwide/workdir)
[INFO] [stderr]     Finished `release` profile [optimized] target(s) in 1m 05s
[INFO] running `Command { std: "docker" "inspect" "b69363641d08a1ee54d61cee924b42240c023f0354cbfa1461a3f8bd7dc87b19", kill_on_drop: false }`
[INFO] running `Command { std: "docker" "exec" "-e" "SOURCE_DIR=/opt/rustwide/workdir" "-e" "CARGO_HOME=/opt/rustwide/cargo-home" "-e" "RUSTUP_HOME=/opt/rustwide/rustup-home" "-e" "CARGO_TARGET_DIR=/opt/rustwide/target" "-e" "CARGO_INCREMENTAL=0" "-e" "RUST_BACKTRACE=full" "-e" "RUSTFLAGS=--cap-lints=warn" "-e" "RUSTDOCFLAGS=--cap-lints=warn" "-w" "/opt/rustwide/workdir" "--user" "0:0" "b69363641d08a1ee54d61cee924b42240c023f0354cbfa1461a3f8bd7dc87b19" "/opt/rustwide/cargo-home/bin/cargo" "+1.100.0-beta.1" "test" "--frozen" "--no-run" "--message-format=json" "--release", kill_on_drop: false }`
[INFO] [stderr] warning: `package.homepage` is redundant with `package.repository`
[INFO] [stderr]   --> Cargo.toml:57:12
[INFO] [stderr]    |
[INFO] [stderr] 57 | homepage = "https://github.com/BryanHeBY/ManT"
[INFO] [stderr]    |            ^^^^^^^^^^^^^^^^^^^^^^^^^^^^^^^^^^^
[INFO] [stderr] ...
[INFO] [stderr] 64 | repository = "https://github.com/BryanHeBY/ManT"
[INFO] [stderr]    |              -----------------------------------
[INFO] [stderr]    |
[INFO] [stderr]    = note: `cargo::redundant_homepage` is set to `warn` by default
[INFO] [stderr] help: consider removing `package.homepage`
[INFO] [stderr] warning: `mant-core` (manifest) generated 1 warning
[INFO] [stderr]    Compiling mant-core v0.6.4 (/opt/rustwide/workdir)
[INFO] [stderr]     Finished `release` profile [optimized] target(s) in 17.72s
[INFO] running `Command { std: "docker" "inspect" "b69363641d08a1ee54d61cee924b42240c023f0354cbfa1461a3f8bd7dc87b19", kill_on_drop: false }`
[INFO] running `Command { std: "docker" "exec" "-e" "SOURCE_DIR=/opt/rustwide/workdir" "-e" "CARGO_HOME=/opt/rustwide/cargo-home" "-e" "RUSTUP_HOME=/opt/rustwide/rustup-home" "-e" "CARGO_TARGET_DIR=/opt/rustwide/target" "-e" "CARGO_INCREMENTAL=0" "-e" "RUST_BACKTRACE=full" "-e" "RUSTFLAGS=--cap-lints=warn" "-e" "RUSTDOCFLAGS=--cap-lints=warn" "-w" "/opt/rustwide/workdir" "--user" "0:0" "b69363641d08a1ee54d61cee924b42240c023f0354cbfa1461a3f8bd7dc87b19" "/opt/rustwide/cargo-home/bin/cargo" "+1.100.0-beta.1" "test" "--frozen" "--release", kill_on_drop: false }`
[INFO] [stderr] warning: `package.homepage` is redundant with `package.repository`
[INFO] [stderr]   --> Cargo.toml:57:12
[INFO] [stderr]    |
[INFO] [stderr] 57 | homepage = "https://github.com/BryanHeBY/ManT"
[INFO] [stderr]    |            ^^^^^^^^^^^^^^^^^^^^^^^^^^^^^^^^^^^
[INFO] [stderr] ...
[INFO] [stderr] 64 | repository = "https://github.com/BryanHeBY/ManT"
[INFO] [stderr]    |              -----------------------------------
[INFO] [stderr]    |
[INFO] [stderr]    = note: `cargo::redundant_homepage` is set to `warn` by default
[INFO] [stderr] help: consider removing `package.homepage`
[INFO] [stderr] warning: `mant-core` (manifest) generated 1 warning
[INFO] [stderr]     Finished `release` profile [optimized] target(s) in 0.07s
[INFO] [stderr]      Running unittests src/lib.rs (/opt/rustwide/target/release/build/mant-core/323fd447b2bf156b/out/mant_core-323fd447b2bf156b)
[INFO] [stdout] 
[INFO] [stdout] running 185 tests
[INFO] [stdout] test executable::tests::windows_candidates_do_not_expand_an_explicit_suffix ... ok
[INFO] [stdout] test mandoc::blocks::tests::only_single_glyph_definition_terms_are_ip_bullets ... ok
[INFO] [stdout] test mandoc::blocks::tests::short_terms_hang_inline_but_long_ones_do_not ... ok
[INFO] [stdout] test mandoc::inline::tests::consumes_groff_colour_and_size_state_around_visible_text ... ok
[INFO] [stdout] test mandoc::inline::tests::decodes_fonts_hyphens_and_renderer_links ... ok
[INFO] [stdout] test executable::tests::non_windows_queries_never_elide_executable_suffixes ... ok
[INFO] [stdout] test executable::tests::windows_candidates_keep_exact_names_before_pathext_order ... ok
[INFO] [stdout] test executable::tests::windows_candidates_normalise_and_deduplicate_extensions ... ok
[INFO] [stdout] test catalog::tests::merges_both_namespaces_without_hiding_manual_sections ... ok
[INFO] [stdout] test mandoc::layout::tests::converts_mandoc_vertical_units_to_terminal_rows ... ok
[INFO] [stdout] test mandoc::roff_escape::tests::consumes_every_supported_argument_shape_as_typed_presentation_state ... ok
[INFO] [stdout] test mandoc::roff_escape::tests::normalizes_internal_markers_and_known_zero_width_controls ... ok
[INFO] [stdout] test executable::tests::windows_candidates_use_the_native_default_when_pathext_is_absent ... ok
[INFO] [stdout] test mandoc::roff_escape::tests::preserves_roff_reverse_solidus_characters_in_windows_paths ... ok
[INFO] [stdout] test mandoc::roff_escape::tests::malformed_and_undefined_escapes_are_bounded_and_predictable ... ok
[INFO] [stdout] test mandoc::inline::tests::removes_redundant_escaped_font_requests_only_inside_the_same_font ... ok
[INFO] [stdout] test mandoc::layout::tests::converts_horizontal_roff_widths_to_terminal_columns ... ok
[INFO] [stdout] test mandoc::layout::tests::explicit_vertical_space_owns_the_following_gap ... ok
[INFO] [stdout] test mandoc::layout::tests::normalizes_display_offsets_and_layout_hints ... ok
[INFO] [stdout] test mandoc::roff_escape::tests::masks_terminal_controls_in_source_and_undefined_escapes ... ok
[INFO] [stdout] test mandoc::roff_escape::tests::emits_text_font_and_renderer_link_events ... ok
[INFO] [stdout] test mandoc::source::tests::decodes_gzip_and_zstd_before_calling_libmandoc ... ok
[INFO] [stdout] test mandoc::source::tests::embedded_so_requests_fail_instead_of_silently_losing_content ... ok
[INFO] [stdout] test definitions::tests::extracts_aliases_without_argument_placeholders ... ok
[INFO] [stdout] test definitions::tests::normalizes_hanging_option_layout_before_assigning_identity ... ok
[INFO] [stdout] test mandoc::inline::tests::removes_roff_layout_escapes_without_hiding_literal_punctuation ... ok
[INFO] [stdout] test mandoc::tests::degrades_unresolved_mdoc_section_references_to_text ... ok
[INFO] [stdout] test mandoc::source::tests::redirect_chains_reject_cycles_and_parent_paths ... ok
[INFO] [stdout] test mandoc::source::tests::indexed_pages_expand_redirects_against_their_explicit_root ... ok
[INFO] [stdout] test catalog::tests::keeps_shadowed_markdown_candidates_in_fallback_order ... ok
[INFO] [stdout] test mandoc::source::tests::leaf_symlinks_are_allowed_but_redirects_cannot_escape_the_manual_root ... ok
[INFO] [stdout] test mandoc::tests::lowers_normalized_ordered_lists_and_literal_displays ... ok
[INFO] [stdout] test mandoc::tests::does_not_duplicate_explicit_space_before_a_transparent_indent ... ok
[INFO] [stdout] test mandoc::tests::lets_explicit_fonts_override_an_alternating_macro_default ... ok
[INFO] [stdout] test mandoc::source::tests::redirect_chains_find_compressed_targets_under_the_manual_root ... ok
[INFO] [stdout] test mandoc::source::tests::external_leaf_redirects_resolve_from_the_logical_collection_path ... ok
[INFO] [stdout] test mandoc::source::tests::redirect_depth_is_bounded_before_loading_another_target ... ok
[INFO] [stdout] test mandoc::tests::distinguishes_filled_source_wrapping_from_indented_output_lines ... ok
[INFO] [stdout] test mandoc::diagnostics::tests::preserves_each_finding_and_classifies_known_levels ... ok
[INFO] [stdout] test mandoc::tests::mdoc_definition_layout_uses_the_normalized_list_width ... ok
[INFO] [stdout] test mandoc::tests::lowers_man_sections_fonts_definitions_and_literal_blocks ... ok
[INFO] [stdout] test mandoc::tests::preserves_man_paragraph_and_heading_distance_as_one_layout_model ... ok
[INFO] [stdout] test markdown::container::tests::does_not_accept_the_obsolete_fenced_container ... ok
[INFO] [stdout] test markdown::container::tests::boundary_comments_are_not_visible_commonmark_text ... ok
[INFO] [stdout] test mandoc::tests::lowers_the_pinned_large_mdoc_fixture_without_empty_sections ... FAILED
[INFO] [stdout] test mandoc::tests::lowers_indented_aliases_without_roff_layout_arguments ... ok
[INFO] [stdout] test mandoc::tests::preserves_man_paragraph_distance_between_indented_paragraphs ... ok
[INFO] [stdout] test markdown::container::tests::extracts_only_a_leading_directive_and_preserves_source_coordinates ... ok
[INFO] [stdout] test markdown::container::tests::leaves_later_directives_as_ordinary_markdown ... ok
[INFO] [stdout] test mandoc::source::tests::redirect_chain_reads_against_the_remaining_total_budget ... ok
[INFO] [stdout] test mandoc::tests::masks_terminal_controls_before_native_parsing ... ok
[INFO] [stdout] test markdown::container::tests::reports_an_unterminated_leading_directive ... ok
[INFO] [stdout] test markdown::source::tests::detects_a_blank_line_after_a_multibyte_character ... ok
[INFO] [stdout] test mandoc::tests::separates_definition_layout_arguments_from_visible_terms ... ok
[INFO] [stdout] test markdown::source::tests::reports_no_blank_line_for_directly_adjacent_lines ... ok
[INFO] [stdout] test markdown::options::tests::leaves_mixed_lists_unchanged ... ok
[INFO] [stdout] test markdown::options::tests::moves_trailing_description_blocks_into_the_definition ... ok
[INFO] [stdout] test mandoc::tests::preserves_mdoc_paragraph_and_heading_distance ... ok
[INFO] [stdout] test markdown::tests::a_heading_slug_colliding_with_a_disambiguated_duplicate_stays_unique ... ok
[INFO] [stdout] test markdown::tests::declared_entry_description_requires_a_leading_paragraph_delimiter ... ok
[INFO] [stdout] test markdown::tests::a_leading_byte_order_mark_hides_neither_the_directive_nor_the_title ... ok
[INFO] [stdout] test markdown::tests::declared_dotted_dash_options_preserve_their_exact_names ... ok
[INFO] [stdout] test markdown::tests::declared_case_policy_preserves_distinct_sensitive_aliases ... ok
[INFO] [stdout] test mandoc::tests::preserves_man_synopsis_flow_and_alternating_fonts ... ok
[INFO] [stdout] test markdown::tests::declared_entries_cover_windows_options_commands_and_environment_variables ... ok
[INFO] [stdout] test markdown::tests::a_reference_to_a_duplicated_heading_resolves_to_the_first_section ... ok
[INFO] [stdout] test mandoc::tests::suppresses_pod_font_requests_around_verbatim_blocks ... ok
[INFO] [stdout] test markdown::tests::declared_entry_grammar_accepts_blank_lines_delimiters_and_colon_conventions ... ok
[INFO] [stdout] test mandoc::tests::turns_captured_parser_findings_into_structured_diagnostics ... ok
[INFO] [stdout] test markdown::options::tests::converts_only_complete_explicit_option_lists ... ok
[INFO] [stdout] test markdown::tests::declared_fixed_attached_values_keep_their_official_identity ... ok
[INFO] [stdout] test markdown::tests::lowers_root_content_headings_inlines_lists_tables_and_code ... ok
[INFO] [stdout] test mandoc::tests::resolves_mdoc_section_references_and_explicit_targets ... ok
[INFO] [stdout] test markdown::tests::preserves_unsupported_constructs_as_exact_source_with_diagnostics ... ok
[INFO] [stdout] test markdown::tests::leaves_an_ordinary_tldr_heading_in_the_manual ... ok
[INFO] [stdout] test markdown::tests::rejected_declared_entries_report_each_term_reason_and_item_location ... ok
[INFO] [stdout] test markdown::tests::separates_a_leading_tldr_directive_from_the_document_ast ... ok
[INFO] [stdout] test mandoc::tests::lowers_mdoc_semantic_inline_nodes_and_nested_sections ... ok
[INFO] [stdout] test markdown::tests::declared_entry_directive_does_not_skip_an_intervening_construct ... ok
[INFO] [stdout] test markdown::tests::reserved_selectors_never_shadow_section_ids ... ok
[INFO] [stdout] test markdown::tests::exact_aliases_win_before_normalized_option_shorthands ... ok
[INFO] [stdout] test markdown::tests::terminal_control_characters_are_masked_with_a_diagnostic ... ok
[INFO] [stdout] test markdown::tests::declared_variables_keep_shell_and_powershell_automatic_names ... ok
[INFO] [stdout] test markdown::tests::explicit_heading_ids_cannot_shadow_paths_and_remain_link_targets ... ok
[INFO] [stdout] test markdown::tests::declared_option_entries_cover_windows_native_token_families ... ok
[INFO] [stdout] test output::markdown::tests::preserves_inline_lists_definitions_and_nested_headings ... ok
[INFO] [stdout] test output::markdown::tests::protects_paragraph_lines_from_accidental_block_syntax ... ok
[INFO] [stdout] test output::markdown::tests::chooses_safe_fences_and_preserves_native_table_and_equation_content ... ok
[INFO] [stdout] test mandoc::tests::lowers_tbl_and_eqn_payloads_into_structured_blocks ... ok
[INFO] [stdout] test markdown::tests::the_same_alias_in_different_roles_is_ambiguous ... ok
[INFO] [stdout] test output::markdown::tests::renders_tldr_before_manual_and_resolves_placeholders ... ok
[INFO] [stdout] test output::json::tests::update_json_omits_absent_provider_fields ... ok
[INFO] [stdout] test output::markdown::tests::renders_the_shared_query_contract_without_leaking_json ... FAILED
[INFO] [stdout] test output::markdown::tests::renders_and_selects_content_before_the_first_heading ... ok
[INFO] [stdout] test output::markdown::tests::renders_selectable_outline_paths_and_excerpt_breadcrumbs ... ok
[INFO] [stdout] test markdown::tests::exact_entry_id_takes_precedence_over_another_entry_alias ... ok
[INFO] [stdout] test markdown::tests::duplicate_entry_aliases_require_a_stable_path_or_id ... ok
[INFO] [stdout] test markdown::tests::turns_explicit_option_lists_into_addressable_definitions ... ok
[INFO] [stdout] test markdown::tests::variable_declarations_reject_environment_provider_names_per_item ... ok
[INFO] [stdout] test mandoc::source::tests::manual_reads_are_bounded_without_trusting_reader_metadata ... ok
[INFO] [stdout] test output::markdown::tests::keeps_adjacent_bold_and_italic_runs_unambiguous_in_commonmark ... ok
[INFO] [stdout] test projection::tests::addresses_document_content_before_the_first_heading_as_root ... ok
[INFO] [stdout] test markdown::tests::normalized_shorthand_collisions_are_reported_before_selection ... ok
[INFO] [stdout] test output::markdown::tests::serializes_a_large_source_lowered_document ... FAILED
[INFO] [stdout] test output::search::tests::search_reports_are_human_readable_but_keep_machine_node_paths ... ok
[INFO] [stdout] test output::text::tests::inline_definition_descriptions_are_tight_against_their_terms ... ok
[INFO] [stdout] test markdown::tests::malformed_declared_entry_lists_remain_visible_and_report_the_list_location ... ok
[INFO] [stdout] test output::json::tests::compact_and_pretty_query_output_share_the_same_contract ... ok
[INFO] [stdout] test output::text::tests::man_format_renders_the_manual_but_omits_the_prepended_tldr ... ok
[INFO] [stdout] test output::text::tests::man_format_keeps_inline_definitions_tight ... ok
[INFO] [stdout] test output::text::tests::renders_plain_queries_without_markup_and_uses_resolved_manual_sections ... ok
[INFO] [stdout] test output::text::tests::renders_tldr_as_zero_in_outlines_and_standalone_excerpts ... ok
[INFO] [stdout] test output::text::tests::man_format_does_not_invent_a_document_for_tldr_only_queries ... ok
[INFO] [stdout] test output::text::tests::vertical_space_sets_the_gap_instead_of_stacking_blank_lines ... ok
[INFO] [stdout] test projection::tests::prepends_tldr_as_zero_without_renumbering_manual_sections ... ok
[INFO] [stdout] test query::tests::capped_io_read_preserves_the_underlying_error_kind ... ok
[INFO] [stdout] test projection::tests::builds_one_based_tree_paths_without_copying_blocks ... ok
[INFO] [stdout] test projection::tests::child_selection_retains_ancestor_breadcrumbs ... ok
[INFO] [stdout] test query::tests::malformed_leading_tldr_directives_report_the_source_path ... ok
[INFO] [stdout] test projection::tests::selects_tldr_by_zero_or_id_and_supports_tldr_only_outlines ... ok
[INFO] [stdout] test query::tests::leading_tldr_directives_are_independent_from_the_markdown_document ... ok
[INFO] [stdout] test projection::tests::selects_paths_or_ids_in_source_order_and_suppresses_descendant_duplicates ... ok
[INFO] [stdout] test output::text::tests::renders_copyable_outline_trees_and_contextual_excerpts ... ok
[INFO] [stdout] test query::tests::exact_names_win_before_windows_suffix_fallback ... ok
[INFO] [stdout] test query::tests::manual_only_failure_is_not_hidden_by_tldr ... ok
[INFO] [stdout] test query::tests::readable_best_effort_document_survives_parser_findings ... ok
[INFO] [stdout] test query::tests::ordinary_manual_uses_the_native_parser ... ok
[INFO] [stdout] test projection::tests::reports_missing_content_and_unknown_or_empty_selectors ... ok
[INFO] [stdout] test query::tests::explicit_source_reads_only_registered_markdown ... ok
[INFO] [stdout] test query::tests::in_memory_markdown_is_available_without_a_protocol_content_field ... ok
[INFO] [stdout] test query::tests::registered_markdown_shadows_an_unqualified_manual_name ... ok
[INFO] [stdout] test query::tests::cached_tldr_survives_total_manual_failure ... ok
[INFO] [stdout] test query::tests::requested_section_backfills_metadata_the_parser_left_empty ... ok
[INFO] [stdout] test query::tests::requested_section_failure_is_not_hidden_by_tldr ... ok
[INFO] [stdout] test query::tests::windows_suffix_fallback_can_resolve_registered_markdown ... ok
[INFO] [stdout] test query::tests::validates_before_touching_host_state ... ok
[INFO] [stdout] test query::tests::truncated_unsupported_document_is_an_error_by_default ... ok
[INFO] [stdout] test query::tests::windows_suffix_fallback_can_resolve_a_native_manual ... ok
[INFO] [stdout] test search::tests::regex_case_and_pagination_are_reported_without_losing_global_ordinals ... ok
[INFO] [stdout] test query::tests::reports_both_manual_paths_when_no_content_exists ... ok
[INFO] [stdout] test source::tests::explicit_manpath_overrides_conventions_and_empty_components_restore_them ... ok
[INFO] [stdout] test query::tests::capped_read_accepts_input_up_to_the_limit ... ok
[INFO] [stdout] test query::tests::capped_read_rejects_input_past_the_limit_without_buffering_it_whole ... ok
[INFO] [stdout] test search::tests::regexes_that_match_empty_text_are_rejected ... ok
[INFO] [stdout] test query::tests::capped_read_rejects_non_utf8_input ... ok
[INFO] [stdout] test query::tests::complete_direct_document_survives_an_unsupported_finding ... ok
[INFO] [stdout] test query::tests::markdown_files_bypass_manual_and_tldr_sources ... ok
[INFO] [stdout] test text_safety::tests::masks_controls_without_changing_source_offsets ... ok
[INFO] [stdout] test search::tests::visible_search_maps_inline_formatting_to_markdown_and_option_nodes ... ok
[INFO] [stdout] test search::tests::root_content_search_resolves_to_an_addressable_document_root ... ok
[INFO] [stdout] test search::tests::semantic_entry_ownership_ends_before_a_following_section_paragraph ... ok
[INFO] [stdout] test source::tests::invalid_requests_fail_before_lookup ... ok
[INFO] [stdout] test tests::exposes_the_ast_contract_version ... ok
[INFO] [stdout] test source::tests::locale_names_drop_encodings_modifiers_and_language_fallbacks ... ok
[INFO] [stdout] test source::tests::relative_manual_roots_are_resolved_for_stable_catalog_paths ... ok
[INFO] [stdout] test tldr::cache::tests::reads_pages_dot_en_layout_after_repository_layout ... ok
[INFO] [stdout] test search::tests::embedded_tldr_and_markdown_body_keep_distinct_search_owners ... ok
[INFO] [stdout] test source::tests::indexes_leaf_file_symlinks_without_traversing_linked_directories ... ok
[INFO] [stdout] test tldr::parser::tests::accepts_inline_examples_and_flattens_description_markup ... ok
[INFO] [stdout] test source::tests::indexes_supported_sources_and_resolves_sections_without_man ... ok
[INFO] [stdout] test tldr::parser::tests::commonmark_soft_breaks_do_not_become_rendered_line_breaks ... ok
[INFO] [stdout] test tldr::cache::tests::explicit_cache_is_independent_from_an_installed_client ... ok
[INFO] [stdout] test tldr::parser::tests::masks_terminal_control_characters_before_parsing ... ok
[INFO] [stdout] test tldr::parser::tests::retains_an_example_description_when_its_command_is_missing ... ok
[INFO] [stdout] test tldr::update::tests::clones_transactionally_then_reports_revision ... ok
[INFO] [stdout] test tldr::update::tests::explicit_checkout_updates_without_using_installed_client ... ok
[INFO] [stdout] test tldr::update::tests::installed_client_failure_uses_its_diagnostic ... ok
[INFO] [stdout] test tldr::update::tests::installed_client_owns_its_update ... ok
[INFO] [stdout] test tldr::update::tests::preserves_clone_failure_even_when_cleanup_fails ... ok
[INFO] [stdout] test tldr::cache::tests::windows_uses_local_application_data_for_private_and_client_caches ... ok
[INFO] [stdout] test tldr::update::tests::rejects_an_existing_non_checkout_before_running_git ... ok
[INFO] [stdout] test tldr::parser::tests::preserves_escaped_braces_and_unicode_text ... ok
[INFO] [stdout] test tldr::parser::tests::rejects_a_page_without_a_command_heading ... ok
[INFO] [stdout] test source::tests::root_and_locale_precedence_are_deterministic ... ok
[INFO] [stdout] test tldr::cache::tests::host_platform_precedes_a_translated_common_page ... ok
[INFO] [stdout] test tldr::cache::tests::installed_client_miss_falls_back_to_mant_private_cache ... ok
[INFO] [stdout] test tldr::cache::tests::normalizes_topic_locale_and_platform_priority ... ok
[INFO] [stdout] test tldr::cache::tests::only_single_ordinary_components_are_safe_page_names ... ok
[INFO] [stdout] test tldr::cache::tests::reads_homebrew_c_client_and_node_client_cache_layouts_on_macos ... ok
[INFO] [stdout] test tldr::cache::tests::refuses_topics_that_escape_the_platform_page_directory ... ok
[INFO] [stdout] test tldr::cache::tests::resolves_mant_and_installed_client_cache_conventions ... ok
[INFO] [stdout] test tldr::parser::tests::parses_examples_markup_and_long_option_placeholders ... ok
[INFO] [stdout] test query::tests::manual_only_bypasses_registered_markdown ... ok
[INFO] [stdout] test text_safety::tests::masks_control_bytes_before_native_parsing ... ok
[INFO] [stdout] test tldr::cache::tests::system_reader_reads_ordinary_pages_and_rejects_oversized_ones ... ok
[INFO] [stdout] 
[INFO] [stdout] failures:
[INFO] [stdout] 
[INFO] [stdout] ---- mandoc::tests::lowers_the_pinned_large_mdoc_fixture_without_empty_sections stdout ----
[INFO] [stdout] 
[INFO] [stdout] thread 'mandoc::tests::lowers_the_pinned_large_mdoc_fixture_without_empty_sections' (1100) panicked at src/mandoc/mod.rs:848:53:
[INFO] [stdout] lower vendored mandoc manual: Read { path: "/opt/rustwide/workdir/../libmandoc-rs/vendor/mandoc-1.14.6/mandoc.1", message: "No such file or directory (os error 2)" }
[INFO] [stdout] stack backtrace:
[INFO] [stdout]    0:     0x5fa2d5a3f761 - <<std[617be2ca0a6fd877]::sys::backtrace::BacktraceLock>::print::DisplayBacktrace as core[a373ad73a504971]::fmt::Display>::fmt
[INFO] [stdout]    1:     0x5fa2d5a5657a - core[a373ad73a504971]::fmt::write
[INFO] [stdout]    2:     0x5fa2d5a43d2c - <alloc[2e1b2a31b91974c5]::vec::Vec<u8> as core[a373ad73a504971]::io::write::Write>::write_fmt
[INFO] [stdout]    3:     0x5fa2d5a19456 - std[617be2ca0a6fd877]::panicking::default_hook::{closure#0}
[INFO] [stdout]    4:     0x5fa2d5a36ca9 - std[617be2ca0a6fd877]::panicking::default_hook
[INFO] [stdout]    5:     0x5fa2d57e7d60 - test[aada8e7e76ba119b]::test_main_inner::{closure#0}
[INFO] [stdout]    6:     0x5fa2d5a36e62 - std[617be2ca0a6fd877]::panicking::panic_with_hook
[INFO] [stdout]    7:     0x5fa2d5a19502 - std[617be2ca0a6fd877]::panicking::panic_handler::{closure#0}
[INFO] [stdout]    8:     0x5fa2d5a11e69 - std[617be2ca0a6fd877]::sys::backtrace::__rust_end_short_backtrace::<std[617be2ca0a6fd877]::panicking::panic_handler::{closure#0}, !>
[INFO] [stdout]    9:     0x5fa2d5a1a1fd - __rustc[ea4f61d10b84890b]::rust_begin_unwind
[INFO] [stdout]   10:     0x5fa2d5a56d5c - core[a373ad73a504971]::panicking::panic_fmt
[INFO] [stdout]   11:     0x5fa2d5a56b32 - core[a373ad73a504971]::result::unwrap_failed
[INFO] [stdout]   12:     0x5fa2d56cb296 - <mant_core[dbab913fc328256d]::mandoc::tests::lowers_the_pinned_large_mdoc_fixture_without_empty_sections::{closure#0} as core[a373ad73a504971]::ops::function::FnOnce<()>>::call_once
[INFO] [stdout]   13:     0x5fa2d57db1ab - test[aada8e7e76ba119b]::__rust_begin_short_backtrace::<core[a373ad73a504971]::result::Result<(), alloc[2e1b2a31b91974c5]::string::String>, fn() -> core[a373ad73a504971]::result::Result<(), alloc[2e1b2a31b91974c5]::string::String>>
[INFO] [stdout]   14:     0x5fa2d57e8385 - test[aada8e7e76ba119b]::run_test::{closure#0}
[INFO] [stdout]   15:     0x5fa2d57e1c74 - std[617be2ca0a6fd877]::sys::backtrace::__rust_begin_short_backtrace::<test[aada8e7e76ba119b]::run_test::{closure#1}, ()>
[INFO] [stdout]   16:     0x5fa2d57eb412 - <std[617be2ca0a6fd877]::thread::lifecycle::spawn_unchecked<test[aada8e7e76ba119b]::run_test::{closure#1}, ()>::{closure#1} as core[a373ad73a504971]::ops::function::FnOnce<()>>::call_once::{shim:vtable#0}
[INFO] [stdout]   17:     0x5fa2d5a3ea7f - <std[617be2ca0a6fd877]::sys::thread::unix::Thread>::new::thread_start
[INFO] [stdout]   18:     0x75612176bdfa - <unknown>
[INFO] [stdout]   19:     0x7561217ff3d4 - clone
[INFO] [stdout]   20:                0x0 - <unknown>
[INFO] [stdout] 
[INFO] [stdout] ---- output::markdown::tests::renders_the_shared_query_contract_without_leaking_json stdout ----
[INFO] [stdout] 
[INFO] [stdout] thread 'output::markdown::tests::renders_the_shared_query_contract_without_leaking_json' (1157) panicked at src/output/markdown/tests.rs:372:64:
[INFO] [stdout] shared query fixture: Os { code: 2, kind: NotFound, message: "No such file or directory" }
[INFO] [stdout] stack backtrace:
[INFO] [stdout]    0:     0x5fa2d5a3f761 - <<std[617be2ca0a6fd877]::sys::backtrace::BacktraceLock>::print::DisplayBacktrace as core[a373ad73a504971]::fmt::Display>::fmt
[INFO] [stdout]    1:     0x5fa2d5a5657a - core[a373ad73a504971]::fmt::write
[INFO] [stdout]    2:     0x5fa2d5a43d2c - <alloc[2e1b2a31b91974c5]::vec::Vec<u8> as core[a373ad73a504971]::io::write::Write>::write_fmt
[INFO] [stdout]    3:     0x5fa2d5a19456 - std[617be2ca0a6fd877]::panicking::default_hook::{closure#0}
[INFO] [stdout]    4:     0x5fa2d5a36ca9 - std[617be2ca0a6fd877]::panicking::default_hook
[INFO] [stdout]    5:     0x5fa2d57e7d60 - test[aada8e7e76ba119b]::test_main_inner::{closure#0}
[INFO] [stdout]    6:     0x5fa2d5a36e62 - std[617be2ca0a6fd877]::panicking::panic_with_hook
[INFO] [stdout]    7:     0x5fa2d5a19502 - std[617be2ca0a6fd877]::panicking::panic_handler::{closure#0}
[INFO] [stdout]    8:     0x5fa2d5a11e69 - std[617be2ca0a6fd877]::sys::backtrace::__rust_end_short_backtrace::<std[617be2ca0a6fd877]::panicking::panic_handler::{closure#0}, !>
[INFO] [stdout]    9:     0x5fa2d5a1a1fd - __rustc[ea4f61d10b84890b]::rust_begin_unwind
[INFO] [stdout]   10:     0x5fa2d5a56d5c - core[a373ad73a504971]::panicking::panic_fmt
[INFO] [stdout]   11:     0x5fa2d5a56b32 - core[a373ad73a504971]::result::unwrap_failed
[INFO] [stdout]   12:     0x5fa2d5730077 - <mant_core[dbab913fc328256d]::output::markdown::tests::renders_the_shared_query_contract_without_leaking_json::{closure#0} as core[a373ad73a504971]::ops::function::FnOnce<()>>::call_once
[INFO] [stdout]   13:     0x5fa2d57db1ab - test[aada8e7e76ba119b]::__rust_begin_short_backtrace::<core[a373ad73a504971]::result::Result<(), alloc[2e1b2a31b91974c5]::string::String>, fn() -> core[a373ad73a504971]::result::Result<(), alloc[2e1b2a31b91974c5]::string::String>>
[INFO] [stdout]   14:     0x5fa2d57e8385 - test[aada8e7e76ba119b]::run_test::{closure#0}
[INFO] [stdout]   15:     0x5fa2d57e1c74 - std[617be2ca0a6fd877]::sys::backtrace::__rust_begin_short_backtrace::<test[aada8e7e76ba119b]::run_test::{closure#1}, ()>
[INFO] [stdout]   16:     0x5fa2d57eb412 - <std[617be2ca0a6fd877]::thread::lifecycle::spawn_unchecked<test[aada8e7e76ba119b]::run_test::{closure#1}, ()>::{closure#1} as core[a373ad73a504971]::ops::function::FnOnce<()>>::call_once::{shim:vtable#0}
[INFO] [stdout]   17:     0x5fa2d5a3ea7f - <std[617be2ca0a6fd877]::sys::thread::unix::Thread>::new::thread_start
[INFO] [stdout]   18:     0x75612176bdfa - <unknown>
[INFO] [stdout]   19:     0x7561217ff3d4 - clone
[INFO] [stdout]   20:                0x0 - <unknown>
[INFO] [stdout] 
[INFO] [stdout] ---- output::markdown::tests::serializes_a_large_source_lowered_document stdout ----
[INFO] [stdout] 
[INFO] [stdout] thread 'output::markdown::tests::serializes_a_large_source_lowered_document' (1159) panicked at src/output/markdown/tests.rs:474:56:
[INFO] [stdout] large native document: Read { path: "/opt/rustwide/workdir/../libmandoc-rs/vendor/mandoc-1.14.6/mandoc.1", message: "No such file or directory (os error 2)" }
[INFO] [stdout] stack backtrace:
[INFO] [stdout]    0:     0x5fa2d5a3f761 - <<std[617be2ca0a6fd877]::sys::backtrace::BacktraceLock>::print::DisplayBacktrace as core[a373ad73a504971]::fmt::Display>::fmt
[INFO] [stdout]    1:     0x5fa2d5a5657a - core[a373ad73a504971]::fmt::write
[INFO] [stdout]    2:     0x5fa2d5a43d2c - <alloc[2e1b2a31b91974c5]::vec::Vec<u8> as core[a373ad73a504971]::io::write::Write>::write_fmt
[INFO] [stdout]    3:     0x5fa2d5a19456 - std[617be2ca0a6fd877]::panicking::default_hook::{closure#0}
[INFO] [stdout]    4:     0x5fa2d5a36ca9 - std[617be2ca0a6fd877]::panicking::default_hook
[INFO] [stdout]    5:     0x5fa2d57e7d60 - test[aada8e7e76ba119b]::test_main_inner::{closure#0}
[INFO] [stdout]    6:     0x5fa2d5a36e62 - std[617be2ca0a6fd877]::panicking::panic_with_hook
[INFO] [stdout]    7:     0x5fa2d5a19502 - std[617be2ca0a6fd877]::panicking::panic_handler::{closure#0}
[INFO] [stdout]    8:     0x5fa2d5a11e69 - std[617be2ca0a6fd877]::sys::backtrace::__rust_end_short_backtrace::<std[617be2ca0a6fd877]::panicking::panic_handler::{closure#0}, !>
[INFO] [stdout]    9:     0x5fa2d5a1a1fd - __rustc[ea4f61d10b84890b]::rust_begin_unwind
[INFO] [stdout]   10:     0x5fa2d5a56d5c - core[a373ad73a504971]::panicking::panic_fmt
[INFO] [stdout]   11:     0x5fa2d5a56b32 - core[a373ad73a504971]::result::unwrap_failed
[INFO] [stdout]   12:     0x5fa2d572c11b - <mant_core[dbab913fc328256d]::output::markdown::tests::serializes_a_large_source_lowered_document::{closure#0} as core[a373ad73a504971]::ops::function::FnOnce<()>>::call_once
[INFO] [stdout]   13:     0x5fa2d57db1ab - test[aada8e7e76ba119b]::__rust_begin_short_backtrace::<core[a373ad73a504971]::result::Result<(), alloc[2e1b2a31b91974c5]::string::String>, fn() -> core[a373ad73a504971]::result::Result<(), alloc[2e1b2a31b91974c5]::string::String>>
[INFO] [stdout]   14:     0x5fa2d57e8385 - test[aada8e7e76ba119b]::run_test::{closure#0}
[INFO] [stdout]   15:     0x5fa2d57e1c74 - std[617be2ca0a6fd877]::sys::backtrace::__rust_begin_short_backtrace::<test[aada8e7e76ba119b]::run_test::{closure#1}, ()>
[INFO] [stdout]   16:     0x5fa2d57eb412 - <std[617be2ca0a6fd877]::thread::lifecycle::spawn_unchecked<test[aada8e7e76ba119b]::run_test::{closure#1}, ()>::{closure#1} as core[a373ad73a504971]::ops::function::FnOnce<()>>::call_once::{shim:vtable#0}
[INFO] [stdout]   17:     0x5fa2d5a3ea7f - <std[617be2ca0a6fd877]::sys::thread::unix::Thread>::new::thread_start
[INFO] [stdout]   18:     0x75612176bdfa - <unknown>
[INFO] [stdout]   19:     0x7561217ff3d4 - clone
[INFO] [stdout]   20:                0x0 - <unknown>
[INFO] [stdout] 
[INFO] [stdout] 
[INFO] [stdout] failures:
[INFO] [stdout]     mandoc::tests::lowers_the_pinned_large_mdoc_fixture_without_empty_sections
[INFO] [stdout]     output::markdown::tests::renders_the_shared_query_contract_without_leaking_json
[INFO] [stdout]     output::markdown::tests::serializes_a_large_source_lowered_document
[INFO] [stdout] 
[INFO] [stdout] test result: FAILED. 182 passed; 3 failed; 0 ignored; 0 measured; 0 filtered out; finished in 0.12s
[INFO] [stdout] 
[INFO] [stderr] error: test failed, to rerun pass `--lib`
[INFO] running `Command { std: "docker" "inspect" "b69363641d08a1ee54d61cee924b42240c023f0354cbfa1461a3f8bd7dc87b19", kill_on_drop: false }`
[INFO] running `Command { std: "docker" "rm" "-f" "b69363641d08a1ee54d61cee924b42240c023f0354cbfa1461a3f8bd7dc87b19", kill_on_drop: false }`
[INFO] [stdout] b69363641d08a1ee54d61cee924b42240c023f0354cbfa1461a3f8bd7dc87b19
