[INFO] fetching crate manor_macros 0.2.5...
[INFO] testing manor_macros-0.2.5 against 1.100.0-beta.1+cargoflags=--release for beta-release-1.100-2
[INFO] extracting crate manor_macros 0.2.5 into /workspace/builds/worker-7-tc2/source
[INFO] started tweaking crates.io crate manor_macros 0.2.5
[INFO] finished tweaking crates.io crate manor_macros 0.2.5
[INFO] tweaked toml for crates.io crate manor_macros 0.2.5 written to /workspace/builds/worker-7-tc2/source/Cargo.toml
[INFO] validating manifest of crates.io crate manor_macros 0.2.5 on toolchain 1.100.0-beta.1
[INFO] running `Command { std: CARGO_HOME="/workspace/cargo-home" RUSTUP_HOME="/workspace/rustup-home" "/workspace/cargo-home/bin/cargo" "+1.100.0-beta.1" "metadata" "--manifest-path" "Cargo.toml" "--no-deps", kill_on_drop: false }`
[INFO] crate crates.io crate manor_macros 0.2.5 already has a lockfile, it will not be regenerated
[INFO] running `Command { std: CARGO_HOME="/workspace/cargo-home" RUSTUP_HOME="/workspace/rustup-home" "/workspace/cargo-home/bin/cargo" "+1.100.0-beta.1" "fetch" "--manifest-path" "Cargo.toml", kill_on_drop: false }`
[INFO] [stderr] warning: `package.homepage` is redundant with `package.repository`
[INFO] [stderr]   --> Cargo.toml:27:12
[INFO] [stderr]    |
[INFO] [stderr] 27 | homepage = "https://github.com/dax-dot-gay/manor"
[INFO] [stderr]    |            ^^^^^^^^^^^^^^^^^^^^^^^^^^^^^^^^^^^^^^
[INFO] [stderr] ...
[INFO] [stderr] 31 | repository = "https://github.com/dax-dot-gay/manor"
[INFO] [stderr]    |              --------------------------------------
[INFO] [stderr]    |
[INFO] [stderr]    = note: `cargo::redundant_homepage` is set to `warn` by default
[INFO] [stderr] help: consider removing `package.homepage`
[INFO] [stderr] warning: `manor_macros` (manifest) generated 1 warning
[INFO] running `Command { std: "docker" "create" "-v" "/var/lib/crater-agent-workspace/builds/worker-7-tc2/source:/opt/rustwide/workdir:ro,Z" "-v" "/var/lib/crater-agent-workspace/builds/worker-7-tc2/target:/opt/rustwide/target:rw,Z" "-v" "/var/lib/crater-agent-workspace/cargo-home:/opt/rustwide/cargo-home:ro,Z" "-v" "/var/lib/crater-agent-workspace/rustup-home:/opt/rustwide/rustup-home:ro,Z" "-m" "1610612736" "--network" "none" "ghcr.io/rust-lang/crates-build-env/linux@sha256:77db811e55d90add9212f6832c23229e3de5f1c1f9905e8cb07319ea15df73ac" "sleep" "infinity", kill_on_drop: false }`
[INFO] [stdout] 2ee29232928442d94a3fcf107045f429906a699c110c45cd7c60fbbb5cc059e8
[INFO] running `Command { std: "docker" "start" "2ee29232928442d94a3fcf107045f429906a699c110c45cd7c60fbbb5cc059e8", kill_on_drop: false }`
[INFO] running `Command { std: "docker" "inspect" "2ee29232928442d94a3fcf107045f429906a699c110c45cd7c60fbbb5cc059e8", kill_on_drop: false }`
[INFO] running `Command { std: "docker" "exec" "-e" "SOURCE_DIR=/opt/rustwide/workdir" "-e" "CARGO_HOME=/opt/rustwide/cargo-home" "-e" "RUSTUP_HOME=/opt/rustwide/rustup-home" "-e" "CARGO_TARGET_DIR=/opt/rustwide/target" "-w" "/opt/rustwide/workdir" "--user" "0:0" "2ee29232928442d94a3fcf107045f429906a699c110c45cd7c60fbbb5cc059e8" "/opt/rustwide/cargo-home/bin/cargo" "+1.100.0-beta.1" "metadata" "--no-deps" "--format-version=1", kill_on_drop: false }`
[INFO] running `Command { std: "docker" "inspect" "2ee29232928442d94a3fcf107045f429906a699c110c45cd7c60fbbb5cc059e8", kill_on_drop: false }`
[INFO] running `Command { std: "docker" "exec" "-e" "SOURCE_DIR=/opt/rustwide/workdir" "-e" "CARGO_HOME=/opt/rustwide/cargo-home" "-e" "RUSTUP_HOME=/opt/rustwide/rustup-home" "-e" "CARGO_TARGET_DIR=/opt/rustwide/target" "-e" "CARGO_INCREMENTAL=0" "-e" "RUST_BACKTRACE=full" "-e" "RUSTFLAGS=--cap-lints=warn" "-e" "RUSTDOCFLAGS=--cap-lints=warn" "-w" "/opt/rustwide/workdir" "--user" "0:0" "2ee29232928442d94a3fcf107045f429906a699c110c45cd7c60fbbb5cc059e8" "/opt/rustwide/cargo-home/bin/cargo" "+1.100.0-beta.1" "build" "--frozen" "--message-format=json" "--release", kill_on_drop: false }`
[INFO] [stderr] warning: `package.homepage` is redundant with `package.repository`
[INFO] [stderr]   --> Cargo.toml:27:12
[INFO] [stderr]    |
[INFO] [stderr] 27 | homepage = "https://github.com/dax-dot-gay/manor"
[INFO] [stderr]    |            ^^^^^^^^^^^^^^^^^^^^^^^^^^^^^^^^^^^^^^
[INFO] [stderr] ...
[INFO] [stderr] 31 | repository = "https://github.com/dax-dot-gay/manor"
[INFO] [stderr]    |              --------------------------------------
[INFO] [stderr]    |
[INFO] [stderr]    = note: `cargo::redundant_homepage` is set to `warn` by default
[INFO] [stderr] help: consider removing `package.homepage`
[INFO] [stderr] warning: `manor_macros` (manifest) generated 1 warning
[INFO] [stderr]    Compiling proc-macro2 v1.0.94
[INFO] [stderr]    Compiling convert_case v0.8.0
[INFO] [stderr]    Compiling quote v1.0.39
[INFO] [stderr]    Compiling syn v2.0.100
[INFO] [stderr]    Compiling darling_core v0.20.10
[INFO] [stderr]    Compiling darling_macro v0.20.10
[INFO] [stderr]    Compiling darling v0.20.10
[INFO] [stderr]    Compiling manor_macros v0.2.5 (/opt/rustwide/workdir)
[INFO] [stderr]     Finished `release` profile [optimized] target(s) in 10.69s
[INFO] running `Command { std: "docker" "inspect" "2ee29232928442d94a3fcf107045f429906a699c110c45cd7c60fbbb5cc059e8", kill_on_drop: false }`
[INFO] running `Command { std: "docker" "exec" "-e" "SOURCE_DIR=/opt/rustwide/workdir" "-e" "CARGO_HOME=/opt/rustwide/cargo-home" "-e" "RUSTUP_HOME=/opt/rustwide/rustup-home" "-e" "CARGO_TARGET_DIR=/opt/rustwide/target" "-e" "CARGO_INCREMENTAL=0" "-e" "RUST_BACKTRACE=full" "-e" "RUSTFLAGS=--cap-lints=warn" "-e" "RUSTDOCFLAGS=--cap-lints=warn" "-w" "/opt/rustwide/workdir" "--user" "0:0" "2ee29232928442d94a3fcf107045f429906a699c110c45cd7c60fbbb5cc059e8" "/opt/rustwide/cargo-home/bin/cargo" "+1.100.0-beta.1" "test" "--frozen" "--no-run" "--message-format=json" "--release", kill_on_drop: false }`
[INFO] [stderr] warning: `package.homepage` is redundant with `package.repository`
[INFO] [stderr]   --> Cargo.toml:27:12
[INFO] [stderr]    |
[INFO] [stderr] 27 | homepage = "https://github.com/dax-dot-gay/manor"
[INFO] [stderr]    |            ^^^^^^^^^^^^^^^^^^^^^^^^^^^^^^^^^^^^^^
[INFO] [stderr] ...
[INFO] [stderr] 31 | repository = "https://github.com/dax-dot-gay/manor"
[INFO] [stderr]    |              --------------------------------------
[INFO] [stderr]    |
[INFO] [stderr]    = note: `cargo::redundant_homepage` is set to `warn` by default
[INFO] [stderr] help: consider removing `package.homepage`
[INFO] [stderr] warning: `manor_macros` (manifest) generated 1 warning
[INFO] [stderr]    Compiling manor_macros v0.2.5 (/opt/rustwide/workdir)
[INFO] [stderr]     Finished `release` profile [optimized] target(s) in 0.62s
[INFO] running `Command { std: "docker" "inspect" "2ee29232928442d94a3fcf107045f429906a699c110c45cd7c60fbbb5cc059e8", kill_on_drop: false }`
[INFO] running `Command { std: "docker" "exec" "-e" "SOURCE_DIR=/opt/rustwide/workdir" "-e" "CARGO_HOME=/opt/rustwide/cargo-home" "-e" "RUSTUP_HOME=/opt/rustwide/rustup-home" "-e" "CARGO_TARGET_DIR=/opt/rustwide/target" "-e" "CARGO_INCREMENTAL=0" "-e" "RUST_BACKTRACE=full" "-e" "RUSTFLAGS=--cap-lints=warn" "-e" "RUSTDOCFLAGS=--cap-lints=warn" "-w" "/opt/rustwide/workdir" "--user" "0:0" "2ee29232928442d94a3fcf107045f429906a699c110c45cd7c60fbbb5cc059e8" "/opt/rustwide/cargo-home/bin/cargo" "+1.100.0-beta.1" "test" "--frozen" "--release", kill_on_drop: false }`
[INFO] [stderr] warning: `package.homepage` is redundant with `package.repository`
[INFO] [stderr]   --> Cargo.toml:27:12
[INFO] [stderr]    |
[INFO] [stderr] 27 | homepage = "https://github.com/dax-dot-gay/manor"
[INFO] [stderr]    |            ^^^^^^^^^^^^^^^^^^^^^^^^^^^^^^^^^^^^^^
[INFO] [stderr] ...
[INFO] [stderr] 31 | repository = "https://github.com/dax-dot-gay/manor"
[INFO] [stderr]    |              --------------------------------------
[INFO] [stderr]    |
[INFO] [stderr]    = note: `cargo::redundant_homepage` is set to `warn` by default
[INFO] [stderr] help: consider removing `package.homepage`
[INFO] [stderr] warning: `manor_macros` (manifest) generated 1 warning
[INFO] [stderr]     Finished `release` profile [optimized] target(s) in 0.02s
[INFO] [stderr]      Running unittests src/lib.rs (/opt/rustwide/target/release/build/manor_macros/6a601ae87401adc1/out/manor_macros-6a601ae87401adc1)
[INFO] [stdout] 
[INFO] [stdout] running 0 tests
[INFO] [stdout] 
[INFO] [stdout] test result: ok. 0 passed; 0 failed; 0 ignored; 0 measured; 0 filtered out; finished in 0.00s
[INFO] [stdout] 
[INFO] [stderr]    Doc-tests manor_macros
[INFO] [stdout] 
[INFO] [stdout] running 2 tests
[INFO] [stdout] test src/lib.rs - schema (line 9) ... FAILED
[INFO] [stdout] test src/lib.rs - schema (line 24) ... FAILED
[INFO] [stderr] error: doctest failed, to rerun pass `--doc`
[INFO] [stdout] 
[INFO] [stdout] failures:
[INFO] [stdout] 
[INFO] [stdout] ---- src/lib.rs - schema (line 9) stdout ----
[INFO] [stdout] error: expected item after attributes
[INFO] [stdout]   --> src/lib.rs:10:1
[INFO] [stdout]    |
[INFO] [stdout] 10 | #[schema(collection = "optional collection name", schema_name = OptionalSchemaName, builder_name = OptionalBuilderName)]
[INFO] [stdout]    | ^^^^^^^^^^^^^^^^^^^^^^^^^^^^^^^^^^^^^^^^^^^^^^^^^^^^^^^^^^^^^^^^^^^^^^^^^^^^^^^^^^^^^^^^^^^^^^^^^^^^^^^^^^^^^^^^^^^^^^^^ expected an item after this
[INFO] [stdout] 
[INFO] [stdout] error: aborting due to 1 previous error
[INFO] [stdout] 
[INFO] [stdout] Couldn't compile the test.
[INFO] [stdout] ---- src/lib.rs - schema (line 24) stdout ----
[INFO] [stdout] error[E0432]: unresolved import `manor`
[INFO] [stdout]   --> src/lib.rs:25:5
[INFO] [stdout]    |
[INFO] [stdout] 25 | use manor::schema;
[INFO] [stdout]    |     ^^^^^ use of unresolved module or unlinked crate `manor`
[INFO] [stdout]    |
[INFO] [stdout]    = help: if you wanted to use a crate named `manor`, use `cargo add manor` to add it to your `Cargo.toml`
[INFO] [stdout] 
[INFO] [stdout] error[E0432]: unresolved import `uuid`
[INFO] [stdout]   --> src/lib.rs:26:5
[INFO] [stdout]    |
[INFO] [stdout] 26 | use uuid::Uuid;
[INFO] [stdout]    |     ^^^^ use of unresolved module or unlinked crate `uuid`
[INFO] [stdout]    |
[INFO] [stdout]    = help: if you wanted to use a crate named `uuid`, use `cargo add uuid` to add it to your `Cargo.toml`
[INFO] [stdout] 
[INFO] [stdout] error: cannot find attribute `field` in this scope
[INFO] [stdout]   --> src/lib.rs:30:7
[INFO] [stdout]    |
[INFO] [stdout] 30 |     #[field(id = Uuid::new_v4)]
[INFO] [stdout]    |       ^^^^^
[INFO] [stdout] 
[INFO] [stdout] error: cannot find attribute `field` in this scope
[INFO] [stdout]   --> src/lib.rs:33:7
[INFO] [stdout]    |
[INFO] [stdout] 33 |     #[field(alias = "username")]
[INFO] [stdout]    |       ^^^^^
[INFO] [stdout] 
[INFO] [stdout] error: aborting due to 4 previous errors
[INFO] [stdout] 
[INFO] [stdout] For more information about this error, try `rustc --explain E0432`.
[INFO] [stdout] Couldn't compile the test.
[INFO] [stdout] 
[INFO] [stdout] failures:
[INFO] [stdout]     src/lib.rs - schema (line 24)
[INFO] [stdout]     src/lib.rs - schema (line 9)
[INFO] [stdout] 
[INFO] [stdout] test result: FAILED. 0 passed; 2 failed; 0 ignored; 0 measured; 0 filtered out; finished in 0.13s
[INFO] [stdout] 
[INFO] [stdout] all doctests ran in 0.23s; merged doctests compilation took 0.10s
[INFO] running `Command { std: "docker" "inspect" "2ee29232928442d94a3fcf107045f429906a699c110c45cd7c60fbbb5cc059e8", kill_on_drop: false }`
[INFO] running `Command { std: "docker" "rm" "-f" "2ee29232928442d94a3fcf107045f429906a699c110c45cd7c60fbbb5cc059e8", kill_on_drop: false }`
[INFO] [stdout] 2ee29232928442d94a3fcf107045f429906a699c110c45cd7c60fbbb5cc059e8
