[INFO] fetching crate manifold-properties 0.1.0...
[INFO] testing manifold-properties-0.1.0 against 1.99.0-beta.8+cargoflags=--release for beta-release-1.100-2
[INFO] extracting crate manifold-properties 0.1.0 into /workspace/builds/worker-3-tc1/source
[INFO] started tweaking crates.io crate manifold-properties 0.1.0
[INFO] finished tweaking crates.io crate manifold-properties 0.1.0
[INFO] tweaked toml for crates.io crate manifold-properties 0.1.0 written to /workspace/builds/worker-3-tc1/source/Cargo.toml
[INFO] validating manifest of crates.io crate manifold-properties 0.1.0 on toolchain 1.99.0-beta.8
[INFO] running `Command { std: CARGO_HOME="/workspace/cargo-home" RUSTUP_HOME="/workspace/rustup-home" "/workspace/cargo-home/bin/cargo" "+1.99.0-beta.8" "metadata" "--manifest-path" "Cargo.toml" "--no-deps", kill_on_drop: false }`
[INFO] crate crates.io crate manifold-properties 0.1.0 already has a lockfile, it will not be regenerated
[INFO] running `Command { std: CARGO_HOME="/workspace/cargo-home" RUSTUP_HOME="/workspace/rustup-home" "/workspace/cargo-home/bin/cargo" "+1.99.0-beta.8" "fetch" "--manifest-path" "Cargo.toml", kill_on_drop: false }`
[INFO] [stderr]     Updating crates.io index
[INFO] [stderr]  Downloading crates ...
[INFO] [stderr]   Downloaded wasm-bindgen-shared v0.2.104
[INFO] [stderr]   Downloaded uuid v1.18.1
[INFO] [stderr]   Downloaded wasm-bindgen v0.2.104
[INFO] [stderr]   Downloaded wasm-bindgen-macro v0.2.104
[INFO] [stderr]   Downloaded unicode-ident v1.0.20
[INFO] [stderr]   Downloaded js-sys v0.3.81
[INFO] [stderr]   Downloaded gloo-timers v0.3.0
[INFO] [stderr]   Downloaded futures-core v0.3.31
[INFO] [stderr]   Downloaded fastrand v2.3.0
[INFO] [stderr]   Downloaded wasm-bindgen-futures v0.4.54
[INFO] [stderr]   Downloaded wasm-bindgen-backend v0.2.104
[INFO] [stderr]   Downloaded quote v1.0.41
[INFO] [stderr]   Downloaded wasm-bindgen-macro-support v0.2.104
[INFO] [stderr]   Downloaded futures-channel v0.3.31
[INFO] [stderr]   Downloaded tempfile v3.23.0
[INFO] [stderr]   Downloaded wit-bindgen v0.46.0
[INFO] [stderr]   Downloaded rand_core v0.9.3
[INFO] [stderr]   Downloaded bitflags v2.10.0
[INFO] [stderr]   Downloaded log v0.4.28
[INFO] [stderr]   Downloaded proc-macro2 v1.0.103
[INFO] [stderr]   Downloaded arc-swap v1.7.1
[INFO] [stderr]   Downloaded anyhow v1.0.100
[INFO] [stderr]   Downloaded zerocopy-derive v0.8.27
[INFO] [stderr]   Downloaded bumpalo v3.19.0
[INFO] [stderr]   Downloaded wasip2 v1.0.1+wasi-0.2.4
[INFO] [stderr]   Downloaded rand v0.9.2
[INFO] [stderr]   Downloaded syn v2.0.108
[INFO] [stderr]   Downloaded zerocopy v0.8.27
[INFO] [stderr]   Downloaded rustix v1.1.2
[INFO] [stderr]   Downloaded manifold-db v3.1.0
[INFO] [stderr]   Downloaded web-sys v0.3.81
[INFO] [stderr]   Downloaded libc v0.2.177
[INFO] [stderr]   Downloaded linux-raw-sys v0.11.0
[INFO] running `Command { std: "docker" "create" "-v" "/var/lib/crater-agent-workspace/builds/worker-3-tc1/source:/opt/rustwide/workdir:ro,Z" "-v" "/var/lib/crater-agent-workspace/builds/worker-3-tc1/target:/opt/rustwide/target:rw,Z" "-v" "/var/lib/crater-agent-workspace/cargo-home:/opt/rustwide/cargo-home:ro,Z" "-v" "/var/lib/crater-agent-workspace/rustup-home:/opt/rustwide/rustup-home:ro,Z" "-m" "1610612736" "--network" "none" "ghcr.io/rust-lang/crates-build-env/linux@sha256:77db811e55d90add9212f6832c23229e3de5f1c1f9905e8cb07319ea15df73ac" "sleep" "infinity", kill_on_drop: false }`
[INFO] [stdout] b1c33691f6258ff5a37e0485ba0c121d8bb80c97ee68a16457d3da7fcc2edfc1
[INFO] running `Command { std: "docker" "start" "b1c33691f6258ff5a37e0485ba0c121d8bb80c97ee68a16457d3da7fcc2edfc1", kill_on_drop: false }`
[INFO] running `Command { std: "docker" "inspect" "b1c33691f6258ff5a37e0485ba0c121d8bb80c97ee68a16457d3da7fcc2edfc1", kill_on_drop: false }`
[INFO] running `Command { std: "docker" "exec" "-e" "SOURCE_DIR=/opt/rustwide/workdir" "-e" "CARGO_HOME=/opt/rustwide/cargo-home" "-e" "RUSTUP_HOME=/opt/rustwide/rustup-home" "-e" "CARGO_TARGET_DIR=/opt/rustwide/target" "-w" "/opt/rustwide/workdir" "--user" "0:0" "b1c33691f6258ff5a37e0485ba0c121d8bb80c97ee68a16457d3da7fcc2edfc1" "/opt/rustwide/cargo-home/bin/cargo" "+1.99.0-beta.8" "metadata" "--no-deps" "--format-version=1", kill_on_drop: false }`
[INFO] running `Command { std: "docker" "inspect" "b1c33691f6258ff5a37e0485ba0c121d8bb80c97ee68a16457d3da7fcc2edfc1", kill_on_drop: false }`
[INFO] running `Command { std: "docker" "exec" "-e" "SOURCE_DIR=/opt/rustwide/workdir" "-e" "CARGO_HOME=/opt/rustwide/cargo-home" "-e" "RUSTUP_HOME=/opt/rustwide/rustup-home" "-e" "CARGO_TARGET_DIR=/opt/rustwide/target" "-e" "CARGO_INCREMENTAL=0" "-e" "RUST_BACKTRACE=full" "-e" "RUSTFLAGS=--cap-lints=warn" "-e" "RUSTDOCFLAGS=--cap-lints=warn" "-w" "/opt/rustwide/workdir" "--user" "0:0" "b1c33691f6258ff5a37e0485ba0c121d8bb80c97ee68a16457d3da7fcc2edfc1" "/opt/rustwide/cargo-home/bin/cargo" "+1.99.0-beta.8" "build" "--frozen" "--message-format=json" "--release", kill_on_drop: false }`
[INFO] [stderr]    Compiling proc-macro2 v1.0.103
[INFO] [stderr]    Compiling unicode-ident v1.0.20
[INFO] [stderr]    Compiling quote v1.0.41
[INFO] [stderr]    Compiling libc v0.2.177
[INFO] [stderr]    Compiling getrandom v0.3.4
[INFO] [stderr]    Compiling cfg-if v1.0.4
[INFO] [stderr]    Compiling serde_core v1.0.228
[INFO] [stderr]    Compiling crc32fast v1.5.0
[INFO] [stderr]    Compiling serde v1.0.228
[INFO] [stderr]    Compiling manifold-db v3.1.0
[INFO] [stderr]    Compiling arc-swap v1.7.1
[INFO] [stderr]    Compiling syn v2.0.108
[INFO] [stderr]    Compiling uuid v1.18.1
[INFO] [stderr]    Compiling serde_derive v1.0.228
[INFO] [stderr]    Compiling manifold-properties v0.1.0 (/opt/rustwide/workdir)
[INFO] [stderr]     Finished `release` profile [optimized] target(s) in 24.66s
[INFO] running `Command { std: "docker" "inspect" "b1c33691f6258ff5a37e0485ba0c121d8bb80c97ee68a16457d3da7fcc2edfc1", kill_on_drop: false }`
[INFO] running `Command { std: "docker" "exec" "-e" "SOURCE_DIR=/opt/rustwide/workdir" "-e" "CARGO_HOME=/opt/rustwide/cargo-home" "-e" "RUSTUP_HOME=/opt/rustwide/rustup-home" "-e" "CARGO_TARGET_DIR=/opt/rustwide/target" "-e" "CARGO_INCREMENTAL=0" "-e" "RUST_BACKTRACE=full" "-e" "RUSTFLAGS=--cap-lints=warn" "-e" "RUSTDOCFLAGS=--cap-lints=warn" "-w" "/opt/rustwide/workdir" "--user" "0:0" "b1c33691f6258ff5a37e0485ba0c121d8bb80c97ee68a16457d3da7fcc2edfc1" "/opt/rustwide/cargo-home/bin/cargo" "+1.99.0-beta.8" "test" "--frozen" "--no-run" "--message-format=json" "--release", kill_on_drop: false }`
[INFO] [stderr]    Compiling getrandom v0.3.4
[INFO] [stderr]    Compiling zerocopy v0.8.27
[INFO] [stderr]    Compiling rustix v1.1.2
[INFO] [stderr]    Compiling linux-raw-sys v0.11.0
[INFO] [stderr]    Compiling bitflags v2.10.0
[INFO] [stderr]    Compiling anyhow v1.0.100
[INFO] [stderr]    Compiling fastrand v2.3.0
[INFO] [stderr]    Compiling once_cell v1.21.3
[INFO] [stderr]    Compiling rand_core v0.9.3
[INFO] [stderr]    Compiling uuid v1.18.1
[INFO] [stderr]    Compiling manifold-db v3.1.0
[INFO] [stderr]    Compiling tempfile v3.23.0
[INFO] [stderr]    Compiling ppv-lite86 v0.2.21
[INFO] [stderr]    Compiling rand_chacha v0.9.0
[INFO] [stderr]    Compiling rand v0.9.2
[INFO] [stderr]    Compiling manifold-properties v0.1.0 (/opt/rustwide/workdir)
[INFO] [stderr]     Finished `release` profile [optimized] target(s) in 22.04s
[INFO] running `Command { std: "docker" "inspect" "b1c33691f6258ff5a37e0485ba0c121d8bb80c97ee68a16457d3da7fcc2edfc1", kill_on_drop: false }`
[INFO] running `Command { std: "docker" "exec" "-e" "SOURCE_DIR=/opt/rustwide/workdir" "-e" "CARGO_HOME=/opt/rustwide/cargo-home" "-e" "RUSTUP_HOME=/opt/rustwide/rustup-home" "-e" "CARGO_TARGET_DIR=/opt/rustwide/target" "-e" "CARGO_INCREMENTAL=0" "-e" "RUST_BACKTRACE=full" "-e" "RUSTFLAGS=--cap-lints=warn" "-e" "RUSTDOCFLAGS=--cap-lints=warn" "-w" "/opt/rustwide/workdir" "--user" "0:0" "b1c33691f6258ff5a37e0485ba0c121d8bb80c97ee68a16457d3da7fcc2edfc1" "/opt/rustwide/cargo-home/bin/cargo" "+1.99.0-beta.8" "test" "--frozen" "--release", kill_on_drop: false }`
[INFO] [stderr]     Finished `release` profile [optimized] target(s) in 0.06s
[INFO] [stderr]      Running unittests src/lib.rs (/opt/rustwide/target/release/deps/manifold_properties-283274b2e8769bf9)
[INFO] [stdout] 
[INFO] [stdout] running 45 tests
[INFO] [stdout] test encoding::tests::test_boolean_roundtrip ... ok
[INFO] [stdout] test encoding::tests::test_encoding_size_integer ... ok
[INFO] [stdout] test encoding::tests::test_null_roundtrip ... ok
[INFO] [stdout] test encoding::tests::test_encoding_size_null ... ok
[INFO] [stdout] test property_value::tests::test_clone ... ok
[INFO] [stdout] test encoding::tests::test_float_roundtrip ... ok
[INFO] [stdout] test property_value::tests::test_float_creation ... ok
[INFO] [stdout] test encoding::tests::test_string_roundtrip ... ok
[INFO] [stdout] test encoding::tests::test_to_owned ... ok
[INFO] [stdout] test property_value::tests::test_integer_with_timestamps ... ok
[INFO] [stdout] test property_value::tests::test_partial_eq ... ok
[INFO] [stdout] test property_value::tests::test_string_creation ... ok
[INFO] [stdout] test property_value::tests::test_type_safety ... ok
[INFO] [stdout] test property_value::tests::test_with_timestamps ... ok
[INFO] [stdout] test property_value::tests::test_null_creation ... ok
[INFO] [stdout] test operations::tests::test_batch_operations_multiple_entities ... ok
[INFO] [stdout] test operations::tests::test_batch_get_properties ... ok
[INFO] [stdout] test operations::tests::test_batch_set_properties_sorted ... ok
[INFO] [stdout] test table::tests::test_get_all_empty ... ok
[INFO] [stdout] test property_value::tests::test_boolean_creation ... ok
[INFO] [stdout] test property_value::tests::test_display ... ok
[INFO] [stdout] test encoding::tests::test_encoding_size_boolean ... ok
[INFO] [stdout] test table::tests::test_get_all_properties ... ok
[INFO] [stdout] test operations::tests::test_batch_get_all_properties ... ok
[INFO] [stdout] test table::tests::test_multiple_entities ... ok
[INFO] [stdout] test encoding::tests::test_integer_roundtrip ... ok
[INFO] [stdout] test operations::tests::test_bulk_delete_properties ... ok
[INFO] [stdout] test property_value::tests::test_integer_creation ... ok
[INFO] [stdout] test table::tests::test_set_and_get_float ... ok
[INFO] [stdout] test table::tests::test_set_and_get_boolean ... ok
[INFO] [stdout] test table::tests::test_set_and_get_null ... ok
[INFO] [stdout] test table::tests::test_delete_property ... ok
[INFO] [stdout] test temporal::tests::test_get_property_at_before_valid ... ok
[INFO] [stdout] test temporal::tests::test_get_property_history_nonexistent ... ok
[INFO] [stdout] test table::tests::test_set_and_get_integer ... ok
[INFO] [stdout] test table::tests::test_set_and_get_string ... ok
[INFO] [stdout] test operations::tests::test_batch_set_properties_unsorted ... ok
[INFO] [stdout] test temporal::tests::test_temporal_with_null_property ... ok
[INFO] [stdout] test operations::tests::test_delete_all_properties ... ok
[INFO] [stdout] test temporal::tests::test_get_property_at_exact_timestamp ... ok
[INFO] [stdout] test table::tests::test_type_safety ... ok
[INFO] [stdout] test temporal::tests::test_property_existed_at ... ok
[INFO] [stdout] test temporal::tests::test_get_property_at_valid ... ok
[INFO] [stdout] test temporal::tests::test_get_all_properties_at ... ok
[INFO] [stdout] test temporal::tests::test_get_property_history ... ok
[INFO] [stdout] 
[INFO] [stdout] test result: ok. 45 passed; 0 failed; 0 ignored; 0 measured; 0 filtered out; finished in 0.11s
[INFO] [stdout] 
[INFO] [stderr]    Doc-tests manifold_properties
[INFO] [stdout] 
[INFO] [stdout] running 10 tests
[INFO] [stdout] test src/temporal.rs - temporal::get_property_history (line 85) - compile ... FAILED
[INFO] [stdout] test src/operations.rs - operations::batch_get_properties (line 100) - compile ... FAILED
[INFO] [stdout] test src/temporal.rs - temporal::get_all_properties_at (line 154) - compile ... FAILED
[INFO] [stdout] test src/operations.rs - operations::batch_get_all_properties (line 194) - compile ... FAILED
[INFO] [stdout] test src/temporal.rs - temporal::property_existed_at (line 204) - compile ... FAILED
[INFO] [stdout] test src/operations.rs - operations::batch_set_properties (line 36) - compile ... FAILED
[INFO] [stdout] test src/operations.rs - operations::bulk_delete_properties (line 145) - compile ... FAILED
[INFO] [stdout] test src/operations.rs - operations::delete_all_properties (line 241) - compile ... FAILED
[INFO] [stdout] test src/temporal.rs - temporal::get_property_at (line 31) - compile ... FAILED
[INFO] [stdout] test src/lib.rs - (line 25) ... ok
[INFO] [stdout] 
[INFO] [stdout] failures:
[INFO] [stdout] 
[INFO] [stdout] ---- src/temporal.rs - temporal::get_property_history (line 85) stdout ----
[INFO] [stdout] error[E0599]: no method named `create_temp` found for struct `manifold::Builder` in the current scope
[INFO] [stdout]     --> src/temporal.rs:90:30
[INFO] [stdout]      |
[INFO] [stdout]   90 | let db = Database::builder().create_temp().unwrap();
[INFO] [stdout]      |                              ^^^^^^^^^^^
[INFO] [stdout]      |
[INFO] [stdout] help: there is a method `create` with a similar name, but with different arguments
[INFO] [stdout]     --> /opt/rustwide/cargo-home/registry/src/index.crates.io-1949cf8c6b5b557f/manifold-db-3.1.0/src/db.rs:1201:5
[INFO] [stdout]      |
[INFO] [stdout] 1201 |     pub fn create(&self, path: impl AsRef<Path>) -> Result<Database, DatabaseError> {
[INFO] [stdout]      |     ^^^^^^^^^^^^^^^^^^^^^^^^^^^^^^^^^^^^^^^^^^^^^^^^^^^^^^^^^^^^^^^^^^^^^^^^^^^^^^^
[INFO] [stdout] 
[INFO] [stdout] error: aborting due to 1 previous error
[INFO] [stdout] 
[INFO] [stdout] For more information about this error, try `rustc --explain E0599`.
[INFO] [stdout] Couldn't compile the test.
[INFO] [stdout] ---- src/operations.rs - operations::batch_get_properties (line 100) stdout ----
[INFO] [stdout] error[E0599]: no method named `create_temp` found for struct `manifold::Builder` in the current scope
[INFO] [stdout]     --> src/operations.rs:105:30
[INFO] [stdout]      |
[INFO] [stdout]  105 | let db = Database::builder().create_temp().unwrap();
[INFO] [stdout]      |                              ^^^^^^^^^^^
[INFO] [stdout]      |
[INFO] [stdout] help: there is a method `create` with a similar name, but with different arguments
[INFO] [stdout]     --> /opt/rustwide/cargo-home/registry/src/index.crates.io-1949cf8c6b5b557f/manifold-db-3.1.0/src/db.rs:1201:5
[INFO] [stdout]      |
[INFO] [stdout] 1201 |     pub fn create(&self, path: impl AsRef<Path>) -> Result<Database, DatabaseError> {
[INFO] [stdout]      |     ^^^^^^^^^^^^^^^^^^^^^^^^^^^^^^^^^^^^^^^^^^^^^^^^^^^^^^^^^^^^^^^^^^^^^^^^^^^^^^^
[INFO] [stdout] 
[INFO] [stdout] error: aborting due to 1 previous error
[INFO] [stdout] 
[INFO] [stdout] For more information about this error, try `rustc --explain E0599`.
[INFO] [stdout] Couldn't compile the test.
[INFO] [stdout] ---- src/temporal.rs - temporal::get_all_properties_at (line 154) stdout ----
[INFO] [stdout] error[E0599]: no method named `create_temp` found for struct `manifold::Builder` in the current scope
[INFO] [stdout]     --> src/temporal.rs:159:30
[INFO] [stdout]      |
[INFO] [stdout]  159 | let db = Database::builder().create_temp().unwrap();
[INFO] [stdout]      |                              ^^^^^^^^^^^
[INFO] [stdout]      |
[INFO] [stdout] help: there is a method `create` with a similar name, but with different arguments
[INFO] [stdout]     --> /opt/rustwide/cargo-home/registry/src/index.crates.io-1949cf8c6b5b557f/manifold-db-3.1.0/src/db.rs:1201:5
[INFO] [stdout]      |
[INFO] [stdout] 1201 |     pub fn create(&self, path: impl AsRef<Path>) -> Result<Database, DatabaseError> {
[INFO] [stdout]      |     ^^^^^^^^^^^^^^^^^^^^^^^^^^^^^^^^^^^^^^^^^^^^^^^^^^^^^^^^^^^^^^^^^^^^^^^^^^^^^^^
[INFO] [stdout] 
[INFO] [stdout] error: aborting due to 1 previous error
[INFO] [stdout] 
[INFO] [stdout] For more information about this error, try `rustc --explain E0599`.
[INFO] [stdout] Couldn't compile the test.
[INFO] [stdout] ---- src/operations.rs - operations::batch_get_all_properties (line 194) stdout ----
[INFO] [stdout] error[E0599]: no method named `create_temp` found for struct `manifold::Builder` in the current scope
[INFO] [stdout]     --> src/operations.rs:199:30
[INFO] [stdout]      |
[INFO] [stdout]  199 | let db = Database::builder().create_temp().unwrap();
[INFO] [stdout]      |                              ^^^^^^^^^^^
[INFO] [stdout]      |
[INFO] [stdout] help: there is a method `create` with a similar name, but with different arguments
[INFO] [stdout]     --> /opt/rustwide/cargo-home/registry/src/index.crates.io-1949cf8c6b5b557f/manifold-db-3.1.0/src/db.rs:1201:5
[INFO] [stdout]      |
[INFO] [stdout] 1201 |     pub fn create(&self, path: impl AsRef<Path>) -> Result<Database, DatabaseError> {
[INFO] [stdout]      |     ^^^^^^^^^^^^^^^^^^^^^^^^^^^^^^^^^^^^^^^^^^^^^^^^^^^^^^^^^^^^^^^^^^^^^^^^^^^^^^^
[INFO] [stdout] 
[INFO] [stdout] error: aborting due to 1 previous error
[INFO] [stdout] 
[INFO] [stdout] For more information about this error, try `rustc --explain E0599`.
[INFO] [stdout] Couldn't compile the test.
[INFO] [stdout] ---- src/temporal.rs - temporal::property_existed_at (line 204) stdout ----
[INFO] [stdout] error[E0599]: no method named `create_temp` found for struct `manifold::Builder` in the current scope
[INFO] [stdout]     --> src/temporal.rs:209:30
[INFO] [stdout]      |
[INFO] [stdout]  209 | let db = Database::builder().create_temp().unwrap();
[INFO] [stdout]      |                              ^^^^^^^^^^^
[INFO] [stdout]      |
[INFO] [stdout] help: there is a method `create` with a similar name, but with different arguments
[INFO] [stdout]     --> /opt/rustwide/cargo-home/registry/src/index.crates.io-1949cf8c6b5b557f/manifold-db-3.1.0/src/db.rs:1201:5
[INFO] [stdout]      |
[INFO] [stdout] 1201 |     pub fn create(&self, path: impl AsRef<Path>) -> Result<Database, DatabaseError> {
[INFO] [stdout]      |     ^^^^^^^^^^^^^^^^^^^^^^^^^^^^^^^^^^^^^^^^^^^^^^^^^^^^^^^^^^^^^^^^^^^^^^^^^^^^^^^
[INFO] [stdout] 
[INFO] [stdout] error: aborting due to 1 previous error
[INFO] [stdout] 
[INFO] [stdout] For more information about this error, try `rustc --explain E0599`.
[INFO] [stdout] Couldn't compile the test.
[INFO] [stdout] ---- src/operations.rs - operations::batch_set_properties (line 36) stdout ----
[INFO] [stdout] error[E0599]: no method named `create_temp` found for struct `manifold::Builder` in the current scope
[INFO] [stdout]     --> src/operations.rs:41:30
[INFO] [stdout]      |
[INFO] [stdout]   41 | let db = Database::builder().create_temp().unwrap();
[INFO] [stdout]      |                              ^^^^^^^^^^^
[INFO] [stdout]      |
[INFO] [stdout] help: there is a method `create` with a similar name, but with different arguments
[INFO] [stdout]     --> /opt/rustwide/cargo-home/registry/src/index.crates.io-1949cf8c6b5b557f/manifold-db-3.1.0/src/db.rs:1201:5
[INFO] [stdout]      |
[INFO] [stdout] 1201 |     pub fn create(&self, path: impl AsRef<Path>) -> Result<Database, DatabaseError> {
[INFO] [stdout]      |     ^^^^^^^^^^^^^^^^^^^^^^^^^^^^^^^^^^^^^^^^^^^^^^^^^^^^^^^^^^^^^^^^^^^^^^^^^^^^^^^
[INFO] [stdout] 
[INFO] [stdout] error: aborting due to 1 previous error
[INFO] [stdout] 
[INFO] [stdout] For more information about this error, try `rustc --explain E0599`.
[INFO] [stdout] Couldn't compile the test.
[INFO] [stdout] ---- src/operations.rs - operations::bulk_delete_properties (line 145) stdout ----
[INFO] [stdout] error[E0599]: no method named `create_temp` found for struct `manifold::Builder` in the current scope
[INFO] [stdout]     --> src/operations.rs:150:30
[INFO] [stdout]      |
[INFO] [stdout]  150 | let db = Database::builder().create_temp().unwrap();
[INFO] [stdout]      |                              ^^^^^^^^^^^
[INFO] [stdout]      |
[INFO] [stdout] help: there is a method `create` with a similar name, but with different arguments
[INFO] [stdout]     --> /opt/rustwide/cargo-home/registry/src/index.crates.io-1949cf8c6b5b557f/manifold-db-3.1.0/src/db.rs:1201:5
[INFO] [stdout]      |
[INFO] [stdout] 1201 |     pub fn create(&self, path: impl AsRef<Path>) -> Result<Database, DatabaseError> {
[INFO] [stdout]      |     ^^^^^^^^^^^^^^^^^^^^^^^^^^^^^^^^^^^^^^^^^^^^^^^^^^^^^^^^^^^^^^^^^^^^^^^^^^^^^^^
[INFO] [stdout] 
[INFO] [stdout] error: aborting due to 1 previous error
[INFO] [stdout] 
[INFO] [stdout] For more information about this error, try `rustc --explain E0599`.
[INFO] [stdout] Couldn't compile the test.
[INFO] [stdout] ---- src/operations.rs - operations::delete_all_properties (line 241) stdout ----
[INFO] [stdout] error[E0599]: no method named `create_temp` found for struct `manifold::Builder` in the current scope
[INFO] [stdout]     --> src/operations.rs:246:30
[INFO] [stdout]      |
[INFO] [stdout]  246 | let db = Database::builder().create_temp().unwrap();
[INFO] [stdout]      |                              ^^^^^^^^^^^
[INFO] [stdout]      |
[INFO] [stdout] help: there is a method `create` with a similar name, but with different arguments
[INFO] [stdout]     --> /opt/rustwide/cargo-home/registry/src/index.crates.io-1949cf8c6b5b557f/manifold-db-3.1.0/src/db.rs:1201:5
[INFO] [stdout]      |
[INFO] [stdout] 1201 |     pub fn create(&self, path: impl AsRef<Path>) -> Result<Database, DatabaseError> {
[INFO] [stdout]      |     ^^^^^^^^^^^^^^^^^^^^^^^^^^^^^^^^^^^^^^^^^^^^^^^^^^^^^^^^^^^^^^^^^^^^^^^^^^^^^^^
[INFO] [stdout] 
[INFO] [stdout] error: aborting due to 1 previous error
[INFO] [stdout] 
[INFO] [stdout] For more information about this error, try `rustc --explain E0599`.
[INFO] [stdout] Couldn't compile the test.
[INFO] [stdout] ---- src/temporal.rs - temporal::get_property_at (line 31) stdout ----
[INFO] [stdout] error[E0599]: no method named `create_temp` found for struct `manifold::Builder` in the current scope
[INFO] [stdout]     --> src/temporal.rs:36:30
[INFO] [stdout]      |
[INFO] [stdout]   36 | let db = Database::builder().create_temp().unwrap();
[INFO] [stdout]      |                              ^^^^^^^^^^^
[INFO] [stdout]      |
[INFO] [stdout] help: there is a method `create` with a similar name, but with different arguments
[INFO] [stdout]     --> /opt/rustwide/cargo-home/registry/src/index.crates.io-1949cf8c6b5b557f/manifold-db-3.1.0/src/db.rs:1201:5
[INFO] [stdout]      |
[INFO] [stdout] 1201 |     pub fn create(&self, path: impl AsRef<Path>) -> Result<Database, DatabaseError> {
[INFO] [stdout]      |     ^^^^^^^^^^^^^^^^^^^^^^^^^^^^^^^^^^^^^^^^^^^^^^^^^^^^^^^^^^^^^^^^^^^^^^^^^^^^^^^
[INFO] [stdout] 
[INFO] [stdout] error: aborting due to 1 previous error
[INFO] [stdout] 
[INFO] [stdout] For more information about this error, try `rustc --explain E0599`.
[INFO] [stdout] Couldn't compile the test.
[INFO] [stdout] 
[INFO] [stdout] failures:
[INFO] [stdout]     src/operations.rs - operations::batch_get_all_properties (line 194)
[INFO] [stdout]     src/operations.rs - operations::batch_get_properties (line 100)
[INFO] [stdout]     src/operations.rs - operations::batch_set_properties (line 36)
[INFO] [stdout]     src/operations.rs - operations::bulk_delete_properties (line 145)
[INFO] [stdout]     src/operations.rs - operations::delete_all_properties (line 241)
[INFO] [stdout]     src/temporal.rs - temporal::get_all_properties_at (line 154)
[INFO] [stdout]     src/temporal.rs - temporal::get_property_at (line 31)
[INFO] [stdout]     src/temporal.rs - temporal::get_property_history (line 85)
[INFO] [stdout]     src/temporal.rs - temporal::property_existed_at (line 204)
[INFO] [stdout] 
[INFO] [stdout] test result: FAILED. 1 passed; 9 failed; 0 ignored; 0 measured; 0 filtered out; finished in 0.41s
[INFO] [stdout] 
[INFO] [stdout] all doctests ran in 0.57s; merged doctests compilation took 0.16s
[INFO] [stderr] error: doctest failed, to rerun pass `--doc`
[INFO] running `Command { std: "docker" "inspect" "b1c33691f6258ff5a37e0485ba0c121d8bb80c97ee68a16457d3da7fcc2edfc1", kill_on_drop: false }`
[INFO] running `Command { std: "docker" "rm" "-f" "b1c33691f6258ff5a37e0485ba0c121d8bb80c97ee68a16457d3da7fcc2edfc1", kill_on_drop: false }`
[INFO] [stdout] b1c33691f6258ff5a37e0485ba0c121d8bb80c97ee68a16457d3da7fcc2edfc1
