[INFO] fetching crate mani 0.16.0...
[INFO] testing mani-0.16.0 against 1.99.0-beta.8+cargoflags=--release for beta-release-1.100-2
[INFO] extracting crate mani 0.16.0 into /workspace/builds/worker-3-tc1/source
[INFO] started tweaking crates.io crate mani 0.16.0
[INFO] finished tweaking crates.io crate mani 0.16.0
[INFO] tweaked toml for crates.io crate mani 0.16.0 written to /workspace/builds/worker-3-tc1/source/Cargo.toml
[INFO] validating manifest of crates.io crate mani 0.16.0 on toolchain 1.99.0-beta.8
[INFO] running `Command { std: CARGO_HOME="/workspace/cargo-home" RUSTUP_HOME="/workspace/rustup-home" "/workspace/cargo-home/bin/cargo" "+1.99.0-beta.8" "metadata" "--manifest-path" "Cargo.toml" "--no-deps", kill_on_drop: false }`
[INFO] crate crates.io crate mani 0.16.0 already has a lockfile, it will not be regenerated
[INFO] running `Command { std: CARGO_HOME="/workspace/cargo-home" RUSTUP_HOME="/workspace/rustup-home" "/workspace/cargo-home/bin/cargo" "+1.99.0-beta.8" "fetch" "--manifest-path" "Cargo.toml", kill_on_drop: false }`
[INFO] [stderr]     Updating crates.io index
[INFO] [stderr]  Downloading crates ...
[INFO] [stderr]   Downloaded tatl v0.18.0
[INFO] [stderr]   Downloaded prototk v0.18.0
[INFO] [stderr]   Downloaded utilz v0.9.0
[INFO] [stderr]   Downloaded prototk_derive v0.17.0
[INFO] [stderr]   Downloaded buffertk v0.17.0
[INFO] [stderr]   Downloaded handled v0.10.0
[INFO] [stderr]   Downloaded arrrg_derive v0.10.0
[INFO] [stderr]   Downloaded arrrg v0.11.0
[INFO] [stderr]   Downloaded derive_util v0.7.0
[INFO] [stderr]   Downloaded armnod v0.14.0
[INFO] [stderr]   Downloaded biometrics v0.15.0
[INFO] [stderr]   Downloaded one_two_eight v0.15.0
[INFO] [stderr]   Downloaded guacamole v0.17.0
[INFO] [stderr]   Downloaded sig_fig_histogram v0.8.0
[INFO] [stderr]   Downloaded toml v0.7.8
[INFO] running `Command { std: "docker" "create" "-v" "/var/lib/crater-agent-workspace/builds/worker-3-tc1/source:/opt/rustwide/workdir:ro,Z" "-v" "/var/lib/crater-agent-workspace/builds/worker-3-tc1/target:/opt/rustwide/target:rw,Z" "-v" "/var/lib/crater-agent-workspace/cargo-home:/opt/rustwide/cargo-home:ro,Z" "-v" "/var/lib/crater-agent-workspace/rustup-home:/opt/rustwide/rustup-home:ro,Z" "-m" "1610612736" "--network" "none" "ghcr.io/rust-lang/crates-build-env/linux@sha256:77db811e55d90add9212f6832c23229e3de5f1c1f9905e8cb07319ea15df73ac" "sleep" "infinity", kill_on_drop: false }`
[INFO] [stdout] f55547a2543ef151a8879abd94502b872b0fd15c6297aad9c50cb7d1160e28f5
[INFO] running `Command { std: "docker" "start" "f55547a2543ef151a8879abd94502b872b0fd15c6297aad9c50cb7d1160e28f5", kill_on_drop: false }`
[INFO] running `Command { std: "docker" "inspect" "f55547a2543ef151a8879abd94502b872b0fd15c6297aad9c50cb7d1160e28f5", kill_on_drop: false }`
[INFO] running `Command { std: "docker" "exec" "-e" "SOURCE_DIR=/opt/rustwide/workdir" "-e" "CARGO_HOME=/opt/rustwide/cargo-home" "-e" "RUSTUP_HOME=/opt/rustwide/rustup-home" "-e" "CARGO_TARGET_DIR=/opt/rustwide/target" "-w" "/opt/rustwide/workdir" "--user" "0:0" "f55547a2543ef151a8879abd94502b872b0fd15c6297aad9c50cb7d1160e28f5" "/opt/rustwide/cargo-home/bin/cargo" "+1.99.0-beta.8" "metadata" "--no-deps" "--format-version=1", kill_on_drop: false }`
[INFO] running `Command { std: "docker" "inspect" "f55547a2543ef151a8879abd94502b872b0fd15c6297aad9c50cb7d1160e28f5", kill_on_drop: false }`
[INFO] running `Command { std: "docker" "exec" "-e" "SOURCE_DIR=/opt/rustwide/workdir" "-e" "CARGO_HOME=/opt/rustwide/cargo-home" "-e" "RUSTUP_HOME=/opt/rustwide/rustup-home" "-e" "CARGO_TARGET_DIR=/opt/rustwide/target" "-e" "CARGO_INCREMENTAL=0" "-e" "RUST_BACKTRACE=full" "-e" "RUSTFLAGS=--cap-lints=warn" "-e" "RUSTDOCFLAGS=--cap-lints=warn" "-w" "/opt/rustwide/workdir" "--user" "0:0" "f55547a2543ef151a8879abd94502b872b0fd15c6297aad9c50cb7d1160e28f5" "/opt/rustwide/cargo-home/bin/cargo" "+1.99.0-beta.8" "build" "--frozen" "--message-format=json" "--release", kill_on_drop: false }`
[INFO] [stderr]    Compiling unicode-ident v1.0.19
[INFO] [stderr]    Compiling syn v1.0.109
[INFO] [stderr]    Compiling proc-macro2 v1.0.101
[INFO] [stderr]    Compiling hashbrown v0.16.0
[INFO] [stderr]    Compiling quote v1.0.45
[INFO] [stderr]    Compiling handled v0.10.0
[INFO] [stderr]    Compiling semver v1.0.27
[INFO] [stderr]    Compiling winnow v0.5.40
[INFO] [stderr]    Compiling libc v0.2.177
[INFO] [stderr]    Compiling unicode-width v0.2.2
[INFO] [stderr]    Compiling sig_fig_histogram v0.8.0
[INFO] [stderr]    Compiling buffertk v0.17.0
[INFO] [stderr]    Compiling getopts v0.2.24
[INFO] [stderr]    Compiling rustc_version v0.4.1
[INFO] [stderr]    Compiling crc32c v0.6.8
[INFO] [stderr]    Compiling syn v2.0.106
[INFO] [stderr]    Compiling indexmap v2.11.4
[INFO] [stderr]    Compiling utilz v0.9.0
[INFO] [stderr]    Compiling derive_util v0.7.0
[INFO] [stderr]    Compiling serde_derive v1.0.228
[INFO] [stderr]    Compiling prototk_derive v0.17.0
[INFO] [stderr]    Compiling arrrg_derive v0.10.0
[INFO] [stderr]    Compiling arrrg v0.11.0
[INFO] [stderr]    Compiling prototk v0.18.0
[INFO] [stderr]    Compiling one_two_eight v0.15.0
[INFO] [stderr]    Compiling serde v1.0.228
[INFO] [stderr]    Compiling toml_datetime v0.6.11
[INFO] [stderr]    Compiling serde_spanned v0.6.9
[INFO] [stderr]    Compiling toml_edit v0.19.15
[INFO] [stderr]    Compiling toml v0.7.8
[INFO] [stderr]    Compiling biometrics v0.15.0
[INFO] [stderr]    Compiling tatl v0.18.0
[INFO] [stderr]    Compiling mani v0.16.0 (/opt/rustwide/workdir)
[INFO] [stderr]     Finished `release` profile [optimized] target(s) in 38.60s
[INFO] running `Command { std: "docker" "inspect" "f55547a2543ef151a8879abd94502b872b0fd15c6297aad9c50cb7d1160e28f5", kill_on_drop: false }`
[INFO] running `Command { std: "docker" "exec" "-e" "SOURCE_DIR=/opt/rustwide/workdir" "-e" "CARGO_HOME=/opt/rustwide/cargo-home" "-e" "RUSTUP_HOME=/opt/rustwide/rustup-home" "-e" "CARGO_TARGET_DIR=/opt/rustwide/target" "-e" "CARGO_INCREMENTAL=0" "-e" "RUST_BACKTRACE=full" "-e" "RUSTFLAGS=--cap-lints=warn" "-e" "RUSTDOCFLAGS=--cap-lints=warn" "-w" "/opt/rustwide/workdir" "--user" "0:0" "f55547a2543ef151a8879abd94502b872b0fd15c6297aad9c50cb7d1160e28f5" "/opt/rustwide/cargo-home/bin/cargo" "+1.99.0-beta.8" "test" "--frozen" "--no-run" "--message-format=json" "--release", kill_on_drop: false }`
[INFO] [stderr]    Compiling guacamole v0.17.0
[INFO] [stderr]    Compiling armnod v0.14.0
[INFO] [stderr]    Compiling mani v0.16.0 (/opt/rustwide/workdir)
[INFO] [stderr]     Finished `release` profile [optimized] target(s) in 3.18s
[INFO] running `Command { std: "docker" "inspect" "f55547a2543ef151a8879abd94502b872b0fd15c6297aad9c50cb7d1160e28f5", kill_on_drop: false }`
[INFO] running `Command { std: "docker" "exec" "-e" "SOURCE_DIR=/opt/rustwide/workdir" "-e" "CARGO_HOME=/opt/rustwide/cargo-home" "-e" "RUSTUP_HOME=/opt/rustwide/rustup-home" "-e" "CARGO_TARGET_DIR=/opt/rustwide/target" "-e" "CARGO_INCREMENTAL=0" "-e" "RUST_BACKTRACE=full" "-e" "RUSTFLAGS=--cap-lints=warn" "-e" "RUSTDOCFLAGS=--cap-lints=warn" "-w" "/opt/rustwide/workdir" "--user" "0:0" "f55547a2543ef151a8879abd94502b872b0fd15c6297aad9c50cb7d1160e28f5" "/opt/rustwide/cargo-home/bin/cargo" "+1.99.0-beta.8" "test" "--frozen" "--release", kill_on_drop: false }`
[INFO] [stderr]     Finished `release` profile [optimized] target(s) in 0.07s
[INFO] [stderr]      Running unittests src/lib.rs (/opt/rustwide/target/release/deps/mani-a496bc6cc536caa5)
[INFO] [stdout] 
[INFO] [stdout] running 26 tests
[INFO] [stdout] test tests::guacamole16522073696062617966 ... FAILED
[INFO] [stdout] test tests::guacamole11818449540631631494 ... FAILED
[INFO] [stdout] test tests::guacamole8550330511375764379 ... FAILED
[INFO] [stdout] test tests::guacamole10358298905320955451 ... FAILED
[INFO] [stdout] test tests::guacamole8642048216479126580 ... FAILED
[INFO] [stdout] test tests::guacamole16454412700383951410 ... FAILED
[INFO] [stdout] test tests::guacamole5455191989502336247 ... FAILED
[INFO] [stdout] test tests::guacamole6529534099269622277 ... FAILED
[INFO] [stdout] test tests::guacamole6201227612047565798 ... FAILED
[INFO] [stdout] test tests::guacamole5789036567548627700 ... FAILED
[INFO] [stdout] test tests::guacamole1708810195070469314 ... FAILED
[INFO] [stdout] test tests::guacamole5138398090444284702 ... FAILED
[INFO] [stdout] test tests::lockfile_const ... ok
[INFO] [stdout] test tests::info ... FAILED
[INFO] [stdout] test tests::not_exist_defaults ... FAILED
[INFO] [stdout] test tests::test_test_root ... ok
[INFO] [stdout] test tests::open_after_rollover ... FAILED
[INFO] [stdout] test tests::guacamole9511704728995062883 ... FAILED
[INFO] [stdout] test tests::removal ... FAILED
[INFO] [stdout] test tests::simple_addition ... FAILED
[INFO] [stdout] test tests::guacamole8803705925841794254 ... FAILED
[INFO] [stdout] test tests::iterator ... FAILED
[INFO] [stdout] test tests::guacamole12537599354512252906 ... FAILED
[INFO] [stdout] test tests::not_exist_fail_if_not_exist ... ok
[INFO] [stdout] test tests::guacamole5103614593344147373 ... FAILED
[INFO] [stdout] test tests::not_exist_fail_if_exists ... FAILED
[INFO] [stdout] 
[INFO] [stdout] failures:
[INFO] [stdout] 
[INFO] [stdout] ---- tests::guacamole16522073696062617966 stdout ----
[INFO] [stdout] 
[INFO] [stdout] thread 'tests::guacamole16522073696062617966' (1222) panicked at src/lib.rs:973:70:
[INFO] [stdout] called `Result::unwrap()` on an `Err` value: SError { detail: List([Atom("error"), List([Atom("phase"), Atom("mani")]), List([Atom("code"), Atom("system-error")]), List([Atom("message"), Atom("\"manifest system error\"")]), List([Atom("what"), Atom("\"Read-only file system (os error 30)\"")]), List([Atom("root"), Atom("\"mani__tests_1091\"")])]) }
[INFO] [stdout] stack backtrace:
[INFO] [stdout]    0:     0x5ab3cb372bb1 - <<std[70759c8f55707aa4]::sys::backtrace::BacktraceLock>::print::DisplayBacktrace as core[df12db4294e9bfd3]::fmt::Display>::fmt
[INFO] [stdout]    1:     0x5ab3cb38786a - core[df12db4294e9bfd3]::fmt::write
[INFO] [stdout]    2:     0x5ab3cb37731c - <alloc[2182bb758b4b3781]::vec::Vec<u8> as core[df12db4294e9bfd3]::io::write::Write>::write_fmt
[INFO] [stdout]    3:     0x5ab3cb34cfb6 - std[70759c8f55707aa4]::panicking::default_hook::{closure#0}
[INFO] [stdout]    4:     0x5ab3cb36a259 - std[70759c8f55707aa4]::panicking::default_hook
[INFO] [stdout]    5:     0x5ab3cb302b60 - test[9d35eded1c95d3be]::test_main_inner::<test[9d35eded1c95d3be]::test_main_static::{closure#0}>::{closure#0}
[INFO] [stdout]    6:     0x5ab3cb36a412 - std[70759c8f55707aa4]::panicking::panic_with_hook
[INFO] [stdout]    7:     0x5ab3cb34d062 - std[70759c8f55707aa4]::panicking::panic_handler::{closure#0}
[INFO] [stdout]    8:     0x5ab3cb3459c9 - std[70759c8f55707aa4]::sys::backtrace::__rust_end_short_backtrace::<std[70759c8f55707aa4]::panicking::panic_handler::{closure#0}, !>
[INFO] [stdout]    9:     0x5ab3cb34de3d - __rustc[8fa7c3cbc660c2b3]::rust_begin_unwind
[INFO] [stdout]   10:     0x5ab3cb387f9c - core[df12db4294e9bfd3]::panicking::panic_fmt
[INFO] [stdout]   11:     0x5ab3cb387d72 - core[df12db4294e9bfd3]::result::unwrap_failed
[INFO] [stdout]   12:     0x5ab3cb2ece32 - mani[4631b609146a10bc]::tests::seed_guacamole
[INFO] [stdout]   13:     0x5ab3cb2e729c - <mani[4631b609146a10bc]::tests::guacamole16522073696062617966::{closure#0} as core[df12db4294e9bfd3]::ops::function::FnOnce<()>>::call_once
[INFO] [stdout]   14:     0x5ab3cb2f5e4b - test[9d35eded1c95d3be]::__rust_begin_short_backtrace::<core[df12db4294e9bfd3]::result::Result<(), alloc[2182bb758b4b3781]::string::String>, fn() -> core[df12db4294e9bfd3]::result::Result<(), alloc[2182bb758b4b3781]::string::String>>
[INFO] [stdout]   15:     0x5ab3cb3034b5 - test[9d35eded1c95d3be]::run_test::{closure#0}
[INFO] [stdout]   16:     0x5ab3cb2fcd74 - std[70759c8f55707aa4]::sys::backtrace::__rust_begin_short_backtrace::<test[9d35eded1c95d3be]::run_test::{closure#1}, ()>
[INFO] [stdout]   17:     0x5ab3cb306612 - <std[70759c8f55707aa4]::thread::lifecycle::spawn_unchecked<test[9d35eded1c95d3be]::run_test::{closure#1}, ()>::{closure#1} as core[df12db4294e9bfd3]::ops::function::FnOnce<()>>::call_once::{shim:vtable#0}
[INFO] [stdout]   18:     0x5ab3cb372119 - <std[70759c8f55707aa4]::sys::thread::unix::Thread>::new::thread_start
[INFO] [stdout]   19:     0x7f60fa391dfa - <unknown>
[INFO] [stdout]   20:     0x7f60fa4253d4 - clone
[INFO] [stdout]   21:                0x0 - <unknown>
[INFO] [stdout] 
[INFO] [stdout] ---- tests::guacamole11818449540631631494 stdout ----
[INFO] [stdout] 
[INFO] [stdout] thread 'tests::guacamole11818449540631631494' (1219) panicked at src/lib.rs:973:70:
[INFO] [stderr] error: test failed, to rerun pass `--lib`
[INFO] [stdout] called `Result::unwrap()` on an `Err` value: SError { detail: List([Atom("error"), List([Atom("phase"), Atom("mani")]), List([Atom("code"), Atom("system-error")]), List([Atom("message"), Atom("\"manifest system error\"")]), List([Atom("what"), Atom("\"Read-only file system (os error 30)\"")]), List([Atom("root"), Atom("\"mani__tests_1067\"")])]) }
[INFO] [stdout] stack backtrace:
[INFO] [stdout]    0:     0x5ab3cb372bb1 - <<std[70759c8f55707aa4]::sys::backtrace::BacktraceLock>::print::DisplayBacktrace as core[df12db4294e9bfd3]::fmt::Display>::fmt
[INFO] [stdout]    1:     0x5ab3cb38786a - core[df12db4294e9bfd3]::fmt::write
[INFO] [stdout]    2:     0x5ab3cb37731c - <alloc[2182bb758b4b3781]::vec::Vec<u8> as core[df12db4294e9bfd3]::io::write::Write>::write_fmt
[INFO] [stdout]    3:     0x5ab3cb34cfb6 - std[70759c8f55707aa4]::panicking::default_hook::{closure#0}
[INFO] [stdout]    4:     0x5ab3cb36a259 - std[70759c8f55707aa4]::panicking::default_hook
[INFO] [stdout]    5:     0x5ab3cb302b60 - test[9d35eded1c95d3be]::test_main_inner::<test[9d35eded1c95d3be]::test_main_static::{closure#0}>::{closure#0}
[INFO] [stdout]    6:     0x5ab3cb36a412 - std[70759c8f55707aa4]::panicking::panic_with_hook
[INFO] [stdout]    7:     0x5ab3cb34d062 - std[70759c8f55707aa4]::panicking::panic_handler::{closure#0}
[INFO] [stdout]    8:     0x5ab3cb3459c9 - std[70759c8f55707aa4]::sys::backtrace::__rust_end_short_backtrace::<std[70759c8f55707aa4]::panicking::panic_handler::{closure#0}, !>
[INFO] [stdout]    9:     0x5ab3cb34de3d - __rustc[8fa7c3cbc660c2b3]::rust_begin_unwind
[INFO] [stdout]   10:     0x5ab3cb387f9c - core[df12db4294e9bfd3]::panicking::panic_fmt
[INFO] [stdout]   11:     0x5ab3cb387d72 - core[df12db4294e9bfd3]::result::unwrap_failed
[INFO] [stdout]   12:     0x5ab3cb2ece32 - mani[4631b609146a10bc]::tests::seed_guacamole
[INFO] [stdout]   13:     0x5ab3cb2e71dc - <mani[4631b609146a10bc]::tests::guacamole11818449540631631494::{closure#0} as core[df12db4294e9bfd3]::ops::function::FnOnce<()>>::call_once
[INFO] [stdout]   14:     0x5ab3cb2f5e4b - test[9d35eded1c95d3be]::__rust_begin_short_backtrace::<core[df12db4294e9bfd3]::result::Result<(), alloc[2182bb758b4b3781]::string::String>, fn() -> core[df12db4294e9bfd3]::result::Result<(), alloc[2182bb758b4b3781]::string::String>>
[INFO] [stdout]   15:     0x5ab3cb3034b5 - test[9d35eded1c95d3be]::run_test::{closure#0}
[INFO] [stdout]   16:     0x5ab3cb2fcd74 - std[70759c8f55707aa4]::sys::backtrace::__rust_begin_short_backtrace::<test[9d35eded1c95d3be]::run_test::{closure#1}, ()>
[INFO] [stdout]   17:     0x5ab3cb306612 - <std[70759c8f55707aa4]::thread::lifecycle::spawn_unchecked<test[9d35eded1c95d3be]::run_test::{closure#1}, ()>::{closure#1} as core[df12db4294e9bfd3]::ops::function::FnOnce<()>>::call_once::{shim:vtable#0}
[INFO] [stdout]   18:     0x5ab3cb372119 - <std[70759c8f55707aa4]::sys::thread::unix::Thread>::new::thread_start
[INFO] [stdout]   19:     0x7f60fa391dfa - <unknown>
[INFO] [stdout]   20:     0x7f60fa4253d4 - clone
[INFO] [stdout]   21:                0x0 - <unknown>
[INFO] [stdout] 
[INFO] [stdout] ---- tests::guacamole8550330511375764379 stdout ----
[INFO] [stdout] 
[INFO] [stdout] thread 'tests::guacamole8550330511375764379' (1230) panicked at src/lib.rs:973:70:
[INFO] [stdout] called `Result::unwrap()` on an `Err` value: SError { detail: List([Atom("error"), List([Atom("phase"), Atom("mani")]), List([Atom("code"), Atom("system-error")]), List([Atom("message"), Atom("\"manifest system error\"")]), List([Atom("what"), Atom("\"Read-only file system (os error 30)\"")]), List([Atom("root"), Atom("\"mani__tests_1073\"")])]) }
[INFO] [stdout] stack backtrace:
[INFO] [stdout]    0:     0x5ab3cb372bb1 - <<std[70759c8f55707aa4]::sys::backtrace::BacktraceLock>::print::DisplayBacktrace as core[df12db4294e9bfd3]::fmt::Display>::fmt
[INFO] [stdout]    1:     0x5ab3cb38786a - core[df12db4294e9bfd3]::fmt::write
[INFO] [stdout]    2:     0x5ab3cb37731c - <alloc[2182bb758b4b3781]::vec::Vec<u8> as core[df12db4294e9bfd3]::io::write::Write>::write_fmt
[INFO] [stdout]    3:     0x5ab3cb34cfb6 - std[70759c8f55707aa4]::panicking::default_hook::{closure#0}
[INFO] [stdout]    4:     0x5ab3cb36a259 - std[70759c8f55707aa4]::panicking::default_hook
[INFO] [stdout]    5:     0x5ab3cb302b60 - test[9d35eded1c95d3be]::test_main_inner::<test[9d35eded1c95d3be]::test_main_static::{closure#0}>::{closure#0}
[INFO] [stdout]    6:     0x5ab3cb36a412 - std[70759c8f55707aa4]::panicking::panic_with_hook
[INFO] [stdout]    7:     0x5ab3cb34d062 - std[70759c8f55707aa4]::panicking::panic_handler::{closure#0}
[INFO] [stdout]    8:     0x5ab3cb3459c9 - std[70759c8f55707aa4]::sys::backtrace::__rust_end_short_backtrace::<std[70759c8f55707aa4]::panicking::panic_handler::{closure#0}, !>
[INFO] [stdout]    9:     0x5ab3cb34de3d - __rustc[8fa7c3cbc660c2b3]::rust_begin_unwind
[INFO] [stdout]   10:     0x5ab3cb387f9c - core[df12db4294e9bfd3]::panicking::panic_fmt
[INFO] [stdout]   11:     0x5ab3cb387d72 - core[df12db4294e9bfd3]::result::unwrap_failed
[INFO] [stdout]   12:     0x5ab3cb2ece32 - mani[4631b609146a10bc]::tests::seed_guacamole
[INFO] [stdout]   13:     0x5ab3cb2e709c - <mani[4631b609146a10bc]::tests::guacamole8550330511375764379::{closure#0} as core[df12db4294e9bfd3]::ops::function::FnOnce<()>>::call_once
[INFO] [stdout]   14:     0x5ab3cb2f5e4b - test[9d35eded1c95d3be]::__rust_begin_short_backtrace::<core[df12db4294e9bfd3]::result::Result<(), alloc[2182bb758b4b3781]::string::String>, fn() -> core[df12db4294e9bfd3]::result::Result<(), alloc[2182bb758b4b3781]::string::String>>
[INFO] [stdout]   15:     0x5ab3cb3034b5 - test[9d35eded1c95d3be]::run_test::{closure#0}
[INFO] [stdout]   16:     0x5ab3cb2fcd74 - std[70759c8f55707aa4]::sys::backtrace::__rust_begin_short_backtrace::<test[9d35eded1c95d3be]::run_test::{closure#1}, ()>
[INFO] [stdout]   17:     0x5ab3cb306612 - <std[70759c8f55707aa4]::thread::lifecycle::spawn_unchecked<test[9d35eded1c95d3be]::run_test::{closure#1}, ()>::{closure#1} as core[df12db4294e9bfd3]::ops::function::FnOnce<()>>::call_once::{shim:vtable#0}
[INFO] [stdout]   18:     0x5ab3cb372119 - <std[70759c8f55707aa4]::sys::thread::unix::Thread>::new::thread_start
[INFO] [stdout]   19:     0x7f60fa391dfa - <unknown>
[INFO] [stdout]   20:     0x7f60fa4253d4 - clone
[INFO] [stdout]   21:                0x0 - <unknown>
[INFO] [stdout] 
[INFO] [stdout] ---- tests::guacamole10358298905320955451 stdout ----
[INFO] [stdout] 
[INFO] [stdout] thread 'tests::guacamole10358298905320955451' (1218) panicked at src/lib.rs:973:70:
[INFO] [stdout] called `Result::unwrap()` on an `Err` value: SError { detail: List([Atom("error"), List([Atom("phase"), Atom("mani")]), List([Atom("code"), Atom("system-error")]), List([Atom("message"), Atom("\"manifest system error\"")]), List([Atom("what"), Atom("\"Read-only file system (os error 30)\"")]), List([Atom("root"), Atom("\"mani__tests_1031\"")])]) }
[INFO] [stdout] stack backtrace:
[INFO] [stdout]    0:     0x5ab3cb372bb1 - <<std[70759c8f55707aa4]::sys::backtrace::BacktraceLock>::print::DisplayBacktrace as core[df12db4294e9bfd3]::fmt::Display>::fmt
[INFO] [stdout]    1:     0x5ab3cb38786a - core[df12db4294e9bfd3]::fmt::write
[INFO] [stdout]    2:     0x5ab3cb37731c - <alloc[2182bb758b4b3781]::vec::Vec<u8> as core[df12db4294e9bfd3]::io::write::Write>::write_fmt
[INFO] [stdout]    3:     0x5ab3cb34cfb6 - std[70759c8f55707aa4]::panicking::default_hook::{closure#0}
[INFO] [stdout]    4:     0x5ab3cb36a259 - std[70759c8f55707aa4]::panicking::default_hook
[INFO] [stdout]    5:     0x5ab3cb302b60 - test[9d35eded1c95d3be]::test_main_inner::<test[9d35eded1c95d3be]::test_main_static::{closure#0}>::{closure#0}
[INFO] [stdout]    6:     0x5ab3cb36a412 - std[70759c8f55707aa4]::panicking::panic_with_hook
[INFO] [stdout]    7:     0x5ab3cb34d062 - std[70759c8f55707aa4]::panicking::panic_handler::{closure#0}
[INFO] [stdout]    8:     0x5ab3cb3459c9 - std[70759c8f55707aa4]::sys::backtrace::__rust_end_short_backtrace::<std[70759c8f55707aa4]::panicking::panic_handler::{closure#0}, !>
[INFO] [stdout]    9:     0x5ab3cb34de3d - __rustc[8fa7c3cbc660c2b3]::rust_begin_unwind
[INFO] [stdout]   10:     0x5ab3cb387f9c - core[df12db4294e9bfd3]::panicking::panic_fmt
[INFO] [stdout]   11:     0x5ab3cb387d72 - core[df12db4294e9bfd3]::result::unwrap_failed
[INFO] [stdout]   12:     0x5ab3cb2ece32 - mani[4631b609146a10bc]::tests::seed_guacamole
[INFO] [stdout]   13:     0x5ab3cb2e719c - <mani[4631b609146a10bc]::tests::guacamole10358298905320955451::{closure#0} as core[df12db4294e9bfd3]::ops::function::FnOnce<()>>::call_once
[INFO] [stdout]   14:     0x5ab3cb2f5e4b - test[9d35eded1c95d3be]::__rust_begin_short_backtrace::<core[df12db4294e9bfd3]::result::Result<(), alloc[2182bb758b4b3781]::string::String>, fn() -> core[df12db4294e9bfd3]::result::Result<(), alloc[2182bb758b4b3781]::string::String>>
[INFO] [stdout]   15:     0x5ab3cb3034b5 - test[9d35eded1c95d3be]::run_test::{closure#0}
[INFO] [stdout]   16:     0x5ab3cb2fcd74 - std[70759c8f55707aa4]::sys::backtrace::__rust_begin_short_backtrace::<test[9d35eded1c95d3be]::run_test::{closure#1}, ()>
[INFO] [stdout]   17:     0x5ab3cb306612 - <std[70759c8f55707aa4]::thread::lifecycle::spawn_unchecked<test[9d35eded1c95d3be]::run_test::{closure#1}, ()>::{closure#1} as core[df12db4294e9bfd3]::ops::function::FnOnce<()>>::call_once::{shim:vtable#0}
[INFO] [stdout]   18:     0x5ab3cb372119 - <std[70759c8f55707aa4]::sys::thread::unix::Thread>::new::thread_start
[INFO] [stdout]   19:     0x7f60fa391dfa - <unknown>
[INFO] [stdout]   20:     0x7f60fa4253d4 - clone
[INFO] [stdout]   21:                0x0 - <unknown>
[INFO] [stdout] 
[INFO] [stdout] ---- tests::guacamole8642048216479126580 stdout ----
[INFO] [stdout] 
[INFO] [stdout] thread 'tests::guacamole8642048216479126580' (1231) panicked at src/lib.rs:973:70:
[INFO] [stdout] called `Result::unwrap()` on an `Err` value: SError { detail: List([Atom("error"), List([Atom("phase"), Atom("mani")]), List([Atom("code"), Atom("system-error")]), List([Atom("message"), Atom("\"manifest system error\"")]), List([Atom("what"), Atom("\"Read-only file system (os error 30)\"")]), List([Atom("root"), Atom("\"mani__tests_1013\"")])]) }
[INFO] [stdout] stack backtrace:
[INFO] [stdout]    0:     0x5ab3cb372bb1 - <<std[70759c8f55707aa4]::sys::backtrace::BacktraceLock>::print::DisplayBacktrace as core[df12db4294e9bfd3]::fmt::Display>::fmt
[INFO] [stdout]    1:     0x5ab3cb38786a - core[df12db4294e9bfd3]::fmt::write
[INFO] [stdout]    2:     0x5ab3cb37731c - <alloc[2182bb758b4b3781]::vec::Vec<u8> as core[df12db4294e9bfd3]::io::write::Write>::write_fmt
[INFO] [stdout]    3:     0x5ab3cb34cfb6 - std[70759c8f55707aa4]::panicking::default_hook::{closure#0}
[INFO] [stdout]    4:     0x5ab3cb36a259 - std[70759c8f55707aa4]::panicking::default_hook
[INFO] [stdout]    5:     0x5ab3cb302b60 - test[9d35eded1c95d3be]::test_main_inner::<test[9d35eded1c95d3be]::test_main_static::{closure#0}>::{closure#0}
[INFO] [stdout]    6:     0x5ab3cb36a412 - std[70759c8f55707aa4]::panicking::panic_with_hook
[INFO] [stdout]    7:     0x5ab3cb34d062 - std[70759c8f55707aa4]::panicking::panic_handler::{closure#0}
[INFO] [stdout]    8:     0x5ab3cb3459c9 - std[70759c8f55707aa4]::sys::backtrace::__rust_end_short_backtrace::<std[70759c8f55707aa4]::panicking::panic_handler::{closure#0}, !>
[INFO] [stdout]    9:     0x5ab3cb34de3d - __rustc[8fa7c3cbc660c2b3]::rust_begin_unwind
[INFO] [stdout]   10:     0x5ab3cb387f9c - core[df12db4294e9bfd3]::panicking::panic_fmt
[INFO] [stdout]   11:     0x5ab3cb387d72 - core[df12db4294e9bfd3]::result::unwrap_failed
[INFO] [stdout]   12:     0x5ab3cb2ece32 - mani[4631b609146a10bc]::tests::seed_guacamole
[INFO] [stdout]   13:     0x5ab3cb2e70dc - <mani[4631b609146a10bc]::tests::guacamole8642048216479126580::{closure#0} as core[df12db4294e9bfd3]::ops::function::FnOnce<()>>::call_once
[INFO] [stdout]   14:     0x5ab3cb2f5e4b - test[9d35eded1c95d3be]::__rust_begin_short_backtrace::<core[df12db4294e9bfd3]::result::Result<(), alloc[2182bb758b4b3781]::string::String>, fn() -> core[df12db4294e9bfd3]::result::Result<(), alloc[2182bb758b4b3781]::string::String>>
[INFO] [stdout]   15:     0x5ab3cb3034b5 - test[9d35eded1c95d3be]::run_test::{closure#0}
[INFO] [stdout]   16:     0x5ab3cb2fcd74 - std[70759c8f55707aa4]::sys::backtrace::__rust_begin_short_backtrace::<test[9d35eded1c95d3be]::run_test::{closure#1}, ()>
[INFO] [stdout]   17:     0x5ab3cb306612 - <std[70759c8f55707aa4]::thread::lifecycle::spawn_unchecked<test[9d35eded1c95d3be]::run_test::{closure#1}, ()>::{closure#1} as core[df12db4294e9bfd3]::ops::function::FnOnce<()>>::call_once::{shim:vtable#0}
[INFO] [stdout]   18:     0x5ab3cb372119 - <std[70759c8f55707aa4]::sys::thread::unix::Thread>::new::thread_start
[INFO] [stdout]   19:     0x7f60fa391dfa - <unknown>
[INFO] [stdout]   20:     0x7f60fa4253d4 - clone
[INFO] [stdout]   21:                0x0 - <unknown>
[INFO] [stdout] 
[INFO] [stdout] ---- tests::guacamole16454412700383951410 stdout ----
[INFO] [stdout] 
[INFO] [stdout] thread 'tests::guacamole16454412700383951410' (1221) panicked at src/lib.rs:973:70:
[INFO] [stdout] called `Result::unwrap()` on an `Err` value: SError { detail: List([Atom("error"), List([Atom("phase"), Atom("mani")]), List([Atom("code"), Atom("system-error")]), List([Atom("message"), Atom("\"manifest system error\"")]), List([Atom("what"), Atom("\"Read-only file system (os error 30)\"")]), List([Atom("root"), Atom("\"mani__tests_1037\"")])]) }
[INFO] [stdout] stack backtrace:
[INFO] [stdout]    0:     0x5ab3cb372bb1 - <<std[70759c8f55707aa4]::sys::backtrace::BacktraceLock>::print::DisplayBacktrace as core[df12db4294e9bfd3]::fmt::Display>::fmt
[INFO] [stdout]    1:     0x5ab3cb38786a - core[df12db4294e9bfd3]::fmt::write
[INFO] [stdout]    2:     0x5ab3cb37731c - <alloc[2182bb758b4b3781]::vec::Vec<u8> as core[df12db4294e9bfd3]::io::write::Write>::write_fmt
[INFO] [stdout]    3:     0x5ab3cb34cfb6 - std[70759c8f55707aa4]::panicking::default_hook::{closure#0}
[INFO] [stdout]    4:     0x5ab3cb36a259 - std[70759c8f55707aa4]::panicking::default_hook
[INFO] [stdout]    5:     0x5ab3cb302b60 - test[9d35eded1c95d3be]::test_main_inner::<test[9d35eded1c95d3be]::test_main_static::{closure#0}>::{closure#0}
[INFO] [stdout]    6:     0x5ab3cb36a412 - std[70759c8f55707aa4]::panicking::panic_with_hook
[INFO] [stdout]    7:     0x5ab3cb34d062 - std[70759c8f55707aa4]::panicking::panic_handler::{closure#0}
[INFO] [stdout]    8:     0x5ab3cb3459c9 - std[70759c8f55707aa4]::sys::backtrace::__rust_end_short_backtrace::<std[70759c8f55707aa4]::panicking::panic_handler::{closure#0}, !>
[INFO] [stdout]    9:     0x5ab3cb34de3d - __rustc[8fa7c3cbc660c2b3]::rust_begin_unwind
[INFO] [stdout]   10:     0x5ab3cb387f9c - core[df12db4294e9bfd3]::panicking::panic_fmt
[INFO] [stdout]   11:     0x5ab3cb387d72 - core[df12db4294e9bfd3]::result::unwrap_failed
[INFO] [stdout]   12:     0x5ab3cb2ece32 - mani[4631b609146a10bc]::tests::seed_guacamole
[INFO] [stdout]   13:     0x5ab3cb2e725c - <mani[4631b609146a10bc]::tests::guacamole16454412700383951410::{closure#0} as core[df12db4294e9bfd3]::ops::function::FnOnce<()>>::call_once
[INFO] [stdout]   14:     0x5ab3cb2f5e4b - test[9d35eded1c95d3be]::__rust_begin_short_backtrace::<core[df12db4294e9bfd3]::result::Result<(), alloc[2182bb758b4b3781]::string::String>, fn() -> core[df12db4294e9bfd3]::result::Result<(), alloc[2182bb758b4b3781]::string::String>>
[INFO] [stdout]   15:     0x5ab3cb3034b5 - test[9d35eded1c95d3be]::run_test::{closure#0}
[INFO] [stdout]   16:     0x5ab3cb2fcd74 - std[70759c8f55707aa4]::sys::backtrace::__rust_begin_short_backtrace::<test[9d35eded1c95d3be]::run_test::{closure#1}, ()>
[INFO] [stdout]   17:     0x5ab3cb306612 - <std[70759c8f55707aa4]::thread::lifecycle::spawn_unchecked<test[9d35eded1c95d3be]::run_test::{closure#1}, ()>::{closure#1} as core[df12db4294e9bfd3]::ops::function::FnOnce<()>>::call_once::{shim:vtable#0}
[INFO] [stdout]   18:     0x5ab3cb372119 - <std[70759c8f55707aa4]::sys::thread::unix::Thread>::new::thread_start
[INFO] [stdout]   19:     0x7f60fa391dfa - <unknown>
[INFO] [stdout]   20:     0x7f60fa4253d4 - clone
[INFO] [stdout]   21:                0x0 - <unknown>
[INFO] [stdout] 
[INFO] [stdout] ---- tests::guacamole5455191989502336247 stdout ----
[INFO] [stdout] 
[INFO] [stdout] thread 'tests::guacamole5455191989502336247' (1226) panicked at src/lib.rs:973:70:
[INFO] [stdout] called `Result::unwrap()` on an `Err` value: SError { detail: List([Atom("error"), List([Atom("phase"), Atom("mani")]), List([Atom("code"), Atom("system-error")]), List([Atom("message"), Atom("\"manifest system error\"")]), List([Atom("what"), Atom("\"Read-only file system (os error 30)\"")]), List([Atom("root"), Atom("\"mani__tests_1097\"")])]) }
[INFO] [stdout] stack backtrace:
[INFO] [stdout]    0:     0x5ab3cb372bb1 - <<std[70759c8f55707aa4]::sys::backtrace::BacktraceLock>::print::DisplayBacktrace as core[df12db4294e9bfd3]::fmt::Display>::fmt
[INFO] [stdout]    1:     0x5ab3cb38786a - core[df12db4294e9bfd3]::fmt::write
[INFO] [stdout]    2:     0x5ab3cb37731c - <alloc[2182bb758b4b3781]::vec::Vec<u8> as core[df12db4294e9bfd3]::io::write::Write>::write_fmt
[INFO] [stdout]    3:     0x5ab3cb34cfb6 - std[70759c8f55707aa4]::panicking::default_hook::{closure#0}
[INFO] [stdout]    4:     0x5ab3cb36a259 - std[70759c8f55707aa4]::panicking::default_hook
[INFO] [stdout]    5:     0x5ab3cb302b60 - test[9d35eded1c95d3be]::test_main_inner::<test[9d35eded1c95d3be]::test_main_static::{closure#0}>::{closure#0}
[INFO] [stdout]    6:     0x5ab3cb36a412 - std[70759c8f55707aa4]::panicking::panic_with_hook
[INFO] [stdout]    7:     0x5ab3cb34d062 - std[70759c8f55707aa4]::panicking::panic_handler::{closure#0}
[INFO] [stdout]    8:     0x5ab3cb3459c9 - std[70759c8f55707aa4]::sys::backtrace::__rust_end_short_backtrace::<std[70759c8f55707aa4]::panicking::panic_handler::{closure#0}, !>
[INFO] [stdout]    9:     0x5ab3cb34de3d - __rustc[8fa7c3cbc660c2b3]::rust_begin_unwind
[INFO] [stdout]   10:     0x5ab3cb387f9c - core[df12db4294e9bfd3]::panicking::panic_fmt
[INFO] [stdout]   11:     0x5ab3cb387d72 - core[df12db4294e9bfd3]::result::unwrap_failed
[INFO] [stdout]   12:     0x5ab3cb2ece32 - mani[4631b609146a10bc]::tests::seed_guacamole
[INFO] [stdout]   13:     0x5ab3cb2e6f9c - <mani[4631b609146a10bc]::tests::guacamole5455191989502336247::{closure#0} as core[df12db4294e9bfd3]::ops::function::FnOnce<()>>::call_once
[INFO] [stdout]   14:     0x5ab3cb2f5e4b - test[9d35eded1c95d3be]::__rust_begin_short_backtrace::<core[df12db4294e9bfd3]::result::Result<(), alloc[2182bb758b4b3781]::string::String>, fn() -> core[df12db4294e9bfd3]::result::Result<(), alloc[2182bb758b4b3781]::string::String>>
[INFO] [stdout]   15:     0x5ab3cb3034b5 - test[9d35eded1c95d3be]::run_test::{closure#0}
[INFO] [stdout]   16:     0x5ab3cb2fcd74 - std[70759c8f55707aa4]::sys::backtrace::__rust_begin_short_backtrace::<test[9d35eded1c95d3be]::run_test::{closure#1}, ()>
[INFO] [stdout]   17:     0x5ab3cb306612 - <std[70759c8f55707aa4]::thread::lifecycle::spawn_unchecked<test[9d35eded1c95d3be]::run_test::{closure#1}, ()>::{closure#1} as core[df12db4294e9bfd3]::ops::function::FnOnce<()>>::call_once::{shim:vtable#0}
[INFO] [stdout]   18:     0x5ab3cb372119 - <std[70759c8f55707aa4]::sys::thread::unix::Thread>::new::thread_start
[INFO] [stdout]   19:     0x7f60fa391dfa - <unknown>
[INFO] [stdout]   20:     0x7f60fa4253d4 - clone
[INFO] [stdout]   21:                0x0 - <unknown>
[INFO] [stdout] 
[INFO] [stdout] ---- tests::guacamole6529534099269622277 stdout ----
[INFO] [stdout] 
[INFO] [stdout] thread 'tests::guacamole6529534099269622277' (1229) panicked at src/lib.rs:973:70:
[INFO] [stdout] called `Result::unwrap()` on an `Err` value: SError { detail: List([Atom("error"), List([Atom("phase"), Atom("mani")]), List([Atom("code"), Atom("system-error")]), List([Atom("message"), Atom("\"manifest system error\"")]), List([Atom("what"), Atom("\"Read-only file system (os error 30)\"")]), List([Atom("root"), Atom("\"mani__tests_1025\"")])]) }
[INFO] [stdout] stack backtrace:
[INFO] [stdout]    0:     0x5ab3cb372bb1 - <<std[70759c8f55707aa4]::sys::backtrace::BacktraceLock>::print::DisplayBacktrace as core[df12db4294e9bfd3]::fmt::Display>::fmt
[INFO] [stdout]    1:     0x5ab3cb38786a - core[df12db4294e9bfd3]::fmt::write
[INFO] [stdout]    2:     0x5ab3cb37731c - <alloc[2182bb758b4b3781]::vec::Vec<u8> as core[df12db4294e9bfd3]::io::write::Write>::write_fmt
[INFO] [stdout]    3:     0x5ab3cb34cfb6 - std[70759c8f55707aa4]::panicking::default_hook::{closure#0}
[INFO] [stdout]    4:     0x5ab3cb36a259 - std[70759c8f55707aa4]::panicking::default_hook
[INFO] [stdout]    5:     0x5ab3cb302b60 - test[9d35eded1c95d3be]::test_main_inner::<test[9d35eded1c95d3be]::test_main_static::{closure#0}>::{closure#0}
[INFO] [stdout]    6:     0x5ab3cb36a412 - std[70759c8f55707aa4]::panicking::panic_with_hook
[INFO] [stdout]    7:     0x5ab3cb34d062 - std[70759c8f55707aa4]::panicking::panic_handler::{closure#0}
[INFO] [stdout]    8:     0x5ab3cb3459c9 - std[70759c8f55707aa4]::sys::backtrace::__rust_end_short_backtrace::<std[70759c8f55707aa4]::panicking::panic_handler::{closure#0}, !>
[INFO] [stdout]    9:     0x5ab3cb34de3d - __rustc[8fa7c3cbc660c2b3]::rust_begin_unwind
[INFO] [stdout]   10:     0x5ab3cb387f9c - core[df12db4294e9bfd3]::panicking::panic_fmt
[INFO] [stdout]   11:     0x5ab3cb387d72 - core[df12db4294e9bfd3]::result::unwrap_failed
[INFO] [stdout]   12:     0x5ab3cb2ece32 - mani[4631b609146a10bc]::tests::seed_guacamole
[INFO] [stdout]   13:     0x5ab3cb2e705c - <mani[4631b609146a10bc]::tests::guacamole6529534099269622277::{closure#0} as core[df12db4294e9bfd3]::ops::function::FnOnce<()>>::call_once
[INFO] [stdout]   14:     0x5ab3cb2f5e4b - test[9d35eded1c95d3be]::__rust_begin_short_backtrace::<core[df12db4294e9bfd3]::result::Result<(), alloc[2182bb758b4b3781]::string::String>, fn() -> core[df12db4294e9bfd3]::result::Result<(), alloc[2182bb758b4b3781]::string::String>>
[INFO] [stdout]   15:     0x5ab3cb3034b5 - test[9d35eded1c95d3be]::run_test::{closure#0}
[INFO] [stdout]   16:     0x5ab3cb2fcd74 - std[70759c8f55707aa4]::sys::backtrace::__rust_begin_short_backtrace::<test[9d35eded1c95d3be]::run_test::{closure#1}, ()>
[INFO] [stdout]   17:     0x5ab3cb306612 - <std[70759c8f55707aa4]::thread::lifecycle::spawn_unchecked<test[9d35eded1c95d3be]::run_test::{closure#1}, ()>::{closure#1} as core[df12db4294e9bfd3]::ops::function::FnOnce<()>>::call_once::{shim:vtable#0}
[INFO] [stdout]   18:     0x5ab3cb372119 - <std[70759c8f55707aa4]::sys::thread::unix::Thread>::new::thread_start
[INFO] [stdout]   19:     0x7f60fa391dfa - <unknown>
[INFO] [stdout]   20:     0x7f60fa4253d4 - clone
[INFO] [stdout]   21:                0x0 - <unknown>
[INFO] [stdout] 
[INFO] [stdout] ---- tests::guacamole6201227612047565798 stdout ----
[INFO] [stdout] 
[INFO] [stdout] thread 'tests::guacamole6201227612047565798' (1228) panicked at src/lib.rs:973:70:
[INFO] [stdout] called `Result::unwrap()` on an `Err` value: SError { detail: List([Atom("error"), List([Atom("phase"), Atom("mani")]), List([Atom("code"), Atom("system-error")]), List([Atom("message"), Atom("\"manifest system error\"")]), List([Atom("what"), Atom("\"Read-only file system (os error 30)\"")]), List([Atom("root"), Atom("\"mani__tests_1079\"")])]) }
[INFO] [stdout] stack backtrace:
[INFO] [stdout]    0:     0x5ab3cb372bb1 - <<std[70759c8f55707aa4]::sys::backtrace::BacktraceLock>::print::DisplayBacktrace as core[df12db4294e9bfd3]::fmt::Display>::fmt
[INFO] [stdout]    1:     0x5ab3cb38786a - core[df12db4294e9bfd3]::fmt::write
[INFO] [stdout]    2:     0x5ab3cb37731c - <alloc[2182bb758b4b3781]::vec::Vec<u8> as core[df12db4294e9bfd3]::io::write::Write>::write_fmt
[INFO] [stdout]    3:     0x5ab3cb34cfb6 - std[70759c8f55707aa4]::panicking::default_hook::{closure#0}
[INFO] [stdout]    4:     0x5ab3cb36a259 - std[70759c8f55707aa4]::panicking::default_hook
[INFO] [stdout]    5:     0x5ab3cb302b60 - test[9d35eded1c95d3be]::test_main_inner::<test[9d35eded1c95d3be]::test_main_static::{closure#0}>::{closure#0}
[INFO] [stdout]    6:     0x5ab3cb36a412 - std[70759c8f55707aa4]::panicking::panic_with_hook
[INFO] [stdout]    7:     0x5ab3cb34d062 - std[70759c8f55707aa4]::panicking::panic_handler::{closure#0}
[INFO] [stdout]    8:     0x5ab3cb3459c9 - std[70759c8f55707aa4]::sys::backtrace::__rust_end_short_backtrace::<std[70759c8f55707aa4]::panicking::panic_handler::{closure#0}, !>
[INFO] [stdout]    9:     0x5ab3cb34de3d - __rustc[8fa7c3cbc660c2b3]::rust_begin_unwind
[INFO] [stdout]   10:     0x5ab3cb387f9c - core[df12db4294e9bfd3]::panicking::panic_fmt
[INFO] [stdout]   11:     0x5ab3cb387d72 - core[df12db4294e9bfd3]::result::unwrap_failed
[INFO] [stdout]   12:     0x5ab3cb2ece32 - mani[4631b609146a10bc]::tests::seed_guacamole
[INFO] [stdout]   13:     0x5ab3cb2e701c - <mani[4631b609146a10bc]::tests::guacamole6201227612047565798::{closure#0} as core[df12db4294e9bfd3]::ops::function::FnOnce<()>>::call_once
[INFO] [stdout]   14:     0x5ab3cb2f5e4b - test[9d35eded1c95d3be]::__rust_begin_short_backtrace::<core[df12db4294e9bfd3]::result::Result<(), alloc[2182bb758b4b3781]::string::String>, fn() -> core[df12db4294e9bfd3]::result::Result<(), alloc[2182bb758b4b3781]::string::String>>
[INFO] [stdout]   15:     0x5ab3cb3034b5 - test[9d35eded1c95d3be]::run_test::{closure#0}
[INFO] [stdout]   16:     0x5ab3cb2fcd74 - std[70759c8f55707aa4]::sys::backtrace::__rust_begin_short_backtrace::<test[9d35eded1c95d3be]::run_test::{closure#1}, ()>
[INFO] [stdout]   17:     0x5ab3cb306612 - <std[70759c8f55707aa4]::thread::lifecycle::spawn_unchecked<test[9d35eded1c95d3be]::run_test::{closure#1}, ()>::{closure#1} as core[df12db4294e9bfd3]::ops::function::FnOnce<()>>::call_once::{shim:vtable#0}
[INFO] [stdout]   18:     0x5ab3cb372119 - <std[70759c8f55707aa4]::sys::thread::unix::Thread>::new::thread_start
[INFO] [stdout]   19:     0x7f60fa391dfa - <unknown>
[INFO] [stdout]   20:     0x7f60fa4253d4 - clone
[INFO] [stdout]   21:                0x0 - <unknown>
[INFO] [stdout] 
[INFO] [stdout] ---- tests::guacamole5789036567548627700 stdout ----
[INFO] [stdout] 
[INFO] [stdout] thread 'tests::guacamole5789036567548627700' (1227) panicked at src/lib.rs:973:70:
[INFO] [stdout] called `Result::unwrap()` on an `Err` value: SError { detail: List([Atom("error"), List([Atom("phase"), Atom("mani")]), List([Atom("code"), Atom("system-error")]), List([Atom("message"), Atom("\"manifest system error\"")]), List([Atom("what"), Atom("\"Read-only file system (os error 30)\"")]), List([Atom("root"), Atom("\"mani__tests_1055\"")])]) }
[INFO] [stdout] stack backtrace:
[INFO] [stdout]    0:     0x5ab3cb372bb1 - <<std[70759c8f55707aa4]::sys::backtrace::BacktraceLock>::print::DisplayBacktrace as core[df12db4294e9bfd3]::fmt::Display>::fmt
[INFO] [stdout]    1:     0x5ab3cb38786a - core[df12db4294e9bfd3]::fmt::write
[INFO] [stdout]    2:     0x5ab3cb37731c - <alloc[2182bb758b4b3781]::vec::Vec<u8> as core[df12db4294e9bfd3]::io::write::Write>::write_fmt
[INFO] [stdout]    3:     0x5ab3cb34cfb6 - std[70759c8f55707aa4]::panicking::default_hook::{closure#0}
[INFO] [stdout]    4:     0x5ab3cb36a259 - std[70759c8f55707aa4]::panicking::default_hook
[INFO] [stdout]    5:     0x5ab3cb302b60 - test[9d35eded1c95d3be]::test_main_inner::<test[9d35eded1c95d3be]::test_main_static::{closure#0}>::{closure#0}
[INFO] [stdout]    6:     0x5ab3cb36a412 - std[70759c8f55707aa4]::panicking::panic_with_hook
[INFO] [stdout]    7:     0x5ab3cb34d062 - std[70759c8f55707aa4]::panicking::panic_handler::{closure#0}
[INFO] [stdout]    8:     0x5ab3cb3459c9 - std[70759c8f55707aa4]::sys::backtrace::__rust_end_short_backtrace::<std[70759c8f55707aa4]::panicking::panic_handler::{closure#0}, !>
[INFO] [stdout]    9:     0x5ab3cb34de3d - __rustc[8fa7c3cbc660c2b3]::rust_begin_unwind
[INFO] [stdout]   10:     0x5ab3cb387f9c - core[df12db4294e9bfd3]::panicking::panic_fmt
[INFO] [stdout]   11:     0x5ab3cb387d72 - core[df12db4294e9bfd3]::result::unwrap_failed
[INFO] [stdout]   12:     0x5ab3cb2ece32 - mani[4631b609146a10bc]::tests::seed_guacamole
[INFO] [stdout]   13:     0x5ab3cb2e6fdc - <mani[4631b609146a10bc]::tests::guacamole5789036567548627700::{closure#0} as core[df12db4294e9bfd3]::ops::function::FnOnce<()>>::call_once
[INFO] [stdout]   14:     0x5ab3cb2f5e4b - test[9d35eded1c95d3be]::__rust_begin_short_backtrace::<core[df12db4294e9bfd3]::result::Result<(), alloc[2182bb758b4b3781]::string::String>, fn() -> core[df12db4294e9bfd3]::result::Result<(), alloc[2182bb758b4b3781]::string::String>>
[INFO] [stdout]   15:     0x5ab3cb3034b5 - test[9d35eded1c95d3be]::run_test::{closure#0}
[INFO] [stdout]   16:     0x5ab3cb2fcd74 - std[70759c8f55707aa4]::sys::backtrace::__rust_begin_short_backtrace::<test[9d35eded1c95d3be]::run_test::{closure#1}, ()>
[INFO] [stdout]   17:     0x5ab3cb306612 - <std[70759c8f55707aa4]::thread::lifecycle::spawn_unchecked<test[9d35eded1c95d3be]::run_test::{closure#1}, ()>::{closure#1} as core[df12db4294e9bfd3]::ops::function::FnOnce<()>>::call_once::{shim:vtable#0}
[INFO] [stdout]   18:     0x5ab3cb372119 - <std[70759c8f55707aa4]::sys::thread::unix::Thread>::new::thread_start
[INFO] [stdout]   19:     0x7f60fa391dfa - <unknown>
[INFO] [stdout]   20:     0x7f60fa4253d4 - clone
[INFO] [stdout]   21:                0x0 - <unknown>
[INFO] [stdout] 
[INFO] [stdout] ---- tests::guacamole1708810195070469314 stdout ----
[INFO] [stdout] 
[INFO] [stdout] thread 'tests::guacamole1708810195070469314' (1223) panicked at src/lib.rs:973:70:
[INFO] [stdout] called `Result::unwrap()` on an `Err` value: SError { detail: List([Atom("error"), List([Atom("phase"), Atom("mani")]), List([Atom("code"), Atom("system-error")]), List([Atom("message"), Atom("\"manifest system error\"")]), List([Atom("what"), Atom("\"Read-only file system (os error 30)\"")]), List([Atom("root"), Atom("\"mani__tests_1085\"")])]) }
[INFO] [stdout] stack backtrace:
[INFO] [stdout]    0:     0x5ab3cb372bb1 - <<std[70759c8f55707aa4]::sys::backtrace::BacktraceLock>::print::DisplayBacktrace as core[df12db4294e9bfd3]::fmt::Display>::fmt
[INFO] [stdout]    1:     0x5ab3cb38786a - core[df12db4294e9bfd3]::fmt::write
[INFO] [stdout]    2:     0x5ab3cb37731c - <alloc[2182bb758b4b3781]::vec::Vec<u8> as core[df12db4294e9bfd3]::io::write::Write>::write_fmt
[INFO] [stdout]    3:     0x5ab3cb34cfb6 - std[70759c8f55707aa4]::panicking::default_hook::{closure#0}
[INFO] [stdout]    4:     0x5ab3cb36a259 - std[70759c8f55707aa4]::panicking::default_hook
[INFO] [stdout]    5:     0x5ab3cb302b60 - test[9d35eded1c95d3be]::test_main_inner::<test[9d35eded1c95d3be]::test_main_static::{closure#0}>::{closure#0}
[INFO] [stdout]    6:     0x5ab3cb36a412 - std[70759c8f55707aa4]::panicking::panic_with_hook
[INFO] [stdout]    7:     0x5ab3cb34d062 - std[70759c8f55707aa4]::panicking::panic_handler::{closure#0}
[INFO] [stdout]    8:     0x5ab3cb3459c9 - std[70759c8f55707aa4]::sys::backtrace::__rust_end_short_backtrace::<std[70759c8f55707aa4]::panicking::panic_handler::{closure#0}, !>
[INFO] [stdout]    9:     0x5ab3cb34de3d - __rustc[8fa7c3cbc660c2b3]::rust_begin_unwind
[INFO] [stdout]   10:     0x5ab3cb387f9c - core[df12db4294e9bfd3]::panicking::panic_fmt
[INFO] [stdout]   11:     0x5ab3cb387d72 - core[df12db4294e9bfd3]::result::unwrap_failed
[INFO] [stdout]   12:     0x5ab3cb2ece32 - mani[4631b609146a10bc]::tests::seed_guacamole
[INFO] [stdout]   13:     0x5ab3cb2e6edc - <mani[4631b609146a10bc]::tests::guacamole1708810195070469314::{closure#0} as core[df12db4294e9bfd3]::ops::function::FnOnce<()>>::call_once
[INFO] [stdout]   14:     0x5ab3cb2f5e4b - test[9d35eded1c95d3be]::__rust_begin_short_backtrace::<core[df12db4294e9bfd3]::result::Result<(), alloc[2182bb758b4b3781]::string::String>, fn() -> core[df12db4294e9bfd3]::result::Result<(), alloc[2182bb758b4b3781]::string::String>>
[INFO] [stdout]   15:     0x5ab3cb3034b5 - test[9d35eded1c95d3be]::run_test::{closure#0}
[INFO] [stdout]   16:     0x5ab3cb2fcd74 - std[70759c8f55707aa4]::sys::backtrace::__rust_begin_short_backtrace::<test[9d35eded1c95d3be]::run_test::{closure#1}, ()>
[INFO] [stdout]   17:     0x5ab3cb306612 - <std[70759c8f55707aa4]::thread::lifecycle::spawn_unchecked<test[9d35eded1c95d3be]::run_test::{closure#1}, ()>::{closure#1} as core[df12db4294e9bfd3]::ops::function::FnOnce<()>>::call_once::{shim:vtable#0}
[INFO] [stdout]   18:     0x5ab3cb372119 - <std[70759c8f55707aa4]::sys::thread::unix::Thread>::new::thread_start
[INFO] [stdout]   19:     0x7f60fa391dfa - <unknown>
[INFO] [stdout]   20:     0x7f60fa4253d4 - clone
[INFO] [stdout]   21:                0x0 - <unknown>
[INFO] [stdout] 
[INFO] [stdout] ---- tests::guacamole5138398090444284702 stdout ----
[INFO] [stdout] 
[INFO] [stdout] thread 'tests::guacamole5138398090444284702' (1225) panicked at src/lib.rs:973:70:
[INFO] [stdout] called `Result::unwrap()` on an `Err` value: SError { detail: List([Atom("error"), List([Atom("phase"), Atom("mani")]), List([Atom("code"), Atom("system-error")]), List([Atom("message"), Atom("\"manifest system error\"")]), List([Atom("what"), Atom("\"Read-only file system (os error 30)\"")]), List([Atom("root"), Atom("\"mani__tests_1007\"")])]) }
[INFO] [stdout] stack backtrace:
[INFO] [stdout]    0:     0x5ab3cb372bb1 - <<std[70759c8f55707aa4]::sys::backtrace::BacktraceLock>::print::DisplayBacktrace as core[df12db4294e9bfd3]::fmt::Display>::fmt
[INFO] [stdout]    1:     0x5ab3cb38786a - core[df12db4294e9bfd3]::fmt::write
[INFO] [stdout]    2:     0x5ab3cb37731c - <alloc[2182bb758b4b3781]::vec::Vec<u8> as core[df12db4294e9bfd3]::io::write::Write>::write_fmt
[INFO] [stdout]    3:     0x5ab3cb34cfb6 - std[70759c8f55707aa4]::panicking::default_hook::{closure#0}
[INFO] [stdout]    4:     0x5ab3cb36a259 - std[70759c8f55707aa4]::panicking::default_hook
[INFO] [stdout]    5:     0x5ab3cb302b60 - test[9d35eded1c95d3be]::test_main_inner::<test[9d35eded1c95d3be]::test_main_static::{closure#0}>::{closure#0}
[INFO] [stdout]    6:     0x5ab3cb36a412 - std[70759c8f55707aa4]::panicking::panic_with_hook
[INFO] [stdout]    7:     0x5ab3cb34d062 - std[70759c8f55707aa4]::panicking::panic_handler::{closure#0}
[INFO] [stdout]    8:     0x5ab3cb3459c9 - std[70759c8f55707aa4]::sys::backtrace::__rust_end_short_backtrace::<std[70759c8f55707aa4]::panicking::panic_handler::{closure#0}, !>
[INFO] [stdout]    9:     0x5ab3cb34de3d - __rustc[8fa7c3cbc660c2b3]::rust_begin_unwind
[INFO] [stdout]   10:     0x5ab3cb387f9c - core[df12db4294e9bfd3]::panicking::panic_fmt
[INFO] [stdout]   11:     0x5ab3cb387d72 - core[df12db4294e9bfd3]::result::unwrap_failed
[INFO] [stdout]   12:     0x5ab3cb2ece32 - mani[4631b609146a10bc]::tests::seed_guacamole
[INFO] [stdout]   13:     0x5ab3cb2e6f5c - <mani[4631b609146a10bc]::tests::guacamole5138398090444284702::{closure#0} as core[df12db4294e9bfd3]::ops::function::FnOnce<()>>::call_once
[INFO] [stdout]   14:     0x5ab3cb2f5e4b - test[9d35eded1c95d3be]::__rust_begin_short_backtrace::<core[df12db4294e9bfd3]::result::Result<(), alloc[2182bb758b4b3781]::string::String>, fn() -> core[df12db4294e9bfd3]::result::Result<(), alloc[2182bb758b4b3781]::string::String>>
[INFO] [stdout]   15:     0x5ab3cb3034b5 - test[9d35eded1c95d3be]::run_test::{closure#0}
[INFO] [stdout]   16:     0x5ab3cb2fcd74 - std[70759c8f55707aa4]::sys::backtrace::__rust_begin_short_backtrace::<test[9d35eded1c95d3be]::run_test::{closure#1}, ()>
[INFO] [stdout]   17:     0x5ab3cb306612 - <std[70759c8f55707aa4]::thread::lifecycle::spawn_unchecked<test[9d35eded1c95d3be]::run_test::{closure#1}, ()>::{closure#1} as core[df12db4294e9bfd3]::ops::function::FnOnce<()>>::call_once::{shim:vtable#0}
[INFO] [stdout]   18:     0x5ab3cb372119 - <std[70759c8f55707aa4]::sys::thread::unix::Thread>::new::thread_start
[INFO] [stdout]   19:     0x7f60fa391dfa - <unknown>
[INFO] [stdout]   20:     0x7f60fa4253d4 - clone
[INFO] [stdout]   21:                0x0 - <unknown>
[INFO] [stdout] 
[INFO] [stdout] ---- tests::info stdout ----
[INFO] [stdout] 
[INFO] [stdout] thread 'tests::info' (1234) panicked at src/lib.rs:805:60:
[INFO] [stdout] called `Result::unwrap()` on an `Err` value: SError { detail: List([Atom("error"), List([Atom("phase"), Atom("mani")]), List([Atom("code"), Atom("system-error")]), List([Atom("message"), Atom("\"manifest system error\"")]), List([Atom("what"), Atom("\"Read-only file system (os error 30)\"")]), List([Atom("root"), Atom("\"mani__tests_803\"")])]) }
[INFO] [stdout] stack backtrace:
[INFO] [stdout]    0:     0x5ab3cb372bb1 - <<std[70759c8f55707aa4]::sys::backtrace::BacktraceLock>::print::DisplayBacktrace as core[df12db4294e9bfd3]::fmt::Display>::fmt
[INFO] [stdout]    1:     0x5ab3cb38786a - core[df12db4294e9bfd3]::fmt::write
[INFO] [stdout]    2:     0x5ab3cb37731c - <alloc[2182bb758b4b3781]::vec::Vec<u8> as core[df12db4294e9bfd3]::io::write::Write>::write_fmt
[INFO] [stdout]    3:     0x5ab3cb34cfb6 - std[70759c8f55707aa4]::panicking::default_hook::{closure#0}
[INFO] [stdout]    4:     0x5ab3cb36a259 - std[70759c8f55707aa4]::panicking::default_hook
[INFO] [stdout]    5:     0x5ab3cb302b60 - test[9d35eded1c95d3be]::test_main_inner::<test[9d35eded1c95d3be]::test_main_static::{closure#0}>::{closure#0}
[INFO] [stdout]    6:     0x5ab3cb36a412 - std[70759c8f55707aa4]::panicking::panic_with_hook
[INFO] [stdout]    7:     0x5ab3cb34d062 - std[70759c8f55707aa4]::panicking::panic_handler::{closure#0}
[INFO] [stdout]    8:     0x5ab3cb3459c9 - std[70759c8f55707aa4]::sys::backtrace::__rust_end_short_backtrace::<std[70759c8f55707aa4]::panicking::panic_handler::{closure#0}, !>
[INFO] [stdout]    9:     0x5ab3cb34de3d - __rustc[8fa7c3cbc660c2b3]::rust_begin_unwind
[INFO] [stdout]   10:     0x5ab3cb387f9c - core[df12db4294e9bfd3]::panicking::panic_fmt
[INFO] [stdout]   11:     0x5ab3cb387d72 - core[df12db4294e9bfd3]::result::unwrap_failed
[INFO] [stdout]   12:     0x5ab3cb2eef8e - mani[4631b609146a10bc]::tests::info
[INFO] [stdout]   13:     0x5ab3cb2e72b9 - <mani[4631b609146a10bc]::tests::info::{closure#0} as core[df12db4294e9bfd3]::ops::function::FnOnce<()>>::call_once
[INFO] [stdout]   14:     0x5ab3cb2f5e4b - test[9d35eded1c95d3be]::__rust_begin_short_backtrace::<core[df12db4294e9bfd3]::result::Result<(), alloc[2182bb758b4b3781]::string::String>, fn() -> core[df12db4294e9bfd3]::result::Result<(), alloc[2182bb758b4b3781]::string::String>>
[INFO] [stdout]   15:     0x5ab3cb3034b5 - test[9d35eded1c95d3be]::run_test::{closure#0}
[INFO] [stdout]   16:     0x5ab3cb2fcd74 - std[70759c8f55707aa4]::sys::backtrace::__rust_begin_short_backtrace::<test[9d35eded1c95d3be]::run_test::{closure#1}, ()>
[INFO] [stdout]   17:     0x5ab3cb306612 - <std[70759c8f55707aa4]::thread::lifecycle::spawn_unchecked<test[9d35eded1c95d3be]::run_test::{closure#1}, ()>::{closure#1} as core[df12db4294e9bfd3]::ops::function::FnOnce<()>>::call_once::{shim:vtable#0}
[INFO] [stdout]   18:     0x5ab3cb372119 - <std[70759c8f55707aa4]::sys::thread::unix::Thread>::new::thread_start
[INFO] [stdout]   19:     0x7f60fa391dfa - <unknown>
[INFO] [stdout]   20:     0x7f60fa4253d4 - clone
[INFO] [stdout]   21:                0x0 - <unknown>
[INFO] [stdout] 
[INFO] [stdout] ---- tests::not_exist_defaults stdout ----
[INFO] [stdout] 
[INFO] [stdout] thread 'tests::not_exist_defaults' (1237) panicked at src/lib.rs:693:49:
[INFO] [stdout] called `Result::unwrap()` on an `Err` value: SError { detail: List([Atom("error"), List([Atom("phase"), Atom("mani")]), List([Atom("code"), Atom("system-error")]), List([Atom("message"), Atom("\"manifest system error\"")]), List([Atom("what"), Atom("\"Read-only file system (os error 30)\"")]), List([Atom("root"), Atom("\"mani__tests_691\"")])]) }
[INFO] [stdout] stack backtrace:
[INFO] [stdout]    0:     0x5ab3cb372bb1 - <<std[70759c8f55707aa4]::sys::backtrace::BacktraceLock>::print::DisplayBacktrace as core[df12db4294e9bfd3]::fmt::Display>::fmt
[INFO] [stdout]    1:     0x5ab3cb38786a - core[df12db4294e9bfd3]::fmt::write
[INFO] [stdout]    2:     0x5ab3cb37731c - <alloc[2182bb758b4b3781]::vec::Vec<u8> as core[df12db4294e9bfd3]::io::write::Write>::write_fmt
[INFO] [stdout]    3:     0x5ab3cb34cfb6 - std[70759c8f55707aa4]::panicking::default_hook::{closure#0}
[INFO] [stdout]    4:     0x5ab3cb36a259 - std[70759c8f55707aa4]::panicking::default_hook
[INFO] [stdout]    5:     0x5ab3cb302b60 - test[9d35eded1c95d3be]::test_main_inner::<test[9d35eded1c95d3be]::test_main_static::{closure#0}>::{closure#0}
[INFO] [stdout]    6:     0x5ab3cb36a412 - std[70759c8f55707aa4]::panicking::panic_with_hook
[INFO] [stdout]    7:     0x5ab3cb34d062 - std[70759c8f55707aa4]::panicking::panic_handler::{closure#0}
[INFO] [stdout]    8:     0x5ab3cb3459c9 - std[70759c8f55707aa4]::sys::backtrace::__rust_end_short_backtrace::<std[70759c8f55707aa4]::panicking::panic_handler::{closure#0}, !>
[INFO] [stdout]    9:     0x5ab3cb34de3d - __rustc[8fa7c3cbc660c2b3]::rust_begin_unwind
[INFO] [stdout]   10:     0x5ab3cb387f9c - core[df12db4294e9bfd3]::panicking::panic_fmt
[INFO] [stdout]   11:     0x5ab3cb387d72 - core[df12db4294e9bfd3]::result::unwrap_failed
[INFO] [stdout]   12:     0x5ab3cb2ee100 - mani[4631b609146a10bc]::tests::not_exist_defaults
[INFO] [stdout]   13:     0x5ab3cb2e6e39 - <mani[4631b609146a10bc]::tests::not_exist_defaults::{closure#0} as core[df12db4294e9bfd3]::ops::function::FnOnce<()>>::call_once
[INFO] [stdout]   14:     0x5ab3cb2f5e4b - test[9d35eded1c95d3be]::__rust_begin_short_backtrace::<core[df12db4294e9bfd3]::result::Result<(), alloc[2182bb758b4b3781]::string::String>, fn() -> core[df12db4294e9bfd3]::result::Result<(), alloc[2182bb758b4b3781]::string::String>>
[INFO] [stdout]   15:     0x5ab3cb3034b5 - test[9d35eded1c95d3be]::run_test::{closure#0}
[INFO] [stdout]   16:     0x5ab3cb2fcd74 - std[70759c8f55707aa4]::sys::backtrace::__rust_begin_short_backtrace::<test[9d35eded1c95d3be]::run_test::{closure#1}, ()>
[INFO] [stdout]   17:     0x5ab3cb306612 - <std[70759c8f55707aa4]::thread::lifecycle::spawn_unchecked<test[9d35eded1c95d3be]::run_test::{closure#1}, ()>::{closure#1} as core[df12db4294e9bfd3]::ops::function::FnOnce<()>>::call_once::{shim:vtable#0}
[INFO] [stdout]   18:     0x5ab3cb372119 - <std[70759c8f55707aa4]::sys::thread::unix::Thread>::new::thread_start
[INFO] [stdout]   19:     0x7f60fa391dfa - <unknown>
[INFO] [stdout]   20:     0x7f60fa4253d4 - clone
[INFO] [stdout]   21:                0x0 - <unknown>
[INFO] [stdout] 
[INFO] [stdout] ---- tests::open_after_rollover stdout ----
[INFO] [stdout] 
[INFO] [stdout] thread 'tests::open_after_rollover' (1240) panicked at src/lib.rs:784:60:
[INFO] [stdout] called `Result::unwrap()` on an `Err` value: SError { detail: List([Atom("error"), List([Atom("phase"), Atom("mani")]), List([Atom("code"), Atom("system-error")]), List([Atom("message"), Atom("\"manifest system error\"")]), List([Atom("what"), Atom("\"Read-only file system (os error 30)\"")]), List([Atom("root"), Atom("\"mani__tests_782\"")])]) }
[INFO] [stdout] stack backtrace:
[INFO] [stdout]    0:     0x5ab3cb372bb1 - <<std[70759c8f55707aa4]::sys::backtrace::BacktraceLock>::print::DisplayBacktrace as core[df12db4294e9bfd3]::fmt::Display>::fmt
[INFO] [stdout]    1:     0x5ab3cb38786a - core[df12db4294e9bfd3]::fmt::write
[INFO] [stdout]    2:     0x5ab3cb37731c - <alloc[2182bb758b4b3781]::vec::Vec<u8> as core[df12db4294e9bfd3]::io::write::Write>::write_fmt
[INFO] [stdout]    3:     0x5ab3cb34cfb6 - std[70759c8f55707aa4]::panicking::default_hook::{closure#0}
[INFO] [stdout]    4:     0x5ab3cb36a259 - std[70759c8f55707aa4]::panicking::default_hook
[INFO] [stdout]    5:     0x5ab3cb302b60 - test[9d35eded1c95d3be]::test_main_inner::<test[9d35eded1c95d3be]::test_main_static::{closure#0}>::{closure#0}
[INFO] [stdout]    6:     0x5ab3cb36a412 - std[70759c8f55707aa4]::panicking::panic_with_hook
[INFO] [stdout]    7:     0x5ab3cb34d062 - std[70759c8f55707aa4]::panicking::panic_handler::{closure#0}
[INFO] [stdout]    8:     0x5ab3cb3459c9 - std[70759c8f55707aa4]::sys::backtrace::__rust_end_short_backtrace::<std[70759c8f55707aa4]::panicking::panic_handler::{closure#0}, !>
[INFO] [stdout]    9:     0x5ab3cb34de3d - __rustc[8fa7c3cbc660c2b3]::rust_begin_unwind
[INFO] [stdout]   10:     0x5ab3cb387f9c - core[df12db4294e9bfd3]::panicking::panic_fmt
[INFO] [stdout]   11:     0x5ab3cb387d72 - core[df12db4294e9bfd3]::result::unwrap_failed
[INFO] [stdout]   12:     0x5ab3cb2ee563 - mani[4631b609146a10bc]::tests::open_after_rollover
[INFO] [stdout]   13:     0x5ab3cb2e6e59 - <mani[4631b609146a10bc]::tests::open_after_rollover::{closure#0} as core[df12db4294e9bfd3]::ops::function::FnOnce<()>>::call_once
[INFO] [stdout]   14:     0x5ab3cb2f5e4b - test[9d35eded1c95d3be]::__rust_begin_short_backtrace::<core[df12db4294e9bfd3]::result::Result<(), alloc[2182bb758b4b3781]::string::String>, fn() -> core[df12db4294e9bfd3]::result::Result<(), alloc[2182bb758b4b3781]::string::String>>
[INFO] [stdout]   15:     0x5ab3cb3034b5 - test[9d35eded1c95d3be]::run_test::{closure#0}
[INFO] [stdout]   16:     0x5ab3cb2fcd74 - std[70759c8f55707aa4]::sys::backtrace::__rust_begin_short_backtrace::<test[9d35eded1c95d3be]::run_test::{closure#1}, ()>
[INFO] [stdout]   17:     0x5ab3cb306612 - <std[70759c8f55707aa4]::thread::lifecycle::spawn_unchecked<test[9d35eded1c95d3be]::run_test::{closure#1}, ()>::{closure#1} as core[df12db4294e9bfd3]::ops::function::FnOnce<()>>::call_once::{shim:vtable#0}
[INFO] [stdout]   18:     0x5ab3cb372119 - <std[70759c8f55707aa4]::sys::thread::unix::Thread>::new::thread_start
[INFO] [stdout]   19:     0x7f60fa391dfa - <unknown>
[INFO] [stdout]   20:     0x7f60fa4253d4 - clone
[INFO] [stdout]   21:                0x0 - <unknown>
[INFO] [stdout] 
[INFO] [stdout] ---- tests::guacamole9511704728995062883 stdout ----
[INFO] [stdout] 
[INFO] [stdout] thread 'tests::guacamole9511704728995062883' (1233) panicked at src/lib.rs:973:70:
[INFO] [stdout] called `Result::unwrap()` on an `Err` value: SError { detail: List([Atom("error"), List([Atom("phase"), Atom("mani")]), List([Atom("code"), Atom("system-error")]), List([Atom("message"), Atom("\"manifest system error\"")]), List([Atom("what"), Atom("\"Read-only file system (os error 30)\"")]), List([Atom("root"), Atom("\"mani__tests_1043\"")])]) }
[INFO] [stdout] stack backtrace:
[INFO] [stdout]    0:     0x5ab3cb372bb1 - <<std[70759c8f55707aa4]::sys::backtrace::BacktraceLock>::print::DisplayBacktrace as core[df12db4294e9bfd3]::fmt::Display>::fmt
[INFO] [stdout]    1:     0x5ab3cb38786a - core[df12db4294e9bfd3]::fmt::write
[INFO] [stdout]    2:     0x5ab3cb37731c - <alloc[2182bb758b4b3781]::vec::Vec<u8> as core[df12db4294e9bfd3]::io::write::Write>::write_fmt
[INFO] [stdout]    3:     0x5ab3cb34cfb6 - std[70759c8f55707aa4]::panicking::default_hook::{closure#0}
[INFO] [stdout]    4:     0x5ab3cb36a259 - std[70759c8f55707aa4]::panicking::default_hook
[INFO] [stdout]    5:     0x5ab3cb302b60 - test[9d35eded1c95d3be]::test_main_inner::<test[9d35eded1c95d3be]::test_main_static::{closure#0}>::{closure#0}
[INFO] [stdout]    6:     0x5ab3cb36a412 - std[70759c8f55707aa4]::panicking::panic_with_hook
[INFO] [stdout]    7:     0x5ab3cb34d062 - std[70759c8f55707aa4]::panicking::panic_handler::{closure#0}
[INFO] [stdout]    8:     0x5ab3cb3459c9 - std[70759c8f55707aa4]::sys::backtrace::__rust_end_short_backtrace::<std[70759c8f55707aa4]::panicking::panic_handler::{closure#0}, !>
[INFO] [stdout]    9:     0x5ab3cb34de3d - __rustc[8fa7c3cbc660c2b3]::rust_begin_unwind
[INFO] [stdout]   10:     0x5ab3cb387f9c - core[df12db4294e9bfd3]::panicking::panic_fmt
[INFO] [stdout]   11:     0x5ab3cb387d72 - core[df12db4294e9bfd3]::result::unwrap_failed
[INFO] [stdout]   12:     0x5ab3cb2ece32 - mani[4631b609146a10bc]::tests::seed_guacamole
[INFO] [stdout]   13:     0x5ab3cb2e715c - <mani[4631b609146a10bc]::tests::guacamole9511704728995062883::{closure#0} as core[df12db4294e9bfd3]::ops::function::FnOnce<()>>::call_once
[INFO] [stdout]   14:     0x5ab3cb2f5e4b - test[9d35eded1c95d3be]::__rust_begin_short_backtrace::<core[df12db4294e9bfd3]::result::Result<(), alloc[2182bb758b4b3781]::string::String>, fn() -> core[df12db4294e9bfd3]::result::Result<(), alloc[2182bb758b4b3781]::string::String>>
[INFO] [stdout]   15:     0x5ab3cb3034b5 - test[9d35eded1c95d3be]::run_test::{closure#0}
[INFO] [stdout]   16:     0x5ab3cb2fcd74 - std[70759c8f55707aa4]::sys::backtrace::__rust_begin_short_backtrace::<test[9d35eded1c95d3be]::run_test::{closure#1}, ()>
[INFO] [stdout]   17:     0x5ab3cb306612 - <std[70759c8f55707aa4]::thread::lifecycle::spawn_unchecked<test[9d35eded1c95d3be]::run_test::{closure#1}, ()>::{closure#1} as core[df12db4294e9bfd3]::ops::function::FnOnce<()>>::call_once::{shim:vtable#0}
[INFO] [stdout]   18:     0x5ab3cb372119 - <std[70759c8f55707aa4]::sys::thread::unix::Thread>::new::thread_start
[INFO] [stdout]   19:     0x7f60fa391dfa - <unknown>
[INFO] [stdout]   20:     0x7f60fa4253d4 - clone
[INFO] [stdout]   21:                0x0 - <unknown>
[INFO] [stdout] 
[INFO] [stdout] ---- tests::removal stdout ----
[INFO] [stdout] 
[INFO] [stdout] thread 'tests::removal' (1241) panicked at src/lib.rs:746:60:
[INFO] [stdout] called `Result::unwrap()` on an `Err` value: SError { detail: List([Atom("error"), List([Atom("phase"), Atom("mani")]), List([Atom("code"), Atom("system-error")]), List([Atom("message"), Atom("\"manifest system error\"")]), List([Atom("what"), Atom("\"Read-only file system (os error 30)\"")]), List([Atom("root"), Atom("\"mani__tests_744\"")])]) }
[INFO] [stdout] stack backtrace:
[INFO] [stdout]    0:     0x5ab3cb372bb1 - <<std[70759c8f55707aa4]::sys::backtrace::BacktraceLock>::print::DisplayBacktrace as core[df12db4294e9bfd3]::fmt::Display>::fmt
[INFO] [stdout]    1:     0x5ab3cb38786a - core[df12db4294e9bfd3]::fmt::write
[INFO] [stdout]    2:     0x5ab3cb37731c - <alloc[2182bb758b4b3781]::vec::Vec<u8> as core[df12db4294e9bfd3]::io::write::Write>::write_fmt
[INFO] [stdout]    3:     0x5ab3cb34cfb6 - std[70759c8f55707aa4]::panicking::default_hook::{closure#0}
[INFO] [stdout]    4:     0x5ab3cb36a259 - std[70759c8f55707aa4]::panicking::default_hook
[INFO] [stdout]    5:     0x5ab3cb302b60 - test[9d35eded1c95d3be]::test_main_inner::<test[9d35eded1c95d3be]::test_main_static::{closure#0}>::{closure#0}
[INFO] [stdout]    6:     0x5ab3cb36a412 - std[70759c8f55707aa4]::panicking::panic_with_hook
[INFO] [stdout]    7:     0x5ab3cb34d062 - std[70759c8f55707aa4]::panicking::panic_handler::{closure#0}
[INFO] [stdout]    8:     0x5ab3cb3459c9 - std[70759c8f55707aa4]::sys::backtrace::__rust_end_short_backtrace::<std[70759c8f55707aa4]::panicking::panic_handler::{closure#0}, !>
[INFO] [stdout]    9:     0x5ab3cb34de3d - __rustc[8fa7c3cbc660c2b3]::rust_begin_unwind
[INFO] [stdout]   10:     0x5ab3cb387f9c - core[df12db4294e9bfd3]::panicking::panic_fmt
[INFO] [stdout]   11:     0x5ab3cb387d72 - core[df12db4294e9bfd3]::result::unwrap_failed
[INFO] [stdout]   12:     0x5ab3cb2ef9e6 - mani[4631b609146a10bc]::tests::removal
[INFO] [stdout]   13:     0x5ab3cb2e72d9 - <mani[4631b609146a10bc]::tests::removal::{closure#0} as core[df12db4294e9bfd3]::ops::function::FnOnce<()>>::call_once
[INFO] [stdout]   14:     0x5ab3cb2f5e4b - test[9d35eded1c95d3be]::__rust_begin_short_backtrace::<core[df12db4294e9bfd3]::result::Result<(), alloc[2182bb758b4b3781]::string::String>, fn() -> core[df12db4294e9bfd3]::result::Result<(), alloc[2182bb758b4b3781]::string::String>>
[INFO] [stdout]   15:     0x5ab3cb3034b5 - test[9d35eded1c95d3be]::run_test::{closure#0}
[INFO] [stdout]   16:     0x5ab3cb2fcd74 - std[70759c8f55707aa4]::sys::backtrace::__rust_begin_short_backtrace::<test[9d35eded1c95d3be]::run_test::{closure#1}, ()>
[INFO] [stdout]   17:     0x5ab3cb306612 - <std[70759c8f55707aa4]::thread::lifecycle::spawn_unchecked<test[9d35eded1c95d3be]::run_test::{closure#1}, ()>::{closure#1} as core[df12db4294e9bfd3]::ops::function::FnOnce<()>>::call_once::{shim:vtable#0}
[INFO] [stdout]   18:     0x5ab3cb372119 - <std[70759c8f55707aa4]::sys::thread::unix::Thread>::new::thread_start
[INFO] [stdout]   19:     0x7f60fa391dfa - <unknown>
[INFO] [stdout]   20:     0x7f60fa4253d4 - clone
[INFO] [stdout]   21:                0x0 - <unknown>
[INFO] [stdout] 
[INFO] [stdout] ---- tests::simple_addition stdout ----
[INFO] [stdout] 
[INFO] [stdout] thread 'tests::simple_addition' (1242) panicked at src/lib.rs:728:60:
[INFO] [stdout] called `Result::unwrap()` on an `Err` value: SError { detail: List([Atom("error"), List([Atom("phase"), Atom("mani")]), List([Atom("code"), Atom("system-error")]), List([Atom("message"), Atom("\"manifest system error\"")]), List([Atom("what"), Atom("\"Read-only file system (os error 30)\"")]), List([Atom("root"), Atom("\"mani__tests_726\"")])]) }
[INFO] [stdout] stack backtrace:
[INFO] [stdout]    0:     0x5ab3cb372bb1 - <<std[70759c8f55707aa4]::sys::backtrace::BacktraceLock>::print::DisplayBacktrace as core[df12db4294e9bfd3]::fmt::Display>::fmt
[INFO] [stdout]    1:     0x5ab3cb38786a - core[df12db4294e9bfd3]::fmt::write
[INFO] [stdout]    2:     0x5ab3cb37731c - <alloc[2182bb758b4b3781]::vec::Vec<u8> as core[df12db4294e9bfd3]::io::write::Write>::write_fmt
[INFO] [stdout]    3:     0x5ab3cb34cfb6 - std[70759c8f55707aa4]::panicking::default_hook::{closure#0}
[INFO] [stdout]    4:     0x5ab3cb36a259 - std[70759c8f55707aa4]::panicking::default_hook
[INFO] [stdout]    5:     0x5ab3cb302b60 - test[9d35eded1c95d3be]::test_main_inner::<test[9d35eded1c95d3be]::test_main_static::{closure#0}>::{closure#0}
[INFO] [stdout]    6:     0x5ab3cb36a412 - std[70759c8f55707aa4]::panicking::panic_with_hook
[INFO] [stdout]    7:     0x5ab3cb34d062 - std[70759c8f55707aa4]::panicking::panic_handler::{closure#0}
[INFO] [stdout]    8:     0x5ab3cb3459c9 - std[70759c8f55707aa4]::sys::backtrace::__rust_end_short_backtrace::<std[70759c8f55707aa4]::panicking::panic_handler::{closure#0}, !>
[INFO] [stdout]    9:     0x5ab3cb34de3d - __rustc[8fa7c3cbc660c2b3]::rust_begin_unwind
[INFO] [stdout]   10:     0x5ab3cb387f9c - core[df12db4294e9bfd3]::panicking::panic_fmt
[INFO] [stdout]   11:     0x5ab3cb387d72 - core[df12db4294e9bfd3]::result::unwrap_failed
[INFO] [stdout]   12:     0x5ab3cb2edda9 - mani[4631b609146a10bc]::tests::simple_addition
[INFO] [stdout]   13:     0x5ab3cb2e6e19 - <mani[4631b609146a10bc]::tests::simple_addition::{closure#0} as core[df12db4294e9bfd3]::ops::function::FnOnce<()>>::call_once
[INFO] [stdout]   14:     0x5ab3cb2f5e4b - test[9d35eded1c95d3be]::__rust_begin_short_backtrace::<core[df12db4294e9bfd3]::result::Result<(), alloc[2182bb758b4b3781]::string::String>, fn() -> core[df12db4294e9bfd3]::result::Result<(), alloc[2182bb758b4b3781]::string::String>>
[INFO] [stdout]   15:     0x5ab3cb3034b5 - test[9d35eded1c95d3be]::run_test::{closure#0}
[INFO] [stdout]   16:     0x5ab3cb2fcd74 - std[70759c8f55707aa4]::sys::backtrace::__rust_begin_short_backtrace::<test[9d35eded1c95d3be]::run_test::{closure#1}, ()>
[INFO] [stdout]   17:     0x5ab3cb306612 - <std[70759c8f55707aa4]::thread::lifecycle::spawn_unchecked<test[9d35eded1c95d3be]::run_test::{closure#1}, ()>::{closure#1} as core[df12db4294e9bfd3]::ops::function::FnOnce<()>>::call_once::{shim:vtable#0}
[INFO] [stdout]   18:     0x5ab3cb372119 - <std[70759c8f55707aa4]::sys::thread::unix::Thread>::new::thread_start
[INFO] [stdout]   19:     0x7f60fa391dfa - <unknown>
[INFO] [stdout]   20:     0x7f60fa4253d4 - clone
[INFO] [stdout]   21:                0x0 - <unknown>
[INFO] [stdout] 
[INFO] [stdout] ---- tests::guacamole8803705925841794254 stdout ----
[INFO] [stdout] 
[INFO] [stdout] thread 'tests::guacamole8803705925841794254' (1232) panicked at src/lib.rs:973:70:
[INFO] [stdout] called `Result::unwrap()` on an `Err` value: SError { detail: List([Atom("error"), List([Atom("phase"), Atom("mani")]), List([Atom("code"), Atom("system-error")]), List([Atom("message"), Atom("\"manifest system error\"")]), List([Atom("what"), Atom("\"Read-only file system (os error 30)\"")]), List([Atom("root"), Atom("\"mani__tests_1049\"")])]) }
[INFO] [stdout] stack backtrace:
[INFO] [stdout]    0:     0x5ab3cb372bb1 - <<std[70759c8f55707aa4]::sys::backtrace::BacktraceLock>::print::DisplayBacktrace as core[df12db4294e9bfd3]::fmt::Display>::fmt
[INFO] [stdout]    1:     0x5ab3cb38786a - core[df12db4294e9bfd3]::fmt::write
[INFO] [stdout]    2:     0x5ab3cb37731c - <alloc[2182bb758b4b3781]::vec::Vec<u8> as core[df12db4294e9bfd3]::io::write::Write>::write_fmt
[INFO] [stdout]    3:     0x5ab3cb34cfb6 - std[70759c8f55707aa4]::panicking::default_hook::{closure#0}
[INFO] [stdout]    4:     0x5ab3cb36a259 - std[70759c8f55707aa4]::panicking::default_hook
[INFO] [stdout]    5:     0x5ab3cb302b60 - test[9d35eded1c95d3be]::test_main_inner::<test[9d35eded1c95d3be]::test_main_static::{closure#0}>::{closure#0}
[INFO] [stdout]    6:     0x5ab3cb36a412 - std[70759c8f55707aa4]::panicking::panic_with_hook
[INFO] [stdout]    7:     0x5ab3cb34d062 - std[70759c8f55707aa4]::panicking::panic_handler::{closure#0}
[INFO] [stdout]    8:     0x5ab3cb3459c9 - std[70759c8f55707aa4]::sys::backtrace::__rust_end_short_backtrace::<std[70759c8f55707aa4]::panicking::panic_handler::{closure#0}, !>
[INFO] [stdout]    9:     0x5ab3cb34de3d - __rustc[8fa7c3cbc660c2b3]::rust_begin_unwind
[INFO] [stdout]   10:     0x5ab3cb387f9c - core[df12db4294e9bfd3]::panicking::panic_fmt
[INFO] [stdout]   11:     0x5ab3cb387d72 - core[df12db4294e9bfd3]::result::unwrap_failed
[INFO] [stdout]   12:     0x5ab3cb2ece32 - mani[4631b609146a10bc]::tests::seed_guacamole
[INFO] [stdout]   13:     0x5ab3cb2e711c - <mani[4631b609146a10bc]::tests::guacamole8803705925841794254::{closure#0} as core[df12db4294e9bfd3]::ops::function::FnOnce<()>>::call_once
[INFO] [stdout]   14:     0x5ab3cb2f5e4b - test[9d35eded1c95d3be]::__rust_begin_short_backtrace::<core[df12db4294e9bfd3]::result::Result<(), alloc[2182bb758b4b3781]::string::String>, fn() -> core[df12db4294e9bfd3]::result::Result<(), alloc[2182bb758b4b3781]::string::String>>
[INFO] [stdout]   15:     0x5ab3cb3034b5 - test[9d35eded1c95d3be]::run_test::{closure#0}
[INFO] [stdout]   16:     0x5ab3cb2fcd74 - std[70759c8f55707aa4]::sys::backtrace::__rust_begin_short_backtrace::<test[9d35eded1c95d3be]::run_test::{closure#1}, ()>
[INFO] [stdout]   17:     0x5ab3cb306612 - <std[70759c8f55707aa4]::thread::lifecycle::spawn_unchecked<test[9d35eded1c95d3be]::run_test::{closure#1}, ()>::{closure#1} as core[df12db4294e9bfd3]::ops::function::FnOnce<()>>::call_once::{shim:vtable#0}
[INFO] [stdout]   18:     0x5ab3cb372119 - <std[70759c8f55707aa4]::sys::thread::unix::Thread>::new::thread_start
[INFO] [stdout]   19:     0x7f60fa391dfa - <unknown>
[INFO] [stdout]   20:     0x7f60fa4253d4 - clone
[INFO] [stdout]   21:                0x0 - <unknown>
[INFO] [stdout] 
[INFO] [stdout] ---- tests::iterator stdout ----
[INFO] [stdout] 
[INFO] [stdout] thread 'tests::iterator' (1235) panicked at src/lib.rs:843:60:
[INFO] [stdout] called `Result::unwrap()` on an `Err` value: SError { detail: List([Atom("error"), List([Atom("phase"), Atom("mani")]), List([Atom("code"), Atom("system-error")]), List([Atom("message"), Atom("\"manifest system error\"")]), List([Atom("what"), Atom("\"Read-only file system (os error 30)\"")]), List([Atom("root"), Atom("\"mani__tests_841\"")])]) }
[INFO] [stdout] stack backtrace:
[INFO] [stdout]    0:     0x5ab3cb372bb1 - <<std[70759c8f55707aa4]::sys::backtrace::BacktraceLock>::print::DisplayBacktrace as core[df12db4294e9bfd3]::fmt::Display>::fmt
[INFO] [stdout]    1:     0x5ab3cb38786a - core[df12db4294e9bfd3]::fmt::write
[INFO] [stdout]    2:     0x5ab3cb37731c - <alloc[2182bb758b4b3781]::vec::Vec<u8> as core[df12db4294e9bfd3]::io::write::Write>::write_fmt
[INFO] [stdout]    3:     0x5ab3cb34cfb6 - std[70759c8f55707aa4]::panicking::default_hook::{closure#0}
[INFO] [stdout]    4:     0x5ab3cb36a259 - std[70759c8f55707aa4]::panicking::default_hook
[INFO] [stdout]    5:     0x5ab3cb302b60 - test[9d35eded1c95d3be]::test_main_inner::<test[9d35eded1c95d3be]::test_main_static::{closure#0}>::{closure#0}
[INFO] [stdout]    6:     0x5ab3cb36a412 - std[70759c8f55707aa4]::panicking::panic_with_hook
[INFO] [stdout]    7:     0x5ab3cb34d062 - std[70759c8f55707aa4]::panicking::panic_handler::{closure#0}
[INFO] [stdout]    8:     0x5ab3cb3459c9 - std[70759c8f55707aa4]::sys::backtrace::__rust_end_short_backtrace::<std[70759c8f55707aa4]::panicking::panic_handler::{closure#0}, !>
[INFO] [stdout]    9:     0x5ab3cb34de3d - __rustc[8fa7c3cbc660c2b3]::rust_begin_unwind
[INFO] [stdout]   10:     0x5ab3cb387f9c - core[df12db4294e9bfd3]::panicking::panic_fmt
[INFO] [stdout]   11:     0x5ab3cb387d72 - core[df12db4294e9bfd3]::result::unwrap_failed
[INFO] [stdout]   12:     0x5ab3cb2f0f54 - mani[4631b609146a10bc]::tests::iterator
[INFO] [stdout]   13:     0x5ab3cb2e72f9 - <mani[4631b609146a10bc]::tests::iterator::{closure#0} as core[df12db4294e9bfd3]::ops::function::FnOnce<()>>::call_once
[INFO] [stdout]   14:     0x5ab3cb2f5e4b - test[9d35eded1c95d3be]::__rust_begin_short_backtrace::<core[df12db4294e9bfd3]::result::Result<(), alloc[2182bb758b4b3781]::string::String>, fn() -> core[df12db4294e9bfd3]::result::Result<(), alloc[2182bb758b4b3781]::string::String>>
[INFO] [stdout]   15:     0x5ab3cb3034b5 - test[9d35eded1c95d3be]::run_test::{closure#0}
[INFO] [stdout]   16:     0x5ab3cb2fcd74 - std[70759c8f55707aa4]::sys::backtrace::__rust_begin_short_backtrace::<test[9d35eded1c95d3be]::run_test::{closure#1}, ()>
[INFO] [stdout]   17:     0x5ab3cb306612 - <std[70759c8f55707aa4]::thread::lifecycle::spawn_unchecked<test[9d35eded1c95d3be]::run_test::{closure#1}, ()>::{closure#1} as core[df12db4294e9bfd3]::ops::function::FnOnce<()>>::call_once::{shim:vtable#0}
[INFO] [stdout]   18:     0x5ab3cb372119 - <std[70759c8f55707aa4]::sys::thread::unix::Thread>::new::thread_start
[INFO] [stdout]   19:     0x7f60fa391dfa - <unknown>
[INFO] [stdout]   20:     0x7f60fa4253d4 - clone
[INFO] [stdout]   21:                0x0 - <unknown>
[INFO] [stdout] 
[INFO] [stdout] ---- tests::guacamole12537599354512252906 stdout ----
[INFO] [stdout] 
[INFO] [stdout] thread 'tests::guacamole12537599354512252906' (1220) panicked at src/lib.rs:973:70:
[INFO] [stdout] called `Result::unwrap()` on an `Err` value: SError { detail: List([Atom("error"), List([Atom("phase"), Atom("mani")]), List([Atom("code"), Atom("system-error")]), List([Atom("message"), Atom("\"manifest system error\"")]), List([Atom("what"), Atom("\"Read-only file system (os error 30)\"")]), List([Atom("root"), Atom("\"mani__tests_1019\"")])]) }
[INFO] [stdout] stack backtrace:
[INFO] [stdout]    0:     0x5ab3cb372bb1 - <<std[70759c8f55707aa4]::sys::backtrace::BacktraceLock>::print::DisplayBacktrace as core[df12db4294e9bfd3]::fmt::Display>::fmt
[INFO] [stdout]    1:     0x5ab3cb38786a - core[df12db4294e9bfd3]::fmt::write
[INFO] [stdout]    2:     0x5ab3cb37731c - <alloc[2182bb758b4b3781]::vec::Vec<u8> as core[df12db4294e9bfd3]::io::write::Write>::write_fmt
[INFO] [stdout]    3:     0x5ab3cb34cfb6 - std[70759c8f55707aa4]::panicking::default_hook::{closure#0}
[INFO] [stdout]    4:     0x5ab3cb36a259 - std[70759c8f55707aa4]::panicking::default_hook
[INFO] [stdout]    5:     0x5ab3cb302b60 - test[9d35eded1c95d3be]::test_main_inner::<test[9d35eded1c95d3be]::test_main_static::{closure#0}>::{closure#0}
[INFO] [stdout]    6:     0x5ab3cb36a412 - std[70759c8f55707aa4]::panicking::panic_with_hook
[INFO] [stdout]    7:     0x5ab3cb34d062 - std[70759c8f55707aa4]::panicking::panic_handler::{closure#0}
[INFO] [stdout]    8:     0x5ab3cb3459c9 - std[70759c8f55707aa4]::sys::backtrace::__rust_end_short_backtrace::<std[70759c8f55707aa4]::panicking::panic_handler::{closure#0}, !>
[INFO] [stdout]    9:     0x5ab3cb34de3d - __rustc[8fa7c3cbc660c2b3]::rust_begin_unwind
[INFO] [stdout]   10:     0x5ab3cb387f9c - core[df12db4294e9bfd3]::panicking::panic_fmt
[INFO] [stdout]   11:     0x5ab3cb387d72 - core[df12db4294e9bfd3]::result::unwrap_failed
[INFO] [stdout]   12:     0x5ab3cb2ece32 - mani[4631b609146a10bc]::tests::seed_guacamole
[INFO] [stdout]   13:     0x5ab3cb2e721c - <mani[4631b609146a10bc]::tests::guacamole12537599354512252906::{closure#0} as core[df12db4294e9bfd3]::ops::function::FnOnce<()>>::call_once
[INFO] [stdout]   14:     0x5ab3cb2f5e4b - test[9d35eded1c95d3be]::__rust_begin_short_backtrace::<core[df12db4294e9bfd3]::result::Result<(), alloc[2182bb758b4b3781]::string::String>, fn() -> core[df12db4294e9bfd3]::result::Result<(), alloc[2182bb758b4b3781]::string::String>>
[INFO] [stdout]   15:     0x5ab3cb3034b5 - test[9d35eded1c95d3be]::run_test::{closure#0}
[INFO] [stdout]   16:     0x5ab3cb2fcd74 - std[70759c8f55707aa4]::sys::backtrace::__rust_begin_short_backtrace::<test[9d35eded1c95d3be]::run_test::{closure#1}, ()>
[INFO] [stdout]   17:     0x5ab3cb306612 - <std[70759c8f55707aa4]::thread::lifecycle::spawn_unchecked<test[9d35eded1c95d3be]::run_test::{closure#1}, ()>::{closure#1} as core[df12db4294e9bfd3]::ops::function::FnOnce<()>>::call_once::{shim:vtable#0}
[INFO] [stdout]   18:     0x5ab3cb372119 - <std[70759c8f55707aa4]::sys::thread::unix::Thread>::new::thread_start
[INFO] [stdout]   19:     0x7f60fa391dfa - <unknown>
[INFO] [stdout]   20:     0x7f60fa4253d4 - clone
[INFO] [stdout]   21:                0x0 - <unknown>
[INFO] [stdout] 
[INFO] [stdout] ---- tests::guacamole5103614593344147373 stdout ----
[INFO] [stdout] 
[INFO] [stdout] thread 'tests::guacamole5103614593344147373' (1224) panicked at src/lib.rs:973:70:
[INFO] [stdout] called `Result::unwrap()` on an `Err` value: SError { detail: List([Atom("error"), List([Atom("phase"), Atom("mani")]), List([Atom("code"), Atom("system-error")]), List([Atom("message"), Atom("\"manifest system error\"")]), List([Atom("what"), Atom("\"Read-only file system (os error 30)\"")]), List([Atom("root"), Atom("\"mani__tests_1061\"")])]) }
[INFO] [stdout] stack backtrace:
[INFO] [stdout]    0:     0x5ab3cb372bb1 - <<std[70759c8f55707aa4]::sys::backtrace::BacktraceLock>::print::DisplayBacktrace as core[df12db4294e9bfd3]::fmt::Display>::fmt
[INFO] [stdout]    1:     0x5ab3cb38786a - core[df12db4294e9bfd3]::fmt::write
[INFO] [stdout]    2:     0x5ab3cb37731c - <alloc[2182bb758b4b3781]::vec::Vec<u8> as core[df12db4294e9bfd3]::io::write::Write>::write_fmt
[INFO] [stdout]    3:     0x5ab3cb34cfb6 - std[70759c8f55707aa4]::panicking::default_hook::{closure#0}
[INFO] [stdout]    4:     0x5ab3cb36a259 - std[70759c8f55707aa4]::panicking::default_hook
[INFO] [stdout]    5:     0x5ab3cb302b60 - test[9d35eded1c95d3be]::test_main_inner::<test[9d35eded1c95d3be]::test_main_static::{closure#0}>::{closure#0}
[INFO] [stdout]    6:     0x5ab3cb36a412 - std[70759c8f55707aa4]::panicking::panic_with_hook
[INFO] [stdout]    7:     0x5ab3cb34d062 - std[70759c8f55707aa4]::panicking::panic_handler::{closure#0}
[INFO] [stdout]    8:     0x5ab3cb3459c9 - std[70759c8f55707aa4]::sys::backtrace::__rust_end_short_backtrace::<std[70759c8f55707aa4]::panicking::panic_handler::{closure#0}, !>
[INFO] [stdout]    9:     0x5ab3cb34de3d - __rustc[8fa7c3cbc660c2b3]::rust_begin_unwind
[INFO] [stdout]   10:     0x5ab3cb387f9c - core[df12db4294e9bfd3]::panicking::panic_fmt
[INFO] [stdout]   11:     0x5ab3cb387d72 - core[df12db4294e9bfd3]::result::unwrap_failed
[INFO] [stdout]   12:     0x5ab3cb2ece32 - mani[4631b609146a10bc]::tests::seed_guacamole
[INFO] [stdout]   13:     0x5ab3cb2e6f1c - <mani[4631b609146a10bc]::tests::guacamole5103614593344147373::{closure#0} as core[df12db4294e9bfd3]::ops::function::FnOnce<()>>::call_once
[INFO] [stdout]   14:     0x5ab3cb2f5e4b - test[9d35eded1c95d3be]::__rust_begin_short_backtrace::<core[df12db4294e9bfd3]::result::Result<(), alloc[2182bb758b4b3781]::string::String>, fn() -> core[df12db4294e9bfd3]::result::Result<(), alloc[2182bb758b4b3781]::string::String>>
[INFO] [stdout]   15:     0x5ab3cb3034b5 - test[9d35eded1c95d3be]::run_test::{closure#0}
[INFO] [stdout]   16:     0x5ab3cb2fcd74 - std[70759c8f55707aa4]::sys::backtrace::__rust_begin_short_backtrace::<test[9d35eded1c95d3be]::run_test::{closure#1}, ()>
[INFO] [stdout]   17:     0x5ab3cb306612 - <std[70759c8f55707aa4]::thread::lifecycle::spawn_unchecked<test[9d35eded1c95d3be]::run_test::{closure#1}, ()>::{closure#1} as core[df12db4294e9bfd3]::ops::function::FnOnce<()>>::call_once::{shim:vtable#0}
[INFO] [stdout]   18:     0x5ab3cb372119 - <std[70759c8f55707aa4]::sys::thread::unix::Thread>::new::thread_start
[INFO] [stdout]   19:     0x7f60fa391dfa - <unknown>
[INFO] [stdout]   20:     0x7f60fa4253d4 - clone
[INFO] [stdout]   21:                0x0 - <unknown>
[INFO] [stdout] 
[INFO] [stdout] ---- tests::not_exist_fail_if_exists stdout ----
[INFO] [stdout] 
[INFO] [stdout] thread 'tests::not_exist_fail_if_exists' (1238) panicked at src/lib.rs:721:9:
[INFO] [stdout] assertion failed: is_manifest_exists(&err)
[INFO] [stdout] stack backtrace:
[INFO] [stdout]    0:     0x5ab3cb372bb1 - <<std[70759c8f55707aa4]::sys::backtrace::BacktraceLock>::print::DisplayBacktrace as core[df12db4294e9bfd3]::fmt::Display>::fmt
[INFO] [stdout]    1:     0x5ab3cb38786a - core[df12db4294e9bfd3]::fmt::write
[INFO] [stdout]    2:     0x5ab3cb37731c - <alloc[2182bb758b4b3781]::vec::Vec<u8> as core[df12db4294e9bfd3]::io::write::Write>::write_fmt
[INFO] [stdout]    3:     0x5ab3cb34cfb6 - std[70759c8f55707aa4]::panicking::default_hook::{closure#0}
[INFO] [stdout]    4:     0x5ab3cb36a259 - std[70759c8f55707aa4]::panicking::default_hook
[INFO] [stdout]    5:     0x5ab3cb302b60 - test[9d35eded1c95d3be]::test_main_inner::<test[9d35eded1c95d3be]::test_main_static::{closure#0}>::{closure#0}
[INFO] [stdout]    6:     0x5ab3cb36a412 - std[70759c8f55707aa4]::panicking::panic_with_hook
[INFO] [stdout]    7:     0x5ab3cb34d094 - std[70759c8f55707aa4]::panicking::panic_handler::{closure#0}
[INFO] [stdout]    8:     0x5ab3cb3459c9 - std[70759c8f55707aa4]::sys::backtrace::__rust_end_short_backtrace::<std[70759c8f55707aa4]::panicking::panic_handler::{closure#0}, !>
[INFO] [stdout]    9:     0x5ab3cb34de3d - __rustc[8fa7c3cbc660c2b3]::rust_begin_unwind
[INFO] [stdout]   10:     0x5ab3cb387f9c - core[df12db4294e9bfd3]::panicking::panic_fmt
[INFO] [stdout]   11:     0x5ab3cb387f62 - core[df12db4294e9bfd3]::panicking::panic
[INFO] [stdout]   12:     0x5ab3cb2ee9a1 - mani[4631b609146a10bc]::tests::not_exist_fail_if_exists
[INFO] [stdout]   13:     0x5ab3cb2e6e79 - <mani[4631b609146a10bc]::tests::not_exist_fail_if_exists::{closure#0} as core[df12db4294e9bfd3]::ops::function::FnOnce<()>>::call_once
[INFO] [stdout]   14:     0x5ab3cb2f5e4b - test[9d35eded1c95d3be]::__rust_begin_short_backtrace::<core[df12db4294e9bfd3]::result::Result<(), alloc[2182bb758b4b3781]::string::String>, fn() -> core[df12db4294e9bfd3]::result::Result<(), alloc[2182bb758b4b3781]::string::String>>
[INFO] [stdout]   15:     0x5ab3cb3034b5 - test[9d35eded1c95d3be]::run_test::{closure#0}
[INFO] [stdout]   16:     0x5ab3cb2fcd74 - std[70759c8f55707aa4]::sys::backtrace::__rust_begin_short_backtrace::<test[9d35eded1c95d3be]::run_test::{closure#1}, ()>
[INFO] [stdout]   17:     0x5ab3cb306612 - <std[70759c8f55707aa4]::thread::lifecycle::spawn_unchecked<test[9d35eded1c95d3be]::run_test::{closure#1}, ()>::{closure#1} as core[df12db4294e9bfd3]::ops::function::FnOnce<()>>::call_once::{shim:vtable#0}
[INFO] [stdout]   18:     0x5ab3cb372119 - <std[70759c8f55707aa4]::sys::thread::unix::Thread>::new::thread_start
[INFO] [stdout]   19:     0x7f60fa391dfa - <unknown>
[INFO] [stdout]   20:     0x7f60fa4253d4 - clone
[INFO] [stdout]   21:                0x0 - <unknown>
[INFO] [stdout] 
[INFO] [stdout] 
[INFO] [stdout] failures:
[INFO] [stdout]     tests::guacamole10358298905320955451
[INFO] [stdout]     tests::guacamole11818449540631631494
[INFO] [stdout]     tests::guacamole12537599354512252906
[INFO] [stdout]     tests::guacamole16454412700383951410
[INFO] [stdout]     tests::guacamole16522073696062617966
[INFO] [stdout]     tests::guacamole1708810195070469314
[INFO] [stdout]     tests::guacamole5103614593344147373
[INFO] [stdout]     tests::guacamole5138398090444284702
[INFO] [stdout]     tests::guacamole5455191989502336247
[INFO] [stdout]     tests::guacamole5789036567548627700
[INFO] [stdout]     tests::guacamole6201227612047565798
[INFO] [stdout]     tests::guacamole6529534099269622277
[INFO] [stdout]     tests::guacamole8550330511375764379
[INFO] [stdout]     tests::guacamole8642048216479126580
[INFO] [stdout]     tests::guacamole8803705925841794254
[INFO] [stdout]     tests::guacamole9511704728995062883
[INFO] [stdout]     tests::info
[INFO] [stdout]     tests::iterator
[INFO] [stdout]     tests::not_exist_defaults
[INFO] [stdout]     tests::not_exist_fail_if_exists
[INFO] [stdout]     tests::open_after_rollover
[INFO] [stdout]     tests::removal
[INFO] [stdout]     tests::simple_addition
[INFO] [stdout] 
[INFO] [stdout] test result: FAILED. 3 passed; 23 failed; 0 ignored; 0 measured; 0 filtered out; finished in 0.02s
[INFO] [stdout] 
[INFO] running `Command { std: "docker" "inspect" "f55547a2543ef151a8879abd94502b872b0fd15c6297aad9c50cb7d1160e28f5", kill_on_drop: false }`
[INFO] running `Command { std: "docker" "rm" "-f" "f55547a2543ef151a8879abd94502b872b0fd15c6297aad9c50cb7d1160e28f5", kill_on_drop: false }`
[INFO] [stdout] f55547a2543ef151a8879abd94502b872b0fd15c6297aad9c50cb7d1160e28f5
