[INFO] fetching crate mamenoki 0.1.1...
[INFO] testing mamenoki-0.1.1 against 1.100.0-beta.1+cargoflags=--release for beta-release-1.100-2
[INFO] extracting crate mamenoki 0.1.1 into /workspace/builds/worker-4-tc2/source
[INFO] started tweaking crates.io crate mamenoki 0.1.1
[INFO] removed 0 missing examples
[INFO] removed 0 missing tests
[INFO] finished tweaking crates.io crate mamenoki 0.1.1
[INFO] tweaked toml for crates.io crate mamenoki 0.1.1 written to /workspace/builds/worker-4-tc2/source/Cargo.toml
[INFO] validating manifest of crates.io crate mamenoki 0.1.1 on toolchain 1.100.0-beta.1
[INFO] running `Command { std: CARGO_HOME="/workspace/cargo-home" RUSTUP_HOME="/workspace/rustup-home" "/workspace/cargo-home/bin/cargo" "+1.100.0-beta.1" "metadata" "--manifest-path" "Cargo.toml" "--no-deps", kill_on_drop: false }`
[INFO] crate crates.io crate mamenoki 0.1.1 already has a lockfile, it will not be regenerated
[INFO] running `Command { std: CARGO_HOME="/workspace/cargo-home" RUSTUP_HOME="/workspace/rustup-home" "/workspace/cargo-home/bin/cargo" "+1.100.0-beta.1" "fetch" "--manifest-path" "Cargo.toml", kill_on_drop: false }`
[INFO] [stderr] warning: `package.homepage` is redundant with `package.repository`
[INFO] [stderr]   --> Cargo.toml:53:12
[INFO] [stderr]    |
[INFO] [stderr] 53 | homepage = "https://github.com/withings/mamenoki"
[INFO] [stderr]    |            ^^^^^^^^^^^^^^^^^^^^^^^^^^^^^^^^^^^^^^
[INFO] [stderr] ...
[INFO] [stderr] 58 | repository = "https://github.com/withings/mamenoki"
[INFO] [stderr]    |              --------------------------------------
[INFO] [stderr]    |
[INFO] [stderr]    = note: `cargo::redundant_homepage` is set to `warn` by default
[INFO] [stderr] help: consider removing `package.homepage`
[INFO] [stderr] warning: `mamenoki` (manifest) generated 1 warning
[INFO] running `Command { std: "docker" "create" "-v" "/var/lib/crater-agent-workspace/builds/worker-4-tc2/source:/opt/rustwide/workdir:ro,Z" "-v" "/var/lib/crater-agent-workspace/builds/worker-4-tc2/target:/opt/rustwide/target:rw,Z" "-v" "/var/lib/crater-agent-workspace/cargo-home:/opt/rustwide/cargo-home:ro,Z" "-v" "/var/lib/crater-agent-workspace/rustup-home:/opt/rustwide/rustup-home:ro,Z" "-m" "1610612736" "--network" "none" "ghcr.io/rust-lang/crates-build-env/linux@sha256:77db811e55d90add9212f6832c23229e3de5f1c1f9905e8cb07319ea15df73ac" "sleep" "infinity", kill_on_drop: false }`
[INFO] [stdout] dbbe610279bfe282f4153910c0749333ba26f95dec9d5ab996303f81ece75150
[INFO] running `Command { std: "docker" "start" "dbbe610279bfe282f4153910c0749333ba26f95dec9d5ab996303f81ece75150", kill_on_drop: false }`
[INFO] running `Command { std: "docker" "inspect" "dbbe610279bfe282f4153910c0749333ba26f95dec9d5ab996303f81ece75150", kill_on_drop: false }`
[INFO] running `Command { std: "docker" "exec" "-e" "SOURCE_DIR=/opt/rustwide/workdir" "-e" "CARGO_HOME=/opt/rustwide/cargo-home" "-e" "RUSTUP_HOME=/opt/rustwide/rustup-home" "-e" "CARGO_TARGET_DIR=/opt/rustwide/target" "-w" "/opt/rustwide/workdir" "--user" "0:0" "dbbe610279bfe282f4153910c0749333ba26f95dec9d5ab996303f81ece75150" "/opt/rustwide/cargo-home/bin/cargo" "+1.100.0-beta.1" "metadata" "--no-deps" "--format-version=1", kill_on_drop: false }`
[INFO] running `Command { std: "docker" "inspect" "dbbe610279bfe282f4153910c0749333ba26f95dec9d5ab996303f81ece75150", kill_on_drop: false }`
[INFO] running `Command { std: "docker" "exec" "-e" "SOURCE_DIR=/opt/rustwide/workdir" "-e" "CARGO_HOME=/opt/rustwide/cargo-home" "-e" "RUSTUP_HOME=/opt/rustwide/rustup-home" "-e" "CARGO_TARGET_DIR=/opt/rustwide/target" "-e" "CARGO_INCREMENTAL=0" "-e" "RUST_BACKTRACE=full" "-e" "RUSTFLAGS=--cap-lints=warn" "-e" "RUSTDOCFLAGS=--cap-lints=warn" "-w" "/opt/rustwide/workdir" "--user" "0:0" "dbbe610279bfe282f4153910c0749333ba26f95dec9d5ab996303f81ece75150" "/opt/rustwide/cargo-home/bin/cargo" "+1.100.0-beta.1" "build" "--frozen" "--message-format=json" "--release", kill_on_drop: false }`
[INFO] [stderr] warning: `package.homepage` is redundant with `package.repository`
[INFO] [stderr]   --> Cargo.toml:53:12
[INFO] [stderr]    |
[INFO] [stderr] 53 | homepage = "https://github.com/withings/mamenoki"
[INFO] [stderr]    |            ^^^^^^^^^^^^^^^^^^^^^^^^^^^^^^^^^^^^^^
[INFO] [stderr] ...
[INFO] [stderr] 58 | repository = "https://github.com/withings/mamenoki"
[INFO] [stderr]    |              --------------------------------------
[INFO] [stderr]    |
[INFO] [stderr]    = note: `cargo::redundant_homepage` is set to `warn` by default
[INFO] [stderr] help: consider removing `package.homepage`
[INFO] [stderr] warning: `mamenoki` (manifest) generated 1 warning
[INFO] [stderr]    Compiling proc-macro2 v1.0.60
[INFO] [stderr]    Compiling unicode-ident v1.0.9
[INFO] [stderr]    Compiling quote v1.0.28
[INFO] [stderr]    Compiling libc v0.2.146
[INFO] [stderr]    Compiling serde v1.0.164
[INFO] [stderr]    Compiling parking_lot_core v0.9.8
[INFO] [stderr]    Compiling smallvec v1.10.0
[INFO] [stderr]    Compiling lock_api v0.4.10
[INFO] [stderr]    Compiling indexmap v1.9.3
[INFO] [stderr]    Compiling scopeguard v1.1.0
[INFO] [stderr]    Compiling tokio v1.28.2
[INFO] [stderr]    Compiling unsafe-libyaml v0.2.8
[INFO] [stderr]    Compiling pin-project-lite v0.2.9
[INFO] [stderr]    Compiling num_cpus v1.15.0
[INFO] [stderr]    Compiling signal-hook-registry v1.4.1
[INFO] [stderr]    Compiling socket2 v0.4.9
[INFO] [stderr]    Compiling mio v0.8.8
[INFO] [stderr]    Compiling syn v2.0.18
[INFO] [stderr]    Compiling parking_lot v0.12.1
[INFO] [stderr]    Compiling serde_derive v1.0.164
[INFO] [stderr]    Compiling thiserror-impl v1.0.40
[INFO] [stderr]    Compiling tokio-macros v2.1.0
[INFO] [stderr]    Compiling thiserror v1.0.40
[INFO] [stderr]    Compiling log v0.4.19
[INFO] [stderr]    Compiling serde_yaml v0.9.21
[INFO] [stderr]    Compiling mamenoki v0.1.1 (/opt/rustwide/workdir)
[INFO] [stderr]     Finished `release` profile [optimized] target(s) in 40.71s
[INFO] running `Command { std: "docker" "inspect" "dbbe610279bfe282f4153910c0749333ba26f95dec9d5ab996303f81ece75150", kill_on_drop: false }`
[INFO] running `Command { std: "docker" "exec" "-e" "SOURCE_DIR=/opt/rustwide/workdir" "-e" "CARGO_HOME=/opt/rustwide/cargo-home" "-e" "RUSTUP_HOME=/opt/rustwide/rustup-home" "-e" "CARGO_TARGET_DIR=/opt/rustwide/target" "-e" "CARGO_INCREMENTAL=0" "-e" "RUST_BACKTRACE=full" "-e" "RUSTFLAGS=--cap-lints=warn" "-e" "RUSTDOCFLAGS=--cap-lints=warn" "-w" "/opt/rustwide/workdir" "--user" "0:0" "dbbe610279bfe282f4153910c0749333ba26f95dec9d5ab996303f81ece75150" "/opt/rustwide/cargo-home/bin/cargo" "+1.100.0-beta.1" "test" "--frozen" "--no-run" "--message-format=json" "--release", kill_on_drop: false }`
[INFO] [stderr] warning: `package.homepage` is redundant with `package.repository`
[INFO] [stderr]   --> Cargo.toml:53:12
[INFO] [stderr]    |
[INFO] [stderr] 53 | homepage = "https://github.com/withings/mamenoki"
[INFO] [stderr]    |            ^^^^^^^^^^^^^^^^^^^^^^^^^^^^^^^^^^^^^^
[INFO] [stderr] ...
[INFO] [stderr] 58 | repository = "https://github.com/withings/mamenoki"
[INFO] [stderr]    |              --------------------------------------
[INFO] [stderr]    |
[INFO] [stderr]    = note: `cargo::redundant_homepage` is set to `warn` by default
[INFO] [stderr] help: consider removing `package.homepage`
[INFO] [stderr] warning: `mamenoki` (manifest) generated 1 warning
[INFO] [stderr]    Compiling once_cell v1.18.0
[INFO] [stderr]    Compiling memchr v2.5.0
[INFO] [stderr]    Compiling regex-syntax v0.6.29
[INFO] [stderr]    Compiling lazy_static v1.4.0
[INFO] [stderr]    Compiling log v0.4.19
[INFO] [stderr]    Compiling overload v0.1.1
[INFO] [stderr]    Compiling regex-syntax v0.7.2
[INFO] [stderr]    Compiling sharded-slab v0.1.4
[INFO] [stderr]    Compiling fastrand v2.0.0
[INFO] [stderr]    Compiling nu-ansi-term v0.46.0
[INFO] [stderr]    Compiling tracing-core v0.1.31
[INFO] [stderr]    Compiling thread_local v1.1.7
[INFO] [stderr]    Compiling mamenoki v0.1.1 (/opt/rustwide/workdir)
[INFO] [stderr]    Compiling aho-corasick v1.0.2
[INFO] [stderr]    Compiling tracing-log v0.1.3
[INFO] [stderr]    Compiling tracing v0.1.37
[INFO] [stderr]    Compiling regex v1.8.4
[INFO] [stderr]    Compiling regex-automata v0.1.10
[INFO] [stderr]    Compiling matchers v0.1.0
[INFO] [stderr]    Compiling tracing-subscriber v0.3.17
[INFO] [stderr]     Finished `release` profile [optimized] target(s) in 1m 07s
[INFO] running `Command { std: "docker" "inspect" "dbbe610279bfe282f4153910c0749333ba26f95dec9d5ab996303f81ece75150", kill_on_drop: false }`
[INFO] running `Command { std: "docker" "exec" "-e" "SOURCE_DIR=/opt/rustwide/workdir" "-e" "CARGO_HOME=/opt/rustwide/cargo-home" "-e" "RUSTUP_HOME=/opt/rustwide/rustup-home" "-e" "CARGO_TARGET_DIR=/opt/rustwide/target" "-e" "CARGO_INCREMENTAL=0" "-e" "RUST_BACKTRACE=full" "-e" "RUSTFLAGS=--cap-lints=warn" "-e" "RUSTDOCFLAGS=--cap-lints=warn" "-w" "/opt/rustwide/workdir" "--user" "0:0" "dbbe610279bfe282f4153910c0749333ba26f95dec9d5ab996303f81ece75150" "/opt/rustwide/cargo-home/bin/cargo" "+1.100.0-beta.1" "test" "--frozen" "--release", kill_on_drop: false }`
[INFO] [stderr] warning: `package.homepage` is redundant with `package.repository`
[INFO] [stderr]   --> Cargo.toml:53:12
[INFO] [stderr]    |
[INFO] [stderr] 53 | homepage = "https://github.com/withings/mamenoki"
[INFO] [stderr]    |            ^^^^^^^^^^^^^^^^^^^^^^^^^^^^^^^^^^^^^^
[INFO] [stderr] ...
[INFO] [stderr] 58 | repository = "https://github.com/withings/mamenoki"
[INFO] [stderr]    |              --------------------------------------
[INFO] [stderr]    |
[INFO] [stderr]    = note: `cargo::redundant_homepage` is set to `warn` by default
[INFO] [stderr] help: consider removing `package.homepage`
[INFO] [stderr] warning: `mamenoki` (manifest) generated 1 warning
[INFO] [stderr]     Finished `release` profile [optimized] target(s) in 0.16s
[INFO] [stderr]      Running unittests src/lib.rs (/opt/rustwide/target/release/build/mamenoki/cc33641b3dc56998/out/mamenoki-cc33641b3dc56998)
[INFO] [stdout] 
[INFO] [stdout] running 0 tests
[INFO] [stdout] 
[INFO] [stdout] test result: ok. 0 passed; 0 failed; 0 ignored; 0 measured; 0 filtered out; finished in 0.00s
[INFO] [stdout] 
[INFO] [stderr]      Running tests/mamenoki_test.rs (/opt/rustwide/target/release/build/mamenoki/dfc48120201ea26a/out/mamenoki_test-dfc48120201ea26a)
[INFO] [stdout] 
[INFO] [stdout] running 36 tests
[INFO] [stdout] test kick_job_test ... FAILED
[INFO] [stdout] test bury_failure_case_test ... FAILED
[INFO] [stdout] test delete_test ... FAILED
[INFO] [stdout] test kick_job_not_found_case_test ... FAILED
[INFO] [stdout] test ignore_tube_test ... FAILED
[INFO] [stdout] test ignore_tube_failure_case_test ... FAILED
[INFO] [stdout] test list_tube_used_test ... FAILED
[INFO] [stdout] test list_tubes_test ... FAILED
[INFO] [stdout] test peek_delayed_test ... FAILED
[INFO] [stdout] test list_tubes_watched_test ... FAILED
[INFO] [stdout] test pause_tube_test ... FAILED
[INFO] [stdout] test bury_test ... FAILED
[INFO] [stdout] test pause_tube_failure_case_test ... FAILED
[INFO] [stdout] test peek_buried_test ... FAILED
[INFO] [stdout] test put_command_config_defaults_test ... ok
[INFO] [stdout] test peek_failure_case_test ... FAILED
[INFO] [stdout] test peek_ready_not_found_case_test ... FAILED
[INFO] [stdout] test peek_test ... FAILED
[INFO] [stdout] test peek_ready_test ... FAILED
[INFO] [stdout] test put_test ... FAILED
[INFO] [stdout] test put_with_config_test ... FAILED
[INFO] [stdout] test release_with_config_failure_case_test ... FAILED
[INFO] [stdout] test reserve_test ... FAILED
[INFO] [stdout] test release_with_config_test ... FAILED
[INFO] [stdout] test stats_job_test ... FAILED
[INFO] [stdout] test reserve_with_timeout_error_case_test ... FAILED
[INFO] [stdout] test release_test ... FAILED
[INFO] [stdout] test stats_test ... FAILED
[INFO] [stdout] test reserve_with_timeout_test ... FAILED
[INFO] [stdout] test stats_tube_test ... FAILED
[INFO] [stdout] test watch_tube_test ... FAILED
[INFO] [stdout] test touch_failure_case_test ... FAILED
[INFO] [stdout] test use_tube_test ... FAILED
[INFO] [stdout] test stats_tube_failure_case_test ... FAILED
[INFO] [stdout] test touch_test ... FAILED
[INFO] [stdout] test kick_test ... FAILED
[INFO] [stdout] 
[INFO] [stdout] failures:
[INFO] [stdout] 
[INFO] [stdout] ---- kick_job_test stdout ----
[INFO] [stdout] 
[INFO] [stdout] thread 'kick_job_test' (1212) panicked at tests/mamenoki_test.rs:780:79:
[INFO] [stdout] called `Result::unwrap()` on an `Err` value: Os { code: 111, kind: ConnectionRefused, message: "Connection refused" }
[INFO] [stdout] stack backtrace:
[INFO] [stdout]    0:     0x61ad84499a71 - <<std[617be2ca0a6fd877]::sys::backtrace::BacktraceLock>::print::DisplayBacktrace as core[a373ad73a504971]::fmt::Display>::fmt
[INFO] [stdout]    1:     0x61ad844b04da - core[a373ad73a504971]::fmt::write
[INFO] [stdout]    2:     0x61ad8449e2ac - <alloc[2e1b2a31b91974c5]::vec::Vec<u8> as core[a373ad73a504971]::io::write::Write>::write_fmt
[INFO] [stdout]    3:     0x61ad84475306 - std[617be2ca0a6fd877]::panicking::default_hook::{closure#0}
[INFO] [stdout]    4:     0x61ad84491bd9 - std[617be2ca0a6fd877]::panicking::default_hook
[INFO] [stdout]    5:     0x61ad84361f90 - test[aada8e7e76ba119b]::test_main_inner::{closure#0}
[INFO] [stdout]    6:     0x61ad84491f02 - std[617be2ca0a6fd877]::panicking::panic_with_hook
[INFO] [stdout]    7:     0x61ad844753b2 - std[617be2ca0a6fd877]::panicking::panic_handler::{closure#0}
[INFO] [stdout]    8:     0x61ad8446dfe9 - std[617be2ca0a6fd877]::sys::backtrace::__rust_end_short_backtrace::<std[617be2ca0a6fd877]::panicking::panic_handler::{closure#0}, !>
[INFO] [stdout]    9:     0x61ad844761ad - __rustc[ea4f61d10b84890b]::rust_begin_unwind
[INFO] [stdout]   10:     0x61ad844b0cbc - core[a373ad73a504971]::panicking::panic_fmt
[INFO] [stdout]   11:     0x61ad844b0a92 - core[a373ad73a504971]::result::unwrap_failed
[INFO] [stdout]   12:     0x61ad8432a662 - mamenoki_test[c5507815209149d7]::setup_client::{closure#0}
[INFO] [stdout]   13:     0x61ad8432bd09 - mamenoki_test[c5507815209149d7]::kick_job_test::{closure#0}
[INFO] [stdout]   14:     0x61ad84350e6c - <tokio[9b4abd812f070c82]::runtime::runtime::Runtime>::block_on::<core[a373ad73a504971]::pin::Pin<&mut dyn core[a373ad73a504971]::future::future::Future<Output = ()>>>
[INFO] [stdout]   15:     0x61ad84335152 - <mamenoki_test[c5507815209149d7]::kick_job_test::{closure#0} as core[a373ad73a504971]::ops::function::FnOnce<()>>::call_once
[INFO] [stdout]   16:     0x61ad843553db - test[aada8e7e76ba119b]::__rust_begin_short_backtrace::<core[a373ad73a504971]::result::Result<(), alloc[2e1b2a31b91974c5]::string::String>, fn() -> core[a373ad73a504971]::result::Result<(), alloc[2e1b2a31b91974c5]::string::String>>
[INFO] [stdout]   17:     0x61ad843625b5 - test[aada8e7e76ba119b]::run_test::{closure#0}
[INFO] [stdout]   18:     0x61ad8435bea4 - std[617be2ca0a6fd877]::sys::backtrace::__rust_begin_short_backtrace::<test[aada8e7e76ba119b]::run_test::{closure#1}, ()>
[INFO] [stdout]   19:     0x61ad84365642 - <std[617be2ca0a6fd877]::thread::lifecycle::spawn_unchecked<test[aada8e7e76ba119b]::run_test::{closure#1}, ()>::{closure#1} as core[a373ad73a504971]::ops::function::FnOnce<()>>::call_once::{shim:vtable#0}
[INFO] [stdout]   20:     0x61ad84498f4f - <std[617be2ca0a6fd877]::sys::thread::unix::Thread>::new::thread_start
[INFO] [stdout]   21:     0x7f9a6edbedfa - <unknown>
[INFO] [stdout]   22:     0x7f9a6ee523d4 - clone
[INFO] [stdout]   23:                0x0 - <unknown>
[INFO] [stdout] 
[INFO] [stdout] ---- bury_failure_case_test stdout ----
[INFO] [stdout] 
[INFO] [stdout] thread 'bury_failure_case_test' (1203) panicked at tests/mamenoki_test.rs:780:79:
[INFO] [stdout] called `Result::unwrap()` on an `Err` value: Os { code: 111, kind: ConnectionRefused, message: "Connection refused" }
[INFO] [stdout] stack backtrace:
[INFO] [stdout]    0:     0x61ad84499a71 - <<std[617be2ca0a6fd877]::sys::backtrace::BacktraceLock>::print::DisplayBacktrace as core[a373ad73a504971]::fmt::Display>::fmt
[INFO] [stdout]    1:     0x61ad844b04da - core[a373ad73a504971]::fmt::write
[INFO] [stdout]    2:     0x61ad8449e2ac - <alloc[2e1b2a31b91974c5]::vec::Vec<u8> as core[a373ad73a504971]::io::write::Write>::write_fmt
[INFO] [stdout]    3:     0x61ad84475306 - std[617be2ca0a6fd877]::panicking::default_hook::{closure#0}
[INFO] [stdout]    4:     0x61ad84491bd9 - std[617be2ca0a6fd877]::panicking::default_hook
[INFO] [stdout]    5:     0x61ad84361f90 - test[aada8e7e76ba119b]::test_main_inner::{closure#0}
[INFO] [stdout]    6:     0x61ad84491f02 - std[617be2ca0a6fd877]::panicking::panic_with_hook
[INFO] [stdout]    7:     0x61ad844753b2 - std[617be2ca0a6fd877]::panicking::panic_handler::{closure#0}
[INFO] [stdout]    8:     0x61ad8446dfe9 - std[617be2ca0a6fd877]::sys::backtrace::__rust_end_short_backtrace::<std[617be2ca0a6fd877]::panicking::panic_handler::{closure#0}, !>
[INFO] [stdout]    9:     0x61ad844761ad - __rustc[ea4f61d10b84890b]::rust_begin_unwind
[INFO] [stdout]   10:     0x61ad844b0cbc - core[a373ad73a504971]::panicking::panic_fmt
[INFO] [stdout]   11:     0x61ad844b0a92 - core[a373ad73a504971]::result::unwrap_failed
[INFO] [stdout]   12:     0x61ad8432a662 - mamenoki_test[c5507815209149d7]::setup_client::{closure#0}
[INFO] [stdout]   13:     0x61ad8432f5d9 - mamenoki_test[c5507815209149d7]::bury_failure_case_test::{closure#0}
[INFO] [stdout]   14:     0x61ad84350e6c - <tokio[9b4abd812f070c82]::runtime::runtime::Runtime>::block_on::<core[a373ad73a504971]::pin::Pin<&mut dyn core[a373ad73a504971]::future::future::Future<Output = ()>>>
[INFO] [stdout]   15:     0x61ad84336402 - <mamenoki_test[c5507815209149d7]::bury_failure_case_test::{closure#0} as core[a373ad73a504971]::ops::function::FnOnce<()>>::call_once
[INFO] [stdout]   16:     0x61ad843553db - test[aada8e7e76ba119b]::__rust_begin_short_backtrace::<core[a373ad73a504971]::result::Result<(), alloc[2e1b2a31b91974c5]::string::String>, fn() -> core[a373ad73a504971]::result::Result<(), alloc[2e1b2a31b91974c5]::string::String>>
[INFO] [stdout]   17:     0x61ad843625b5 - test[aada8e7e76ba119b]::run_test::{closure#0}
[INFO] [stdout]   18:     0x61ad8435bea4 - std[617be2ca0a6fd877]::sys::backtrace::__rust_begin_short_backtrace::<test[aada8e7e76ba119b]::run_test::{closure#1}, ()>
[INFO] [stdout]   19:     0x61ad84365642 - <std[617be2ca0a6fd877]::thread::lifecycle::spawn_unchecked<test[aada8e7e76ba119b]::run_test::{closure#1}, ()>::{closure#1} as core[a373ad73a504971]::ops::function::FnOnce<()>>::call_once::{shim:vtable#0}
[INFO] [stdout]   20:     0x61ad84498f4f - <std[617be2ca0a6fd877]::sys::thread::unix::Thread>::new::thread_start
[INFO] [stdout]   21:     0x7f9a6edbedfa - <unknown>
[INFO] [stdout]   22:     0x7f9a6ee523d4 - clone
[INFO] [stdout]   23:                0x0 - <unknown>
[INFO] [stdout] 
[INFO] [stdout] ---- delete_test stdout ----
[INFO] [stdout] 
[INFO] [stdout] thread 'delete_test' (1205) panicked at tests/mamenoki_test.rs:780:79:
[INFO] [stdout] called `Result::unwrap()` on an `Err` value: Os { code: 111, kind: ConnectionRefused, message: "Connection refused" }
[INFO] [stdout] stack backtrace:
[INFO] [stdout]    0:     0x61ad84499a71 - <<std[617be2ca0a6fd877]::sys::backtrace::BacktraceLock>::print::DisplayBacktrace as core[a373ad73a504971]::fmt::Display>::fmt
[INFO] [stdout]    1:     0x61ad844b04da - core[a373ad73a504971]::fmt::write
[INFO] [stdout]    2:     0x61ad8449e2ac - <alloc[2e1b2a31b91974c5]::vec::Vec<u8> as core[a373ad73a504971]::io::write::Write>::write_fmt
[INFO] [stdout]    3:     0x61ad84475306 - std[617be2ca0a6fd877]::panicking::default_hook::{closure#0}
[INFO] [stdout]    4:     0x61ad84491bd9 - std[617be2ca0a6fd877]::panicking::default_hook
[INFO] [stdout]    5:     0x61ad84361f90 - test[aada8e7e76ba119b]::test_main_inner::{closure#0}
[INFO] [stdout]    6:     0x61ad84491f02 - std[617be2ca0a6fd877]::panicking::panic_with_hook
[INFO] [stdout]    7:     0x61ad844753b2 - std[617be2ca0a6fd877]::panicking::panic_handler::{closure#0}
[INFO] [stdout]    8:     0x61ad8446dfe9 - std[617be2ca0a6fd877]::sys::backtrace::__rust_end_short_backtrace::<std[617be2ca0a6fd877]::panicking::panic_handler::{closure#0}, !>
[INFO] [stdout]    9:     0x61ad844761ad - __rustc[ea4f61d10b84890b]::rust_begin_unwind
[INFO] [stdout]   10:     0x61ad844b0cbc - core[a373ad73a504971]::panicking::panic_fmt
[INFO] [stdout]   11:     0x61ad844b0a92 - core[a373ad73a504971]::result::unwrap_failed
[INFO] [stdout]   12:     0x61ad8432a662 - mamenoki_test[c5507815209149d7]::setup_client::{closure#0}
[INFO] [stdout]   13:     0x61ad8432b019 - mamenoki_test[c5507815209149d7]::delete_test::{closure#0}
[INFO] [stdout]   14:     0x61ad84350e6c - <tokio[9b4abd812f070c82]::runtime::runtime::Runtime>::block_on::<core[a373ad73a504971]::pin::Pin<&mut dyn core[a373ad73a504971]::future::future::Future<Output = ()>>>
[INFO] [stdout]   15:     0x61ad84334d02 - <mamenoki_test[c5507815209149d7]::delete_test::{closure#0} as core[a373ad73a504971]::ops::function::FnOnce<()>>::call_once
[INFO] [stdout]   16:     0x61ad843553db - test[aada8e7e76ba119b]::__rust_begin_short_backtrace::<core[a373ad73a504971]::result::Result<(), alloc[2e1b2a31b91974c5]::string::String>, fn() -> core[a373ad73a504971]::result::Result<(), alloc[2e1b2a31b91974c5]::string::String>>
[INFO] [stdout]   17:     0x61ad843625b5 - test[aada8e7e76ba119b]::run_test::{closure#0}
[INFO] [stdout]   18:     0x61ad8435bea4 - std[617be2ca0a6fd877]::sys::backtrace::__rust_begin_short_backtrace::<test[aada8e7e76ba119b]::run_test::{closure#1}, ()>
[INFO] [stdout]   19:     0x61ad84365642 - <std[617be2ca0a6fd877]::thread::lifecycle::spawn_unchecked<test[aada8e7e76ba119b]::run_test::{closure#1}, ()>::{closure#1} as core[a373ad73a504971]::ops::function::FnOnce<()>>::call_once::{shim:vtable#0}
[INFO] [stdout]   20:     0x61ad84498f4f - <std[617be2ca0a6fd877]::sys::thread::unix::Thread>::new::thread_start
[INFO] [stdout]   21:     0x7f9a6edbedfa - <unknown>
[INFO] [stdout]   22:     0x7f9a6ee523d4 - clone
[INFO] [stdout]   23:                0x0 - <unknown>
[INFO] [stdout] 
[INFO] [stdout] ---- kick_job_not_found_case_test stdout ----
[INFO] [stdout] 
[INFO] [stdout] thread 'kick_job_not_found_case_test' (1208) panicked at tests/mamenoki_test.rs:780:79:
[INFO] [stdout] called `Result::unwrap()` on an `Err` value: Os { code: 111, kind: ConnectionRefused, message: "Connection refused" }
[INFO] [stdout] stack backtrace:
[INFO] [stdout]    0:     0x61ad84499a71 - <<std[617be2ca0a6fd877]::sys::backtrace::BacktraceLock>::print::DisplayBacktrace as core[a373ad73a504971]::fmt::Display>::fmt
[INFO] [stdout]    1:     0x61ad844b04da - core[a373ad73a504971]::fmt::write
[INFO] [stdout]    2:     0x61ad8449e2ac - <alloc[2e1b2a31b91974c5]::vec::Vec<u8> as core[a373ad73a504971]::io::write::Write>::write_fmt
[INFO] [stdout]    3:     0x61ad84475306 - std[617be2ca0a6fd877]::panicking::default_hook::{closure#0}
[INFO] [stdout]    4:     0x61ad84491bd9 - std[617be2ca0a6fd877]::panicking::default_hook
[INFO] [stdout]    5:     0x61ad84361f90 - test[aada8e7e76ba119b]::test_main_inner::{closure#0}
[INFO] [stdout]    6:     0x61ad84491f02 - std[617be2ca0a6fd877]::panicking::panic_with_hook
[INFO] [stdout]    7:     0x61ad844753b2 - std[617be2ca0a6fd877]::panicking::panic_handler::{closure#0}
[INFO] [stdout]    8:     0x61ad8446dfe9 - std[617be2ca0a6fd877]::sys::backtrace::__rust_end_short_backtrace::<std[617be2ca0a6fd877]::panicking::panic_handler::{closure#0}, !>
[INFO] [stdout]    9:     0x61ad844761ad - __rustc[ea4f61d10b84890b]::rust_begin_unwind
[INFO] [stdout]   10:     0x61ad844b0cbc - core[a373ad73a504971]::panicking::panic_fmt
[INFO] [stdout]   11:     0x61ad844b0a92 - core[a373ad73a504971]::result::unwrap_failed
[INFO] [stdout]   12:     0x61ad8432a662 - mamenoki_test[c5507815209149d7]::setup_client::{closure#0}
[INFO] [stdout]   13:     0x61ad843311c9 - mamenoki_test[c5507815209149d7]::kick_job_not_found_case_test::{closure#0}
[INFO] [stdout]   14:     0x61ad84350e6c - <tokio[9b4abd812f070c82]::runtime::runtime::Runtime>::block_on::<core[a373ad73a504971]::pin::Pin<&mut dyn core[a373ad73a504971]::future::future::Future<Output = ()>>>
[INFO] [stdout]   15:     0x61ad84336ca2 - <mamenoki_test[c5507815209149d7]::kick_job_not_found_case_test::{closure#0} as core[a373ad73a504971]::ops::function::FnOnce<()>>::call_once
[INFO] [stdout]   16:     0x61ad843553db - test[aada8e7e76ba119b]::__rust_begin_short_backtrace::<core[a373ad73a504971]::result::Result<(), alloc[2e1b2a31b91974c5]::string::String>, fn() -> core[a373ad73a504971]::result::Result<(), alloc[2e1b2a31b91974c5]::string::String>>
[INFO] [stdout]   17:     0x61ad843625b5 - test[aada8e7e76ba119b]::run_test::{closure#0}
[INFO] [stdout]   18:     0x61ad8435bea4 - std[617be2ca0a6fd877]::sys::backtrace::__rust_begin_short_backtrace::<test[aada8e7e76ba119b]::run_test::{closure#1}, ()>
[INFO] [stdout]   19:     0x61ad84365642 - <std[617be2ca0a6fd877]::thread::lifecycle::spawn_unchecked<test[aada8e7e76ba119b]::run_test::{closure#1}, ()>::{closure#1} as core[a373ad73a504971]::ops::function::FnOnce<()>>::call_once::{shim:vtable#0}
[INFO] [stdout]   20:     0x61ad84498f4f - <std[617be2ca0a6fd877]::sys::thread::unix::Thread>::new::thread_start
[INFO] [stdout]   21:     0x7f9a6edbedfa - <unknown>
[INFO] [stdout]   22:     0x7f9a6ee523d4 - clone
[INFO] [stdout]   23:                0x0 - <unknown>
[INFO] [stdout] 
[INFO] [stdout] ---- ignore_tube_test stdout ----
[INFO] [stdout] 
[INFO] [stdout] thread 'ignore_tube_test' (1207) panicked at tests/mamenoki_test.rs:780:79:
[INFO] [stdout] called `Result::unwrap()` on an `Err` value: Os { code: 111, kind: ConnectionRefused, message: "Connection refused" }
[INFO] [stdout] stack backtrace:
[INFO] [stdout]    0:     0x61ad84499a71 - <<std[617be2ca0a6fd877]::sys::backtrace::BacktraceLock>::print::DisplayBacktrace as core[a373ad73a504971]::fmt::Display>::fmt
[INFO] [stdout]    1:     0x61ad844b04da - core[a373ad73a504971]::fmt::write
[INFO] [stdout]    2:     0x61ad8449e2ac - <alloc[2e1b2a31b91974c5]::vec::Vec<u8> as core[a373ad73a504971]::io::write::Write>::write_fmt
[INFO] [stdout]    3:     0x61ad84475306 - std[617be2ca0a6fd877]::panicking::default_hook::{closure#0}
[INFO] [stdout]    4:     0x61ad84491bd9 - std[617be2ca0a6fd877]::panicking::default_hook
[INFO] [stdout]    5:     0x61ad84361f90 - test[aada8e7e76ba119b]::test_main_inner::{closure#0}
[INFO] [stdout]    6:     0x61ad84491f02 - std[617be2ca0a6fd877]::panicking::panic_with_hook
[INFO] [stdout]    7:     0x61ad844753b2 - std[617be2ca0a6fd877]::panicking::panic_handler::{closure#0}
[INFO] [stdout]    8:     0x61ad8446dfe9 - std[617be2ca0a6fd877]::sys::backtrace::__rust_end_short_backtrace::<std[617be2ca0a6fd877]::panicking::panic_handler::{closure#0}, !>
[INFO] [stdout]    9:     0x61ad844761ad - __rustc[ea4f61d10b84890b]::rust_begin_unwind
[INFO] [stdout]   10:     0x61ad844b0cbc - core[a373ad73a504971]::panicking::panic_fmt
[INFO] [stdout]   11:     0x61ad844b0a92 - core[a373ad73a504971]::result::unwrap_failed
[INFO] [stdout]   12:     0x61ad8432a662 - mamenoki_test[c5507815209149d7]::setup_client::{closure#0}
[INFO] [stdout]   13:     0x61ad8432e049 - mamenoki_test[c5507815209149d7]::ignore_tube_test::{closure#0}
[INFO] [stdout]   14:     0x61ad84350e6c - <tokio[9b4abd812f070c82]::runtime::runtime::Runtime>::block_on::<core[a373ad73a504971]::pin::Pin<&mut dyn core[a373ad73a504971]::future::future::Future<Output = ()>>>
[INFO] [stdout]   15:     0x61ad84335cd2 - <mamenoki_test[c5507815209149d7]::ignore_tube_test::{closure#0} as core[a373ad73a504971]::ops::function::FnOnce<()>>::call_once
[INFO] [stdout]   16:     0x61ad843553db - test[aada8e7e76ba119b]::__rust_begin_short_backtrace::<core[a373ad73a504971]::result::Result<(), alloc[2e1b2a31b91974c5]::string::String>, fn() -> core[a373ad73a504971]::result::Result<(), alloc[2e1b2a31b91974c5]::string::String>>
[INFO] [stdout]   17:     0x61ad843625b5 - test[aada8e7e76ba119b]::run_test::{closure#0}
[INFO] [stdout]   18:     0x61ad8435bea4 - std[617be2ca0a6fd877]::sys::backtrace::__rust_begin_short_backtrace::<test[aada8e7e76ba119b]::run_test::{closure#1}, ()>
[INFO] [stdout]   19:     0x61ad84365642 - <std[617be2ca0a6fd877]::thread::lifecycle::spawn_unchecked<test[aada8e7e76ba119b]::run_test::{closure#1}, ()>::{closure#1} as core[a373ad73a504971]::ops::function::FnOnce<()>>::call_once::{shim:vtable#0}
[INFO] [stdout]   20:     0x61ad84498f4f - <std[617be2ca0a6fd877]::sys::thread::unix::Thread>::new::thread_start
[INFO] [stdout]   21:     0x7f9a6edbedfa - <unknown>
[INFO] [stdout]   22:     0x7f9a6ee523d4 - clone
[INFO] [stdout]   23:                0x0 - <unknown>
[INFO] [stdout] 
[INFO] [stdout] ---- ignore_tube_failure_case_test stdout ----
[INFO] [stdout] 
[INFO] [stdout] thread 'ignore_tube_failure_case_test' (1206) panicked at tests/mamenoki_test.rs:780:79:
[INFO] [stdout] called `Result::unwrap()` on an `Err` value: Os { code: 111, kind: ConnectionRefused, message: "Connection refused" }
[INFO] [stdout] stack backtrace:
[INFO] [stdout]    0:     0x61ad84499a71 - <<std[617be2ca0a6fd877]::sys::backtrace::BacktraceLock>::print::DisplayBacktrace as core[a373ad73a504971]::fmt::Display>::fmt
[INFO] [stdout]    1:     0x61ad844b04da - core[a373ad73a504971]::fmt::write
[INFO] [stdout]    2:     0x61ad8449e2ac - <alloc[2e1b2a31b91974c5]::vec::Vec<u8> as core[a373ad73a504971]::io::write::Write>::write_fmt
[INFO] [stdout]    3:     0x61ad84475306 - std[617be2ca0a6fd877]::panicking::default_hook::{closure#0}
[INFO] [stdout]    4:     0x61ad84491bd9 - std[617be2ca0a6fd877]::panicking::default_hook
[INFO] [stdout]    5:     0x61ad84361f90 - test[aada8e7e76ba119b]::test_main_inner::{closure#0}
[INFO] [stdout]    6:     0x61ad84491f02 - std[617be2ca0a6fd877]::panicking::panic_with_hook
[INFO] [stdout]    7:     0x61ad844753b2 - std[617be2ca0a6fd877]::panicking::panic_handler::{closure#0}
[INFO] [stdout]    8:     0x61ad8446dfe9 - std[617be2ca0a6fd877]::sys::backtrace::__rust_end_short_backtrace::<std[617be2ca0a6fd877]::panicking::panic_handler::{closure#0}, !>
[INFO] [stdout]    9:     0x61ad844761ad - __rustc[ea4f61d10b84890b]::rust_begin_unwind
[INFO] [stdout]   10:     0x61ad844b0cbc - core[a373ad73a504971]::panicking::panic_fmt
[INFO] [stdout]   11:     0x61ad844b0a92 - core[a373ad73a504971]::result::unwrap_failed
[INFO] [stdout]   12:     0x61ad8432a662 - mamenoki_test[c5507815209149d7]::setup_client::{closure#0}
[INFO] [stdout]   13:     0x61ad84331f39 - mamenoki_test[c5507815209149d7]::ignore_tube_failure_case_test::{closure#0}
[INFO] [stdout]   14:     0x61ad84350e6c - <tokio[9b4abd812f070c82]::runtime::runtime::Runtime>::block_on::<core[a373ad73a504971]::pin::Pin<&mut dyn core[a373ad73a504971]::future::future::Future<Output = ()>>>
[INFO] [stdout]   15:     0x61ad843370f2 - <mamenoki_test[c5507815209149d7]::ignore_tube_failure_case_test::{closure#0} as core[a373ad73a504971]::ops::function::FnOnce<()>>::call_once
[INFO] [stdout]   16:     0x61ad843553db - test[aada8e7e76ba119b]::__rust_begin_short_backtrace::<core[a373ad73a504971]::result::Result<(), alloc[2e1b2a31b91974c5]::string::String>, fn() -> core[a373ad73a504971]::result::Result<(), alloc[2e1b2a31b91974c5]::string::String>>
[INFO] [stdout]   17:     0x61ad843625b5 - test[aada8e7e76ba119b]::run_test::{closure#0}
[INFO] [stdout]   18:     0x61ad8435bea4 - std[617be2ca0a6fd877]::sys::backtrace::__rust_begin_short_backtrace::<test[aada8e7e76ba119b]::run_test::{closure#1}, ()>
[INFO] [stdout]   19:     0x61ad84365642 - <std[617be2ca0a6fd877]::thread::lifecycle::spawn_unchecked<test[aada8e7e76ba119b]::run_test::{closure#1}, ()>::{closure#1} as core[a373ad73a504971]::ops::function::FnOnce<()>>::call_once::{shim:vtable#0}
[INFO] [stdout]   20:     0x61ad84498f4f - <std[617be2ca0a6fd877]::sys::thread::unix::Thread>::new::thread_start
[INFO] [stdout]   21:     0x7f9a6edbedfa - <unknown>
[INFO] [stdout]   22:     0x7f9a6ee523d4 - clone
[INFO] [stdout]   23:                0x0 - <unknown>
[INFO] [stdout] 
[INFO] [stdout] ---- list_tube_used_test stdout ----
[INFO] [stdout] 
[INFO] [stdout] thread 'list_tube_used_test' (1232) panicked at tests/mamenoki_test.rs:780:79:
[INFO] [stdout] called `Result::unwrap()` on an `Err` value: Os { code: 111, kind: ConnectionRefused, message: "Connection refused" }
[INFO] [stdout] stack backtrace:
[INFO] [stdout]    0:     0x61ad84499a71 - <<std[617be2ca0a6fd877]::sys::backtrace::BacktraceLock>::print::DisplayBacktrace as core[a373ad73a504971]::fmt::Display>::fmt
[INFO] [stdout]    1:     0x61ad844b04da - core[a373ad73a504971]::fmt::write
[INFO] [stdout]    2:     0x61ad8449e2ac - <alloc[2e1b2a31b91974c5]::vec::Vec<u8> as core[a373ad73a504971]::io::write::Write>::write_fmt
[INFO] [stdout]    3:     0x61ad84475306 - std[617be2ca0a6fd877]::panicking::default_hook::{closure#0}
[INFO] [stdout]    4:     0x61ad84491bd9 - std[617be2ca0a6fd877]::panicking::default_hook
[INFO] [stdout]    5:     0x61ad84361f90 - test[aada8e7e76ba119b]::test_main_inner::{closure#0}
[INFO] [stdout]    6:     0x61ad84491f02 - std[617be2ca0a6fd877]::panicking::panic_with_hook
[INFO] [stdout]    7:     0x61ad844753b2 - std[617be2ca0a6fd877]::panicking::panic_handler::{closure#0}
[INFO] [stdout]    8:     0x61ad8446dfe9 - std[617be2ca0a6fd877]::sys::backtrace::__rust_end_short_backtrace::<std[617be2ca0a6fd877]::panicking::panic_handler::{closure#0}, !>
[INFO] [stdout]    9:     0x61ad844761ad - __rustc[ea4f61d10b84890b]::rust_begin_unwind
[INFO] [stdout]   10:     0x61ad844b0cbc - core[a373ad73a504971]::panicking::panic_fmt
[INFO] [stdout]   11:     0x61ad844b0a92 - core[a373ad73a504971]::result::unwrap_failed
[INFO] [stdout]   12:     0x61ad8432a662 - mamenoki_test[c5507815209149d7]::setup_client::{closure#0}
[INFO] [stdout]   13:     0x61ad8432ed39 - mamenoki_test[c5507815209149d7]::list_tube_used_test::{closure#0}
[INFO] [stdout]   14:     0x61ad84350e6c - <tokio[9b4abd812f070c82]::runtime::runtime::Runtime>::block_on::<core[a373ad73a504971]::pin::Pin<&mut dyn core[a373ad73a504971]::future::future::Future<Output = ()>>>
[INFO] [stdout]   15:     0x61ad84336122 - <mamenoki_test[c5507815209149d7]::list_tube_used_test::{closure#0} as core[a373ad73a504971]::ops::function::FnOnce<()>>::call_once
[INFO] [stdout]   16:     0x61ad843553db - test[aada8e7e76ba119b]::__rust_begin_short_backtrace::<core[a373ad73a504971]::result::Result<(), alloc[2e1b2a31b91974c5]::string::String>, fn() -> core[a373ad73a504971]::result::Result<(), alloc[2e1b2a31b91974c5]::string::String>>
[INFO] [stdout]   17:     0x61ad843625b5 - test[aada8e7e76ba119b]::run_test::{closure#0}
[INFO] [stdout]   18:     0x61ad8435bea4 - std[617be2ca0a6fd877]::sys::backtrace::__rust_begin_short_backtrace::<test[aada8e7e76ba119b]::run_test::{closure#1}, ()>
[INFO] [stdout]   19:     0x61ad84365642 - <std[617be2ca0a6fd877]::thread::lifecycle::spawn_unchecked<test[aada8e7e76ba119b]::run_test::{closure#1}, ()>::{closure#1} as core[a373ad73a504971]::ops::function::FnOnce<()>>::call_once::{shim:vtable#0}
[INFO] [stdout]   20:     0x61ad84498f4f - <std[617be2ca0a6fd877]::sys::thread::unix::Thread>::new::thread_start
[INFO] [stdout]   21:     0x7f9a6edbedfa - <unknown>
[INFO] [stdout]   22:     0x7f9a6ee523d4 - clone
[INFO] [stdout]   23:                0x0 - <unknown>
[INFO] [stdout] 
[INFO] [stdout] ---- list_tubes_test stdout ----
[INFO] [stdout] 
[INFO] [stdout] thread 'list_tubes_test' (1233) panicked at tests/mamenoki_test.rs:780:79:
[INFO] [stdout] called `Result::unwrap()` on an `Err` value: Os { code: 111, kind: ConnectionRefused, message: "Connection refused" }
[INFO] [stdout] stack backtrace:
[INFO] [stdout]    0:     0x61ad84499a71 - <<std[617be2ca0a6fd877]::sys::backtrace::BacktraceLock>::print::DisplayBacktrace as core[a373ad73a504971]::fmt::Display>::fmt
[INFO] [stdout]    1:     0x61ad844b04da - core[a373ad73a504971]::fmt::write
[INFO] [stdout]    2:     0x61ad8449e2ac - <alloc[2e1b2a31b91974c5]::vec::Vec<u8> as core[a373ad73a504971]::io::write::Write>::write_fmt
[INFO] [stdout]    3:     0x61ad84475306 - std[617be2ca0a6fd877]::panicking::default_hook::{closure#0}
[INFO] [stdout]    4:     0x61ad84491bd9 - std[617be2ca0a6fd877]::panicking::default_hook
[INFO] [stdout]    5:     0x61ad84361f90 - test[aada8e7e76ba119b]::test_main_inner::{closure#0}
[INFO] [stdout]    6:     0x61ad84491f02 - std[617be2ca0a6fd877]::panicking::panic_with_hook
[INFO] [stdout]    7:     0x61ad844753b2 - std[617be2ca0a6fd877]::panicking::panic_handler::{closure#0}
[INFO] [stdout]    8:     0x61ad8446dfe9 - std[617be2ca0a6fd877]::sys::backtrace::__rust_end_short_backtrace::<std[617be2ca0a6fd877]::panicking::panic_handler::{closure#0}, !>
[INFO] [stdout]    9:     0x61ad844761ad - __rustc[ea4f61d10b84890b]::rust_begin_unwind
[INFO] [stdout]   10:     0x61ad844b0cbc - core[a373ad73a504971]::panicking::panic_fmt
[INFO] [stdout]   11:     0x61ad844b0a92 - core[a373ad73a504971]::result::unwrap_failed
[INFO] [stdout]   12:     0x61ad8432a662 - mamenoki_test[c5507815209149d7]::setup_client::{closure#0}
[INFO] [stdout]   13:     0x61ad8432ca59 - mamenoki_test[c5507815209149d7]::list_tubes_test::{closure#0}
[INFO] [stdout]   14:     0x61ad84350e6c - <tokio[9b4abd812f070c82]::runtime::runtime::Runtime>::block_on::<core[a373ad73a504971]::pin::Pin<&mut dyn core[a373ad73a504971]::future::future::Future<Output = ()>>>
[INFO] [stdout]   15:     0x61ad843355a2 - <mamenoki_test[c5507815209149d7]::list_tubes_test::{closure#0} as core[a373ad73a504971]::ops::function::FnOnce<()>>::call_once
[INFO] [stdout]   16:     0x61ad843553db - test[aada8e7e76ba119b]::__rust_begin_short_backtrace::<core[a373ad73a504971]::result::Result<(), alloc[2e1b2a31b91974c5]::string::String>, fn() -> core[a373ad73a504971]::result::Result<(), alloc[2e1b2a31b91974c5]::string::String>>
[INFO] [stdout]   17:     0x61ad843625b5 - test[aada8e7e76ba119b]::run_test::{closure#0}
[INFO] [stdout]   18:     0x61ad8435bea4 - std[617be2ca0a6fd877]::sys::backtrace::__rust_begin_short_backtrace::<test[aada8e7e76ba119b]::run_test::{closure#1}, ()>
[INFO] [stdout]   19:     0x61ad84365642 - <std[617be2ca0a6fd877]::thread::lifecycle::spawn_unchecked<test[aada8e7e76ba119b]::run_test::{closure#1}, ()>::{closure#1} as core[a373ad73a504971]::ops::function::FnOnce<()>>::call_once::{shim:vtable#0}
[INFO] [stdout]   20:     0x61ad84498f4f - <std[617be2ca0a6fd877]::sys::thread::unix::Thread>::new::thread_start
[INFO] [stdout]   21:     0x7f9a6edbedfa - <unknown>
[INFO] [stdout]   22:     0x7f9a6ee523d4 - clone
[INFO] [stdout]   23:                0x0 - <unknown>
[INFO] [stdout] 
[INFO] [stdout] ---- peek_delayed_test stdout ----
[INFO] [stdout] 
[INFO] [stdout] thread 'peek_delayed_test' (1253) panicked at tests/mamenoki_test.rs:780:79:
[INFO] [stdout] called `Result::unwrap()` on an `Err` value: Os { code: 111, kind: ConnectionRefused, message: "Connection refused" }
[INFO] [stdout] stack backtrace:
[INFO] [stdout]    0:     0x61ad84499a71 - <<std[617be2ca0a6fd877]::sys::backtrace::BacktraceLock>::print::DisplayBacktrace as core[a373ad73a504971]::fmt::Display>::fmt
[INFO] [stdout]    1:     0x61ad844b04da - core[a373ad73a504971]::fmt::write
[INFO] [stdout]    2:     0x61ad8449e2ac - <alloc[2e1b2a31b91974c5]::vec::Vec<u8> as core[a373ad73a504971]::io::write::Write>::write_fmt
[INFO] [stdout]    3:     0x61ad84475306 - std[617be2ca0a6fd877]::panicking::default_hook::{closure#0}
[INFO] [stdout]    4:     0x61ad84491bd9 - std[617be2ca0a6fd877]::panicking::default_hook
[INFO] [stdout]    5:     0x61ad84361f90 - test[aada8e7e76ba119b]::test_main_inner::{closure#0}
[INFO] [stdout]    6:     0x61ad84491f02 - std[617be2ca0a6fd877]::panicking::panic_with_hook
[INFO] [stdout]    7:     0x61ad844753b2 - std[617be2ca0a6fd877]::panicking::panic_handler::{closure#0}
[INFO] [stdout]    8:     0x61ad8446dfe9 - std[617be2ca0a6fd877]::sys::backtrace::__rust_end_short_backtrace::<std[617be2ca0a6fd877]::panicking::panic_handler::{closure#0}, !>
[INFO] [stdout]    9:     0x61ad844761ad - __rustc[ea4f61d10b84890b]::rust_begin_unwind
[INFO] [stdout]   10:     0x61ad844b0cbc - core[a373ad73a504971]::panicking::panic_fmt
[INFO] [stdout]   11:     0x61ad844b0a92 - core[a373ad73a504971]::result::unwrap_failed
[INFO] [stdout]   12:     0x61ad8432a662 - mamenoki_test[c5507815209149d7]::setup_client::{closure#0}
[INFO] [stdout]   13:     0x61ad8432e8e9 - mamenoki_test[c5507815209149d7]::peek_delayed_test::{closure#0}
[INFO] [stdout]   14:     0x61ad84350e6c - <tokio[9b4abd812f070c82]::runtime::runtime::Runtime>::block_on::<core[a373ad73a504971]::pin::Pin<&mut dyn core[a373ad73a504971]::future::future::Future<Output = ()>>>
[INFO] [stdout]   15:     0x61ad84335fb2 - <mamenoki_test[c5507815209149d7]::peek_delayed_test::{closure#0} as core[a373ad73a504971]::ops::function::FnOnce<()>>::call_once
[INFO] [stdout]   16:     0x61ad843553db - test[aada8e7e76ba119b]::__rust_begin_short_backtrace::<core[a373ad73a504971]::result::Result<(), alloc[2e1b2a31b91974c5]::string::String>, fn() -> core[a373ad73a504971]::result::Result<(), alloc[2e1b2a31b91974c5]::string::String>>
[INFO] [stdout]   17:     0x61ad843625b5 - test[aada8e7e76ba119b]::run_test::{closure#0}
[INFO] [stdout]   18:     0x61ad8435bea4 - std[617be2ca0a6fd877]::sys::backtrace::__rust_begin_short_backtrace::<test[aada8e7e76ba119b]::run_test::{closure#1}, ()>
[INFO] [stdout]   19:     0x61ad84365642 - <std[617be2ca0a6fd877]::thread::lifecycle::spawn_unchecked<test[aada8e7e76ba119b]::run_test::{closure#1}, ()>::{closure#1} as core[a373ad73a504971]::ops::function::FnOnce<()>>::call_once::{shim:vtable#0}
[INFO] [stdout]   20:     0x61ad84498f4f - <std[617be2ca0a6fd877]::sys::thread::unix::Thread>::new::thread_start
[INFO] [stdout]   21:     0x7f9a6edbedfa - <unknown>
[INFO] [stdout]   22:     0x7f9a6ee523d4 - clone
[INFO] [stdout]   23:                0x0 - <unknown>
[INFO] [stdout] 
[INFO] [stdout] ---- list_tubes_watched_test stdout ----
[INFO] [stdout] 
[INFO] [stdout] thread 'list_tubes_watched_test' (1240) panicked at tests/mamenoki_test.rs:780:79:
[INFO] [stdout] called `Result::unwrap()` on an `Err` value: Os { code: 111, kind: ConnectionRefused, message: "Connection refused" }
[INFO] [stdout] stack backtrace:
[INFO] [stdout]    0:     0x61ad84499a71 - <<std[617be2ca0a6fd877]::sys::backtrace::BacktraceLock>::print::DisplayBacktrace as core[a373ad73a504971]::fmt::Display>::fmt
[INFO] [stdout]    1:     0x61ad844b04da - core[a373ad73a504971]::fmt::write
[INFO] [stdout]    2:     0x61ad8449e2ac - <alloc[2e1b2a31b91974c5]::vec::Vec<u8> as core[a373ad73a504971]::io::write::Write>::write_fmt
[INFO] [stdout]    3:     0x61ad84475306 - std[617be2ca0a6fd877]::panicking::default_hook::{closure#0}
[INFO] [stdout]    4:     0x61ad84491bd9 - std[617be2ca0a6fd877]::panicking::default_hook
[INFO] [stdout]    5:     0x61ad84361f90 - test[aada8e7e76ba119b]::test_main_inner::{closure#0}
[INFO] [stdout]    6:     0x61ad84491f02 - std[617be2ca0a6fd877]::panicking::panic_with_hook
[INFO] [stdout]    7:     0x61ad844753b2 - std[617be2ca0a6fd877]::panicking::panic_handler::{closure#0}
[INFO] [stdout]    8:     0x61ad8446dfe9 - std[617be2ca0a6fd877]::sys::backtrace::__rust_end_short_backtrace::<std[617be2ca0a6fd877]::panicking::panic_handler::{closure#0}, !>
[INFO] [stdout]    9:     0x61ad844761ad - __rustc[ea4f61d10b84890b]::rust_begin_unwind
[INFO] [stdout]   10:     0x61ad844b0cbc - core[a373ad73a504971]::panicking::panic_fmt
[INFO] [stdout]   11:     0x61ad844b0a92 - core[a373ad73a504971]::result::unwrap_failed
[INFO] [stdout]   12:     0x61ad8432a662 - mamenoki_test[c5507815209149d7]::setup_client::{closure#0}
[INFO] [stdout]   13:     0x61ad8432ffd9 - mamenoki_test[c5507815209149d7]::list_tubes_watched_test::{closure#0}
[INFO] [stdout]   14:     0x61ad84350e6c - <tokio[9b4abd812f070c82]::runtime::runtime::Runtime>::block_on::<core[a373ad73a504971]::pin::Pin<&mut dyn core[a373ad73a504971]::future::future::Future<Output = ()>>>
[INFO] [stdout]   15:     0x61ad843366e2 - <mamenoki_test[c5507815209149d7]::list_tubes_watched_test::{closure#0} as core[a373ad73a504971]::ops::function::FnOnce<()>>::call_once
[INFO] [stdout]   16:     0x61ad843553db - test[aada8e7e76ba119b]::__rust_begin_short_backtrace::<core[a373ad73a504971]::result::Result<(), alloc[2e1b2a31b91974c5]::string::String>, fn() -> core[a373ad73a504971]::result::Result<(), alloc[2e1b2a31b91974c5]::string::String>>
[INFO] [stdout]   17:     0x61ad843625b5 - test[aada8e7e76ba119b]::run_test::{closure#0}
[INFO] [stdout]   18:     0x61ad8435bea4 - std[617be2ca0a6fd877]::sys::backtrace::__rust_begin_short_backtrace::<test[aada8e7e76ba119b]::run_test::{closure#1}, ()>
[INFO] [stdout]   19:     0x61ad84365642 - <std[617be2ca0a6fd877]::thread::lifecycle::spawn_unchecked<test[aada8e7e76ba119b]::run_test::{closure#1}, ()>::{closure#1} as core[a373ad73a504971]::ops::function::FnOnce<()>>::call_once::{shim:vtable#0}
[INFO] [stdout]   20:     0x61ad84498f4f - <std[617be2ca0a6fd877]::sys::thread::unix::Thread>::new::thread_start
[INFO] [stdout]   21:     0x7f9a6edbedfa - <unknown>
[INFO] [stdout]   22:     0x7f9a6ee523d4 - clone
[INFO] [stdout]   23:                0x0 - <unknown>
[INFO] [stdout] 
[INFO] [stdout] ---- pause_tube_test stdout ----
[INFO] [stdout] 
[INFO] [stdout] thread 'pause_tube_test' (1251) panicked at tests/mamenoki_test.rs:780:79:
[INFO] [stdout] called `Result::unwrap()` on an `Err` value: Os { code: 111, kind: ConnectionRefused, message: "Connection refused" }
[INFO] [stdout] stack backtrace:
[INFO] [stdout]    0:     0x61ad84499a71 - <<std[617be2ca0a6fd877]::sys::backtrace::BacktraceLock>::print::DisplayBacktrace as core[a373ad73a504971]::fmt::Display>::fmt
[INFO] [stdout]    1:     0x61ad844b04da - core[a373ad73a504971]::fmt::write
[INFO] [stdout]    2:     0x61ad8449e2ac - <alloc[2e1b2a31b91974c5]::vec::Vec<u8> as core[a373ad73a504971]::io::write::Write>::write_fmt
[INFO] [stdout]    3:     0x61ad84475306 - std[617be2ca0a6fd877]::panicking::default_hook::{closure#0}
[INFO] [stdout]    4:     0x61ad84491bd9 - std[617be2ca0a6fd877]::panicking::default_hook
[INFO] [stdout]    5:     0x61ad84361f90 - test[aada8e7e76ba119b]::test_main_inner::{closure#0}
[INFO] [stdout]    6:     0x61ad84491f02 - std[617be2ca0a6fd877]::panicking::panic_with_hook
[INFO] [stdout]    7:     0x61ad844753b2 - std[617be2ca0a6fd877]::panicking::panic_handler::{closure#0}
[INFO] [stdout]    8:     0x61ad8446dfe9 - std[617be2ca0a6fd877]::sys::backtrace::__rust_end_short_backtrace::<std[617be2ca0a6fd877]::panicking::panic_handler::{closure#0}, !>
[INFO] [stdout]    9:     0x61ad844761ad - __rustc[ea4f61d10b84890b]::rust_begin_unwind
[INFO] [stdout]   10:     0x61ad844b0cbc - core[a373ad73a504971]::panicking::panic_fmt
[INFO] [stdout]   11:     0x61ad844b0a92 - core[a373ad73a504971]::result::unwrap_failed
[INFO] [stdout]   12:     0x61ad8432a662 - mamenoki_test[c5507815209149d7]::setup_client::{closure#0}
[INFO] [stdout]   13:     0x61ad8432cea9 - mamenoki_test[c5507815209149d7]::pause_tube_test::{closure#0}
[INFO] [stdout]   14:     0x61ad84350e6c - <tokio[9b4abd812f070c82]::runtime::runtime::Runtime>::block_on::<core[a373ad73a504971]::pin::Pin<&mut dyn core[a373ad73a504971]::future::future::Future<Output = ()>>>
[INFO] [stdout]   15:     0x61ad84335712 - <mamenoki_test[c5507815209149d7]::pause_tube_test::{closure#0} as core[a373ad73a504971]::ops::function::FnOnce<()>>::call_once
[INFO] [stdout]   16:     0x61ad843553db - test[aada8e7e76ba119b]::__rust_begin_short_backtrace::<core[a373ad73a504971]::result::Result<(), alloc[2e1b2a31b91974c5]::string::String>, fn() -> core[a373ad73a504971]::result::Result<(), alloc[2e1b2a31b91974c5]::string::String>>
[INFO] [stdout]   17:     0x61ad843625b5 - test[aada8e7e76ba119b]::run_test::{closure#0}
[INFO] [stdout]   18:     0x61ad8435bea4 - std[617be2ca0a6fd877]::sys::backtrace::__rust_begin_short_backtrace::<test[aada8e7e76ba119b]::run_test::{closure#1}, ()>
[INFO] [stdout]   19:     0x61ad84365642 - <std[617be2ca0a6fd877]::thread::lifecycle::spawn_unchecked<test[aada8e7e76ba119b]::run_test::{closure#1}, ()>::{closure#1} as core[a373ad73a504971]::ops::function::FnOnce<()>>::call_once::{shim:vtable#0}
[INFO] [stdout]   20:     0x61ad84498f4f - <std[617be2ca0a6fd877]::sys::thread::unix::Thread>::new::thread_start
[INFO] [stdout]   21:     0x7f9a6edbedfa - <unknown>
[INFO] [stdout]   22:     0x7f9a6ee523d4 - clone
[INFO] [stdout]   23:                0x0 - <unknown>
[INFO] [stdout] 
[INFO] [stdout] ---- bury_test stdout ----
[INFO] [stdout] 
[INFO] [stdout] thread 'bury_test' (1204) panicked at tests/mamenoki_test.rs:780:79:
[INFO] [stdout] called `Result::unwrap()` on an `Err` value: Os { code: 111, kind: ConnectionRefused, message: "Connection refused" }
[INFO] [stdout] stack backtrace:
[INFO] [stdout]    0:     0x61ad84499a71 - <<std[617be2ca0a6fd877]::sys::backtrace::BacktraceLock>::print::DisplayBacktrace as core[a373ad73a504971]::fmt::Display>::fmt
[INFO] [stdout]    1:     0x61ad844b04da - core[a373ad73a504971]::fmt::write
[INFO] [stdout]    2:     0x61ad8449e2ac - <alloc[2e1b2a31b91974c5]::vec::Vec<u8> as core[a373ad73a504971]::io::write::Write>::write_fmt
[INFO] [stdout]    3:     0x61ad84475306 - std[617be2ca0a6fd877]::panicking::default_hook::{closure#0}
[INFO] [stdout]    4:     0x61ad84491bd9 - std[617be2ca0a6fd877]::panicking::default_hook
[INFO] [stdout]    5:     0x61ad84361f90 - test[aada8e7e76ba119b]::test_main_inner::{closure#0}
[INFO] [stdout]    6:     0x61ad84491f02 - std[617be2ca0a6fd877]::panicking::panic_with_hook
[INFO] [stdout]    7:     0x61ad844753b2 - std[617be2ca0a6fd877]::panicking::panic_handler::{closure#0}
[INFO] [stdout]    8:     0x61ad8446dfe9 - std[617be2ca0a6fd877]::sys::backtrace::__rust_end_short_backtrace::<std[617be2ca0a6fd877]::panicking::panic_handler::{closure#0}, !>
[INFO] [stdout]    9:     0x61ad844761ad - __rustc[ea4f61d10b84890b]::rust_begin_unwind
[INFO] [stdout]   10:     0x61ad844b0cbc - core[a373ad73a504971]::panicking::panic_fmt
[INFO] [stdout]   11:     0x61ad844b0a92 - core[a373ad73a504971]::result::unwrap_failed
[INFO] [stdout]   12:     0x61ad8432a662 - mamenoki_test[c5507815209149d7]::setup_client::{closure#0}
[INFO] [stdout]   13:     0x61ad843336a9 - mamenoki_test[c5507815209149d7]::bury_test::{closure#0}
[INFO] [stdout]   14:     0x61ad84350e6c - <tokio[9b4abd812f070c82]::runtime::runtime::Runtime>::block_on::<core[a373ad73a504971]::pin::Pin<&mut dyn core[a373ad73a504971]::future::future::Future<Output = ()>>>
[INFO] [stdout]   15:     0x61ad84337832 - <mamenoki_test[c5507815209149d7]::bury_test::{closure#0} as core[a373ad73a504971]::ops::function::FnOnce<()>>::call_once
[INFO] [stdout]   16:     0x61ad843553db - test[aada8e7e76ba119b]::__rust_begin_short_backtrace::<core[a373ad73a504971]::result::Result<(), alloc[2e1b2a31b91974c5]::string::String>, fn() -> core[a373ad73a504971]::result::Result<(), alloc[2e1b2a31b91974c5]::string::String>>
[INFO] [stdout]   17:     0x61ad843625b5 - test[aada8e7e76ba119b]::run_test::{closure#0}
[INFO] [stdout]   18:     0x61ad8435bea4 - std[617be2ca0a6fd877]::sys::backtrace::__rust_begin_short_backtrace::<test[aada8e7e76ba119b]::run_test::{closure#1}, ()>
[INFO] [stdout]   19:     0x61ad84365642 - <std[617be2ca0a6fd877]::thread::lifecycle::spawn_unchecked<test[aada8e7e76ba119b]::run_test::{closure#1}, ()>::{closure#1} as core[a373ad73a504971]::ops::function::FnOnce<()>>::call_once::{shim:vtable#0}
[INFO] [stdout]   20:     0x61ad84498f4f - <std[617be2ca0a6fd877]::sys::thread::unix::Thread>::new::thread_start
[INFO] [stdout]   21:     0x7f9a6edbedfa - <unknown>
[INFO] [stdout]   22:     0x7f9a6ee523d4 - clone
[INFO] [stdout]   23:                0x0 - <unknown>
[INFO] [stdout] 
[INFO] [stdout] ---- pause_tube_failure_case_test stdout ----
[INFO] [stdout] 
[INFO] [stdout] thread 'pause_tube_failure_case_test' (1244) panicked at tests/mamenoki_test.rs:780:79:
[INFO] [stdout] called `Result::unwrap()` on an `Err` value: Os { code: 111, kind: ConnectionRefused, message: "Connection refused" }
[INFO] [stdout] stack backtrace:
[INFO] [stdout]    0:     0x61ad84499a71 - <<std[617be2ca0a6fd877]::sys::backtrace::BacktraceLock>::print::DisplayBacktrace as core[a373ad73a504971]::fmt::Display>::fmt
[INFO] [stdout]    1:     0x61ad844b04da - core[a373ad73a504971]::fmt::write
[INFO] [stdout]    2:     0x61ad8449e2ac - <alloc[2e1b2a31b91974c5]::vec::Vec<u8> as core[a373ad73a504971]::io::write::Write>::write_fmt
[INFO] [stdout]    3:     0x61ad84475306 - std[617be2ca0a6fd877]::panicking::default_hook::{closure#0}
[INFO] [stdout]    4:     0x61ad84491bd9 - std[617be2ca0a6fd877]::panicking::default_hook
[INFO] [stdout]    5:     0x61ad84361f90 - test[aada8e7e76ba119b]::test_main_inner::{closure#0}
[INFO] [stdout]    6:     0x61ad84491f02 - std[617be2ca0a6fd877]::panicking::panic_with_hook
[INFO] [stdout]    7:     0x61ad844753b2 - std[617be2ca0a6fd877]::panicking::panic_handler::{closure#0}
[INFO] [stdout]    8:     0x61ad8446dfe9 - std[617be2ca0a6fd877]::sys::backtrace::__rust_end_short_backtrace::<std[617be2ca0a6fd877]::panicking::panic_handler::{closure#0}, !>
[INFO] [stdout]    9:     0x61ad844761ad - __rustc[ea4f61d10b84890b]::rust_begin_unwind
[INFO] [stdout]   10:     0x61ad844b0cbc - core[a373ad73a504971]::panicking::panic_fmt
[INFO] [stdout]   11:     0x61ad844b0a92 - core[a373ad73a504971]::result::unwrap_failed
[INFO] [stdout]   12:     0x61ad8432a662 - mamenoki_test[c5507815209149d7]::setup_client::{closure#0}
[INFO] [stdout]   13:     0x61ad843316c9 - mamenoki_test[c5507815209149d7]::pause_tube_failure_case_test::{closure#0}
[INFO] [stdout]   14:     0x61ad84350e6c - <tokio[9b4abd812f070c82]::runtime::runtime::Runtime>::block_on::<core[a373ad73a504971]::pin::Pin<&mut dyn core[a373ad73a504971]::future::future::Future<Output = ()>>>
[INFO] [stdout]   15:     0x61ad84336e12 - <mamenoki_test[c5507815209149d7]::pause_tube_failure_case_test::{closure#0} as core[a373ad73a504971]::ops::function::FnOnce<()>>::call_once
[INFO] [stdout]   16:     0x61ad843553db - test[aada8e7e76ba119b]::__rust_begin_short_backtrace::<core[a373ad73a504971]::result::Result<(), alloc[2e1b2a31b91974c5]::string::String>, fn() -> core[a373ad73a504971]::result::Result<(), alloc[2e1b2a31b91974c5]::string::String>>
[INFO] [stdout]   17:     0x61ad843625b5 - test[aada8e7e76ba119b]::run_test::{closure#0}
[INFO] [stdout]   18:     0x61ad8435bea4 - std[617be2ca0a6fd877]::sys::backtrace::__rust_begin_short_backtrace::<test[aada8e7e76ba119b]::run_test::{closure#1}, ()>
[INFO] [stdout]   19:     0x61ad84365642 - <std[617be2ca0a6fd877]::thread::lifecycle::spawn_unchecked<test[aada8e7e76ba119b]::run_test::{closure#1}, ()>::{closure#1} as core[a373ad73a504971]::ops::function::FnOnce<()>>::call_once::{shim:vtable#0}
[INFO] [stdout]   20:     0x61ad84498f4f - <std[617be2ca0a6fd877]::sys::thread::unix::Thread>::new::thread_start
[INFO] [stdout]   21:     0x7f9a6edbedfa - <unknown>
[INFO] [stdout]   22:     0x7f9a6ee523d4 - clone
[INFO] [stdout]   23:                0x0 - <unknown>
[INFO] [stdout] 
[INFO] [stdout] ---- peek_buried_test stdout ----
[INFO] [stdout] 
[INFO] [stdout] thread 'peek_buried_test' (1252) panicked at tests/mamenoki_test.rs:780:79:
[INFO] [stdout] called `Result::unwrap()` on an `Err` value: Os { code: 111, kind: ConnectionRefused, message: "Connection refused" }
[INFO] [stdout] stack backtrace:
[INFO] [stdout]    0:     0x61ad84499a71 - <<std[617be2ca0a6fd877]::sys::backtrace::BacktraceLock>::print::DisplayBacktrace as core[a373ad73a504971]::fmt::Display>::fmt
[INFO] [stdout]    1:     0x61ad844b04da - core[a373ad73a504971]::fmt::write
[INFO] [stdout]    2:     0x61ad8449e2ac - <alloc[2e1b2a31b91974c5]::vec::Vec<u8> as core[a373ad73a504971]::io::write::Write>::write_fmt
[INFO] [stdout]    3:     0x61ad84475306 - std[617be2ca0a6fd877]::panicking::default_hook::{closure#0}
[INFO] [stdout]    4:     0x61ad84491bd9 - std[617be2ca0a6fd877]::panicking::default_hook
[INFO] [stdout]    5:     0x61ad84361f90 - test[aada8e7e76ba119b]::test_main_inner::{closure#0}
[INFO] [stdout]    6:     0x61ad84491f02 - std[617be2ca0a6fd877]::panicking::panic_with_hook
[INFO] [stdout]    7:     0x61ad844753b2 - std[617be2ca0a6fd877]::panicking::panic_handler::{closure#0}
[INFO] [stdout]    8:     0x61ad8446dfe9 - std[617be2ca0a6fd877]::sys::backtrace::__rust_end_short_backtrace::<std[617be2ca0a6fd877]::panicking::panic_handler::{closure#0}, !>
[INFO] [stdout]    9:     0x61ad844761ad - __rustc[ea4f61d10b84890b]::rust_begin_unwind
[INFO] [stdout]   10:     0x61ad844b0cbc - core[a373ad73a504971]::panicking::panic_fmt
[INFO] [stdout]   11:     0x61ad844b0a92 - core[a373ad73a504971]::result::unwrap_failed
[INFO] [stdout]   12:     0x61ad8432a662 - mamenoki_test[c5507815209149d7]::setup_client::{closure#0}
[INFO] [stdout]   13:     0x61ad8432e499 - mamenoki_test[c5507815209149d7]::peek_buried_test::{closure#0}
[INFO] [stdout]   14:     0x61ad84350e6c - <tokio[9b4abd812f070c82]::runtime::runtime::Runtime>::block_on::<core[a373ad73a504971]::pin::Pin<&mut dyn core[a373ad73a504971]::future::future::Future<Output = ()>>>
[INFO] [stdout]   15:     0x61ad84335e42 - <mamenoki_test[c5507815209149d7]::peek_buried_test::{closure#0} as core[a373ad73a504971]::ops::function::FnOnce<()>>::call_once
[INFO] [stdout]   16:     0x61ad843553db - test[aada8e7e76ba119b]::__rust_begin_short_backtrace::<core[a373ad73a504971]::result::Result<(), alloc[2e1b2a31b91974c5]::string::String>, fn() -> core[a373ad73a504971]::result::Result<(), alloc[2e1b2a31b91974c5]::string::String>>
[INFO] [stdout]   17:     0x61ad843625b5 - test[aada8e7e76ba119b]::run_test::{closure#0}
[INFO] [stdout]   18:     0x61ad8435bea4 - std[617be2ca0a6fd877]::sys::backtrace::__rust_begin_short_backtrace::<test[aada8e7e76ba119b]::run_test::{closure#1}, ()>
[INFO] [stdout]   19:     0x61ad84365642 - <std[617be2ca0a6fd877]::thread::lifecycle::spawn_unchecked<test[aada8e7e76ba119b]::run_test::{closure#1}, ()>::{closure#1} as core[a373ad73a504971]::ops::function::FnOnce<()>>::call_once::{shim:vtable#0}
[INFO] [stdout]   20:     0x61ad84498f4f - <std[617be2ca0a6fd877]::sys::thread::unix::Thread>::new::thread_start
[INFO] [stdout]   21:     0x7f9a6edbedfa - <unknown>
[INFO] [stdout]   22:     0x7f9a6ee523d4 - clone
[INFO] [stdout]   23:                0x0 - <unknown>
[INFO] [stdout] 
[INFO] [stdout] ---- peek_failure_case_test stdout ----
[INFO] [stdout] 
[INFO] [stdout] thread 'peek_failure_case_test' (1257) panicked at tests/mamenoki_test.rs:780:79:
[INFO] [stdout] called `Result::unwrap()` on an `Err` value: Os { code: 111, kind: ConnectionRefused, message: "Connection refused" }
[INFO] [stdout] stack backtrace:
[INFO] [stdout]    0:     0x61ad84499a71 - <<std[617be2ca0a6fd877]::sys::backtrace::BacktraceLock>::print::DisplayBacktrace as core[a373ad73a504971]::fmt::Display>::fmt
[INFO] [stdout]    1:     0x61ad844b04da - core[a373ad73a504971]::fmt::write
[INFO] [stdout]    2:     0x61ad8449e2ac - <alloc[2e1b2a31b91974c5]::vec::Vec<u8> as core[a373ad73a504971]::io::write::Write>::write_fmt
[INFO] [stdout]    3:     0x61ad84475306 - std[617be2ca0a6fd877]::panicking::default_hook::{closure#0}
[INFO] [stdout]    4:     0x61ad84491bd9 - std[617be2ca0a6fd877]::panicking::default_hook
[INFO] [stdout]    5:     0x61ad84361f90 - test[aada8e7e76ba119b]::test_main_inner::{closure#0}
[INFO] [stdout]    6:     0x61ad84491f02 - std[617be2ca0a6fd877]::panicking::panic_with_hook
[INFO] [stdout]    7:     0x61ad844753b2 - std[617be2ca0a6fd877]::panicking::panic_handler::{closure#0}
[INFO] [stdout]    8:     0x61ad8446dfe9 - std[617be2ca0a6fd877]::sys::backtrace::__rust_end_short_backtrace::<std[617be2ca0a6fd877]::panicking::panic_handler::{closure#0}, !>
[INFO] [stdout]    9:     0x61ad844761ad - __rustc[ea4f61d10b84890b]::rust_begin_unwind
[INFO] [stdout]   10:     0x61ad844b0cbc - core[a373ad73a504971]::panicking::panic_fmt
[INFO] [stdout]   11:     0x61ad844b0a92 - core[a373ad73a504971]::result::unwrap_failed
[INFO] [stdout]   12:     0x61ad8432a662 - mamenoki_test[c5507815209149d7]::setup_client::{closure#0}
[INFO] [stdout]   13:     0x61ad8432fad9 - mamenoki_test[c5507815209149d7]::peek_failure_case_test::{closure#0}
[INFO] [stdout]   14:     0x61ad84350e6c - <tokio[9b4abd812f070c82]::runtime::runtime::Runtime>::block_on::<core[a373ad73a504971]::pin::Pin<&mut dyn core[a373ad73a504971]::future::future::Future<Output = ()>>>
[INFO] [stdout]   15:     0x61ad84336572 - <mamenoki_test[c5507815209149d7]::peek_failure_case_test::{closure#0} as core[a373ad73a504971]::ops::function::FnOnce<()>>::call_once
[INFO] [stdout]   16:     0x61ad843553db - test[aada8e7e76ba119b]::__rust_begin_short_backtrace::<core[a373ad73a504971]::result::Result<(), alloc[2e1b2a31b91974c5]::string::String>, fn() -> core[a373ad73a504971]::result::Result<(), alloc[2e1b2a31b91974c5]::string::String>>
[INFO] [stdout]   17:     0x61ad843625b5 - test[aada8e7e76ba119b]::run_test::{closure#0}
[INFO] [stdout]   18:     0x61ad8435bea4 - std[617be2ca0a6fd877]::sys::backtrace::__rust_begin_short_backtrace::<test[aada8e7e76ba119b]::run_test::{closure#1}, ()>
[INFO] [stdout]   19:     0x61ad84365642 - <std[617be2ca0a6fd877]::thread::lifecycle::spawn_unchecked<test[aada8e7e76ba119b]::run_test::{closure#1}, ()>::{closure#1} as core[a373ad73a504971]::ops::function::FnOnce<()>>::call_once::{shim:vtable#0}
[INFO] [stdout]   20:     0x61ad84498f4f - <std[617be2ca0a6fd877]::sys::thread::unix::Thread>::new::thread_start
[INFO] [stdout]   21:     0x7f9a6edbedfa - <unknown>
[INFO] [stdout]   22:     0x7f9a6ee523d4 - clone
[INFO] [stdout]   23:                0x0 - <unknown>
[INFO] [stdout] 
[INFO] [stdout] ---- peek_ready_not_found_case_test stdout ----
[INFO] [stdout] 
[INFO] [stdout] thread 'peek_ready_not_found_case_test' (1267) panicked at tests/mamenoki_test.rs:780:79:
[INFO] [stdout] called `Result::unwrap()` on an `Err` value: Os { code: 111, kind: ConnectionRefused, message: "Connection refused" }
[INFO] [stdout] stack backtrace:
[INFO] [stdout]    0:     0x61ad84499a71 - <<std[617be2ca0a6fd877]::sys::backtrace::BacktraceLock>::print::DisplayBacktrace as core[a373ad73a504971]::fmt::Display>::fmt
[INFO] [stdout]    1:     0x61ad844b04da - core[a373ad73a504971]::fmt::write
[INFO] [stdout]    2:     0x61ad8449e2ac - <alloc[2e1b2a31b91974c5]::vec::Vec<u8> as core[a373ad73a504971]::io::write::Write>::write_fmt
[INFO] [stdout]    3:     0x61ad84475306 - std[617be2ca0a6fd877]::panicking::default_hook::{closure#0}
[INFO] [stdout]    4:     0x61ad84491bd9 - std[617be2ca0a6fd877]::panicking::default_hook
[INFO] [stdout]    5:     0x61ad84361f90 - test[aada8e7e76ba119b]::test_main_inner::{closure#0}
[INFO] [stdout]    6:     0x61ad84491f02 - std[617be2ca0a6fd877]::panicking::panic_with_hook
[INFO] [stdout]    7:     0x61ad844753b2 - std[617be2ca0a6fd877]::panicking::panic_handler::{closure#0}
[INFO] [stdout]    8:     0x61ad8446dfe9 - std[617be2ca0a6fd877]::sys::backtrace::__rust_end_short_backtrace::<std[617be2ca0a6fd877]::panicking::panic_handler::{closure#0}, !>
[INFO] [stdout]    9:     0x61ad844761ad - __rustc[ea4f61d10b84890b]::rust_begin_unwind
[INFO] [stdout]   10:     0x61ad844b0cbc - core[a373ad73a504971]::panicking::panic_fmt
[INFO] [stdout]   11:     0x61ad844b0a92 - core[a373ad73a504971]::result::unwrap_failed
[INFO] [stdout]   12:     0x61ad8432a662 - mamenoki_test[c5507815209149d7]::setup_client::{closure#0}
[INFO] [stdout]   13:     0x61ad843323c9 - mamenoki_test[c5507815209149d7]::peek_ready_not_found_case_test::{closure#0}
[INFO] [stdout]   14:     0x61ad84350e6c - <tokio[9b4abd812f070c82]::runtime::runtime::Runtime>::block_on::<core[a373ad73a504971]::pin::Pin<&mut dyn core[a373ad73a504971]::future::future::Future<Output = ()>>>
[INFO] [stdout]   15:     0x61ad84337262 - <mamenoki_test[c5507815209149d7]::peek_ready_not_found_case_test::{closure#0} as core[a373ad73a504971]::ops::function::FnOnce<()>>::call_once
[INFO] [stdout]   16:     0x61ad843553db - test[aada8e7e76ba119b]::__rust_begin_short_backtrace::<core[a373ad73a504971]::result::Result<(), alloc[2e1b2a31b91974c5]::string::String>, fn() -> core[a373ad73a504971]::result::Result<(), alloc[2e1b2a31b91974c5]::string::String>>
[INFO] [stdout]   17:     0x61ad843625b5 - test[aada8e7e76ba119b]::run_test::{closure#0}
[INFO] [stdout]   18:     0x61ad8435bea4 - std[617be2ca0a6fd877]::sys::backtrace::__rust_begin_short_backtrace::<test[aada8e7e76ba119b]::run_test::{closure#1}, ()>
[INFO] [stdout]   19:     0x61ad84365642 - <std[617be2ca0a6fd877]::thread::lifecycle::spawn_unchecked<test[aada8e7e76ba119b]::run_test::{closure#1}, ()>::{closure#1} as core[a373ad73a504971]::ops::function::FnOnce<()>>::call_once::{shim:vtable#0}
[INFO] [stdout]   20:     0x61ad84498f4f - <std[617be2ca0a6fd877]::sys::thread::unix::Thread>::new::thread_start
[INFO] [stdout]   21:     0x7f9a6edbedfa - <unknown>
[INFO] [stdout]   22:     0x7f9a6ee523d4 - clone
[INFO] [stdout]   23:                0x0 - <unknown>
[INFO] [stdout] 
[INFO] [stdout] ---- peek_test stdout ----
[INFO] [stdout] 
[INFO] [stdout] thread 'peek_test' (1272) panicked at tests/mamenoki_test.rs:780:79:
[INFO] [stdout] called `Result::unwrap()` on an `Err` value: Os { code: 111, kind: ConnectionRefused, message: "Connection refused" }
[INFO] [stdout] stack backtrace:
[INFO] [stdout]    0:     0x61ad84499a71 - <<std[617be2ca0a6fd877]::sys::backtrace::BacktraceLock>::print::DisplayBacktrace as core[a373ad73a504971]::fmt::Display>::fmt
[INFO] [stdout]    1:     0x61ad844b04da - core[a373ad73a504971]::fmt::write
[INFO] [stdout]    2:     0x61ad8449e2ac - <alloc[2e1b2a31b91974c5]::vec::Vec<u8> as core[a373ad73a504971]::io::write::Write>::write_fmt
[INFO] [stdout]    3:     0x61ad84475306 - std[617be2ca0a6fd877]::panicking::default_hook::{closure#0}
[INFO] [stdout]    4:     0x61ad84491bd9 - std[617be2ca0a6fd877]::panicking::default_hook
[INFO] [stdout]    5:     0x61ad84361f90 - test[aada8e7e76ba119b]::test_main_inner::{closure#0}
[INFO] [stdout]    6:     0x61ad84491f02 - std[617be2ca0a6fd877]::panicking::panic_with_hook
[INFO] [stdout]    7:     0x61ad844753b2 - std[617be2ca0a6fd877]::panicking::panic_handler::{closure#0}
[INFO] [stdout]    8:     0x61ad8446dfe9 - std[617be2ca0a6fd877]::sys::backtrace::__rust_end_short_backtrace::<std[617be2ca0a6fd877]::panicking::panic_handler::{closure#0}, !>
[INFO] [stdout]    9:     0x61ad844761ad - __rustc[ea4f61d10b84890b]::rust_begin_unwind
[INFO] [stdout]   10:     0x61ad844b0cbc - core[a373ad73a504971]::panicking::panic_fmt
[INFO] [stdout]   11:     0x61ad844b0a92 - core[a373ad73a504971]::result::unwrap_failed
[INFO] [stdout]   12:     0x61ad8432a662 - mamenoki_test[c5507815209149d7]::setup_client::{closure#0}
[INFO] [stdout]   13:     0x61ad84333f49 - mamenoki_test[c5507815209149d7]::peek_test::{closure#0}
[INFO] [stdout]   14:     0x61ad84350e6c - <tokio[9b4abd812f070c82]::runtime::runtime::Runtime>::block_on::<core[a373ad73a504971]::pin::Pin<&mut dyn core[a373ad73a504971]::future::future::Future<Output = ()>>>
[INFO] [stdout]   15:     0x61ad84337b12 - <mamenoki_test[c5507815209149d7]::peek_test::{closure#0} as core[a373ad73a504971]::ops::function::FnOnce<()>>::call_once
[INFO] [stdout]   16:     0x61ad843553db - test[aada8e7e76ba119b]::__rust_begin_short_backtrace::<core[a373ad73a504971]::result::Result<(), alloc[2e1b2a31b91974c5]::string::String>, fn() -> core[a373ad73a504971]::result::Result<(), alloc[2e1b2a31b91974c5]::string::String>>
[INFO] [stdout]   17:     0x61ad843625b5 - test[aada8e7e76ba119b]::run_test::{closure#0}
[INFO] [stdout]   18:     0x61ad8435bea4 - std[617be2ca0a6fd877]::sys::backtrace::__rust_begin_short_backtrace::<test[aada8e7e76ba119b]::run_test::{closure#1}, ()>
[INFO] [stdout]   19:     0x61ad84365642 - <std[617be2ca0a6fd877]::thread::lifecycle::spawn_unchecked<test[aada8e7e76ba119b]::run_test::{closure#1}, ()>::{closure#1} as core[a373ad73a504971]::ops::function::FnOnce<()>>::call_once::{shim:vtable#0}
[INFO] [stdout]   20:     0x61ad84498f4f - <std[617be2ca0a6fd877]::sys::thread::unix::Thread>::new::thread_start
[INFO] [stdout]   21:     0x7f9a6edbedfa - <unknown>
[INFO] [stdout]   22:     0x7f9a6ee523d4 - clone
[INFO] [stdout]   23:                0x0 - <unknown>
[INFO] [stdout] 
[INFO] [stdout] ---- peek_ready_test stdout ----
[INFO] [stdout] 
[INFO] [stdout] thread 'peek_ready_test' (1268) panicked at tests/mamenoki_test.rs:780:79:
[INFO] [stdout] called `Result::unwrap()` on an `Err` value: Os { code: 111, kind: ConnectionRefused, message: "Connection refused" }
[INFO] [stdout] stack backtrace:
[INFO] [stdout]    0:     0x61ad84499a71 - <<std[617be2ca0a6fd877]::sys::backtrace::BacktraceLock>::print::DisplayBacktrace as core[a373ad73a504971]::fmt::Display>::fmt
[INFO] [stdout]    1:     0x61ad844b04da - core[a373ad73a504971]::fmt::write
[INFO] [stdout]    2:     0x61ad8449e2ac - <alloc[2e1b2a31b91974c5]::vec::Vec<u8> as core[a373ad73a504971]::io::write::Write>::write_fmt
[INFO] [stdout]    3:     0x61ad84475306 - std[617be2ca0a6fd877]::panicking::default_hook::{closure#0}
[INFO] [stdout]    4:     0x61ad84491bd9 - std[617be2ca0a6fd877]::panicking::default_hook
[INFO] [stdout]    5:     0x61ad84361f90 - test[aada8e7e76ba119b]::test_main_inner::{closure#0}
[INFO] [stdout]    6:     0x61ad84491f02 - std[617be2ca0a6fd877]::panicking::panic_with_hook
[INFO] [stdout]    7:     0x61ad844753b2 - std[617be2ca0a6fd877]::panicking::panic_handler::{closure#0}
[INFO] [stdout]    8:     0x61ad8446dfe9 - std[617be2ca0a6fd877]::sys::backtrace::__rust_end_short_backtrace::<std[617be2ca0a6fd877]::panicking::panic_handler::{closure#0}, !>
[INFO] [stdout]    9:     0x61ad844761ad - __rustc[ea4f61d10b84890b]::rust_begin_unwind
[INFO] [stdout]   10:     0x61ad844b0cbc - core[a373ad73a504971]::panicking::panic_fmt
[INFO] [stdout]   11:     0x61ad844b0a92 - core[a373ad73a504971]::result::unwrap_failed
[INFO] [stdout]   12:     0x61ad8432a662 - mamenoki_test[c5507815209149d7]::setup_client::{closure#0}
[INFO] [stdout]   13:     0x61ad8432d2f9 - mamenoki_test[c5507815209149d7]::peek_ready_test::{closure#0}
[INFO] [stdout]   14:     0x61ad84350e6c - <tokio[9b4abd812f070c82]::runtime::runtime::Runtime>::block_on::<core[a373ad73a504971]::pin::Pin<&mut dyn core[a373ad73a504971]::future::future::Future<Output = ()>>>
[INFO] [stdout]   15:     0x61ad84335882 - <mamenoki_test[c5507815209149d7]::peek_ready_test::{closure#0} as core[a373ad73a504971]::ops::function::FnOnce<()>>::call_once
[INFO] [stdout]   16:     0x61ad843553db - test[aada8e7e76ba119b]::__rust_begin_short_backtrace::<core[a373ad73a504971]::result::Result<(), alloc[2e1b2a31b91974c5]::string::String>, fn() -> core[a373ad73a504971]::result::Result<(), alloc[2e1b2a31b91974c5]::string::String>>
[INFO] [stdout]   17:     0x61ad843625b5 - test[aada8e7e76ba119b]::run_test::{closure#0}
[INFO] [stdout]   18:     0x61ad8435bea4 - std[617be2ca0a6fd877]::sys::backtrace::__rust_begin_short_backtrace::<test[aada8e7e76ba119b]::run_test::{closure#1}, ()>
[INFO] [stdout]   19:     0x61ad84365642 - <std[617be2ca0a6fd877]::thread::lifecycle::spawn_unchecked<test[aada8e7e76ba119b]::run_test::{closure#1}, ()>::{closure#1} as core[a373ad73a504971]::ops::function::FnOnce<()>>::call_once::{shim:vtable#0}
[INFO] [stdout]   20:     0x61ad84498f4f - <std[617be2ca0a6fd877]::sys::thread::unix::Thread>::new::thread_start
[INFO] [stdout]   21:     0x7f9a6edbedfa - <unknown>
[INFO] [stdout]   22:     0x7f9a6ee523d4 - clone
[INFO] [stdout]   23:                0x0 - <unknown>
[INFO] [stdout] 
[INFO] [stdout] ---- put_test stdout ----
[INFO] [stdout] 
[INFO] [stdout] thread 'put_test' (1280) panicked at tests/mamenoki_test.rs:780:79:
[INFO] [stdout] called `Result::unwrap()` on an `Err` value: Os { code: 111, kind: ConnectionRefused, message: "Connection refused" }
[INFO] [stdout] stack backtrace:
[INFO] [stdout]    0:     0x61ad84499a71 - <<std[617be2ca0a6fd877]::sys::backtrace::BacktraceLock>::print::DisplayBacktrace as core[a373ad73a504971]::fmt::Display>::fmt
[INFO] [stdout]    1:     0x61ad844b04da - core[a373ad73a504971]::fmt::write
[INFO] [stdout]    2:     0x61ad8449e2ac - <alloc[2e1b2a31b91974c5]::vec::Vec<u8> as core[a373ad73a504971]::io::write::Write>::write_fmt
[INFO] [stdout]    3:     0x61ad84475306 - std[617be2ca0a6fd877]::panicking::default_hook::{closure#0}
[INFO] [stdout]    4:     0x61ad84491bd9 - std[617be2ca0a6fd877]::panicking::default_hook
[INFO] [stdout]    5:     0x61ad84361f90 - test[aada8e7e76ba119b]::test_main_inner::{closure#0}
[INFO] [stdout]    6:     0x61ad84491f02 - std[617be2ca0a6fd877]::panicking::panic_with_hook
[INFO] [stdout]    7:     0x61ad844753b2 - std[617be2ca0a6fd877]::panicking::panic_handler::{closure#0}
[INFO] [stdout]    8:     0x61ad8446dfe9 - std[617be2ca0a6fd877]::sys::backtrace::__rust_end_short_backtrace::<std[617be2ca0a6fd877]::panicking::panic_handler::{closure#0}, !>
[INFO] [stdout]    9:     0x61ad844761ad - __rustc[ea4f61d10b84890b]::rust_begin_unwind
[INFO] [stdout]   10:     0x61ad844b0cbc - core[a373ad73a504971]::panicking::panic_fmt
[INFO] [stdout]   11:     0x61ad844b0a92 - core[a373ad73a504971]::result::unwrap_failed
[INFO] [stdout]   12:     0x61ad8432a662 - mamenoki_test[c5507815209149d7]::setup_client::{closure#0}
[INFO] [stdout]   13:     0x61ad84333289 - mamenoki_test[c5507815209149d7]::put_test::{closure#0}
[INFO] [stdout]   14:     0x61ad84350e6c - <tokio[9b4abd812f070c82]::runtime::runtime::Runtime>::block_on::<core[a373ad73a504971]::pin::Pin<&mut dyn core[a373ad73a504971]::future::future::Future<Output = ()>>>
[INFO] [stdout]   15:     0x61ad843376c2 - <mamenoki_test[c5507815209149d7]::put_test::{closure#0} as core[a373ad73a504971]::ops::function::FnOnce<()>>::call_once
[INFO] [stdout]   16:     0x61ad843553db - test[aada8e7e76ba119b]::__rust_begin_short_backtrace::<core[a373ad73a504971]::result::Result<(), alloc[2e1b2a31b91974c5]::string::String>, fn() -> core[a373ad73a504971]::result::Result<(), alloc[2e1b2a31b91974c5]::string::String>>
[INFO] [stdout]   17:     0x61ad843625b5 - test[aada8e7e76ba119b]::run_test::{closure#0}
[INFO] [stdout]   18:     0x61ad8435bea4 - std[617be2ca0a6fd877]::sys::backtrace::__rust_begin_short_backtrace::<test[aada8e7e76ba119b]::run_test::{closure#1}, ()>
[INFO] [stdout]   19:     0x61ad84365642 - <std[617be2ca0a6fd877]::thread::lifecycle::spawn_unchecked<test[aada8e7e76ba119b]::run_test::{closure#1}, ()>::{closure#1} as core[a373ad73a504971]::ops::function::FnOnce<()>>::call_once::{shim:vtable#0}
[INFO] [stdout]   20:     0x61ad84498f4f - <std[617be2ca0a6fd877]::sys::thread::unix::Thread>::new::thread_start
[INFO] [stdout]   21:     0x7f9a6edbedfa - <unknown>
[INFO] [stdout]   22:     0x7f9a6ee523d4 - clone
[INFO] [stdout]   23:                0x0 - <unknown>
[INFO] [stdout] 
[INFO] [stdout] ---- put_with_config_test stdout ----
[INFO] [stdout] 
[INFO] [stdout] thread 'put_with_config_test' (1281) panicked at tests/mamenoki_test.rs:780:79:
[INFO] [stdout] called `Result::unwrap()` on an `Err` value: Os { code: 111, kind: ConnectionRefused, message: "Connection refused" }
[INFO] [stdout] stack backtrace:
[INFO] [stdout]    0:     0x61ad84499a71 - <<std[617be2ca0a6fd877]::sys::backtrace::BacktraceLock>::print::DisplayBacktrace as core[a373ad73a504971]::fmt::Display>::fmt
[INFO] [stdout]    1:     0x61ad844b04da - core[a373ad73a504971]::fmt::write
[INFO] [stdout]    2:     0x61ad8449e2ac - <alloc[2e1b2a31b91974c5]::vec::Vec<u8> as core[a373ad73a504971]::io::write::Write>::write_fmt
[INFO] [stdout]    3:     0x61ad84475306 - std[617be2ca0a6fd877]::panicking::default_hook::{closure#0}
[INFO] [stdout]    4:     0x61ad84491bd9 - std[617be2ca0a6fd877]::panicking::default_hook
[INFO] [stdout]    5:     0x61ad84361f90 - test[aada8e7e76ba119b]::test_main_inner::{closure#0}
[INFO] [stdout]    6:     0x61ad84491f02 - std[617be2ca0a6fd877]::panicking::panic_with_hook
[INFO] [stdout]    7:     0x61ad844753b2 - std[617be2ca0a6fd877]::panicking::panic_handler::{closure#0}
[INFO] [stdout]    8:     0x61ad8446dfe9 - std[617be2ca0a6fd877]::sys::backtrace::__rust_end_short_backtrace::<std[617be2ca0a6fd877]::panicking::panic_handler::{closure#0}, !>
[INFO] [stdout]    9:     0x61ad844761ad - __rustc[ea4f61d10b84890b]::rust_begin_unwind
[INFO] [stdout]   10:     0x61ad844b0cbc - core[a373ad73a504971]::panicking::panic_fmt
[INFO] [stdout]   11:     0x61ad844b0a92 - core[a373ad73a504971]::result::unwrap_failed
[INFO] [stdout]   12:     0x61ad8432a662 - mamenoki_test[c5507815209149d7]::setup_client::{closure#0}
[INFO] [stdout]   13:     0x61ad8432f189 - mamenoki_test[c5507815209149d7]::put_with_config_test::{closure#0}
[INFO] [stdout]   14:     0x61ad84350e6c - <tokio[9b4abd812f070c82]::runtime::runtime::Runtime>::block_on::<core[a373ad73a504971]::pin::Pin<&mut dyn core[a373ad73a504971]::future::future::Future<Output = ()>>>
[INFO] [stdout]   15:     0x61ad84336292 - <mamenoki_test[c5507815209149d7]::put_with_config_test::{closure#0} as core[a373ad73a504971]::ops::function::FnOnce<()>>::call_once
[INFO] [stdout]   16:     0x61ad843553db - test[aada8e7e76ba119b]::__rust_begin_short_backtrace::<core[a373ad73a504971]::result::Result<(), alloc[2e1b2a31b91974c5]::string::String>, fn() -> core[a373ad73a504971]::result::Result<(), alloc[2e1b2a31b91974c5]::string::String>>
[INFO] [stdout]   17:     0x61ad843625b5 - test[aada8e7e76ba119b]::run_test::{closure#0}
[INFO] [stdout]   18:     0x61ad8435bea4 - std[617be2ca0a6fd877]::sys::backtrace::__rust_begin_short_backtrace::<test[aada8e7e76ba119b]::run_test::{closure#1}, ()>
[INFO] [stdout]   19:     0x61ad84365642 - <std[617be2ca0a6fd877]::thread::lifecycle::spawn_unchecked<test[aada8e7e76ba119b]::run_test::{closure#1}, ()>::{closure#1} as core[a373ad73a504971]::ops::function::FnOnce<()>>::call_once::{shim:vtable#0}
[INFO] [stdout]   20:     0x61ad84498f4f - <std[617be2ca0a6fd877]::sys::thread::unix::Thread>::new::thread_start
[INFO] [stdout]   21:     0x7f9a6edbedfa - <unknown>
[INFO] [stdout]   22:     0x7f9a6ee523d4 - clone
[INFO] [stdout]   23:                0x0 - <unknown>
[INFO] [stdout] 
[INFO] [stdout] ---- release_with_config_failure_case_test stdout ----
[INFO] [stdout] 
[INFO] [stdout] thread 'release_with_config_failure_case_test' (1283) panicked at tests/mamenoki_test.rs:780:79:
[INFO] [stdout] called `Result::unwrap()` on an `Err` value: Os { code: 111, kind: ConnectionRefused, message: "Connection refused" }
[INFO] [stdout] stack backtrace:
[INFO] [stdout]    0:     0x61ad84499a71 - <<std[617be2ca0a6fd877]::sys::backtrace::BacktraceLock>::print::DisplayBacktrace as core[a373ad73a504971]::fmt::Display>::fmt
[INFO] [stdout]    1:     0x61ad844b04da - core[a373ad73a504971]::fmt::write
[INFO] [stdout]    2:     0x61ad8449e2ac - <alloc[2e1b2a31b91974c5]::vec::Vec<u8> as core[a373ad73a504971]::io::write::Write>::write_fmt
[INFO] [stdout]    3:     0x61ad84475306 - std[617be2ca0a6fd877]::panicking::default_hook::{closure#0}
[INFO] [stdout]    4:     0x61ad84491bd9 - std[617be2ca0a6fd877]::panicking::default_hook
[INFO] [stdout]    5:     0x61ad84361f90 - test[aada8e7e76ba119b]::test_main_inner::{closure#0}
[INFO] [stdout]    6:     0x61ad84491f02 - std[617be2ca0a6fd877]::panicking::panic_with_hook
[INFO] [stdout]    7:     0x61ad844753b2 - std[617be2ca0a6fd877]::panicking::panic_handler::{closure#0}
[INFO] [stdout]    8:     0x61ad8446dfe9 - std[617be2ca0a6fd877]::sys::backtrace::__rust_end_short_backtrace::<std[617be2ca0a6fd877]::panicking::panic_handler::{closure#0}, !>
[INFO] [stdout]    9:     0x61ad844761ad - __rustc[ea4f61d10b84890b]::rust_begin_unwind
[INFO] [stdout]   10:     0x61ad844b0cbc - core[a373ad73a504971]::panicking::panic_fmt
[INFO] [stdout]   11:     0x61ad844b0a92 - core[a373ad73a504971]::result::unwrap_failed
[INFO] [stdout]   12:     0x61ad8432a662 - mamenoki_test[c5507815209149d7]::setup_client::{closure#0}
[INFO] [stdout]   13:     0x61ad84332e39 - mamenoki_test[c5507815209149d7]::release_with_config_failure_case_test::{closure#0}
[INFO] [stdout]   14:     0x61ad84350e6c - <tokio[9b4abd812f070c82]::runtime::runtime::Runtime>::block_on::<core[a373ad73a504971]::pin::Pin<&mut dyn core[a373ad73a504971]::future::future::Future<Output = ()>>>
[INFO] [stdout]   15:     0x61ad84337552 - <mamenoki_test[c5507815209149d7]::release_with_config_failure_case_test::{closure#0} as core[a373ad73a504971]::ops::function::FnOnce<()>>::call_once
[INFO] [stdout]   16:     0x61ad843553db - test[aada8e7e76ba119b]::__rust_begin_short_backtrace::<core[a373ad73a504971]::result::Result<(), alloc[2e1b2a31b91974c5]::string::String>, fn() -> core[a373ad73a504971]::result::Result<(), alloc[2e1b2a31b91974c5]::string::String>>
[INFO] [stdout]   17:     0x61ad843625b5 - test[aada8e7e76ba119b]::run_test::{closure#0}
[INFO] [stdout]   18:     0x61ad8435bea4 - std[617be2ca0a6fd877]::sys::backtrace::__rust_begin_short_backtrace::<test[aada8e7e76ba119b]::run_test::{closure#1}, ()>
[INFO] [stdout]   19:     0x61ad84365642 - <std[617be2ca0a6fd877]::thread::lifecycle::spawn_unchecked<test[aada8e7e76ba119b]::run_test::{closure#1}, ()>::{closure#1} as core[a373ad73a504971]::ops::function::FnOnce<()>>::call_once::{shim:vtable#0}
[INFO] [stdout]   20:     0x61ad84498f4f - <std[617be2ca0a6fd877]::sys::thread::unix::Thread>::new::thread_start
[INFO] [stdout]   21:     0x7f9a6edbedfa - <unknown>
[INFO] [stdout]   22:     0x7f9a6ee523d4 - clone
[INFO] [stdout]   23:                0x0 - <unknown>
[INFO] [stdout] 
[INFO] [stdout] ---- reserve_test stdout ----
[INFO] [stdout] 
[INFO] [stdout] thread 'reserve_test' (1297) panicked at tests/mamenoki_test.rs:780:79:
[INFO] [stdout] called `Result::unwrap()` on an `Err` value: Os { code: 111, kind: ConnectionRefused, message: "Connection refused" }
[INFO] [stdout] stack backtrace:
[INFO] [stdout]    0:     0x61ad84499a71 - <<std[617be2ca0a6fd877]::sys::backtrace::BacktraceLock>::print::DisplayBacktrace as core[a373ad73a504971]::fmt::Display>::fmt
[INFO] [stdout]    1:     0x61ad844b04da - core[a373ad73a504971]::fmt::write
[INFO] [stdout]    2:     0x61ad8449e2ac - <alloc[2e1b2a31b91974c5]::vec::Vec<u8> as core[a373ad73a504971]::io::write::Write>::write_fmt
[INFO] [stdout]    3:     0x61ad84475306 - std[617be2ca0a6fd877]::panicking::default_hook::{closure#0}
[INFO] [stdout]    4:     0x61ad84491bd9 - std[617be2ca0a6fd877]::panicking::default_hook
[INFO] [stdout]    5:     0x61ad84361f90 - test[aada8e7e76ba119b]::test_main_inner::{closure#0}
[INFO] [stdout]    6:     0x61ad84491f02 - std[617be2ca0a6fd877]::panicking::panic_with_hook
[INFO] [stdout]    7:     0x61ad844753b2 - std[617be2ca0a6fd877]::panicking::panic_handler::{closure#0}
[INFO] [stdout]    8:     0x61ad8446dfe9 - std[617be2ca0a6fd877]::sys::backtrace::__rust_end_short_backtrace::<std[617be2ca0a6fd877]::panicking::panic_handler::{closure#0}, !>
[INFO] [stdout]    9:     0x61ad844761ad - __rustc[ea4f61d10b84890b]::rust_begin_unwind
[INFO] [stdout]   10:     0x61ad844b0cbc - core[a373ad73a504971]::panicking::panic_fmt
[INFO] [stdout]   11:     0x61ad844b0a92 - core[a373ad73a504971]::result::unwrap_failed
[INFO] [stdout]   12:     0x61ad8432a662 - mamenoki_test[c5507815209149d7]::setup_client::{closure#0}
[INFO] [stdout]   13:     0x61ad8432b8b9 - mamenoki_test[c5507815209149d7]::reserve_test::{closure#0}
[INFO] [stdout]   14:     0x61ad84350e6c - <tokio[9b4abd812f070c82]::runtime::runtime::Runtime>::block_on::<core[a373ad73a504971]::pin::Pin<&mut dyn core[a373ad73a504971]::future::future::Future<Output = ()>>>
[INFO] [stdout]   15:     0x61ad84334fe2 - <mamenoki_test[c5507815209149d7]::reserve_test::{closure#0} as core[a373ad73a504971]::ops::function::FnOnce<()>>::call_once
[INFO] [stdout]   16:     0x61ad843553db - test[aada8e7e76ba119b]::__rust_begin_short_backtrace::<core[a373ad73a504971]::result::Result<(), alloc[2e1b2a31b91974c5]::string::String>, fn() -> core[a373ad73a504971]::result::Result<(), alloc[2e1b2a31b91974c5]::string::String>>
[INFO] [stdout]   17:     0x61ad843625b5 - test[aada8e7e76ba119b]::run_test::{closure#0}
[INFO] [stdout]   18:     0x61ad8435bea4 - std[617be2ca0a6fd877]::sys::backtrace::__rust_begin_short_backtrace::<test[aada8e7e76ba119b]::run_test::{closure#1}, ()>
[INFO] [stdout]   19:     0x61ad84365642 - <std[617be2ca0a6fd877]::thread::lifecycle::spawn_unchecked<test[aada8e7e76ba119b]::run_test::{closure#1}, ()>::{closure#1} as core[a373ad73a504971]::ops::function::FnOnce<()>>::call_once::{shim:vtable#0}
[INFO] [stderr] error: test failed, to rerun pass `--test mamenoki_test`
[INFO] [stdout]   20:     0x61ad84498f4f - <std[617be2ca0a6fd877]::sys::thread::unix::Thread>::new::thread_start
[INFO] [stdout]   21:     0x7f9a6edbedfa - <unknown>
[INFO] [stdout]   22:     0x7f9a6ee523d4 - clone
[INFO] [stdout]   23:                0x0 - <unknown>
[INFO] [stdout] 
[INFO] [stdout] ---- release_with_config_test stdout ----
[INFO] [stdout] 
[INFO] [stdout] thread 'release_with_config_test' (1296) panicked at tests/mamenoki_test.rs:780:79:
[INFO] [stdout] called `Result::unwrap()` on an `Err` value: Os { code: 111, kind: ConnectionRefused, message: "Connection refused" }
[INFO] [stdout] stack backtrace:
[INFO] [stdout]    0:     0x61ad84499a71 - <<std[617be2ca0a6fd877]::sys::backtrace::BacktraceLock>::print::DisplayBacktrace as core[a373ad73a504971]::fmt::Display>::fmt
[INFO] [stdout]    1:     0x61ad844b04da - core[a373ad73a504971]::fmt::write
[INFO] [stdout]    2:     0x61ad8449e2ac - <alloc[2e1b2a31b91974c5]::vec::Vec<u8> as core[a373ad73a504971]::io::write::Write>::write_fmt
[INFO] [stdout]    3:     0x61ad84475306 - std[617be2ca0a6fd877]::panicking::default_hook::{closure#0}
[INFO] [stdout]    4:     0x61ad84491bd9 - std[617be2ca0a6fd877]::panicking::default_hook
[INFO] [stdout]    5:     0x61ad84361f90 - test[aada8e7e76ba119b]::test_main_inner::{closure#0}
[INFO] [stdout]    6:     0x61ad84491f02 - std[617be2ca0a6fd877]::panicking::panic_with_hook
[INFO] [stdout]    7:     0x61ad844753b2 - std[617be2ca0a6fd877]::panicking::panic_handler::{closure#0}
[INFO] [stdout]    8:     0x61ad8446dfe9 - std[617be2ca0a6fd877]::sys::backtrace::__rust_end_short_backtrace::<std[617be2ca0a6fd877]::panicking::panic_handler::{closure#0}, !>
[INFO] [stdout]    9:     0x61ad844761ad - __rustc[ea4f61d10b84890b]::rust_begin_unwind
[INFO] [stdout]   10:     0x61ad844b0cbc - core[a373ad73a504971]::panicking::panic_fmt
[INFO] [stdout]   11:     0x61ad844b0a92 - core[a373ad73a504971]::result::unwrap_failed
[INFO] [stdout]   12:     0x61ad8432a662 - mamenoki_test[c5507815209149d7]::setup_client::{closure#0}
[INFO] [stdout]   13:     0x61ad84330929 - mamenoki_test[c5507815209149d7]::release_with_config_test::{closure#0}
[INFO] [stdout]   14:     0x61ad84350e6c - <tokio[9b4abd812f070c82]::runtime::runtime::Runtime>::block_on::<core[a373ad73a504971]::pin::Pin<&mut dyn core[a373ad73a504971]::future::future::Future<Output = ()>>>
[INFO] [stdout]   15:     0x61ad843369c2 - <mamenoki_test[c5507815209149d7]::release_with_config_test::{closure#0} as core[a373ad73a504971]::ops::function::FnOnce<()>>::call_once
[INFO] [stdout]   16:     0x61ad843553db - test[aada8e7e76ba119b]::__rust_begin_short_backtrace::<core[a373ad73a504971]::result::Result<(), alloc[2e1b2a31b91974c5]::string::String>, fn() -> core[a373ad73a504971]::result::Result<(), alloc[2e1b2a31b91974c5]::string::String>>
[INFO] [stdout]   17:     0x61ad843625b5 - test[aada8e7e76ba119b]::run_test::{closure#0}
[INFO] [stdout]   18:     0x61ad8435bea4 - std[617be2ca0a6fd877]::sys::backtrace::__rust_begin_short_backtrace::<test[aada8e7e76ba119b]::run_test::{closure#1}, ()>
[INFO] [stdout]   19:     0x61ad84365642 - <std[617be2ca0a6fd877]::thread::lifecycle::spawn_unchecked<test[aada8e7e76ba119b]::run_test::{closure#1}, ()>::{closure#1} as core[a373ad73a504971]::ops::function::FnOnce<()>>::call_once::{shim:vtable#0}
[INFO] [stdout]   20:     0x61ad84498f4f - <std[617be2ca0a6fd877]::sys::thread::unix::Thread>::new::thread_start
[INFO] [stdout]   21:     0x7f9a6edbedfa - <unknown>
[INFO] [stdout]   22:     0x7f9a6ee523d4 - clone
[INFO] [stdout]   23:                0x0 - <unknown>
[INFO] [stdout] 
[INFO] [stdout] ---- stats_job_test stdout ----
[INFO] [stdout] 
[INFO] [stdout] thread 'stats_job_test' (1312) panicked at tests/mamenoki_test.rs:780:79:
[INFO] [stdout] called `Result::unwrap()` on an `Err` value: Os { code: 111, kind: ConnectionRefused, message: "Connection refused" }
[INFO] [stdout] stack backtrace:
[INFO] [stdout]    0:     0x61ad84499a71 - <<std[617be2ca0a6fd877]::sys::backtrace::BacktraceLock>::print::DisplayBacktrace as core[a373ad73a504971]::fmt::Display>::fmt
[INFO] [stdout]    1:     0x61ad844b04da - core[a373ad73a504971]::fmt::write
[INFO] [stdout]    2:     0x61ad8449e2ac - <alloc[2e1b2a31b91974c5]::vec::Vec<u8> as core[a373ad73a504971]::io::write::Write>::write_fmt
[INFO] [stdout]    3:     0x61ad84475306 - std[617be2ca0a6fd877]::panicking::default_hook::{closure#0}
[INFO] [stdout]    4:     0x61ad84491bd9 - std[617be2ca0a6fd877]::panicking::default_hook
[INFO] [stdout]    5:     0x61ad84361f90 - test[aada8e7e76ba119b]::test_main_inner::{closure#0}
[INFO] [stdout]    6:     0x61ad84491f02 - std[617be2ca0a6fd877]::panicking::panic_with_hook
[INFO] [stdout]    7:     0x61ad844753b2 - std[617be2ca0a6fd877]::panicking::panic_handler::{closure#0}
[INFO] [stdout]    8:     0x61ad8446dfe9 - std[617be2ca0a6fd877]::sys::backtrace::__rust_end_short_backtrace::<std[617be2ca0a6fd877]::panicking::panic_handler::{closure#0}, !>
[INFO] [stdout]    9:     0x61ad844761ad - __rustc[ea4f61d10b84890b]::rust_begin_unwind
[INFO] [stdout]   10:     0x61ad844b0cbc - core[a373ad73a504971]::panicking::panic_fmt
[INFO] [stdout]   11:     0x61ad844b0a92 - core[a373ad73a504971]::result::unwrap_failed
[INFO] [stdout]   12:     0x61ad8432a662 - mamenoki_test[c5507815209149d7]::setup_client::{closure#0}
[INFO] [stdout]   13:     0x61ad8432c609 - mamenoki_test[c5507815209149d7]::stats_job_test::{closure#0}
[INFO] [stdout]   14:     0x61ad84350e6c - <tokio[9b4abd812f070c82]::runtime::runtime::Runtime>::block_on::<core[a373ad73a504971]::pin::Pin<&mut dyn core[a373ad73a504971]::future::future::Future<Output = ()>>>
[INFO] [stdout]   15:     0x61ad84335432 - <mamenoki_test[c5507815209149d7]::stats_job_test::{closure#0} as core[a373ad73a504971]::ops::function::FnOnce<()>>::call_once
[INFO] [stdout]   16:     0x61ad843553db - test[aada8e7e76ba119b]::__rust_begin_short_backtrace::<core[a373ad73a504971]::result::Result<(), alloc[2e1b2a31b91974c5]::string::String>, fn() -> core[a373ad73a504971]::result::Result<(), alloc[2e1b2a31b91974c5]::string::String>>
[INFO] [stdout]   17:     0x61ad843625b5 - test[aada8e7e76ba119b]::run_test::{closure#0}
[INFO] [stdout]   18:     0x61ad8435bea4 - std[617be2ca0a6fd877]::sys::backtrace::__rust_begin_short_backtrace::<test[aada8e7e76ba119b]::run_test::{closure#1}, ()>
[INFO] [stdout]   19:     0x61ad84365642 - <std[617be2ca0a6fd877]::thread::lifecycle::spawn_unchecked<test[aada8e7e76ba119b]::run_test::{closure#1}, ()>::{closure#1} as core[a373ad73a504971]::ops::function::FnOnce<()>>::call_once::{shim:vtable#0}
[INFO] [stdout]   20:     0x61ad84498f4f - <std[617be2ca0a6fd877]::sys::thread::unix::Thread>::new::thread_start
[INFO] [stdout]   21:     0x7f9a6edbedfa - <unknown>
[INFO] [stdout]   22:     0x7f9a6ee523d4 - clone
[INFO] [stdout]   23:                0x0 - <unknown>
[INFO] [stdout] 
[INFO] [stdout] ---- reserve_with_timeout_error_case_test stdout ----
[INFO] [stdout] 
[INFO] [stdout] thread 'reserve_with_timeout_error_case_test' (1303) panicked at tests/mamenoki_test.rs:780:79:
[INFO] [stdout] called `Result::unwrap()` on an `Err` value: Os { code: 111, kind: ConnectionRefused, message: "Connection refused" }
[INFO] [stdout] stack backtrace:
[INFO] [stdout]    0:     0x61ad84499a71 - <<std[617be2ca0a6fd877]::sys::backtrace::BacktraceLock>::print::DisplayBacktrace as core[a373ad73a504971]::fmt::Display>::fmt
[INFO] [stdout]    1:     0x61ad844b04da - core[a373ad73a504971]::fmt::write
[INFO] [stdout]    2:     0x61ad8449e2ac - <alloc[2e1b2a31b91974c5]::vec::Vec<u8> as core[a373ad73a504971]::io::write::Write>::write_fmt
[INFO] [stdout]    3:     0x61ad84475306 - std[617be2ca0a6fd877]::panicking::default_hook::{closure#0}
[INFO] [stdout]    4:     0x61ad84491bd9 - std[617be2ca0a6fd877]::panicking::default_hook
[INFO] [stdout]    5:     0x61ad84361f90 - test[aada8e7e76ba119b]::test_main_inner::{closure#0}
[INFO] [stdout]    6:     0x61ad84491f02 - std[617be2ca0a6fd877]::panicking::panic_with_hook
[INFO] [stdout]    7:     0x61ad844753b2 - std[617be2ca0a6fd877]::panicking::panic_handler::{closure#0}
[INFO] [stdout]    8:     0x61ad8446dfe9 - std[617be2ca0a6fd877]::sys::backtrace::__rust_end_short_backtrace::<std[617be2ca0a6fd877]::panicking::panic_handler::{closure#0}, !>
[INFO] [stdout]    9:     0x61ad844761ad - __rustc[ea4f61d10b84890b]::rust_begin_unwind
[INFO] [stdout]   10:     0x61ad844b0cbc - core[a373ad73a504971]::panicking::panic_fmt
[INFO] [stdout]   11:     0x61ad844b0a92 - core[a373ad73a504971]::result::unwrap_failed
[INFO] [stdout]   12:     0x61ad8432a662 - mamenoki_test[c5507815209149d7]::setup_client::{closure#0}
[INFO] [stdout]   13:     0x61ad843328c9 - mamenoki_test[c5507815209149d7]::reserve_with_timeout_error_case_test::{closure#0}
[INFO] [stdout]   14:     0x61ad84350e6c - <tokio[9b4abd812f070c82]::runtime::runtime::Runtime>::block_on::<core[a373ad73a504971]::pin::Pin<&mut dyn core[a373ad73a504971]::future::future::Future<Output = ()>>>
[INFO] [stdout]   15:     0x61ad843373e2 - <mamenoki_test[c5507815209149d7]::reserve_with_timeout_error_case_test::{closure#0} as core[a373ad73a504971]::ops::function::FnOnce<()>>::call_once
[INFO] [stdout]   16:     0x61ad843553db - test[aada8e7e76ba119b]::__rust_begin_short_backtrace::<core[a373ad73a504971]::result::Result<(), alloc[2e1b2a31b91974c5]::string::String>, fn() -> core[a373ad73a504971]::result::Result<(), alloc[2e1b2a31b91974c5]::string::String>>
[INFO] [stdout]   17:     0x61ad843625b5 - test[aada8e7e76ba119b]::run_test::{closure#0}
[INFO] [stdout]   18:     0x61ad8435bea4 - std[617be2ca0a6fd877]::sys::backtrace::__rust_begin_short_backtrace::<test[aada8e7e76ba119b]::run_test::{closure#1}, ()>
[INFO] [stdout]   19:     0x61ad84365642 - <std[617be2ca0a6fd877]::thread::lifecycle::spawn_unchecked<test[aada8e7e76ba119b]::run_test::{closure#1}, ()>::{closure#1} as core[a373ad73a504971]::ops::function::FnOnce<()>>::call_once::{shim:vtable#0}
[INFO] [stdout]   20:     0x61ad84498f4f - <std[617be2ca0a6fd877]::sys::thread::unix::Thread>::new::thread_start
[INFO] [stdout]   21:     0x7f9a6edbedfa - <unknown>
[INFO] [stdout]   22:     0x7f9a6ee523d4 - clone
[INFO] [stdout]   23:                0x0 - <unknown>
[INFO] [stdout] 
[INFO] [stdout] ---- release_test stdout ----
[INFO] [stdout] 
[INFO] [stdout] thread 'release_test' (1282) panicked at tests/mamenoki_test.rs:780:79:
[INFO] [stdout] called `Result::unwrap()` on an `Err` value: Os { code: 111, kind: ConnectionRefused, message: "Connection refused" }
[INFO] [stdout] stack backtrace:
[INFO] [stdout]    0:     0x61ad84499a71 - <<std[617be2ca0a6fd877]::sys::backtrace::BacktraceLock>::print::DisplayBacktrace as core[a373ad73a504971]::fmt::Display>::fmt
[INFO] [stdout]    1:     0x61ad844b04da - core[a373ad73a504971]::fmt::write
[INFO] [stdout]    2:     0x61ad8449e2ac - <alloc[2e1b2a31b91974c5]::vec::Vec<u8> as core[a373ad73a504971]::io::write::Write>::write_fmt
[INFO] [stdout]    3:     0x61ad84475306 - std[617be2ca0a6fd877]::panicking::default_hook::{closure#0}
[INFO] [stdout]    4:     0x61ad84491bd9 - std[617be2ca0a6fd877]::panicking::default_hook
[INFO] [stdout]    5:     0x61ad84361f90 - test[aada8e7e76ba119b]::test_main_inner::{closure#0}
[INFO] [stdout]    6:     0x61ad84491f02 - std[617be2ca0a6fd877]::panicking::panic_with_hook
[INFO] [stdout]    7:     0x61ad844753b2 - std[617be2ca0a6fd877]::panicking::panic_handler::{closure#0}
[INFO] [stdout]    8:     0x61ad8446dfe9 - std[617be2ca0a6fd877]::sys::backtrace::__rust_end_short_backtrace::<std[617be2ca0a6fd877]::panicking::panic_handler::{closure#0}, !>
[INFO] [stdout]    9:     0x61ad844761ad - __rustc[ea4f61d10b84890b]::rust_begin_unwind
[INFO] [stdout]   10:     0x61ad844b0cbc - core[a373ad73a504971]::panicking::panic_fmt
[INFO] [stdout]   11:     0x61ad844b0a92 - core[a373ad73a504971]::result::unwrap_failed
[INFO] [stdout]   12:     0x61ad8432a662 - mamenoki_test[c5507815209149d7]::setup_client::{closure#0}
[INFO] [stdout]   13:     0x61ad8432b469 - mamenoki_test[c5507815209149d7]::release_test::{closure#0}
[INFO] [stdout]   14:     0x61ad84350e6c - <tokio[9b4abd812f070c82]::runtime::runtime::Runtime>::block_on::<core[a373ad73a504971]::pin::Pin<&mut dyn core[a373ad73a504971]::future::future::Future<Output = ()>>>
[INFO] [stdout]   15:     0x61ad84334e72 - <mamenoki_test[c5507815209149d7]::release_test::{closure#0} as core[a373ad73a504971]::ops::function::FnOnce<()>>::call_once
[INFO] [stdout]   16:     0x61ad843553db - test[aada8e7e76ba119b]::__rust_begin_short_backtrace::<core[a373ad73a504971]::result::Result<(), alloc[2e1b2a31b91974c5]::string::String>, fn() -> core[a373ad73a504971]::result::Result<(), alloc[2e1b2a31b91974c5]::string::String>>
[INFO] [stdout]   17:     0x61ad843625b5 - test[aada8e7e76ba119b]::run_test::{closure#0}
[INFO] [stdout]   18:     0x61ad8435bea4 - std[617be2ca0a6fd877]::sys::backtrace::__rust_begin_short_backtrace::<test[aada8e7e76ba119b]::run_test::{closure#1}, ()>
[INFO] [stdout]   19:     0x61ad84365642 - <std[617be2ca0a6fd877]::thread::lifecycle::spawn_unchecked<test[aada8e7e76ba119b]::run_test::{closure#1}, ()>::{closure#1} as core[a373ad73a504971]::ops::function::FnOnce<()>>::call_once::{shim:vtable#0}
[INFO] [stdout]   20:     0x61ad84498f4f - <std[617be2ca0a6fd877]::sys::thread::unix::Thread>::new::thread_start
[INFO] [stdout]   21:     0x7f9a6edbedfa - <unknown>
[INFO] [stdout]   22:     0x7f9a6ee523d4 - clone
[INFO] [stdout]   23:                0x0 - <unknown>
[INFO] [stdout] 
[INFO] [stdout] ---- stats_test stdout ----
[INFO] [stdout] 
[INFO] [stdout] thread 'stats_test' (1316) panicked at tests/mamenoki_test.rs:780:79:
[INFO] [stdout] called `Result::unwrap()` on an `Err` value: Os { code: 111, kind: ConnectionRefused, message: "Connection refused" }
[INFO] [stdout] stack backtrace:
[INFO] [stdout]    0:     0x61ad84499a71 - <<std[617be2ca0a6fd877]::sys::backtrace::BacktraceLock>::print::DisplayBacktrace as core[a373ad73a504971]::fmt::Display>::fmt
[INFO] [stdout]    1:     0x61ad844b04da - core[a373ad73a504971]::fmt::write
[INFO] [stdout]    2:     0x61ad8449e2ac - <alloc[2e1b2a31b91974c5]::vec::Vec<u8> as core[a373ad73a504971]::io::write::Write>::write_fmt
[INFO] [stdout]    3:     0x61ad84475306 - std[617be2ca0a6fd877]::panicking::default_hook::{closure#0}
[INFO] [stdout]    4:     0x61ad84491bd9 - std[617be2ca0a6fd877]::panicking::default_hook
[INFO] [stdout]    5:     0x61ad84361f90 - test[aada8e7e76ba119b]::test_main_inner::{closure#0}
[INFO] [stdout]    6:     0x61ad84491f02 - std[617be2ca0a6fd877]::panicking::panic_with_hook
[INFO] [stdout]    7:     0x61ad844753b2 - std[617be2ca0a6fd877]::panicking::panic_handler::{closure#0}
[INFO] [stdout]    8:     0x61ad8446dfe9 - std[617be2ca0a6fd877]::sys::backtrace::__rust_end_short_backtrace::<std[617be2ca0a6fd877]::panicking::panic_handler::{closure#0}, !>
[INFO] [stdout]    9:     0x61ad844761ad - __rustc[ea4f61d10b84890b]::rust_begin_unwind
[INFO] [stdout]   10:     0x61ad844b0cbc - core[a373ad73a504971]::panicking::panic_fmt
[INFO] [stdout]   11:     0x61ad844b0a92 - core[a373ad73a504971]::result::unwrap_failed
[INFO] [stdout]   12:     0x61ad8432a662 - mamenoki_test[c5507815209149d7]::setup_client::{closure#0}
[INFO] [stdout]   13:     0x61ad8432a80b - mamenoki_test[c5507815209149d7]::stats_test::{closure#0}
[INFO] [stdout]   14:     0x61ad84350e6c - <tokio[9b4abd812f070c82]::runtime::runtime::Runtime>::block_on::<core[a373ad73a504971]::pin::Pin<&mut dyn core[a373ad73a504971]::future::future::Future<Output = ()>>>
[INFO] [stdout]   15:     0x61ad843349a2 - <mamenoki_test[c5507815209149d7]::stats_test::{closure#0} as core[a373ad73a504971]::ops::function::FnOnce<()>>::call_once
[INFO] [stdout]   16:     0x61ad843553db - test[aada8e7e76ba119b]::__rust_begin_short_backtrace::<core[a373ad73a504971]::result::Result<(), alloc[2e1b2a31b91974c5]::string::String>, fn() -> core[a373ad73a504971]::result::Result<(), alloc[2e1b2a31b91974c5]::string::String>>
[INFO] [stdout]   17:     0x61ad843625b5 - test[aada8e7e76ba119b]::run_test::{closure#0}
[INFO] [stdout]   18:     0x61ad8435bea4 - std[617be2ca0a6fd877]::sys::backtrace::__rust_begin_short_backtrace::<test[aada8e7e76ba119b]::run_test::{closure#1}, ()>
[INFO] [stdout]   19:     0x61ad84365642 - <std[617be2ca0a6fd877]::thread::lifecycle::spawn_unchecked<test[aada8e7e76ba119b]::run_test::{closure#1}, ()>::{closure#1} as core[a373ad73a504971]::ops::function::FnOnce<()>>::call_once::{shim:vtable#0}
[INFO] [stdout]   20:     0x61ad84498f4f - <std[617be2ca0a6fd877]::sys::thread::unix::Thread>::new::thread_start
[INFO] [stdout]   21:     0x7f9a6edbedfa - <unknown>
[INFO] [stdout]   22:     0x7f9a6ee523d4 - clone
[INFO] [stdout]   23:                0x0 - <unknown>
[INFO] [stdout] 
[INFO] [stdout] ---- reserve_with_timeout_test stdout ----
[INFO] [stdout] 
[INFO] [stdout] thread 'reserve_with_timeout_test' (1305) panicked at tests/mamenoki_test.rs:780:79:
[INFO] [stdout] called `Result::unwrap()` on an `Err` value: Os { code: 111, kind: ConnectionRefused, message: "Connection refused" }
[INFO] [stdout] stack backtrace:
[INFO] [stdout]    0:     0x61ad84499a71 - <<std[617be2ca0a6fd877]::sys::backtrace::BacktraceLock>::print::DisplayBacktrace as core[a373ad73a504971]::fmt::Display>::fmt
[INFO] [stdout]    1:     0x61ad844b04da - core[a373ad73a504971]::fmt::write
[INFO] [stdout]    2:     0x61ad8449e2ac - <alloc[2e1b2a31b91974c5]::vec::Vec<u8> as core[a373ad73a504971]::io::write::Write>::write_fmt
[INFO] [stdout]    3:     0x61ad84475306 - std[617be2ca0a6fd877]::panicking::default_hook::{closure#0}
[INFO] [stdout]    4:     0x61ad84491bd9 - std[617be2ca0a6fd877]::panicking::default_hook
[INFO] [stdout]    5:     0x61ad84361f90 - test[aada8e7e76ba119b]::test_main_inner::{closure#0}
[INFO] [stdout]    6:     0x61ad84491f02 - std[617be2ca0a6fd877]::panicking::panic_with_hook
[INFO] [stdout]    7:     0x61ad844753b2 - std[617be2ca0a6fd877]::panicking::panic_handler::{closure#0}
[INFO] [stdout]    8:     0x61ad8446dfe9 - std[617be2ca0a6fd877]::sys::backtrace::__rust_end_short_backtrace::<std[617be2ca0a6fd877]::panicking::panic_handler::{closure#0}, !>
[INFO] [stdout]    9:     0x61ad844761ad - __rustc[ea4f61d10b84890b]::rust_begin_unwind
[INFO] [stdout]   10:     0x61ad844b0cbc - core[a373ad73a504971]::panicking::panic_fmt
[INFO] [stdout]   11:     0x61ad844b0a92 - core[a373ad73a504971]::result::unwrap_failed
[INFO] [stdout]   12:     0x61ad8432a662 - mamenoki_test[c5507815209149d7]::setup_client::{closure#0}
[INFO] [stdout]   13:     0x61ad84330d79 - mamenoki_test[c5507815209149d7]::reserve_with_timeout_test::{closure#0}
[INFO] [stdout]   14:     0x61ad84350e6c - <tokio[9b4abd812f070c82]::runtime::runtime::Runtime>::block_on::<core[a373ad73a504971]::pin::Pin<&mut dyn core[a373ad73a504971]::future::future::Future<Output = ()>>>
[INFO] [stdout]   15:     0x61ad84336b32 - <mamenoki_test[c5507815209149d7]::reserve_with_timeout_test::{closure#0} as core[a373ad73a504971]::ops::function::FnOnce<()>>::call_once
[INFO] [stdout]   16:     0x61ad843553db - test[aada8e7e76ba119b]::__rust_begin_short_backtrace::<core[a373ad73a504971]::result::Result<(), alloc[2e1b2a31b91974c5]::string::String>, fn() -> core[a373ad73a504971]::result::Result<(), alloc[2e1b2a31b91974c5]::string::String>>
[INFO] [stdout]   17:     0x61ad843625b5 - test[aada8e7e76ba119b]::run_test::{closure#0}
[INFO] [stdout]   18:     0x61ad8435bea4 - std[617be2ca0a6fd877]::sys::backtrace::__rust_begin_short_backtrace::<test[aada8e7e76ba119b]::run_test::{closure#1}, ()>
[INFO] [stdout]   19:     0x61ad84365642 - <std[617be2ca0a6fd877]::thread::lifecycle::spawn_unchecked<test[aada8e7e76ba119b]::run_test::{closure#1}, ()>::{closure#1} as core[a373ad73a504971]::ops::function::FnOnce<()>>::call_once::{shim:vtable#0}
[INFO] [stdout]   20:     0x61ad84498f4f - <std[617be2ca0a6fd877]::sys::thread::unix::Thread>::new::thread_start
[INFO] [stdout]   21:     0x7f9a6edbedfa - <unknown>
[INFO] [stdout]   22:     0x7f9a6ee523d4 - clone
[INFO] [stdout]   23:                0x0 - <unknown>
[INFO] [stdout] 
[INFO] [stdout] ---- stats_tube_test stdout ----
[INFO] [stdout] 
[INFO] [stdout] thread 'stats_tube_test' (1321) panicked at tests/mamenoki_test.rs:780:79:
[INFO] [stdout] called `Result::unwrap()` on an `Err` value: Os { code: 111, kind: ConnectionRefused, message: "Connection refused" }
[INFO] [stdout] stack backtrace:
[INFO] [stdout]    0:     0x61ad84499a71 - <<std[617be2ca0a6fd877]::sys::backtrace::BacktraceLock>::print::DisplayBacktrace as core[a373ad73a504971]::fmt::Display>::fmt
[INFO] [stdout]    1:     0x61ad844b04da - core[a373ad73a504971]::fmt::write
[INFO] [stdout]    2:     0x61ad8449e2ac - <alloc[2e1b2a31b91974c5]::vec::Vec<u8> as core[a373ad73a504971]::io::write::Write>::write_fmt
[INFO] [stdout]    3:     0x61ad84475306 - std[617be2ca0a6fd877]::panicking::default_hook::{closure#0}
[INFO] [stdout]    4:     0x61ad84491bd9 - std[617be2ca0a6fd877]::panicking::default_hook
[INFO] [stdout]    5:     0x61ad84361f90 - test[aada8e7e76ba119b]::test_main_inner::{closure#0}
[INFO] [stdout]    6:     0x61ad84491f02 - std[617be2ca0a6fd877]::panicking::panic_with_hook
[INFO] [stdout]    7:     0x61ad844753b2 - std[617be2ca0a6fd877]::panicking::panic_handler::{closure#0}
[INFO] [stdout]    8:     0x61ad8446dfe9 - std[617be2ca0a6fd877]::sys::backtrace::__rust_end_short_backtrace::<std[617be2ca0a6fd877]::panicking::panic_handler::{closure#0}, !>
[INFO] [stdout]    9:     0x61ad844761ad - __rustc[ea4f61d10b84890b]::rust_begin_unwind
[INFO] [stdout]   10:     0x61ad844b0cbc - core[a373ad73a504971]::panicking::panic_fmt
[INFO] [stdout]   11:     0x61ad844b0a92 - core[a373ad73a504971]::result::unwrap_failed
[INFO] [stdout]   12:     0x61ad8432a662 - mamenoki_test[c5507815209149d7]::setup_client::{closure#0}
[INFO] [stdout]   13:     0x61ad8432d749 - mamenoki_test[c5507815209149d7]::stats_tube_test::{closure#0}
[INFO] [stdout]   14:     0x61ad84350e6c - <tokio[9b4abd812f070c82]::runtime::runtime::Runtime>::block_on::<core[a373ad73a504971]::pin::Pin<&mut dyn core[a373ad73a504971]::future::future::Future<Output = ()>>>
[INFO] [stdout]   15:     0x61ad843359f2 - <mamenoki_test[c5507815209149d7]::stats_tube_test::{closure#0} as core[a373ad73a504971]::ops::function::FnOnce<()>>::call_once
[INFO] [stdout]   16:     0x61ad843553db - test[aada8e7e76ba119b]::__rust_begin_short_backtrace::<core[a373ad73a504971]::result::Result<(), alloc[2e1b2a31b91974c5]::string::String>, fn() -> core[a373ad73a504971]::result::Result<(), alloc[2e1b2a31b91974c5]::string::String>>
[INFO] [stdout]   17:     0x61ad843625b5 - test[aada8e7e76ba119b]::run_test::{closure#0}
[INFO] [stdout]   18:     0x61ad8435bea4 - std[617be2ca0a6fd877]::sys::backtrace::__rust_begin_short_backtrace::<test[aada8e7e76ba119b]::run_test::{closure#1}, ()>
[INFO] [stdout]   19:     0x61ad84365642 - <std[617be2ca0a6fd877]::thread::lifecycle::spawn_unchecked<test[aada8e7e76ba119b]::run_test::{closure#1}, ()>::{closure#1} as core[a373ad73a504971]::ops::function::FnOnce<()>>::call_once::{shim:vtable#0}
[INFO] [stdout]   20:     0x61ad84498f4f - <std[617be2ca0a6fd877]::sys::thread::unix::Thread>::new::thread_start
[INFO] [stdout]   21:     0x7f9a6edbedfa - <unknown>
[INFO] [stdout]   22:     0x7f9a6ee523d4 - clone
[INFO] [stdout]   23:                0x0 - <unknown>
[INFO] [stdout] 
[INFO] [stdout] ---- watch_tube_test stdout ----
[INFO] [stdout] 
[INFO] [stdout] thread 'watch_tube_test' (1328) panicked at tests/mamenoki_test.rs:780:79:
[INFO] [stdout] called `Result::unwrap()` on an `Err` value: Os { code: 111, kind: ConnectionRefused, message: "Connection refused" }
[INFO] [stdout] stack backtrace:
[INFO] [stdout]    0:     0x61ad84499a71 - <<std[617be2ca0a6fd877]::sys::backtrace::BacktraceLock>::print::DisplayBacktrace as core[a373ad73a504971]::fmt::Display>::fmt
[INFO] [stdout]    1:     0x61ad844b04da - core[a373ad73a504971]::fmt::write
[INFO] [stdout]    2:     0x61ad8449e2ac - <alloc[2e1b2a31b91974c5]::vec::Vec<u8> as core[a373ad73a504971]::io::write::Write>::write_fmt
[INFO] [stdout]    3:     0x61ad84475306 - std[617be2ca0a6fd877]::panicking::default_hook::{closure#0}
[INFO] [stdout]    4:     0x61ad84491bd9 - std[617be2ca0a6fd877]::panicking::default_hook
[INFO] [stdout]    5:     0x61ad84361f90 - test[aada8e7e76ba119b]::test_main_inner::{closure#0}
[INFO] [stdout]    6:     0x61ad84491f02 - std[617be2ca0a6fd877]::panicking::panic_with_hook
[INFO] [stdout]    7:     0x61ad844753b2 - std[617be2ca0a6fd877]::panicking::panic_handler::{closure#0}
[INFO] [stdout]    8:     0x61ad8446dfe9 - std[617be2ca0a6fd877]::sys::backtrace::__rust_end_short_backtrace::<std[617be2ca0a6fd877]::panicking::panic_handler::{closure#0}, !>
[INFO] [stdout]    9:     0x61ad844761ad - __rustc[ea4f61d10b84890b]::rust_begin_unwind
[INFO] [stdout]   10:     0x61ad844b0cbc - core[a373ad73a504971]::panicking::panic_fmt
[INFO] [stdout]   11:     0x61ad844b0a92 - core[a373ad73a504971]::result::unwrap_failed
[INFO] [stdout]   12:     0x61ad8432a662 - mamenoki_test[c5507815209149d7]::setup_client::{closure#0}
[INFO] [stdout]   13:     0x61ad8432db99 - mamenoki_test[c5507815209149d7]::watch_tube_test::{closure#0}
[INFO] [stdout]   14:     0x61ad84350e6c - <tokio[9b4abd812f070c82]::runtime::runtime::Runtime>::block_on::<core[a373ad73a504971]::pin::Pin<&mut dyn core[a373ad73a504971]::future::future::Future<Output = ()>>>
[INFO] [stdout]   15:     0x61ad84335b62 - <mamenoki_test[c5507815209149d7]::watch_tube_test::{closure#0} as core[a373ad73a504971]::ops::function::FnOnce<()>>::call_once
[INFO] [stdout]   16:     0x61ad843553db - test[aada8e7e76ba119b]::__rust_begin_short_backtrace::<core[a373ad73a504971]::result::Result<(), alloc[2e1b2a31b91974c5]::string::String>, fn() -> core[a373ad73a504971]::result::Result<(), alloc[2e1b2a31b91974c5]::string::String>>
[INFO] [stdout]   17:     0x61ad843625b5 - test[aada8e7e76ba119b]::run_test::{closure#0}
[INFO] [stdout]   18:     0x61ad8435bea4 - std[617be2ca0a6fd877]::sys::backtrace::__rust_begin_short_backtrace::<test[aada8e7e76ba119b]::run_test::{closure#1}, ()>
[INFO] [stdout]   19:     0x61ad84365642 - <std[617be2ca0a6fd877]::thread::lifecycle::spawn_unchecked<test[aada8e7e76ba119b]::run_test::{closure#1}, ()>::{closure#1} as core[a373ad73a504971]::ops::function::FnOnce<()>>::call_once::{shim:vtable#0}
[INFO] [stdout]   20:     0x61ad84498f4f - <std[617be2ca0a6fd877]::sys::thread::unix::Thread>::new::thread_start
[INFO] [stdout]   21:     0x7f9a6edbedfa - <unknown>
[INFO] [stdout]   22:     0x7f9a6ee523d4 - clone
[INFO] [stdout]   23:                0x0 - <unknown>
[INFO] [stdout] 
[INFO] [stdout] ---- touch_failure_case_test stdout ----
[INFO] [stdout] 
[INFO] [stdout] thread 'touch_failure_case_test' (1325) panicked at tests/mamenoki_test.rs:780:79:
[INFO] [stdout] called `Result::unwrap()` on an `Err` value: Os { code: 111, kind: ConnectionRefused, message: "Connection refused" }
[INFO] [stdout] stack backtrace:
[INFO] [stdout]    0:     0x61ad84499a71 - <<std[617be2ca0a6fd877]::sys::backtrace::BacktraceLock>::print::DisplayBacktrace as core[a373ad73a504971]::fmt::Display>::fmt
[INFO] [stdout]    1:     0x61ad844b04da - core[a373ad73a504971]::fmt::write
[INFO] [stdout]    2:     0x61ad8449e2ac - <alloc[2e1b2a31b91974c5]::vec::Vec<u8> as core[a373ad73a504971]::io::write::Write>::write_fmt
[INFO] [stdout]    3:     0x61ad84475306 - std[617be2ca0a6fd877]::panicking::default_hook::{closure#0}
[INFO] [stdout]    4:     0x61ad84491bd9 - std[617be2ca0a6fd877]::panicking::default_hook
[INFO] [stdout]    5:     0x61ad84361f90 - test[aada8e7e76ba119b]::test_main_inner::{closure#0}
[INFO] [stdout]    6:     0x61ad84491f02 - std[617be2ca0a6fd877]::panicking::panic_with_hook
[INFO] [stdout]    7:     0x61ad844753b2 - std[617be2ca0a6fd877]::panicking::panic_handler::{closure#0}
[INFO] [stdout]    8:     0x61ad8446dfe9 - std[617be2ca0a6fd877]::sys::backtrace::__rust_end_short_backtrace::<std[617be2ca0a6fd877]::panicking::panic_handler::{closure#0}, !>
[INFO] [stdout]    9:     0x61ad844761ad - __rustc[ea4f61d10b84890b]::rust_begin_unwind
[INFO] [stdout]   10:     0x61ad844b0cbc - core[a373ad73a504971]::panicking::panic_fmt
[INFO] [stdout]   11:     0x61ad844b0a92 - core[a373ad73a504971]::result::unwrap_failed
[INFO] [stdout]   12:     0x61ad8432a662 - mamenoki_test[c5507815209149d7]::setup_client::{closure#0}
[INFO] [stdout]   13:     0x61ad84330429 - mamenoki_test[c5507815209149d7]::touch_failure_case_test::{closure#0}
[INFO] [stdout]   14:     0x61ad84350e6c - <tokio[9b4abd812f070c82]::runtime::runtime::Runtime>::block_on::<core[a373ad73a504971]::pin::Pin<&mut dyn core[a373ad73a504971]::future::future::Future<Output = ()>>>
[INFO] [stdout]   15:     0x61ad84336852 - <mamenoki_test[c5507815209149d7]::touch_failure_case_test::{closure#0} as core[a373ad73a504971]::ops::function::FnOnce<()>>::call_once
[INFO] [stdout]   16:     0x61ad843553db - test[aada8e7e76ba119b]::__rust_begin_short_backtrace::<core[a373ad73a504971]::result::Result<(), alloc[2e1b2a31b91974c5]::string::String>, fn() -> core[a373ad73a504971]::result::Result<(), alloc[2e1b2a31b91974c5]::string::String>>
[INFO] [stdout]   17:     0x61ad843625b5 - test[aada8e7e76ba119b]::run_test::{closure#0}
[INFO] [stdout]   18:     0x61ad8435bea4 - std[617be2ca0a6fd877]::sys::backtrace::__rust_begin_short_backtrace::<test[aada8e7e76ba119b]::run_test::{closure#1}, ()>
[INFO] [stdout]   19:     0x61ad84365642 - <std[617be2ca0a6fd877]::thread::lifecycle::spawn_unchecked<test[aada8e7e76ba119b]::run_test::{closure#1}, ()>::{closure#1} as core[a373ad73a504971]::ops::function::FnOnce<()>>::call_once::{shim:vtable#0}
[INFO] [stdout]   20:     0x61ad84498f4f - <std[617be2ca0a6fd877]::sys::thread::unix::Thread>::new::thread_start
[INFO] [stdout]   21:     0x7f9a6edbedfa - <unknown>
[INFO] [stdout]   22:     0x7f9a6ee523d4 - clone
[INFO] [stdout]   23:                0x0 - <unknown>
[INFO] [stdout] 
[INFO] [stdout] ---- use_tube_test stdout ----
[INFO] [stdout] 
[INFO] [stdout] thread 'use_tube_test' (1327) panicked at tests/mamenoki_test.rs:780:79:
[INFO] [stdout] called `Result::unwrap()` on an `Err` value: Os { code: 111, kind: ConnectionRefused, message: "Connection refused" }
[INFO] [stdout] stack backtrace:
[INFO] [stdout]    0:     0x61ad84499a71 - <<std[617be2ca0a6fd877]::sys::backtrace::BacktraceLock>::print::DisplayBacktrace as core[a373ad73a504971]::fmt::Display>::fmt
[INFO] [stdout]    1:     0x61ad844b04da - core[a373ad73a504971]::fmt::write
[INFO] [stdout]    2:     0x61ad8449e2ac - <alloc[2e1b2a31b91974c5]::vec::Vec<u8> as core[a373ad73a504971]::io::write::Write>::write_fmt
[INFO] [stdout]    3:     0x61ad84475306 - std[617be2ca0a6fd877]::panicking::default_hook::{closure#0}
[INFO] [stdout]    4:     0x61ad84491bd9 - std[617be2ca0a6fd877]::panicking::default_hook
[INFO] [stdout]    5:     0x61ad84361f90 - test[aada8e7e76ba119b]::test_main_inner::{closure#0}
[INFO] [stdout]    6:     0x61ad84491f02 - std[617be2ca0a6fd877]::panicking::panic_with_hook
[INFO] [stdout]    7:     0x61ad844753b2 - std[617be2ca0a6fd877]::panicking::panic_handler::{closure#0}
[INFO] [stdout]    8:     0x61ad8446dfe9 - std[617be2ca0a6fd877]::sys::backtrace::__rust_end_short_backtrace::<std[617be2ca0a6fd877]::panicking::panic_handler::{closure#0}, !>
[INFO] [stdout]    9:     0x61ad844761ad - __rustc[ea4f61d10b84890b]::rust_begin_unwind
[INFO] [stdout]   10:     0x61ad844b0cbc - core[a373ad73a504971]::panicking::panic_fmt
[INFO] [stdout]   11:     0x61ad844b0a92 - core[a373ad73a504971]::result::unwrap_failed
[INFO] [stdout]   12:     0x61ad8432a662 - mamenoki_test[c5507815209149d7]::setup_client::{closure#0}
[INFO] [stdout]   13:     0x61ad8432c159 - mamenoki_test[c5507815209149d7]::use_tube_test::{closure#0}
[INFO] [stdout]   14:     0x61ad84350e6c - <tokio[9b4abd812f070c82]::runtime::runtime::Runtime>::block_on::<core[a373ad73a504971]::pin::Pin<&mut dyn core[a373ad73a504971]::future::future::Future<Output = ()>>>
[INFO] [stdout]   15:     0x61ad843352c2 - <mamenoki_test[c5507815209149d7]::use_tube_test::{closure#0} as core[a373ad73a504971]::ops::function::FnOnce<()>>::call_once
[INFO] [stdout]   16:     0x61ad843553db - test[aada8e7e76ba119b]::__rust_begin_short_backtrace::<core[a373ad73a504971]::result::Result<(), alloc[2e1b2a31b91974c5]::string::String>, fn() -> core[a373ad73a504971]::result::Result<(), alloc[2e1b2a31b91974c5]::string::String>>
[INFO] [stdout]   17:     0x61ad843625b5 - test[aada8e7e76ba119b]::run_test::{closure#0}
[INFO] [stdout]   18:     0x61ad8435bea4 - std[617be2ca0a6fd877]::sys::backtrace::__rust_begin_short_backtrace::<test[aada8e7e76ba119b]::run_test::{closure#1}, ()>
[INFO] [stdout]   19:     0x61ad84365642 - <std[617be2ca0a6fd877]::thread::lifecycle::spawn_unchecked<test[aada8e7e76ba119b]::run_test::{closure#1}, ()>::{closure#1} as core[a373ad73a504971]::ops::function::FnOnce<()>>::call_once::{shim:vtable#0}
[INFO] [stdout]   20:     0x61ad84498f4f - <std[617be2ca0a6fd877]::sys::thread::unix::Thread>::new::thread_start
[INFO] [stdout]   21:     0x7f9a6edbedfa - <unknown>
[INFO] [stdout]   22:     0x7f9a6ee523d4 - clone
[INFO] [stdout]   23:                0x0 - <unknown>
[INFO] [stdout] 
[INFO] [stdout] ---- stats_tube_failure_case_test stdout ----
[INFO] [stdout] 
[INFO] [stdout] thread 'stats_tube_failure_case_test' (1319) panicked at tests/mamenoki_test.rs:780:79:
[INFO] [stdout] called `Result::unwrap()` on an `Err` value: Os { code: 111, kind: ConnectionRefused, message: "Connection refused" }
[INFO] [stdout] stack backtrace:
[INFO] [stdout]    0:     0x61ad84499a71 - <<std[617be2ca0a6fd877]::sys::backtrace::BacktraceLock>::print::DisplayBacktrace as core[a373ad73a504971]::fmt::Display>::fmt
[INFO] [stdout]    1:     0x61ad844b04da - core[a373ad73a504971]::fmt::write
[INFO] [stdout]    2:     0x61ad8449e2ac - <alloc[2e1b2a31b91974c5]::vec::Vec<u8> as core[a373ad73a504971]::io::write::Write>::write_fmt
[INFO] [stdout]    3:     0x61ad84475306 - std[617be2ca0a6fd877]::panicking::default_hook::{closure#0}
[INFO] [stdout]    4:     0x61ad84491bd9 - std[617be2ca0a6fd877]::panicking::default_hook
[INFO] [stdout]    5:     0x61ad84361f90 - test[aada8e7e76ba119b]::test_main_inner::{closure#0}
[INFO] [stdout]    6:     0x61ad84491f02 - std[617be2ca0a6fd877]::panicking::panic_with_hook
[INFO] [stdout]    7:     0x61ad844753b2 - std[617be2ca0a6fd877]::panicking::panic_handler::{closure#0}
[INFO] [stdout]    8:     0x61ad8446dfe9 - std[617be2ca0a6fd877]::sys::backtrace::__rust_end_short_backtrace::<std[617be2ca0a6fd877]::panicking::panic_handler::{closure#0}, !>
[INFO] [stdout]    9:     0x61ad844761ad - __rustc[ea4f61d10b84890b]::rust_begin_unwind
[INFO] [stdout]   10:     0x61ad844b0cbc - core[a373ad73a504971]::panicking::panic_fmt
[INFO] [stdout]   11:     0x61ad844b0a92 - core[a373ad73a504971]::result::unwrap_failed
[INFO] [stdout]   12:     0x61ad8432a662 - mamenoki_test[c5507815209149d7]::setup_client::{closure#0}
[INFO] [stdout]   13:     0x61ad84331b19 - mamenoki_test[c5507815209149d7]::stats_tube_failure_case_test::{closure#0}
[INFO] [stdout]   14:     0x61ad84350e6c - <tokio[9b4abd812f070c82]::runtime::runtime::Runtime>::block_on::<core[a373ad73a504971]::pin::Pin<&mut dyn core[a373ad73a504971]::future::future::Future<Output = ()>>>
[INFO] [stdout]   15:     0x61ad84336f82 - <mamenoki_test[c5507815209149d7]::stats_tube_failure_case_test::{closure#0} as core[a373ad73a504971]::ops::function::FnOnce<()>>::call_once
[INFO] [stdout]   16:     0x61ad843553db - test[aada8e7e76ba119b]::__rust_begin_short_backtrace::<core[a373ad73a504971]::result::Result<(), alloc[2e1b2a31b91974c5]::string::String>, fn() -> core[a373ad73a504971]::result::Result<(), alloc[2e1b2a31b91974c5]::string::String>>
[INFO] [stdout]   17:     0x61ad843625b5 - test[aada8e7e76ba119b]::run_test::{closure#0}
[INFO] [stdout]   18:     0x61ad8435bea4 - std[617be2ca0a6fd877]::sys::backtrace::__rust_begin_short_backtrace::<test[aada8e7e76ba119b]::run_test::{closure#1}, ()>
[INFO] [stdout]   19:     0x61ad84365642 - <std[617be2ca0a6fd877]::thread::lifecycle::spawn_unchecked<test[aada8e7e76ba119b]::run_test::{closure#1}, ()>::{closure#1} as core[a373ad73a504971]::ops::function::FnOnce<()>>::call_once::{shim:vtable#0}
[INFO] [stdout]   20:     0x61ad84498f4f - <std[617be2ca0a6fd877]::sys::thread::unix::Thread>::new::thread_start
[INFO] [stdout]   21:     0x7f9a6edbedfa - <unknown>
[INFO] [stdout]   22:     0x7f9a6ee523d4 - clone
[INFO] [stdout]   23:                0x0 - <unknown>
[INFO] [stdout] 
[INFO] [stdout] ---- touch_test stdout ----
[INFO] [stdout] 
[INFO] [stdout] thread 'touch_test' (1326) panicked at tests/mamenoki_test.rs:780:79:
[INFO] [stdout] called `Result::unwrap()` on an `Err` value: Os { code: 111, kind: ConnectionRefused, message: "Connection refused" }
[INFO] [stdout] stack backtrace:
[INFO] [stdout]    0:     0x61ad84499a71 - <<std[617be2ca0a6fd877]::sys::backtrace::BacktraceLock>::print::DisplayBacktrace as core[a373ad73a504971]::fmt::Display>::fmt
[INFO] [stdout]    1:     0x61ad844b04da - core[a373ad73a504971]::fmt::write
[INFO] [stdout]    2:     0x61ad8449e2ac - <alloc[2e1b2a31b91974c5]::vec::Vec<u8> as core[a373ad73a504971]::io::write::Write>::write_fmt
[INFO] [stdout]    3:     0x61ad84475306 - std[617be2ca0a6fd877]::panicking::default_hook::{closure#0}
[INFO] [stdout]    4:     0x61ad84491bd9 - std[617be2ca0a6fd877]::panicking::default_hook
[INFO] [stdout]    5:     0x61ad84361f90 - test[aada8e7e76ba119b]::test_main_inner::{closure#0}
[INFO] [stdout]    6:     0x61ad84491f02 - std[617be2ca0a6fd877]::panicking::panic_with_hook
[INFO] [stdout]    7:     0x61ad844753b2 - std[617be2ca0a6fd877]::panicking::panic_handler::{closure#0}
[INFO] [stdout]    8:     0x61ad8446dfe9 - std[617be2ca0a6fd877]::sys::backtrace::__rust_end_short_backtrace::<std[617be2ca0a6fd877]::panicking::panic_handler::{closure#0}, !>
[INFO] [stdout]    9:     0x61ad844761ad - __rustc[ea4f61d10b84890b]::rust_begin_unwind
[INFO] [stdout]   10:     0x61ad844b0cbc - core[a373ad73a504971]::panicking::panic_fmt
[INFO] [stdout]   11:     0x61ad844b0a92 - core[a373ad73a504971]::result::unwrap_failed
[INFO] [stdout]   12:     0x61ad8432a662 - mamenoki_test[c5507815209149d7]::setup_client::{closure#0}
[INFO] [stdout]   13:     0x61ad8432abc9 - mamenoki_test[c5507815209149d7]::touch_test::{closure#0}
[INFO] [stdout]   14:     0x61ad84350e6c - <tokio[9b4abd812f070c82]::runtime::runtime::Runtime>::block_on::<core[a373ad73a504971]::pin::Pin<&mut dyn core[a373ad73a504971]::future::future::Future<Output = ()>>>
[INFO] [stdout]   15:     0x61ad84334b92 - <mamenoki_test[c5507815209149d7]::touch_test::{closure#0} as core[a373ad73a504971]::ops::function::FnOnce<()>>::call_once
[INFO] [stdout]   16:     0x61ad843553db - test[aada8e7e76ba119b]::__rust_begin_short_backtrace::<core[a373ad73a504971]::result::Result<(), alloc[2e1b2a31b91974c5]::string::String>, fn() -> core[a373ad73a504971]::result::Result<(), alloc[2e1b2a31b91974c5]::string::String>>
[INFO] [stdout]   17:     0x61ad843625b5 - test[aada8e7e76ba119b]::run_test::{closure#0}
[INFO] [stdout]   18:     0x61ad8435bea4 - std[617be2ca0a6fd877]::sys::backtrace::__rust_begin_short_backtrace::<test[aada8e7e76ba119b]::run_test::{closure#1}, ()>
[INFO] [stdout]   19:     0x61ad84365642 - <std[617be2ca0a6fd877]::thread::lifecycle::spawn_unchecked<test[aada8e7e76ba119b]::run_test::{closure#1}, ()>::{closure#1} as core[a373ad73a504971]::ops::function::FnOnce<()>>::call_once::{shim:vtable#0}
[INFO] [stdout]   20:     0x61ad84498f4f - <std[617be2ca0a6fd877]::sys::thread::unix::Thread>::new::thread_start
[INFO] [stdout]   21:     0x7f9a6edbedfa - <unknown>
[INFO] [stdout]   22:     0x7f9a6ee523d4 - clone
[INFO] [stdout]   23:                0x0 - <unknown>
[INFO] [stdout] 
[INFO] [stdout] ---- kick_test stdout ----
[INFO] [stdout] 
[INFO] [stdout] thread 'kick_test' (1213) panicked at tests/mamenoki_test.rs:780:79:
[INFO] [stdout] called `Result::unwrap()` on an `Err` value: Os { code: 111, kind: ConnectionRefused, message: "Connection refused" }
[INFO] [stdout] stack backtrace:
[INFO] [stdout]    0:     0x61ad84499a71 - <<std[617be2ca0a6fd877]::sys::backtrace::BacktraceLock>::print::DisplayBacktrace as core[a373ad73a504971]::fmt::Display>::fmt
[INFO] [stdout]    1:     0x61ad844b04da - core[a373ad73a504971]::fmt::write
[INFO] [stdout]    2:     0x61ad8449e2ac - <alloc[2e1b2a31b91974c5]::vec::Vec<u8> as core[a373ad73a504971]::io::write::Write>::write_fmt
[INFO] [stdout]    3:     0x61ad84475306 - std[617be2ca0a6fd877]::panicking::default_hook::{closure#0}
[INFO] [stdout]    4:     0x61ad84491bd9 - std[617be2ca0a6fd877]::panicking::default_hook
[INFO] [stdout]    5:     0x61ad84361f90 - test[aada8e7e76ba119b]::test_main_inner::{closure#0}
[INFO] [stdout]    6:     0x61ad84491f02 - std[617be2ca0a6fd877]::panicking::panic_with_hook
[INFO] [stdout]    7:     0x61ad844753b2 - std[617be2ca0a6fd877]::panicking::panic_handler::{closure#0}
[INFO] [stdout]    8:     0x61ad8446dfe9 - std[617be2ca0a6fd877]::sys::backtrace::__rust_end_short_backtrace::<std[617be2ca0a6fd877]::panicking::panic_handler::{closure#0}, !>
[INFO] [stdout]    9:     0x61ad844761ad - __rustc[ea4f61d10b84890b]::rust_begin_unwind
[INFO] [stdout]   10:     0x61ad844b0cbc - core[a373ad73a504971]::panicking::panic_fmt
[INFO] [stdout]   11:     0x61ad844b0a92 - core[a373ad73a504971]::result::unwrap_failed
[INFO] [stdout]   12:     0x61ad8432a662 - mamenoki_test[c5507815209149d7]::setup_client::{closure#0}
[INFO] [stdout]   13:     0x61ad84333af9 - mamenoki_test[c5507815209149d7]::kick_test::{closure#0}
[INFO] [stdout]   14:     0x61ad84350e6c - <tokio[9b4abd812f070c82]::runtime::runtime::Runtime>::block_on::<core[a373ad73a504971]::pin::Pin<&mut dyn core[a373ad73a504971]::future::future::Future<Output = ()>>>
[INFO] [stdout]   15:     0x61ad843379a2 - <mamenoki_test[c5507815209149d7]::kick_test::{closure#0} as core[a373ad73a504971]::ops::function::FnOnce<()>>::call_once
[INFO] [stdout]   16:     0x61ad843553db - test[aada8e7e76ba119b]::__rust_begin_short_backtrace::<core[a373ad73a504971]::result::Result<(), alloc[2e1b2a31b91974c5]::string::String>, fn() -> core[a373ad73a504971]::result::Result<(), alloc[2e1b2a31b91974c5]::string::String>>
[INFO] [stdout]   17:     0x61ad843625b5 - test[aada8e7e76ba119b]::run_test::{closure#0}
[INFO] [stdout]   18:     0x61ad8435bea4 - std[617be2ca0a6fd877]::sys::backtrace::__rust_begin_short_backtrace::<test[aada8e7e76ba119b]::run_test::{closure#1}, ()>
[INFO] [stdout]   19:     0x61ad84365642 - <std[617be2ca0a6fd877]::thread::lifecycle::spawn_unchecked<test[aada8e7e76ba119b]::run_test::{closure#1}, ()>::{closure#1} as core[a373ad73a504971]::ops::function::FnOnce<()>>::call_once::{shim:vtable#0}
[INFO] [stdout]   20:     0x61ad84498f4f - <std[617be2ca0a6fd877]::sys::thread::unix::Thread>::new::thread_start
[INFO] [stdout]   21:     0x7f9a6edbedfa - <unknown>
[INFO] [stdout]   22:     0x7f9a6ee523d4 - clone
[INFO] [stdout]   23:                0x0 - <unknown>
[INFO] [stdout] 
[INFO] [stdout] 
[INFO] [stdout] failures:
[INFO] [stdout]     bury_failure_case_test
[INFO] [stdout]     bury_test
[INFO] [stdout]     delete_test
[INFO] [stdout]     ignore_tube_failure_case_test
[INFO] [stdout]     ignore_tube_test
[INFO] [stdout]     kick_job_not_found_case_test
[INFO] [stdout]     kick_job_test
[INFO] [stdout]     kick_test
[INFO] [stdout]     list_tube_used_test
[INFO] [stdout]     list_tubes_test
[INFO] [stdout]     list_tubes_watched_test
[INFO] [stdout]     pause_tube_failure_case_test
[INFO] [stdout]     pause_tube_test
[INFO] [stdout]     peek_buried_test
[INFO] [stdout]     peek_delayed_test
[INFO] [stdout]     peek_failure_case_test
[INFO] [stdout]     peek_ready_not_found_case_test
[INFO] [stdout]     peek_ready_test
[INFO] [stdout]     peek_test
[INFO] [stdout]     put_test
[INFO] [stdout]     put_with_config_test
[INFO] [stdout]     release_test
[INFO] [stdout]     release_with_config_failure_case_test
[INFO] [stdout]     release_with_config_test
[INFO] [stdout]     reserve_test
[INFO] [stdout]     reserve_with_timeout_error_case_test
[INFO] [stdout]     reserve_with_timeout_test
[INFO] [stdout]     stats_job_test
[INFO] [stdout]     stats_test
[INFO] [stdout]     stats_tube_failure_case_test
[INFO] [stdout]     stats_tube_test
[INFO] [stdout]     touch_failure_case_test
[INFO] [stdout]     touch_test
[INFO] [stdout]     use_tube_test
[INFO] [stdout]     watch_tube_test
[INFO] [stdout] 
[INFO] [stdout] test result: FAILED. 1 passed; 35 failed; 0 ignored; 0 measured; 0 filtered out; finished in 0.04s
[INFO] [stdout] 
[INFO] running `Command { std: "docker" "inspect" "dbbe610279bfe282f4153910c0749333ba26f95dec9d5ab996303f81ece75150", kill_on_drop: false }`
[INFO] running `Command { std: "docker" "rm" "-f" "dbbe610279bfe282f4153910c0749333ba26f95dec9d5ab996303f81ece75150", kill_on_drop: false }`
[INFO] [stdout] dbbe610279bfe282f4153910c0749333ba26f95dec9d5ab996303f81ece75150
