[INFO] fetching crate makepad-draw 1.0.0...
[INFO] testing makepad-draw-1.0.0 against 1.99.0-beta.8+cargoflags=--release for beta-release-1.100-2
[INFO] extracting crate makepad-draw 1.0.0 into /workspace/builds/worker-4-tc1/source
[INFO] started tweaking crates.io crate makepad-draw 1.0.0
[INFO] finished tweaking crates.io crate makepad-draw 1.0.0
[INFO] tweaked toml for crates.io crate makepad-draw 1.0.0 written to /workspace/builds/worker-4-tc1/source/Cargo.toml
[INFO] validating manifest of crates.io crate makepad-draw 1.0.0 on toolchain 1.99.0-beta.8
[INFO] running `Command { std: CARGO_HOME="/workspace/cargo-home" RUSTUP_HOME="/workspace/rustup-home" "/workspace/cargo-home/bin/cargo" "+1.99.0-beta.8" "metadata" "--manifest-path" "Cargo.toml" "--no-deps", kill_on_drop: false }`
[INFO] crate crates.io crate makepad-draw 1.0.0 already has a lockfile, it will not be regenerated
[INFO] running `Command { std: CARGO_HOME="/workspace/cargo-home" RUSTUP_HOME="/workspace/rustup-home" "/workspace/cargo-home/bin/cargo" "+1.99.0-beta.8" "fetch" "--manifest-path" "Cargo.toml", kill_on_drop: false }`
[INFO] [stderr]     Updating crates.io index
[INFO] [stderr]  Downloading crates ...
[INFO] [stderr]   Downloaded unicode-segmentation v1.12.0
[INFO] [stderr]   Downloaded unicode-bidi v0.3.18
[INFO] [stderr]   Downloaded ttf-parser v0.25.1
[INFO] [stderr]   Downloaded png v0.17.16
[INFO] [stderr]   Downloaded adler2 v2.0.0
[INFO] [stderr]   Downloaded miniz_oxide v0.8.8
[INFO] [stderr]   Downloaded flate2 v1.1.1
[INFO] [stderr]   Downloaded resvg v0.42.0
[INFO] [stderr]   Downloaded usvg v0.42.0
[INFO] [stderr]   Downloaded bytemuck v1.23.0
[INFO] [stderr]   Downloaded smallvec v1.15.0
[INFO] [stderr]   Downloaded pico-args v0.5.0
[INFO] [stderr]   Downloaded imagesize v0.12.0
[INFO] [stderr]   Downloaded data-url v0.3.1
[INFO] [stderr]   Downloaded unicode-script v0.5.7
[INFO] [stderr]   Downloaded unicode-ccc v0.1.2
[INFO] [stderr]   Downloaded unicode-bidi-mirroring v0.1.0
[INFO] [stderr]   Downloaded windows-core v0.56.0
[INFO] [stderr]   Downloaded windows-interface v0.56.0
[INFO] [stderr]   Downloaded windows-implement v0.56.0
[INFO] [stderr]   Downloaded crc32fast v1.4.2
[INFO] [stderr]   Downloaded kurbo v0.11.2
[INFO] [stderr]   Downloaded simplecss v0.2.2
[INFO] [stderr]   Downloaded float-cmp v0.9.0
[INFO] [stderr]   Downloaded svgtypes v0.15.3
[INFO] [stderr]   Downloaded rgb v0.8.50
[INFO] [stderr]   Downloaded unicode-properties v0.1.3
[INFO] [stderr]   Downloaded libloading v0.8.6
[INFO] [stderr]   Downloaded ctor v0.2.9
[INFO] [stderr]   Downloaded bitflags v2.9.0
[INFO] [stderr]   Downloaded fxhash v0.2.1
[INFO] [stderr]   Downloaded fdeflate v0.3.7
[INFO] [stderr]   Downloaded xmlwriter v0.1.0
[INFO] [stderr]   Downloaded tiny-skia-path v0.11.4
[INFO] [stderr]   Downloaded strict-num v0.1.1
[INFO] [stderr]   Downloaded arrayref v0.3.9
[INFO] [stderr]   Downloaded siphasher v1.0.1
[INFO] [stderr]   Downloaded tiny-skia v0.11.4
[INFO] [stderr]   Downloaded windows-result v0.1.2
[INFO] [stderr]   Downloaded simd-adler32 v0.3.7
[INFO] [stderr]   Downloaded arrayvec v0.7.6
[INFO] [stderr]   Downloaded roxmltree v0.20.0
[INFO] [stderr]   Downloaded ab_glyph_rasterizer v0.1.8
[INFO] [stderr]   Downloaded syn v2.0.101
[INFO] [stderr]   Downloaded windows v0.56.0
[INFO] [stderr]   Downloaded sdfer v0.2.1
[INFO] [stderr]   Downloaded makepad-vector v1.0.0
[INFO] [stderr]   Downloaded makepad-math v1.0.0
[INFO] [stderr]   Downloaded napi-derive-ohos v0.0.9
[INFO] [stderr]   Downloaded makepad-live-id-macros v1.0.0
[INFO] [stderr]   Downloaded makepad-micro-serde v1.0.0
[INFO] [stderr]   Downloaded napi-sys-ohos v0.0.1
[INFO] [stderr]   Downloaded makepad-live-tokenizer v1.0.0
[INFO] [stderr]   Downloaded makepad-http v1.0.0
[INFO] [stderr]   Downloaded makepad-micro-serde-derive v1.0.0
[INFO] [stderr]   Downloaded makepad-derive-live v1.0.0
[INFO] [stderr]   Downloaded makepad-derive-wasm-bridge v1.0.0
[INFO] [stderr]   Downloaded makepad-wasm-bridge v1.0.0
[INFO] [stderr]   Downloaded makepad-jni-sys v0.4.0
[INFO] [stderr]   Downloaded makepad-futures v1.0.0
[INFO] [stderr]   Downloaded makepad-micro-proc-macro v1.0.0
[INFO] [stderr]   Downloaded hilog-sys v0.1.4
[INFO] [stderr]   Downloaded makepad-html v1.0.0
[INFO] [stderr]   Downloaded napi-derive-backend-ohos v0.0.7
[INFO] [stderr]   Downloaded makepad-futures-legacy v1.0.0
[INFO] [stderr]   Downloaded makepad-objc-sys v1.0.0
[INFO] [stderr]   Downloaded makepad-live-id v1.0.0
[INFO] [stderr]   Downloaded makepad-android-state v0.1.0
[INFO] [stderr]   Downloaded makepad-shader-compiler v1.0.0
[INFO] [stderr]   Downloaded ohos-sys v0.2.2
[INFO] [stderr]   Downloaded makepad-live-compiler v1.0.0
[INFO] [stderr]   Downloaded napi-ohos v0.1.3
[INFO] [stderr]   Downloaded makepad-ttf-parser v0.21.1
[INFO] [stderr]   Downloaded makepad-rustybuzz v0.8.0
[INFO] [stderr]   Downloaded makepad-platform v1.0.0
[INFO] running `Command { std: "docker" "create" "-v" "/var/lib/crater-agent-workspace/builds/worker-4-tc1/source:/opt/rustwide/workdir:ro,Z" "-v" "/var/lib/crater-agent-workspace/builds/worker-4-tc1/target:/opt/rustwide/target:rw,Z" "-v" "/var/lib/crater-agent-workspace/cargo-home:/opt/rustwide/cargo-home:ro,Z" "-v" "/var/lib/crater-agent-workspace/rustup-home:/opt/rustwide/rustup-home:ro,Z" "-m" "1610612736" "--network" "none" "ghcr.io/rust-lang/crates-build-env/linux@sha256:77db811e55d90add9212f6832c23229e3de5f1c1f9905e8cb07319ea15df73ac" "sleep" "infinity", kill_on_drop: false }`
[INFO] [stdout] fcd1f9fece275f2e71547a0e44b465f20382047e3cdb4b694c86e5aafc417783
[INFO] running `Command { std: "docker" "start" "fcd1f9fece275f2e71547a0e44b465f20382047e3cdb4b694c86e5aafc417783", kill_on_drop: false }`
[INFO] running `Command { std: "docker" "inspect" "fcd1f9fece275f2e71547a0e44b465f20382047e3cdb4b694c86e5aafc417783", kill_on_drop: false }`
[INFO] running `Command { std: "docker" "exec" "-e" "SOURCE_DIR=/opt/rustwide/workdir" "-e" "CARGO_HOME=/opt/rustwide/cargo-home" "-e" "RUSTUP_HOME=/opt/rustwide/rustup-home" "-e" "CARGO_TARGET_DIR=/opt/rustwide/target" "-w" "/opt/rustwide/workdir" "--user" "0:0" "fcd1f9fece275f2e71547a0e44b465f20382047e3cdb4b694c86e5aafc417783" "/opt/rustwide/cargo-home/bin/cargo" "+1.99.0-beta.8" "metadata" "--no-deps" "--format-version=1", kill_on_drop: false }`
[INFO] running `Command { std: "docker" "inspect" "fcd1f9fece275f2e71547a0e44b465f20382047e3cdb4b694c86e5aafc417783", kill_on_drop: false }`
[INFO] running `Command { std: "docker" "exec" "-e" "SOURCE_DIR=/opt/rustwide/workdir" "-e" "CARGO_HOME=/opt/rustwide/cargo-home" "-e" "RUSTUP_HOME=/opt/rustwide/rustup-home" "-e" "CARGO_TARGET_DIR=/opt/rustwide/target" "-e" "CARGO_INCREMENTAL=0" "-e" "RUST_BACKTRACE=full" "-e" "RUSTFLAGS=--cap-lints=warn" "-e" "RUSTDOCFLAGS=--cap-lints=warn" "-w" "/opt/rustwide/workdir" "--user" "0:0" "fcd1f9fece275f2e71547a0e44b465f20382047e3cdb4b694c86e5aafc417783" "/opt/rustwide/cargo-home/bin/cargo" "+1.99.0-beta.8" "build" "--frozen" "--message-format=json" "--release", kill_on_drop: false }`
[INFO] [stderr]    Compiling makepad-micro-proc-macro v1.0.0
[INFO] [stderr]    Compiling simd-adler32 v0.3.7
[INFO] [stderr]    Compiling adler2 v2.0.0
[INFO] [stderr]    Compiling bytemuck v1.23.0
[INFO] [stderr]    Compiling smallvec v1.15.0
[INFO] [stderr]    Compiling cfg-if v1.0.0
[INFO] [stderr]    Compiling float-cmp v0.9.0
[INFO] [stderr]    Compiling arrayvec v0.7.6
[INFO] [stderr]    Compiling log v0.4.27
[INFO] [stderr]    Compiling arrayref v0.3.9
[INFO] [stderr]    Compiling bitflags v1.3.2
[INFO] [stderr]    Compiling makepad-derive-live v1.0.0
[INFO] [stderr]    Compiling siphasher v1.0.1
[INFO] [stderr]    Compiling imagesize v0.12.0
[INFO] [stderr]    Compiling xmlwriter v0.1.0
[INFO] [stderr]    Compiling data-url v0.3.1
[INFO] [stderr]    Compiling crc32fast v1.4.2
[INFO] [stderr]    Compiling pico-args v0.5.0
[INFO] [stderr]    Compiling base64 v0.22.1
[INFO] [stderr]    Compiling roxmltree v0.20.0
[INFO] [stderr]    Compiling simplecss v0.2.2
[INFO] [stderr]    Compiling miniz_oxide v0.8.8
[INFO] [stderr]    Compiling strict-num v0.1.1
[INFO] [stderr]    Compiling fdeflate v0.3.7
[INFO] [stderr]    Compiling kurbo v0.11.2
[INFO] [stderr]    Compiling rgb v0.8.50
[INFO] [stderr]    Compiling tiny-skia-path v0.11.4
[INFO] [stderr]    Compiling makepad-ttf-parser v0.21.1
[INFO] [stderr]    Compiling makepad-live-id-macros v1.0.0
[INFO] [stderr]    Compiling makepad-micro-serde-derive v1.0.0
[INFO] [stderr]    Compiling makepad-platform v1.0.0
[INFO] [stderr]    Compiling unicode-ccc v0.1.2
[INFO] [stderr]    Compiling unicode-bidi-mirroring v0.1.0
[INFO] [stderr]    Compiling makepad-http v1.0.0
[INFO] [stderr]    Compiling makepad-futures v1.0.0
[INFO] [stderr]    Compiling makepad-live-id v1.0.0
[INFO] [stderr]    Compiling bitflags v2.9.0
[INFO] [stderr]    Compiling unicode-script v0.5.7
[INFO] [stderr]    Compiling makepad-micro-serde v1.0.0
[INFO] [stderr]    Compiling flate2 v1.1.1
[INFO] [stderr]    Compiling unicode-properties v0.1.3
[INFO] [stderr]    Compiling byteorder v1.5.0
[INFO] [stderr]    Compiling makepad-html v1.0.0
[INFO] [stderr]    Compiling png v0.17.16
[INFO] [stderr]    Compiling makepad-math v1.0.0
[INFO] [stderr]    Compiling fxhash v0.2.1
[INFO] [stderr]    Compiling unicode-segmentation v1.12.0
[INFO] [stderr]    Compiling svgtypes v0.15.3
[INFO] [stderr]    Compiling unicode-linebreak v0.1.5
[INFO] [stderr]    Compiling makepad-live-tokenizer v1.0.0
[INFO] [stderr]    Compiling unicode-bidi v0.3.18
[INFO] [stderr]    Compiling ttf-parser v0.25.1
[INFO] [stderr]    Compiling sdfer v0.2.1
[INFO] [stderr]    Compiling ab_glyph_rasterizer v0.1.8
[INFO] [stderr]    Compiling makepad-live-compiler v1.0.0
[INFO] [stderr]    Compiling usvg v0.42.0
[INFO] [stderr]    Compiling tiny-skia v0.11.4
[INFO] [stderr]    Compiling makepad-rustybuzz v0.8.0
[INFO] [stderr]    Compiling makepad-shader-compiler v1.0.0
[INFO] [stderr]    Compiling resvg v0.42.0
[INFO] [stderr]    Compiling makepad-vector v1.0.0
[INFO] [stderr]    Compiling makepad-draw v1.0.0 (/opt/rustwide/workdir)
[INFO] [stdout] warning: unused import: `makepad_derive_live::*`
[INFO] [stdout]  --> src/shader/std.rs:3:9
[INFO] [stdout]   |
[INFO] [stdout] 3 |         makepad_derive_live::*,
[INFO] [stdout]   |         ^^^^^^^^^^^^^^^^^^^^^^
[INFO] [stdout]   |
[INFO] [stdout]   = note: `#[warn(unused_imports)]` (part of `#[warn(unused)]`) on by default
[INFO] [stdout] 
[INFO] [stdout] 
[INFO] [stdout] warning: unused import: `makepad_derive_live::*`
[INFO] [stdout]  --> src/geometry/geometry_gen.rs:3:9
[INFO] [stdout]   |
[INFO] [stdout] 3 |         makepad_derive_live::*,
[INFO] [stdout]   |         ^^^^^^^^^^^^^^^^^^^^^^
[INFO] [stdout] 
[INFO] [stdout] 
[INFO] [stdout] warning: use of deprecated constant `std::f64::NAN`: replaced by the `NAN` associated constant on `f64`
[INFO] [stdout]    --> src/turtle.rs:953:36
[INFO] [stdout]     |
[INFO] [stdout] 953 |             Size::Fit => std::f64::NAN,
[INFO] [stdout]     |                                    ^^^
[INFO] [stdout]     |
[INFO] [stdout]     = note: `#[warn(deprecated)]` on by default
[INFO] [stdout] 
[INFO] [stdout] 
[INFO] [stdout] warning: use of deprecated constant `std::f64::NAN`: replaced by the `NAN` associated constant on `f64`
[INFO] [stdout]    --> src/turtle.rs:978:36
[INFO] [stdout]     |
[INFO] [stdout] 978 |             Size::Fit => std::f64::NAN,
[INFO] [stdout]     |                                    ^^^
[INFO] [stdout] 
[INFO] [stdout] 
[INFO] [stdout] warning: use of deprecated constant `std::f64::NAN`: replaced by the `NAN` associated constant on `f64`
[INFO] [stdout]     --> src/turtle.rs:1402:28
[INFO] [stdout]      |
[INFO] [stdout] 1402 |             _ => std::f64::NAN,
[INFO] [stdout]      |                            ^^^
[INFO] [stdout] 
[INFO] [stdout] 
[INFO] [stdout] warning: falling back to `f32` as the trait bound `f32: From<f64>` is not satisfied
[INFO] [stdout]   --> src/shader/draw_quad.rs:76:12
[INFO] [stdout]    |
[INFO] [stdout] 76 |     #[live(1.0)] pub depth_clip: f32,
[INFO] [stdout]    |            ^^^ help: explicitly specify the type as `f32`: `1.0_f32`
[INFO] [stdout]    |
[INFO] [stdout]    = warning: this was previously accepted by the compiler but is being phased out; it will become a hard error in a future release!
[INFO] [stdout]    = note: for more information, see issue #154024 <https://github.com/rust-lang/rust/issues/154024>
[INFO] [stdout]    = note: `#[warn(float_literal_f32_fallback)]` (part of `#[warn(future_incompatible)]`) on by default
[INFO] [stdout] 
[INFO] [stdout] 
[INFO] [stdout] warning: falling back to `f32` as the trait bound `f32: From<f64>` is not satisfied
[INFO] [stdout]   --> src/shader/draw_quad.rs:77:12
[INFO] [stdout]    |
[INFO] [stdout] 77 |     #[live(1.0)] pub draw_depth: f32,
[INFO] [stdout]    |            ^^^ help: explicitly specify the type as `f32`: `1.0_f32`
[INFO] [stdout]    |
[INFO] [stdout]    = warning: this was previously accepted by the compiler but is being phased out; it will become a hard error in a future release!
[INFO] [stdout]    = note: for more information, see issue #154024 <https://github.com/rust-lang/rust/issues/154024>
[INFO] [stdout] 
[INFO] [stdout] 
[INFO] [stdout] warning: falling back to `f32` as the trait bound `f32: From<f64>` is not satisfied
[INFO] [stdout]   --> src/shader/draw_icon.rs:84:12
[INFO] [stdout]    |
[INFO] [stdout] 84 |     #[live(1.0)] pub brightness: f32,
[INFO] [stdout]    |            ^^^ help: explicitly specify the type as `f32`: `1.0_f32`
[INFO] [stdout]    |
[INFO] [stdout]    = warning: this was previously accepted by the compiler but is being phased out; it will become a hard error in a future release!
[INFO] [stdout]    = note: for more information, see issue #154024 <https://github.com/rust-lang/rust/issues/154024>
[INFO] [stdout] 
[INFO] [stdout] 
[INFO] [stdout] warning: falling back to `f32` as the trait bound `f32: From<f64>` is not satisfied
[INFO] [stdout]   --> src/shader/draw_icon.rs:85:12
[INFO] [stdout]    |
[INFO] [stdout] 85 |     #[live(0.6)] pub curve: f32,
[INFO] [stdout]    |            ^^^ help: explicitly specify the type as `f32`: `0.6_f32`
[INFO] [stdout]    |
[INFO] [stdout]    = warning: this was previously accepted by the compiler but is being phased out; it will become a hard error in a future release!
[INFO] [stdout]    = note: for more information, see issue #154024 <https://github.com/rust-lang/rust/issues/154024>
[INFO] [stdout] 
[INFO] [stdout] 
[INFO] [stdout] warning: falling back to `f32` as the trait bound `f32: From<f64>` is not satisfied
[INFO] [stdout]   --> src/shader/draw_icon.rs:86:12
[INFO] [stdout]    |
[INFO] [stdout] 86 |     #[live(0.5)] pub linearize: f32,
[INFO] [stdout]    |            ^^^ help: explicitly specify the type as `f32`: `0.5_f32`
[INFO] [stdout]    |
[INFO] [stdout]    = warning: this was previously accepted by the compiler but is being phased out; it will become a hard error in a future release!
[INFO] [stdout]    = note: for more information, see issue #154024 <https://github.com/rust-lang/rust/issues/154024>
[INFO] [stdout] 
[INFO] [stdout] 
[INFO] [stdout] warning: falling back to `f32` as the trait bound `f32: From<f64>` is not satisfied
[INFO] [stdout]   --> src/shader/draw_icon.rs:99:12
[INFO] [stdout]    |
[INFO] [stdout] 99 |     #[live(1.0)] pub depth_clip: f32,
[INFO] [stdout]    |            ^^^ help: explicitly specify the type as `f32`: `1.0_f32`
[INFO] [stdout]    |
[INFO] [stdout]    = warning: this was previously accepted by the compiler but is being phased out; it will become a hard error in a future release!
[INFO] [stdout]    = note: for more information, see issue #154024 <https://github.com/rust-lang/rust/issues/154024>
[INFO] [stdout] 
[INFO] [stdout] 
[INFO] [stdout] warning: falling back to `f32` as the trait bound `f32: From<f64>` is not satisfied
[INFO] [stdout]    --> src/shader/draw_icon.rs:100:12
[INFO] [stdout]     |
[INFO] [stdout] 100 |     #[live(1.0)] pub draw_depth: f32,
[INFO] [stdout]     |            ^^^ help: explicitly specify the type as `f32`: `1.0_f32`
[INFO] [stdout]     |
[INFO] [stdout]     = warning: this was previously accepted by the compiler but is being phased out; it will become a hard error in a future release!
[INFO] [stdout]     = note: for more information, see issue #154024 <https://github.com/rust-lang/rust/issues/154024>
[INFO] [stdout] 
[INFO] [stdout] 
[INFO] [stdout] warning: falling back to `f32` as the trait bound `f32: From<f64>` is not satisfied
[INFO] [stdout]   --> src/shader/draw_cube.rs:64:12
[INFO] [stdout]    |
[INFO] [stdout] 64 |     #[live(0.0)] pub life: f32,
[INFO] [stdout]    |            ^^^ help: explicitly specify the type as `f32`: `0.0_f32`
[INFO] [stdout]    |
[INFO] [stdout]    = warning: this was previously accepted by the compiler but is being phased out; it will become a hard error in a future release!
[INFO] [stdout]    = note: for more information, see issue #154024 <https://github.com/rust-lang/rust/issues/154024>
[INFO] [stdout] 
[INFO] [stdout] 
[INFO] [stdout] warning: falling back to `f32` as the trait bound `f32: From<f64>` is not satisfied
[INFO] [stdout]   --> src/shader/draw_cube.rs:65:12
[INFO] [stdout]    |
[INFO] [stdout] 65 |     #[live(0.0)] pub index: f32,
[INFO] [stdout]    |            ^^^ help: explicitly specify the type as `f32`: `0.0_f32`
[INFO] [stdout]    |
[INFO] [stdout]    = warning: this was previously accepted by the compiler but is being phased out; it will become a hard error in a future release!
[INFO] [stdout]    = note: for more information, see issue #154024 <https://github.com/rust-lang/rust/issues/154024>
[INFO] [stdout] 
[INFO] [stdout] 
[INFO] [stdout] warning: falling back to `f32` as the trait bound `f32: From<f64>` is not satisfied
[INFO] [stdout]   --> src/shader/draw_cube.rs:66:12
[INFO] [stdout]    |
[INFO] [stdout] 66 |     #[live(1.0)] pub depth_clip: f32,
[INFO] [stdout]    |            ^^^ help: explicitly specify the type as `f32`: `1.0_f32`
[INFO] [stdout]    |
[INFO] [stdout]    = warning: this was previously accepted by the compiler but is being phased out; it will become a hard error in a future release!
[INFO] [stdout]    = note: for more information, see issue #154024 <https://github.com/rust-lang/rust/issues/154024>
[INFO] [stdout] 
[INFO] [stdout] 
[INFO] [stdout] warning: falling back to `f32` as the trait bound `f32: From<f64>` is not satisfied
[INFO] [stdout]    --> src/shader/draw_text.rs:101:12
[INFO] [stdout]     |
[INFO] [stdout] 101 |     #[live(1.0)]
[INFO] [stdout]     |            ^^^ help: explicitly specify the type as `f32`: `1.0_f32`
[INFO] [stdout]     |
[INFO] [stdout]     = warning: this was previously accepted by the compiler but is being phased out; it will become a hard error in a future release!
[INFO] [stdout]     = note: for more information, see issue #154024 <https://github.com/rust-lang/rust/issues/154024>
[INFO] [stdout] 
[INFO] [stdout] 
[INFO] [stdout] warning: falling back to `f32` as the trait bound `f32: From<f64>` is not satisfied
[INFO] [stdout]    --> src/shader/draw_text.rs:103:12
[INFO] [stdout]     |
[INFO] [stdout] 103 |     #[live(1.0)]
[INFO] [stdout]     |            ^^^ help: explicitly specify the type as `f32`: `1.0_f32`
[INFO] [stdout]     |
[INFO] [stdout]     = warning: this was previously accepted by the compiler but is being phased out; it will become a hard error in a future release!
[INFO] [stdout]     = note: for more information, see issue #154024 <https://github.com/rust-lang/rust/issues/154024>
[INFO] [stdout] 
[INFO] [stdout] 
[INFO] [stdout] warning: falling back to `f32` as the trait bound `f32: From<f64>` is not satisfied
[INFO] [stdout]    --> src/shader/draw_text.rs:119:12
[INFO] [stdout]     |
[INFO] [stdout] 119 |     #[live(1.0)] 
[INFO] [stdout]     |            ^^^ help: explicitly specify the type as `f32`: `1.0_f32`
[INFO] [stdout]     |
[INFO] [stdout]     = warning: this was previously accepted by the compiler but is being phased out; it will become a hard error in a future release!
[INFO] [stdout]     = note: for more information, see issue #154024 <https://github.com/rust-lang/rust/issues/154024>
[INFO] [stdout] 
[INFO] [stdout] 
[INFO] [stdout] warning: falling back to `f32` as the trait bound `f32: From<f64>` is not satisfied
[INFO] [stdout]    --> src/shader/draw_text.rs:540:12
[INFO] [stdout]     |
[INFO] [stdout] 540 |     #[live(10.0)]
[INFO] [stdout]     |            ^^^^ help: explicitly specify the type as `f32`: `10.0_f32`
[INFO] [stdout]     |
[INFO] [stdout]     = warning: this was previously accepted by the compiler but is being phased out; it will become a hard error in a future release!
[INFO] [stdout]     = note: for more information, see issue #154024 <https://github.com/rust-lang/rust/issues/154024>
[INFO] [stdout] 
[INFO] [stdout] 
[INFO] [stdout] warning: falling back to `f32` as the trait bound `f32: From<f64>` is not satisfied
[INFO] [stdout]    --> src/shader/draw_text.rs:542:12
[INFO] [stdout]     |
[INFO] [stdout] 542 |     #[live(1.0)]
[INFO] [stdout]     |            ^^^ help: explicitly specify the type as `f32`: `1.0_f32`
[INFO] [stdout]     |
[INFO] [stdout]     = warning: this was previously accepted by the compiler but is being phased out; it will become a hard error in a future release!
[INFO] [stdout]     = note: for more information, see issue #154024 <https://github.com/rust-lang/rust/issues/154024>
[INFO] [stdout] 
[INFO] [stdout] 
[INFO] [stdout] warning: falling back to `f32` as the trait bound `f32: From<f64>` is not satisfied
[INFO] [stdout]   --> src/geometry/geometry_gen.rs:57:12
[INFO] [stdout]    |
[INFO] [stdout] 57 |     #[live(0.0)] pub x1: f32,
[INFO] [stdout]    |            ^^^ help: explicitly specify the type as `f32`: `0.0_f32`
[INFO] [stdout]    |
[INFO] [stdout]    = warning: this was previously accepted by the compiler but is being phased out; it will become a hard error in a future release!
[INFO] [stdout]    = note: for more information, see issue #154024 <https://github.com/rust-lang/rust/issues/154024>
[INFO] [stdout] 
[INFO] [stdout] 
[INFO] [stdout] warning: falling back to `f32` as the trait bound `f32: From<f64>` is not satisfied
[INFO] [stdout]   --> src/geometry/geometry_gen.rs:58:12
[INFO] [stdout]    |
[INFO] [stdout] 58 |     #[live(0.0)] pub y1: f32,
[INFO] [stdout]    |            ^^^ help: explicitly specify the type as `f32`: `0.0_f32`
[INFO] [stdout]    |
[INFO] [stdout]    = warning: this was previously accepted by the compiler but is being phased out; it will become a hard error in a future release!
[INFO] [stdout]    = note: for more information, see issue #154024 <https://github.com/rust-lang/rust/issues/154024>
[INFO] [stdout] 
[INFO] [stdout] 
[INFO] [stdout] warning: falling back to `f32` as the trait bound `f32: From<f64>` is not satisfied
[INFO] [stdout]   --> src/geometry/geometry_gen.rs:59:12
[INFO] [stdout]    |
[INFO] [stdout] 59 |     #[live(1.0)] pub x2: f32,
[INFO] [stdout]    |            ^^^ help: explicitly specify the type as `f32`: `1.0_f32`
[INFO] [stdout]    |
[INFO] [stdout]    = warning: this was previously accepted by the compiler but is being phased out; it will become a hard error in a future release!
[INFO] [stdout]    = note: for more information, see issue #154024 <https://github.com/rust-lang/rust/issues/154024>
[INFO] [stdout] 
[INFO] [stdout] 
[INFO] [stdout] warning: falling back to `f32` as the trait bound `f32: From<f64>` is not satisfied
[INFO] [stdout]   --> src/geometry/geometry_gen.rs:60:12
[INFO] [stdout]    |
[INFO] [stdout] 60 |     #[live(1.0)] pub y2: f32,
[INFO] [stdout]    |            ^^^ help: explicitly specify the type as `f32`: `1.0_f32`
[INFO] [stdout]    |
[INFO] [stdout]    = warning: this was previously accepted by the compiler but is being phased out; it will become a hard error in a future release!
[INFO] [stdout]    = note: for more information, see issue #154024 <https://github.com/rust-lang/rust/issues/154024>
[INFO] [stdout] 
[INFO] [stdout] 
[INFO] [stdout] warning: falling back to `f32` as the trait bound `f32: From<f64>` is not satisfied
[INFO] [stdout]    --> src/geometry/geometry_gen.rs:112:12
[INFO] [stdout]     |
[INFO] [stdout] 112 |     #[live(1.0)] width: f32,
[INFO] [stdout]     |            ^^^ help: explicitly specify the type as `f32`: `1.0_f32`
[INFO] [stdout]     |
[INFO] [stdout]     = warning: this was previously accepted by the compiler but is being phased out; it will become a hard error in a future release!
[INFO] [stdout]     = note: for more information, see issue #154024 <https://github.com/rust-lang/rust/issues/154024>
[INFO] [stdout] 
[INFO] [stdout] 
[INFO] [stdout] warning: falling back to `f32` as the trait bound `f32: From<f64>` is not satisfied
[INFO] [stdout]    --> src/geometry/geometry_gen.rs:113:12
[INFO] [stdout]     |
[INFO] [stdout] 113 |     #[live(1.0)] height: f32,
[INFO] [stdout]     |            ^^^ help: explicitly specify the type as `f32`: `1.0_f32`
[INFO] [stdout]     |
[INFO] [stdout]     = warning: this was previously accepted by the compiler but is being phased out; it will become a hard error in a future release!
[INFO] [stdout]     = note: for more information, see issue #154024 <https://github.com/rust-lang/rust/issues/154024>
[INFO] [stdout] 
[INFO] [stdout] 
[INFO] [stdout] warning: falling back to `f32` as the trait bound `f32: From<f64>` is not satisfied
[INFO] [stdout]    --> src/geometry/geometry_gen.rs:114:12
[INFO] [stdout]     |
[INFO] [stdout] 114 |     #[live(1.0)] depth: f32,
[INFO] [stdout]     |            ^^^ help: explicitly specify the type as `f32`: `1.0_f32`
[INFO] [stdout]     |
[INFO] [stdout]     = warning: this was previously accepted by the compiler but is being phased out; it will become a hard error in a future release!
[INFO] [stdout]     = note: for more information, see issue #154024 <https://github.com/rust-lang/rust/issues/154024>
[INFO] [stdout] 
[INFO] [stdout] 
[INFO] [stderr]     Finished `release` profile [optimized] target(s) in 1m 05s
[INFO] running `Command { std: "docker" "inspect" "fcd1f9fece275f2e71547a0e44b465f20382047e3cdb4b694c86e5aafc417783", kill_on_drop: false }`
[INFO] running `Command { std: "docker" "exec" "-e" "SOURCE_DIR=/opt/rustwide/workdir" "-e" "CARGO_HOME=/opt/rustwide/cargo-home" "-e" "RUSTUP_HOME=/opt/rustwide/rustup-home" "-e" "CARGO_TARGET_DIR=/opt/rustwide/target" "-e" "CARGO_INCREMENTAL=0" "-e" "RUST_BACKTRACE=full" "-e" "RUSTFLAGS=--cap-lints=warn" "-e" "RUSTDOCFLAGS=--cap-lints=warn" "-w" "/opt/rustwide/workdir" "--user" "0:0" "fcd1f9fece275f2e71547a0e44b465f20382047e3cdb4b694c86e5aafc417783" "/opt/rustwide/cargo-home/bin/cargo" "+1.99.0-beta.8" "test" "--frozen" "--no-run" "--message-format=json" "--release", kill_on_drop: false }`
[INFO] [stdout] warning: unused import: `makepad_derive_live::*`
[INFO] [stdout]  --> src/shader/std.rs:3:9
[INFO] [stdout]   |
[INFO] [stdout] 3 |         makepad_derive_live::*,
[INFO] [stdout]   |         ^^^^^^^^^^^^^^^^^^^^^^
[INFO] [stdout]   |
[INFO] [stdout]   = note: `#[warn(unused_imports)]` (part of `#[warn(unused)]`) on by default
[INFO] [stdout] 
[INFO] [stdout] 
[INFO] [stdout] warning: unused import: `makepad_derive_live::*`
[INFO] [stdout]  --> src/geometry/geometry_gen.rs:3:9
[INFO] [stdout]   |
[INFO] [stdout] 3 |         makepad_derive_live::*,
[INFO] [stdout]   |         ^^^^^^^^^^^^^^^^^^^^^^
[INFO] [stdout] 
[INFO] [stdout] 
[INFO] [stdout] warning: use of deprecated constant `std::f64::NAN`: replaced by the `NAN` associated constant on `f64`
[INFO] [stdout]    --> src/turtle.rs:953:36
[INFO] [stdout]     |
[INFO] [stdout] 953 |             Size::Fit => std::f64::NAN,
[INFO] [stdout]     |                                    ^^^
[INFO] [stdout]     |
[INFO] [stdout]     = note: `#[warn(deprecated)]` on by default
[INFO] [stdout] 
[INFO] [stdout] 
[INFO] [stdout] warning: use of deprecated constant `std::f64::NAN`: replaced by the `NAN` associated constant on `f64`
[INFO] [stdout]    --> src/turtle.rs:978:36
[INFO] [stdout]     |
[INFO] [stdout] 978 |             Size::Fit => std::f64::NAN,
[INFO] [stdout]     |                                    ^^^
[INFO] [stdout] 
[INFO] [stdout] 
[INFO] [stdout] warning: use of deprecated constant `std::f64::NAN`: replaced by the `NAN` associated constant on `f64`
[INFO] [stdout]     --> src/turtle.rs:1402:28
[INFO] [stdout]      |
[INFO] [stdout] 1402 |             _ => std::f64::NAN,
[INFO] [stdout]      |                            ^^^
[INFO] [stdout] 
[INFO] [stdout] 
[INFO] [stdout] warning: falling back to `f32` as the trait bound `f32: From<f64>` is not satisfied
[INFO] [stdout]   --> src/shader/draw_quad.rs:76:12
[INFO] [stdout]    |
[INFO] [stdout] 76 |     #[live(1.0)] pub depth_clip: f32,
[INFO] [stdout]    |            ^^^ help: explicitly specify the type as `f32`: `1.0_f32`
[INFO] [stdout]    |
[INFO] [stdout]    = warning: this was previously accepted by the compiler but is being phased out; it will become a hard error in a future release!
[INFO] [stdout]    = note: for more information, see issue #154024 <https://github.com/rust-lang/rust/issues/154024>
[INFO] [stdout]    = note: `#[warn(float_literal_f32_fallback)]` (part of `#[warn(future_incompatible)]`) on by default
[INFO] [stdout] 
[INFO] [stdout] 
[INFO] [stdout] warning: falling back to `f32` as the trait bound `f32: From<f64>` is not satisfied
[INFO] [stdout]   --> src/shader/draw_quad.rs:77:12
[INFO] [stdout]    |
[INFO] [stdout] 77 |     #[live(1.0)] pub draw_depth: f32,
[INFO] [stdout]    |            ^^^ help: explicitly specify the type as `f32`: `1.0_f32`
[INFO] [stdout]    |
[INFO] [stdout]    = warning: this was previously accepted by the compiler but is being phased out; it will become a hard error in a future release!
[INFO] [stdout]    = note: for more information, see issue #154024 <https://github.com/rust-lang/rust/issues/154024>
[INFO] [stdout] 
[INFO] [stdout] 
[INFO] [stdout] warning: falling back to `f32` as the trait bound `f32: From<f64>` is not satisfied
[INFO] [stdout]   --> src/shader/draw_icon.rs:84:12
[INFO] [stdout]    |
[INFO] [stdout] 84 |     #[live(1.0)] pub brightness: f32,
[INFO] [stdout]    |            ^^^ help: explicitly specify the type as `f32`: `1.0_f32`
[INFO] [stdout]    |
[INFO] [stdout]    = warning: this was previously accepted by the compiler but is being phased out; it will become a hard error in a future release!
[INFO] [stdout]    = note: for more information, see issue #154024 <https://github.com/rust-lang/rust/issues/154024>
[INFO] [stdout] 
[INFO] [stdout] 
[INFO] [stdout] warning: falling back to `f32` as the trait bound `f32: From<f64>` is not satisfied
[INFO] [stdout]   --> src/shader/draw_icon.rs:85:12
[INFO] [stdout]    |
[INFO] [stdout] 85 |     #[live(0.6)] pub curve: f32,
[INFO] [stdout]    |            ^^^ help: explicitly specify the type as `f32`: `0.6_f32`
[INFO] [stdout]    |
[INFO] [stdout]    = warning: this was previously accepted by the compiler but is being phased out; it will become a hard error in a future release!
[INFO] [stdout]    = note: for more information, see issue #154024 <https://github.com/rust-lang/rust/issues/154024>
[INFO] [stdout] 
[INFO] [stdout] 
[INFO] [stdout] warning: falling back to `f32` as the trait bound `f32: From<f64>` is not satisfied
[INFO] [stdout]   --> src/shader/draw_icon.rs:86:12
[INFO] [stdout]    |
[INFO] [stdout] 86 |     #[live(0.5)] pub linearize: f32,
[INFO] [stdout]    |            ^^^ help: explicitly specify the type as `f32`: `0.5_f32`
[INFO] [stdout]    |
[INFO] [stdout]    = warning: this was previously accepted by the compiler but is being phased out; it will become a hard error in a future release!
[INFO] [stdout]    = note: for more information, see issue #154024 <https://github.com/rust-lang/rust/issues/154024>
[INFO] [stdout] 
[INFO] [stdout] 
[INFO] [stdout] warning: falling back to `f32` as the trait bound `f32: From<f64>` is not satisfied
[INFO] [stdout]   --> src/shader/draw_icon.rs:99:12
[INFO] [stdout]    |
[INFO] [stdout] 99 |     #[live(1.0)] pub depth_clip: f32,
[INFO] [stdout]    |            ^^^ help: explicitly specify the type as `f32`: `1.0_f32`
[INFO] [stdout]    |
[INFO] [stdout]    = warning: this was previously accepted by the compiler but is being phased out; it will become a hard error in a future release!
[INFO] [stdout]    = note: for more information, see issue #154024 <https://github.com/rust-lang/rust/issues/154024>
[INFO] [stdout] 
[INFO] [stdout] 
[INFO] [stdout] warning: falling back to `f32` as the trait bound `f32: From<f64>` is not satisfied
[INFO] [stdout]    --> src/shader/draw_icon.rs:100:12
[INFO] [stdout]     |
[INFO] [stdout] 100 |     #[live(1.0)] pub draw_depth: f32,
[INFO] [stdout]     |            ^^^ help: explicitly specify the type as `f32`: `1.0_f32`
[INFO] [stdout]     |
[INFO] [stdout]     = warning: this was previously accepted by the compiler but is being phased out; it will become a hard error in a future release!
[INFO] [stdout]     = note: for more information, see issue #154024 <https://github.com/rust-lang/rust/issues/154024>
[INFO] [stdout] 
[INFO] [stdout] 
[INFO] [stdout] warning: falling back to `f32` as the trait bound `f32: From<f64>` is not satisfied
[INFO] [stdout]   --> src/shader/draw_cube.rs:64:12
[INFO] [stdout]    |
[INFO] [stdout] 64 |     #[live(0.0)] pub life: f32,
[INFO] [stdout]    |            ^^^ help: explicitly specify the type as `f32`: `0.0_f32`
[INFO] [stdout]    |
[INFO] [stdout]    = warning: this was previously accepted by the compiler but is being phased out; it will become a hard error in a future release!
[INFO] [stdout]    = note: for more information, see issue #154024 <https://github.com/rust-lang/rust/issues/154024>
[INFO] [stdout] 
[INFO] [stdout] 
[INFO] [stdout] warning: falling back to `f32` as the trait bound `f32: From<f64>` is not satisfied
[INFO] [stdout]   --> src/shader/draw_cube.rs:65:12
[INFO] [stdout]    |
[INFO] [stdout] 65 |     #[live(0.0)] pub index: f32,
[INFO] [stdout]    |            ^^^ help: explicitly specify the type as `f32`: `0.0_f32`
[INFO] [stdout]    |
[INFO] [stdout]    = warning: this was previously accepted by the compiler but is being phased out; it will become a hard error in a future release!
[INFO] [stdout]    = note: for more information, see issue #154024 <https://github.com/rust-lang/rust/issues/154024>
[INFO] [stdout] 
[INFO] [stdout] 
[INFO] [stdout] warning: falling back to `f32` as the trait bound `f32: From<f64>` is not satisfied
[INFO] [stdout]   --> src/shader/draw_cube.rs:66:12
[INFO] [stdout]    |
[INFO] [stdout] 66 |     #[live(1.0)] pub depth_clip: f32,
[INFO] [stdout]    |            ^^^ help: explicitly specify the type as `f32`: `1.0_f32`
[INFO] [stdout]    |
[INFO] [stdout]    = warning: this was previously accepted by the compiler but is being phased out; it will become a hard error in a future release!
[INFO] [stdout]    = note: for more information, see issue #154024 <https://github.com/rust-lang/rust/issues/154024>
[INFO] [stdout] 
[INFO] [stdout] 
[INFO] [stdout] warning: falling back to `f32` as the trait bound `f32: From<f64>` is not satisfied
[INFO] [stdout]    --> src/shader/draw_text.rs:101:12
[INFO] [stdout]     |
[INFO] [stdout] 101 |     #[live(1.0)]
[INFO] [stdout]     |            ^^^ help: explicitly specify the type as `f32`: `1.0_f32`
[INFO] [stdout]     |
[INFO] [stdout]     = warning: this was previously accepted by the compiler but is being phased out; it will become a hard error in a future release!
[INFO] [stdout]     = note: for more information, see issue #154024 <https://github.com/rust-lang/rust/issues/154024>
[INFO] [stdout] 
[INFO] [stdout] 
[INFO] [stdout] warning: falling back to `f32` as the trait bound `f32: From<f64>` is not satisfied
[INFO] [stdout]    --> src/shader/draw_text.rs:103:12
[INFO] [stdout]     |
[INFO] [stdout] 103 |     #[live(1.0)]
[INFO] [stdout]     |            ^^^ help: explicitly specify the type as `f32`: `1.0_f32`
[INFO] [stdout]     |
[INFO] [stdout]     = warning: this was previously accepted by the compiler but is being phased out; it will become a hard error in a future release!
[INFO] [stdout]     = note: for more information, see issue #154024 <https://github.com/rust-lang/rust/issues/154024>
[INFO] [stdout] 
[INFO] [stdout] 
[INFO] [stdout] warning: falling back to `f32` as the trait bound `f32: From<f64>` is not satisfied
[INFO] [stdout]    --> src/shader/draw_text.rs:119:12
[INFO] [stdout]     |
[INFO] [stdout] 119 |     #[live(1.0)] 
[INFO] [stdout]     |            ^^^ help: explicitly specify the type as `f32`: `1.0_f32`
[INFO] [stdout]     |
[INFO] [stdout]     = warning: this was previously accepted by the compiler but is being phased out; it will become a hard error in a future release!
[INFO] [stdout]     = note: for more information, see issue #154024 <https://github.com/rust-lang/rust/issues/154024>
[INFO] [stdout] 
[INFO] [stdout] 
[INFO] [stdout] warning: falling back to `f32` as the trait bound `f32: From<f64>` is not satisfied
[INFO] [stdout]    --> src/shader/draw_text.rs:540:12
[INFO] [stdout]     |
[INFO] [stdout] 540 |     #[live(10.0)]
[INFO] [stdout]     |            ^^^^ help: explicitly specify the type as `f32`: `10.0_f32`
[INFO] [stdout]     |
[INFO] [stdout]     = warning: this was previously accepted by the compiler but is being phased out; it will become a hard error in a future release!
[INFO] [stdout]     = note: for more information, see issue #154024 <https://github.com/rust-lang/rust/issues/154024>
[INFO] [stdout] 
[INFO] [stdout] 
[INFO] [stdout] warning: falling back to `f32` as the trait bound `f32: From<f64>` is not satisfied
[INFO] [stdout]    --> src/shader/draw_text.rs:542:12
[INFO] [stdout]     |
[INFO] [stdout] 542 |     #[live(1.0)]
[INFO] [stdout]     |            ^^^ help: explicitly specify the type as `f32`: `1.0_f32`
[INFO] [stdout]     |
[INFO] [stdout]     = warning: this was previously accepted by the compiler but is being phased out; it will become a hard error in a future release!
[INFO] [stdout]     = note: for more information, see issue #154024 <https://github.com/rust-lang/rust/issues/154024>
[INFO] [stdout] 
[INFO] [stdout] 
[INFO] [stdout] warning: falling back to `f32` as the trait bound `f32: From<f64>` is not satisfied
[INFO] [stdout]   --> src/geometry/geometry_gen.rs:57:12
[INFO] [stdout]    |
[INFO] [stdout] 57 |     #[live(0.0)] pub x1: f32,
[INFO] [stdout]    |            ^^^ help: explicitly specify the type as `f32`: `0.0_f32`
[INFO] [stdout]    |
[INFO] [stdout]    = warning: this was previously accepted by the compiler but is being phased out; it will become a hard error in a future release!
[INFO] [stdout]    = note: for more information, see issue #154024 <https://github.com/rust-lang/rust/issues/154024>
[INFO] [stdout] 
[INFO] [stdout] 
[INFO] [stdout] warning: falling back to `f32` as the trait bound `f32: From<f64>` is not satisfied
[INFO] [stdout]   --> src/geometry/geometry_gen.rs:58:12
[INFO] [stdout]    |
[INFO] [stdout] 58 |     #[live(0.0)] pub y1: f32,
[INFO] [stdout]    |            ^^^ help: explicitly specify the type as `f32`: `0.0_f32`
[INFO] [stdout]    |
[INFO] [stdout]    = warning: this was previously accepted by the compiler but is being phased out; it will become a hard error in a future release!
[INFO] [stdout]    = note: for more information, see issue #154024 <https://github.com/rust-lang/rust/issues/154024>
[INFO] [stdout] 
[INFO] [stdout] 
[INFO] [stdout] warning: falling back to `f32` as the trait bound `f32: From<f64>` is not satisfied
[INFO] [stdout]   --> src/geometry/geometry_gen.rs:59:12
[INFO] [stdout]    |
[INFO] [stdout] 59 |     #[live(1.0)] pub x2: f32,
[INFO] [stdout]    |            ^^^ help: explicitly specify the type as `f32`: `1.0_f32`
[INFO] [stdout]    |
[INFO] [stdout]    = warning: this was previously accepted by the compiler but is being phased out; it will become a hard error in a future release!
[INFO] [stdout]    = note: for more information, see issue #154024 <https://github.com/rust-lang/rust/issues/154024>
[INFO] [stdout] 
[INFO] [stdout] 
[INFO] [stdout] warning: falling back to `f32` as the trait bound `f32: From<f64>` is not satisfied
[INFO] [stdout]   --> src/geometry/geometry_gen.rs:60:12
[INFO] [stdout]    |
[INFO] [stdout] 60 |     #[live(1.0)] pub y2: f32,
[INFO] [stdout]    |            ^^^ help: explicitly specify the type as `f32`: `1.0_f32`
[INFO] [stdout]    |
[INFO] [stdout]    = warning: this was previously accepted by the compiler but is being phased out; it will become a hard error in a future release!
[INFO] [stdout]    = note: for more information, see issue #154024 <https://github.com/rust-lang/rust/issues/154024>
[INFO] [stdout] 
[INFO] [stdout] 
[INFO] [stdout] warning: falling back to `f32` as the trait bound `f32: From<f64>` is not satisfied
[INFO] [stdout]    --> src/geometry/geometry_gen.rs:112:12
[INFO] [stdout]     |
[INFO] [stdout] 112 |     #[live(1.0)] width: f32,
[INFO] [stdout]     |            ^^^ help: explicitly specify the type as `f32`: `1.0_f32`
[INFO] [stdout]     |
[INFO] [stdout]     = warning: this was previously accepted by the compiler but is being phased out; it will become a hard error in a future release!
[INFO] [stdout]     = note: for more information, see issue #154024 <https://github.com/rust-lang/rust/issues/154024>
[INFO] [stdout] 
[INFO] [stdout] 
[INFO] [stdout] warning: falling back to `f32` as the trait bound `f32: From<f64>` is not satisfied
[INFO] [stdout]    --> src/geometry/geometry_gen.rs:113:12
[INFO] [stdout]     |
[INFO] [stdout] 113 |     #[live(1.0)] height: f32,
[INFO] [stdout]     |            ^^^ help: explicitly specify the type as `f32`: `1.0_f32`
[INFO] [stdout]     |
[INFO] [stdout]     = warning: this was previously accepted by the compiler but is being phased out; it will become a hard error in a future release!
[INFO] [stdout]     = note: for more information, see issue #154024 <https://github.com/rust-lang/rust/issues/154024>
[INFO] [stdout] 
[INFO] [stdout] 
[INFO] [stderr]    Compiling makepad-draw v1.0.0 (/opt/rustwide/workdir)
[INFO] [stdout] warning: falling back to `f32` as the trait bound `f32: From<f64>` is not satisfied
[INFO] [stdout]    --> src/geometry/geometry_gen.rs:114:12
[INFO] [stdout]     |
[INFO] [stdout] 114 |     #[live(1.0)] depth: f32,
[INFO] [stdout]     |            ^^^ help: explicitly specify the type as `f32`: `1.0_f32`
[INFO] [stdout]     |
[INFO] [stdout]     = warning: this was previously accepted by the compiler but is being phased out; it will become a hard error in a future release!
[INFO] [stdout]     = note: for more information, see issue #154024 <https://github.com/rust-lang/rust/issues/154024>
[INFO] [stdout] 
[INFO] [stdout] 
[INFO] [stdout] warning: unused import: `makepad_derive_live::*`
[INFO] [stdout]  --> src/shader/std.rs:3:9
[INFO] [stdout]   |
[INFO] [stdout] 3 |         makepad_derive_live::*,
[INFO] [stdout]   |         ^^^^^^^^^^^^^^^^^^^^^^
[INFO] [stdout]   |
[INFO] [stdout]   = note: `#[warn(unused_imports)]` (part of `#[warn(unused)]`) on by default
[INFO] [stdout] 
[INFO] [stdout] 
[INFO] [stdout] warning: unused import: `makepad_derive_live::*`
[INFO] [stdout]  --> src/geometry/geometry_gen.rs:3:9
[INFO] [stdout]   |
[INFO] [stdout] 3 |         makepad_derive_live::*,
[INFO] [stdout]   |         ^^^^^^^^^^^^^^^^^^^^^^
[INFO] [stdout] 
[INFO] [stdout] 
[INFO] [stdout] warning: use of deprecated constant `std::f64::NAN`: replaced by the `NAN` associated constant on `f64`
[INFO] [stdout]    --> src/turtle.rs:953:36
[INFO] [stdout]     |
[INFO] [stdout] 953 |             Size::Fit => std::f64::NAN,
[INFO] [stdout]     |                                    ^^^
[INFO] [stdout]     |
[INFO] [stdout]     = note: `#[warn(deprecated)]` on by default
[INFO] [stdout] 
[INFO] [stdout] 
[INFO] [stdout] warning: use of deprecated constant `std::f64::NAN`: replaced by the `NAN` associated constant on `f64`
[INFO] [stdout]    --> src/turtle.rs:978:36
[INFO] [stdout]     |
[INFO] [stdout] 978 |             Size::Fit => std::f64::NAN,
[INFO] [stdout]     |                                    ^^^
[INFO] [stdout] 
[INFO] [stdout] 
[INFO] [stdout] warning: use of deprecated constant `std::f64::NAN`: replaced by the `NAN` associated constant on `f64`
[INFO] [stdout]     --> src/turtle.rs:1402:28
[INFO] [stdout]      |
[INFO] [stdout] 1402 |             _ => std::f64::NAN,
[INFO] [stdout]      |                            ^^^
[INFO] [stdout] 
[INFO] [stdout] 
[INFO] [stdout] warning: falling back to `f32` as the trait bound `f32: From<f64>` is not satisfied
[INFO] [stdout]   --> src/shader/draw_quad.rs:76:12
[INFO] [stdout]    |
[INFO] [stdout] 76 |     #[live(1.0)] pub depth_clip: f32,
[INFO] [stdout]    |            ^^^ help: explicitly specify the type as `f32`: `1.0_f32`
[INFO] [stdout]    |
[INFO] [stdout]    = warning: this was previously accepted by the compiler but is being phased out; it will become a hard error in a future release!
[INFO] [stdout]    = note: for more information, see issue #154024 <https://github.com/rust-lang/rust/issues/154024>
[INFO] [stdout]    = note: `#[warn(float_literal_f32_fallback)]` (part of `#[warn(future_incompatible)]`) on by default
[INFO] [stdout] 
[INFO] [stdout] 
[INFO] [stdout] warning: falling back to `f32` as the trait bound `f32: From<f64>` is not satisfied
[INFO] [stdout]   --> src/shader/draw_quad.rs:77:12
[INFO] [stdout]    |
[INFO] [stdout] 77 |     #[live(1.0)] pub draw_depth: f32,
[INFO] [stdout]    |            ^^^ help: explicitly specify the type as `f32`: `1.0_f32`
[INFO] [stdout]    |
[INFO] [stdout]    = warning: this was previously accepted by the compiler but is being phased out; it will become a hard error in a future release!
[INFO] [stdout]    = note: for more information, see issue #154024 <https://github.com/rust-lang/rust/issues/154024>
[INFO] [stdout] 
[INFO] [stdout] 
[INFO] [stdout] warning: falling back to `f32` as the trait bound `f32: From<f64>` is not satisfied
[INFO] [stdout]   --> src/shader/draw_icon.rs:84:12
[INFO] [stdout]    |
[INFO] [stdout] 84 |     #[live(1.0)] pub brightness: f32,
[INFO] [stdout]    |            ^^^ help: explicitly specify the type as `f32`: `1.0_f32`
[INFO] [stdout]    |
[INFO] [stdout]    = warning: this was previously accepted by the compiler but is being phased out; it will become a hard error in a future release!
[INFO] [stdout]    = note: for more information, see issue #154024 <https://github.com/rust-lang/rust/issues/154024>
[INFO] [stdout] 
[INFO] [stdout] 
[INFO] [stdout] warning: falling back to `f32` as the trait bound `f32: From<f64>` is not satisfied
[INFO] [stdout]   --> src/shader/draw_icon.rs:85:12
[INFO] [stdout]    |
[INFO] [stdout] 85 |     #[live(0.6)] pub curve: f32,
[INFO] [stdout]    |            ^^^ help: explicitly specify the type as `f32`: `0.6_f32`
[INFO] [stdout]    |
[INFO] [stdout]    = warning: this was previously accepted by the compiler but is being phased out; it will become a hard error in a future release!
[INFO] [stdout]    = note: for more information, see issue #154024 <https://github.com/rust-lang/rust/issues/154024>
[INFO] [stdout] 
[INFO] [stdout] 
[INFO] [stdout] warning: falling back to `f32` as the trait bound `f32: From<f64>` is not satisfied
[INFO] [stdout]   --> src/shader/draw_icon.rs:86:12
[INFO] [stdout]    |
[INFO] [stdout] 86 |     #[live(0.5)] pub linearize: f32,
[INFO] [stdout]    |            ^^^ help: explicitly specify the type as `f32`: `0.5_f32`
[INFO] [stdout]    |
[INFO] [stdout]    = warning: this was previously accepted by the compiler but is being phased out; it will become a hard error in a future release!
[INFO] [stdout]    = note: for more information, see issue #154024 <https://github.com/rust-lang/rust/issues/154024>
[INFO] [stdout] 
[INFO] [stdout] 
[INFO] [stdout] warning: falling back to `f32` as the trait bound `f32: From<f64>` is not satisfied
[INFO] [stdout]   --> src/shader/draw_icon.rs:99:12
[INFO] [stdout]    |
[INFO] [stdout] 99 |     #[live(1.0)] pub depth_clip: f32,
[INFO] [stdout]    |            ^^^ help: explicitly specify the type as `f32`: `1.0_f32`
[INFO] [stdout]    |
[INFO] [stdout]    = warning: this was previously accepted by the compiler but is being phased out; it will become a hard error in a future release!
[INFO] [stdout]    = note: for more information, see issue #154024 <https://github.com/rust-lang/rust/issues/154024>
[INFO] [stdout] 
[INFO] [stdout] 
[INFO] [stdout] warning: falling back to `f32` as the trait bound `f32: From<f64>` is not satisfied
[INFO] [stdout]    --> src/shader/draw_icon.rs:100:12
[INFO] [stdout]     |
[INFO] [stdout] 100 |     #[live(1.0)] pub draw_depth: f32,
[INFO] [stdout]     |            ^^^ help: explicitly specify the type as `f32`: `1.0_f32`
[INFO] [stdout]     |
[INFO] [stdout]     = warning: this was previously accepted by the compiler but is being phased out; it will become a hard error in a future release!
[INFO] [stdout]     = note: for more information, see issue #154024 <https://github.com/rust-lang/rust/issues/154024>
[INFO] [stdout] 
[INFO] [stdout] 
[INFO] [stdout] warning: falling back to `f32` as the trait bound `f32: From<f64>` is not satisfied
[INFO] [stdout]   --> src/shader/draw_cube.rs:64:12
[INFO] [stdout]    |
[INFO] [stdout] 64 |     #[live(0.0)] pub life: f32,
[INFO] [stdout]    |            ^^^ help: explicitly specify the type as `f32`: `0.0_f32`
[INFO] [stdout]    |
[INFO] [stdout]    = warning: this was previously accepted by the compiler but is being phased out; it will become a hard error in a future release!
[INFO] [stdout]    = note: for more information, see issue #154024 <https://github.com/rust-lang/rust/issues/154024>
[INFO] [stdout] 
[INFO] [stdout] 
[INFO] [stdout] warning: falling back to `f32` as the trait bound `f32: From<f64>` is not satisfied
[INFO] [stdout]   --> src/shader/draw_cube.rs:65:12
[INFO] [stdout]    |
[INFO] [stdout] 65 |     #[live(0.0)] pub index: f32,
[INFO] [stdout]    |            ^^^ help: explicitly specify the type as `f32`: `0.0_f32`
[INFO] [stdout]    |
[INFO] [stdout]    = warning: this was previously accepted by the compiler but is being phased out; it will become a hard error in a future release!
[INFO] [stdout]    = note: for more information, see issue #154024 <https://github.com/rust-lang/rust/issues/154024>
[INFO] [stdout] 
[INFO] [stdout] 
[INFO] [stdout] warning: falling back to `f32` as the trait bound `f32: From<f64>` is not satisfied
[INFO] [stdout]   --> src/shader/draw_cube.rs:66:12
[INFO] [stdout]    |
[INFO] [stdout] 66 |     #[live(1.0)] pub depth_clip: f32,
[INFO] [stdout]    |            ^^^ help: explicitly specify the type as `f32`: `1.0_f32`
[INFO] [stdout]    |
[INFO] [stdout]    = warning: this was previously accepted by the compiler but is being phased out; it will become a hard error in a future release!
[INFO] [stdout]    = note: for more information, see issue #154024 <https://github.com/rust-lang/rust/issues/154024>
[INFO] [stdout] 
[INFO] [stdout] 
[INFO] [stdout] warning: falling back to `f32` as the trait bound `f32: From<f64>` is not satisfied
[INFO] [stdout]    --> src/shader/draw_text.rs:101:12
[INFO] [stdout]     |
[INFO] [stdout] 101 |     #[live(1.0)]
[INFO] [stdout]     |            ^^^ help: explicitly specify the type as `f32`: `1.0_f32`
[INFO] [stdout]     |
[INFO] [stdout]     = warning: this was previously accepted by the compiler but is being phased out; it will become a hard error in a future release!
[INFO] [stdout]     = note: for more information, see issue #154024 <https://github.com/rust-lang/rust/issues/154024>
[INFO] [stdout] 
[INFO] [stdout] 
[INFO] [stdout] warning: falling back to `f32` as the trait bound `f32: From<f64>` is not satisfied
[INFO] [stdout]    --> src/shader/draw_text.rs:103:12
[INFO] [stdout]     |
[INFO] [stdout] 103 |     #[live(1.0)]
[INFO] [stdout]     |            ^^^ help: explicitly specify the type as `f32`: `1.0_f32`
[INFO] [stdout]     |
[INFO] [stdout]     = warning: this was previously accepted by the compiler but is being phased out; it will become a hard error in a future release!
[INFO] [stdout]     = note: for more information, see issue #154024 <https://github.com/rust-lang/rust/issues/154024>
[INFO] [stdout] 
[INFO] [stdout] 
[INFO] [stdout] warning: falling back to `f32` as the trait bound `f32: From<f64>` is not satisfied
[INFO] [stdout]    --> src/shader/draw_text.rs:119:12
[INFO] [stdout]     |
[INFO] [stdout] 119 |     #[live(1.0)] 
[INFO] [stdout]     |            ^^^ help: explicitly specify the type as `f32`: `1.0_f32`
[INFO] [stdout]     |
[INFO] [stdout]     = warning: this was previously accepted by the compiler but is being phased out; it will become a hard error in a future release!
[INFO] [stdout]     = note: for more information, see issue #154024 <https://github.com/rust-lang/rust/issues/154024>
[INFO] [stdout] 
[INFO] [stdout] 
[INFO] [stdout] warning: falling back to `f32` as the trait bound `f32: From<f64>` is not satisfied
[INFO] [stdout]    --> src/shader/draw_text.rs:540:12
[INFO] [stdout]     |
[INFO] [stdout] 540 |     #[live(10.0)]
[INFO] [stdout]     |            ^^^^ help: explicitly specify the type as `f32`: `10.0_f32`
[INFO] [stdout]     |
[INFO] [stdout]     = warning: this was previously accepted by the compiler but is being phased out; it will become a hard error in a future release!
[INFO] [stdout]     = note: for more information, see issue #154024 <https://github.com/rust-lang/rust/issues/154024>
[INFO] [stdout] 
[INFO] [stdout] 
[INFO] [stdout] warning: falling back to `f32` as the trait bound `f32: From<f64>` is not satisfied
[INFO] [stdout]    --> src/shader/draw_text.rs:542:12
[INFO] [stdout]     |
[INFO] [stdout] 542 |     #[live(1.0)]
[INFO] [stdout]     |            ^^^ help: explicitly specify the type as `f32`: `1.0_f32`
[INFO] [stdout]     |
[INFO] [stdout]     = warning: this was previously accepted by the compiler but is being phased out; it will become a hard error in a future release!
[INFO] [stdout]     = note: for more information, see issue #154024 <https://github.com/rust-lang/rust/issues/154024>
[INFO] [stdout] 
[INFO] [stdout] 
[INFO] [stdout] warning: falling back to `f32` as the trait bound `f32: From<f64>` is not satisfied
[INFO] [stdout]   --> src/geometry/geometry_gen.rs:57:12
[INFO] [stdout]    |
[INFO] [stdout] 57 |     #[live(0.0)] pub x1: f32,
[INFO] [stdout]    |            ^^^ help: explicitly specify the type as `f32`: `0.0_f32`
[INFO] [stdout]    |
[INFO] [stdout]    = warning: this was previously accepted by the compiler but is being phased out; it will become a hard error in a future release!
[INFO] [stdout]    = note: for more information, see issue #154024 <https://github.com/rust-lang/rust/issues/154024>
[INFO] [stdout] 
[INFO] [stdout] 
[INFO] [stdout] warning: falling back to `f32` as the trait bound `f32: From<f64>` is not satisfied
[INFO] [stdout]   --> src/geometry/geometry_gen.rs:58:12
[INFO] [stdout]    |
[INFO] [stdout] 58 |     #[live(0.0)] pub y1: f32,
[INFO] [stdout]    |            ^^^ help: explicitly specify the type as `f32`: `0.0_f32`
[INFO] [stdout]    |
[INFO] [stdout]    = warning: this was previously accepted by the compiler but is being phased out; it will become a hard error in a future release!
[INFO] [stdout]    = note: for more information, see issue #154024 <https://github.com/rust-lang/rust/issues/154024>
[INFO] [stdout] 
[INFO] [stdout] 
[INFO] [stdout] warning: falling back to `f32` as the trait bound `f32: From<f64>` is not satisfied
[INFO] [stdout]   --> src/geometry/geometry_gen.rs:59:12
[INFO] [stdout]    |
[INFO] [stdout] 59 |     #[live(1.0)] pub x2: f32,
[INFO] [stdout]    |            ^^^ help: explicitly specify the type as `f32`: `1.0_f32`
[INFO] [stdout]    |
[INFO] [stdout]    = warning: this was previously accepted by the compiler but is being phased out; it will become a hard error in a future release!
[INFO] [stdout]    = note: for more information, see issue #154024 <https://github.com/rust-lang/rust/issues/154024>
[INFO] [stdout] 
[INFO] [stdout] 
[INFO] [stdout] warning: falling back to `f32` as the trait bound `f32: From<f64>` is not satisfied
[INFO] [stdout]   --> src/geometry/geometry_gen.rs:60:12
[INFO] [stdout]    |
[INFO] [stdout] 60 |     #[live(1.0)] pub y2: f32,
[INFO] [stdout]    |            ^^^ help: explicitly specify the type as `f32`: `1.0_f32`
[INFO] [stdout]    |
[INFO] [stdout]    = warning: this was previously accepted by the compiler but is being phased out; it will become a hard error in a future release!
[INFO] [stdout]    = note: for more information, see issue #154024 <https://github.com/rust-lang/rust/issues/154024>
[INFO] [stdout] 
[INFO] [stdout] 
[INFO] [stdout] warning: falling back to `f32` as the trait bound `f32: From<f64>` is not satisfied
[INFO] [stdout]    --> src/geometry/geometry_gen.rs:112:12
[INFO] [stdout]     |
[INFO] [stdout] 112 |     #[live(1.0)] width: f32,
[INFO] [stdout]     |            ^^^ help: explicitly specify the type as `f32`: `1.0_f32`
[INFO] [stdout]     |
[INFO] [stdout]     = warning: this was previously accepted by the compiler but is being phased out; it will become a hard error in a future release!
[INFO] [stdout]     = note: for more information, see issue #154024 <https://github.com/rust-lang/rust/issues/154024>
[INFO] [stdout] 
[INFO] [stdout] 
[INFO] [stdout] warning: falling back to `f32` as the trait bound `f32: From<f64>` is not satisfied
[INFO] [stdout]    --> src/geometry/geometry_gen.rs:113:12
[INFO] [stdout]     |
[INFO] [stdout] 113 |     #[live(1.0)] height: f32,
[INFO] [stdout]     |            ^^^ help: explicitly specify the type as `f32`: `1.0_f32`
[INFO] [stdout]     |
[INFO] [stdout]     = warning: this was previously accepted by the compiler but is being phased out; it will become a hard error in a future release!
[INFO] [stdout]     = note: for more information, see issue #154024 <https://github.com/rust-lang/rust/issues/154024>
[INFO] [stdout] 
[INFO] [stdout] 
[INFO] [stdout] warning: falling back to `f32` as the trait bound `f32: From<f64>` is not satisfied
[INFO] [stdout]    --> src/geometry/geometry_gen.rs:114:12
[INFO] [stdout]     |
[INFO] [stdout] 114 |     #[live(1.0)] depth: f32,
[INFO] [stdout]     |            ^^^ help: explicitly specify the type as `f32`: `1.0_f32`
[INFO] [stdout]     |
[INFO] [stdout]     = warning: this was previously accepted by the compiler but is being phased out; it will become a hard error in a future release!
[INFO] [stdout]     = note: for more information, see issue #154024 <https://github.com/rust-lang/rust/issues/154024>
[INFO] [stdout] 
[INFO] [stdout] 
[INFO] [stderr]     Finished `release` profile [optimized] target(s) in 4.45s
[INFO] running `Command { std: "docker" "inspect" "fcd1f9fece275f2e71547a0e44b465f20382047e3cdb4b694c86e5aafc417783", kill_on_drop: false }`
[INFO] running `Command { std: "docker" "exec" "-e" "SOURCE_DIR=/opt/rustwide/workdir" "-e" "CARGO_HOME=/opt/rustwide/cargo-home" "-e" "RUSTUP_HOME=/opt/rustwide/rustup-home" "-e" "CARGO_TARGET_DIR=/opt/rustwide/target" "-e" "CARGO_INCREMENTAL=0" "-e" "RUST_BACKTRACE=full" "-e" "RUSTFLAGS=--cap-lints=warn" "-e" "RUSTDOCFLAGS=--cap-lints=warn" "-w" "/opt/rustwide/workdir" "--user" "0:0" "fcd1f9fece275f2e71547a0e44b465f20382047e3cdb4b694c86e5aafc417783" "/opt/rustwide/cargo-home/bin/cargo" "+1.99.0-beta.8" "test" "--frozen" "--release", kill_on_drop: false }`
[INFO] [stderr] warning: unused import: `makepad_derive_live::*`
[INFO] [stderr]  --> src/shader/std.rs:3:9
[INFO] [stderr]   |
[INFO] [stderr] 3 |         makepad_derive_live::*,
[INFO] [stderr]   |         ^^^^^^^^^^^^^^^^^^^^^^
[INFO] [stderr]   |
[INFO] [stderr]   = note: `#[warn(unused_imports)]` (part of `#[warn(unused)]`) on by default
[INFO] [stderr] 
[INFO] [stderr] warning: unused import: `makepad_derive_live::*`
[INFO] [stderr]  --> src/geometry/geometry_gen.rs:3:9
[INFO] [stderr]   |
[INFO] [stderr] 3 |         makepad_derive_live::*,
[INFO] [stderr]   |         ^^^^^^^^^^^^^^^^^^^^^^
[INFO] [stderr] 
[INFO] [stderr] warning: use of deprecated constant `std::f64::NAN`: replaced by the `NAN` associated constant on `f64`
[INFO] [stderr]    --> src/turtle.rs:953:36
[INFO] [stderr]     |
[INFO] [stderr] 953 |             Size::Fit => std::f64::NAN,
[INFO] [stderr]     |                                    ^^^
[INFO] [stderr]     |
[INFO] [stderr]     = note: `#[warn(deprecated)]` on by default
[INFO] [stderr] 
[INFO] [stderr] warning: use of deprecated constant `std::f64::NAN`: replaced by the `NAN` associated constant on `f64`
[INFO] [stderr]    --> src/turtle.rs:978:36
[INFO] [stderr]     |
[INFO] [stderr] 978 |             Size::Fit => std::f64::NAN,
[INFO] [stderr]     |                                    ^^^
[INFO] [stderr] 
[INFO] [stderr] warning: use of deprecated constant `std::f64::NAN`: replaced by the `NAN` associated constant on `f64`
[INFO] [stderr]     --> src/turtle.rs:1402:28
[INFO] [stderr]      |
[INFO] [stderr] 1402 |             _ => std::f64::NAN,
[INFO] [stderr]      |                            ^^^
[INFO] [stderr] 
[INFO] [stderr] warning: falling back to `f32` as the trait bound `f32: From<f64>` is not satisfied
[INFO] [stderr]   --> src/shader/draw_quad.rs:76:12
[INFO] [stderr]    |
[INFO] [stderr] 76 |     #[live(1.0)] pub depth_clip: f32,
[INFO] [stderr]    |            ^^^ help: explicitly specify the type as `f32`: `1.0_f32`
[INFO] [stderr]    |
[INFO] [stderr]    = warning: this was previously accepted by the compiler but is being phased out; it will become a hard error in a future release!
[INFO] [stderr]    = note: for more information, see issue #154024 <https://github.com/rust-lang/rust/issues/154024>
[INFO] [stderr]    = note: `#[warn(float_literal_f32_fallback)]` (part of `#[warn(future_incompatible)]`) on by default
[INFO] [stderr] 
[INFO] [stderr] warning: falling back to `f32` as the trait bound `f32: From<f64>` is not satisfied
[INFO] [stderr]   --> src/shader/draw_quad.rs:77:12
[INFO] [stderr]    |
[INFO] [stderr] 77 |     #[live(1.0)] pub draw_depth: f32,
[INFO] [stderr]    |            ^^^ help: explicitly specify the type as `f32`: `1.0_f32`
[INFO] [stderr]    |
[INFO] [stderr]    = warning: this was previously accepted by the compiler but is being phased out; it will become a hard error in a future release!
[INFO] [stderr]    = note: for more information, see issue #154024 <https://github.com/rust-lang/rust/issues/154024>
[INFO] [stderr] 
[INFO] [stderr] warning: falling back to `f32` as the trait bound `f32: From<f64>` is not satisfied
[INFO] [stderr]   --> src/shader/draw_icon.rs:84:12
[INFO] [stderr]    |
[INFO] [stderr] 84 |     #[live(1.0)] pub brightness: f32,
[INFO] [stderr]    |            ^^^ help: explicitly specify the type as `f32`: `1.0_f32`
[INFO] [stderr]    |
[INFO] [stderr]    = warning: this was previously accepted by the compiler but is being phased out; it will become a hard error in a future release!
[INFO] [stderr]    = note: for more information, see issue #154024 <https://github.com/rust-lang/rust/issues/154024>
[INFO] [stderr] 
[INFO] [stderr] warning: falling back to `f32` as the trait bound `f32: From<f64>` is not satisfied
[INFO] [stderr]   --> src/shader/draw_icon.rs:85:12
[INFO] [stderr]    |
[INFO] [stderr] 85 |     #[live(0.6)] pub curve: f32,
[INFO] [stderr]    |            ^^^ help: explicitly specify the type as `f32`: `0.6_f32`
[INFO] [stderr]    |
[INFO] [stderr]    = warning: this was previously accepted by the compiler but is being phased out; it will become a hard error in a future release!
[INFO] [stderr]    = note: for more information, see issue #154024 <https://github.com/rust-lang/rust/issues/154024>
[INFO] [stderr] 
[INFO] [stderr] warning: falling back to `f32` as the trait bound `f32: From<f64>` is not satisfied
[INFO] [stderr]   --> src/shader/draw_icon.rs:86:12
[INFO] [stderr]    |
[INFO] [stderr] 86 |     #[live(0.5)] pub linearize: f32,
[INFO] [stderr]    |            ^^^ help: explicitly specify the type as `f32`: `0.5_f32`
[INFO] [stderr]    |
[INFO] [stderr]    = warning: this was previously accepted by the compiler but is being phased out; it will become a hard error in a future release!
[INFO] [stderr]    = note: for more information, see issue #154024 <https://github.com/rust-lang/rust/issues/154024>
[INFO] [stderr] 
[INFO] [stderr] warning: falling back to `f32` as the trait bound `f32: From<f64>` is not satisfied
[INFO] [stderr]   --> src/shader/draw_icon.rs:99:12
[INFO] [stderr]    |
[INFO] [stderr] 99 |     #[live(1.0)] pub depth_clip: f32,
[INFO] [stderr]    |            ^^^ help: explicitly specify the type as `f32`: `1.0_f32`
[INFO] [stderr]    |
[INFO] [stderr]    = warning: this was previously accepted by the compiler but is being phased out; it will become a hard error in a future release!
[INFO] [stderr]    = note: for more information, see issue #154024 <https://github.com/rust-lang/rust/issues/154024>
[INFO] [stderr] 
[INFO] [stderr] warning: falling back to `f32` as the trait bound `f32: From<f64>` is not satisfied
[INFO] [stderr]    --> src/shader/draw_icon.rs:100:12
[INFO] [stderr]     |
[INFO] [stderr] 100 |     #[live(1.0)] pub draw_depth: f32,
[INFO] [stderr]     |            ^^^ help: explicitly specify the type as `f32`: `1.0_f32`
[INFO] [stderr]     |
[INFO] [stderr]     = warning: this was previously accepted by the compiler but is being phased out; it will become a hard error in a future release!
[INFO] [stderr]     = note: for more information, see issue #154024 <https://github.com/rust-lang/rust/issues/154024>
[INFO] [stderr] 
[INFO] [stderr] warning: falling back to `f32` as the trait bound `f32: From<f64>` is not satisfied
[INFO] [stderr]   --> src/shader/draw_cube.rs:64:12
[INFO] [stderr]    |
[INFO] [stderr] 64 |     #[live(0.0)] pub life: f32,
[INFO] [stderr]    |            ^^^ help: explicitly specify the type as `f32`: `0.0_f32`
[INFO] [stderr]    |
[INFO] [stderr]    = warning: this was previously accepted by the compiler but is being phased out; it will become a hard error in a future release!
[INFO] [stderr]    = note: for more information, see issue #154024 <https://github.com/rust-lang/rust/issues/154024>
[INFO] [stderr] 
[INFO] [stderr] warning: falling back to `f32` as the trait bound `f32: From<f64>` is not satisfied
[INFO] [stderr]   --> src/shader/draw_cube.rs:65:12
[INFO] [stderr]    |
[INFO] [stderr] 65 |     #[live(0.0)] pub index: f32,
[INFO] [stderr]    |            ^^^ help: explicitly specify the type as `f32`: `0.0_f32`
[INFO] [stderr]    |
[INFO] [stderr]    = warning: this was previously accepted by the compiler but is being phased out; it will become a hard error in a future release!
[INFO] [stderr]    = note: for more information, see issue #154024 <https://github.com/rust-lang/rust/issues/154024>
[INFO] [stderr] 
[INFO] [stderr] warning: falling back to `f32` as the trait bound `f32: From<f64>` is not satisfied
[INFO] [stderr]   --> src/shader/draw_cube.rs:66:12
[INFO] [stderr]    |
[INFO] [stderr] 66 |     #[live(1.0)] pub depth_clip: f32,
[INFO] [stderr]    |            ^^^ help: explicitly specify the type as `f32`: `1.0_f32`
[INFO] [stderr]    |
[INFO] [stderr]    = warning: this was previously accepted by the compiler but is being phased out; it will become a hard error in a future release!
[INFO] [stderr]    = note: for more information, see issue #154024 <https://github.com/rust-lang/rust/issues/154024>
[INFO] [stderr] 
[INFO] [stderr] warning: falling back to `f32` as the trait bound `f32: From<f64>` is not satisfied
[INFO] [stderr]    --> src/shader/draw_text.rs:101:12
[INFO] [stderr]     |
[INFO] [stderr] 101 |     #[live(1.0)]
[INFO] [stderr]     |            ^^^ help: explicitly specify the type as `f32`: `1.0_f32`
[INFO] [stderr]     |
[INFO] [stderr]     = warning: this was previously accepted by the compiler but is being phased out; it will become a hard error in a future release!
[INFO] [stderr]     = note: for more information, see issue #154024 <https://github.com/rust-lang/rust/issues/154024>
[INFO] [stderr] 
[INFO] [stderr] warning: falling back to `f32` as the trait bound `f32: From<f64>` is not satisfied
[INFO] [stderr]    --> src/shader/draw_text.rs:103:12
[INFO] [stderr]     |
[INFO] [stderr] 103 |     #[live(1.0)]
[INFO] [stderr]     |            ^^^ help: explicitly specify the type as `f32`: `1.0_f32`
[INFO] [stderr]     |
[INFO] [stderr]     = warning: this was previously accepted by the compiler but is being phased out; it will become a hard error in a future release!
[INFO] [stderr]     = note: for more information, see issue #154024 <https://github.com/rust-lang/rust/issues/154024>
[INFO] [stderr] 
[INFO] [stderr] warning: falling back to `f32` as the trait bound `f32: From<f64>` is not satisfied
[INFO] [stderr]    --> src/shader/draw_text.rs:119:12
[INFO] [stderr]     |
[INFO] [stderr] 119 |     #[live(1.0)] 
[INFO] [stderr]     |            ^^^ help: explicitly specify the type as `f32`: `1.0_f32`
[INFO] [stderr]     |
[INFO] [stderr]     = warning: this was previously accepted by the compiler but is being phased out; it will become a hard error in a future release!
[INFO] [stderr]     = note: for more information, see issue #154024 <https://github.com/rust-lang/rust/issues/154024>
[INFO] [stderr] 
[INFO] [stderr] warning: falling back to `f32` as the trait bound `f32: From<f64>` is not satisfied
[INFO] [stderr]    --> src/shader/draw_text.rs:540:12
[INFO] [stderr]     |
[INFO] [stderr] 540 |     #[live(10.0)]
[INFO] [stderr]     |            ^^^^ help: explicitly specify the type as `f32`: `10.0_f32`
[INFO] [stderr]     |
[INFO] [stderr]     = warning: this was previously accepted by the compiler but is being phased out; it will become a hard error in a future release!
[INFO] [stderr]     = note: for more information, see issue #154024 <https://github.com/rust-lang/rust/issues/154024>
[INFO] [stderr] 
[INFO] [stderr] warning: falling back to `f32` as the trait bound `f32: From<f64>` is not satisfied
[INFO] [stderr]    --> src/shader/draw_text.rs:542:12
[INFO] [stderr]     |
[INFO] [stderr] 542 |     #[live(1.0)]
[INFO] [stderr]     |            ^^^ help: explicitly specify the type as `f32`: `1.0_f32`
[INFO] [stderr]     |
[INFO] [stderr]     = warning: this was previously accepted by the compiler but is being phased out; it will become a hard error in a future release!
[INFO] [stderr]     = note: for more information, see issue #154024 <https://github.com/rust-lang/rust/issues/154024>
[INFO] [stderr] 
[INFO] [stderr] warning: falling back to `f32` as the trait bound `f32: From<f64>` is not satisfied
[INFO] [stderr]   --> src/geometry/geometry_gen.rs:57:12
[INFO] [stderr]    |
[INFO] [stderr] 57 |     #[live(0.0)] pub x1: f32,
[INFO] [stderr]    |            ^^^ help: explicitly specify the type as `f32`: `0.0_f32`
[INFO] [stderr]    |
[INFO] [stderr]    = warning: this was previously accepted by the compiler but is being phased out; it will become a hard error in a future release!
[INFO] [stderr]    = note: for more information, see issue #154024 <https://github.com/rust-lang/rust/issues/154024>
[INFO] [stderr] 
[INFO] [stderr] warning: falling back to `f32` as the trait bound `f32: From<f64>` is not satisfied
[INFO] [stderr]   --> src/geometry/geometry_gen.rs:58:12
[INFO] [stderr]    |
[INFO] [stderr] 58 |     #[live(0.0)] pub y1: f32,
[INFO] [stderr]    |            ^^^ help: explicitly specify the type as `f32`: `0.0_f32`
[INFO] [stderr]    |
[INFO] [stderr]    = warning: this was previously accepted by the compiler but is being phased out; it will become a hard error in a future release!
[INFO] [stderr]    = note: for more information, see issue #154024 <https://github.com/rust-lang/rust/issues/154024>
[INFO] [stderr] 
[INFO] [stderr] warning: falling back to `f32` as the trait bound `f32: From<f64>` is not satisfied
[INFO] [stderr]   --> src/geometry/geometry_gen.rs:59:12
[INFO] [stderr]    |
[INFO] [stderr] 59 |     #[live(1.0)] pub x2: f32,
[INFO] [stderr]    |            ^^^ help: explicitly specify the type as `f32`: `1.0_f32`
[INFO] [stderr]    |
[INFO] [stderr]    = warning: this was previously accepted by the compiler but is being phased out; it will become a hard error in a future release!
[INFO] [stderr]    = note: for more information, see issue #154024 <https://github.com/rust-lang/rust/issues/154024>
[INFO] [stderr] 
[INFO] [stderr] warning: falling back to `f32` as the trait bound `f32: From<f64>` is not satisfied
[INFO] [stderr]   --> src/geometry/geometry_gen.rs:60:12
[INFO] [stderr]    |
[INFO] [stderr] 60 |     #[live(1.0)] pub y2: f32,
[INFO] [stderr]    |            ^^^ help: explicitly specify the type as `f32`: `1.0_f32`
[INFO] [stderr]    |
[INFO] [stderr]    = warning: this was previously accepted by the compiler but is being phased out; it will become a hard error in a future release!
[INFO] [stderr]    = note: for more information, see issue #154024 <https://github.com/rust-lang/rust/issues/154024>
[INFO] [stderr] 
[INFO] [stderr] warning: falling back to `f32` as the trait bound `f32: From<f64>` is not satisfied
[INFO] [stderr]    --> src/geometry/geometry_gen.rs:112:12
[INFO] [stderr]     |
[INFO] [stderr] 112 |     #[live(1.0)] width: f32,
[INFO] [stderr]     |            ^^^ help: explicitly specify the type as `f32`: `1.0_f32`
[INFO] [stderr]     |
[INFO] [stderr]     = warning: this was previously accepted by the compiler but is being phased out; it will become a hard error in a future release!
[INFO] [stderr]     = note: for more information, see issue #154024 <https://github.com/rust-lang/rust/issues/154024>
[INFO] [stderr] 
[INFO] [stderr] warning: falling back to `f32` as the trait bound `f32: From<f64>` is not satisfied
[INFO] [stderr]    --> src/geometry/geometry_gen.rs:113:12
[INFO] [stderr]     |
[INFO] [stderr] 113 |     #[live(1.0)] height: f32,
[INFO] [stderr]     |            ^^^ help: explicitly specify the type as `f32`: `1.0_f32`
[INFO] [stderr]     |
[INFO] [stderr]     = warning: this was previously accepted by the compiler but is being phased out; it will become a hard error in a future release!
[INFO] [stderr]     = note: for more information, see issue #154024 <https://github.com/rust-lang/rust/issues/154024>
[INFO] [stderr] 
[INFO] [stderr] warning: falling back to `f32` as the trait bound `f32: From<f64>` is not satisfied
[INFO] [stderr]    --> src/geometry/geometry_gen.rs:114:12
[INFO] [stderr]     |
[INFO] [stderr] 114 |     #[live(1.0)] depth: f32,
[INFO] [stderr]     |            ^^^ help: explicitly specify the type as `f32`: `1.0_f32`
[INFO] [stderr]     |
[INFO] [stderr]     = warning: this was previously accepted by the compiler but is being phased out; it will become a hard error in a future release!
[INFO] [stderr]     = note: for more information, see issue #154024 <https://github.com/rust-lang/rust/issues/154024>
[INFO] [stderr] 
[INFO] [stderr] warning: `makepad-draw` (lib) generated 27 warnings (run `cargo fix --lib -p makepad-draw` to apply 24 suggestions)
[INFO] [stderr] warning: `makepad-draw` (lib test) generated 27 warnings (27 duplicates)
[INFO] [stderr]     Finished `release` profile [optimized] target(s) in 0.08s
[INFO] [stderr]      Running unittests src/lib.rs (/opt/rustwide/target/release/deps/makepad_draw-242edbfb3c3c39b7)
[INFO] [stdout] 
[INFO] [stdout] running 1 test
[INFO] [stdout] test text::tests::test ... FAILED
[INFO] [stdout] 
[INFO] [stdout] failures:
[INFO] [stdout] 
[INFO] [stdout] ---- text::tests::test stdout ----
[INFO] [stdout] 
[INFO] [stdout] thread 'text::tests::test' (1229) panicked at src/text/loader.rs:91:32:
[INFO] [stdout] font family FontFamilyId(138014143549568) is not defined
[INFO] [stdout] stack backtrace:
[INFO] [stdout]    0:     0x580ed677a2b1 - <<std[70759c8f55707aa4]::sys::backtrace::BacktraceLock>::print::DisplayBacktrace as core[df12db4294e9bfd3]::fmt::Display>::fmt
[INFO] [stdout]    1:     0x580ed67904ca - core[df12db4294e9bfd3]::fmt::write
[INFO] [stdout]    2:     0x580ed677e7fc - <alloc[2182bb758b4b3781]::vec::Vec<u8> as core[df12db4294e9bfd3]::io::write::Write>::write_fmt
[INFO] [stdout]    3:     0x580ed67568a6 - std[70759c8f55707aa4]::panicking::default_hook::{closure#0}
[INFO] [stdout]    4:     0x580ed6772a19 - std[70759c8f55707aa4]::panicking::default_hook
[INFO] [stdout]    5:     0x580ed6691000 - test[9d35eded1c95d3be]::test_main_inner::<test[9d35eded1c95d3be]::test_main_static::{closure#0}>::{closure#0}
[INFO] [stdout]    6:     0x580ed6772bd2 - std[70759c8f55707aa4]::panicking::panic_with_hook
[INFO] [stdout]    7:     0x580ed6756952 - std[70759c8f55707aa4]::panicking::panic_handler::{closure#0}
[INFO] [stdout]    8:     0x580ed674f6a9 - std[70759c8f55707aa4]::sys::backtrace::__rust_end_short_backtrace::<std[70759c8f55707aa4]::panicking::panic_handler::{closure#0}, !>
[INFO] [stdout]    9:     0x580ed675754d - __rustc[8fa7c3cbc660c2b3]::rust_begin_unwind
[INFO] [stdout]   10:     0x580ed6790c2c - core[df12db4294e9bfd3]::panicking::panic_fmt
[INFO] [stdout]   11:     0x580ed6673222 - <makepad_draw[f064d06e843ee2bf]::text::loader::Loader>::get_or_load_font_family
[INFO] [stdout]   12:     0x580ed66662d7 - <makepad_draw[f064d06e843ee2bf]::text::layouter::Layouter>::get_or_layout::<makepad_draw[f064d06e843ee2bf]::text::layouter::OwnedLayoutParams>
[INFO] [stdout]   13:     0x580ed6682fa1 - makepad_draw[f064d06e843ee2bf]::text::tests::test
[INFO] [stdout]   14:     0x580ed6680279 - <makepad_draw[f064d06e843ee2bf]::text::tests::test::{closure#0} as core[df12db4294e9bfd3]::ops::function::FnOnce<()>>::call_once
[INFO] [stdout]   15:     0x580ed66842eb - test[9d35eded1c95d3be]::__rust_begin_short_backtrace::<core[df12db4294e9bfd3]::result::Result<(), alloc[2182bb758b4b3781]::string::String>, fn() -> core[df12db4294e9bfd3]::result::Result<(), alloc[2182bb758b4b3781]::string::String>>
[INFO] [stdout]   16:     0x580ed6691955 - test[9d35eded1c95d3be]::run_test::{closure#0}
[INFO] [stdout]   17:     0x580ed668b214 - std[70759c8f55707aa4]::sys::backtrace::__rust_begin_short_backtrace::<test[9d35eded1c95d3be]::run_test::{closure#1}, ()>
[INFO] [stdout]   18:     0x580ed6694ab2 - <std[70759c8f55707aa4]::thread::lifecycle::spawn_unchecked<test[9d35eded1c95d3be]::run_test::{closure#1}, ()>::{closure#1} as core[df12db4294e9bfd3]::ops::function::FnOnce<()>>::call_once::{shim:vtable#0}
[INFO] [stdout]   19:     0x580ed6779b89 - <std[70759c8f55707aa4]::sys::thread::unix::Thread>::new::thread_start
[INFO] [stdout]   20:     0x7d85f0f98dfa - <unknown>
[INFO] [stdout]   21:     0x7d85f102c3d4 - clone
[INFO] [stdout]   22:                0x0 - <unknown>
[INFO] [stdout] 
[INFO] [stdout] 
[INFO] [stdout] failures:
[INFO] [stdout]     text::tests::test
[INFO] [stdout] 
[INFO] [stdout] test result: FAILED. 0 passed; 1 failed; 0 ignored; 0 measured; 0 filtered out; finished in 0.03s
[INFO] [stdout] 
[INFO] [stderr] error: test failed, to rerun pass `--lib`
[INFO] running `Command { std: "docker" "inspect" "fcd1f9fece275f2e71547a0e44b465f20382047e3cdb4b694c86e5aafc417783", kill_on_drop: false }`
[INFO] running `Command { std: "docker" "rm" "-f" "fcd1f9fece275f2e71547a0e44b465f20382047e3cdb4b694c86e5aafc417783", kill_on_drop: false }`
[INFO] [stdout] fcd1f9fece275f2e71547a0e44b465f20382047e3cdb4b694c86e5aafc417783
