[INFO] fetching crate make87_messages 0.2.8...
[INFO] testing make87_messages-0.2.8 against 1.99.0-beta.8+cargoflags=--release for beta-release-1.100-2
[INFO] extracting crate make87_messages 0.2.8 into /workspace/builds/worker-7-tc1/source
[INFO] started tweaking crates.io crate make87_messages 0.2.8
[INFO] finished tweaking crates.io crate make87_messages 0.2.8
[INFO] tweaked toml for crates.io crate make87_messages 0.2.8 written to /workspace/builds/worker-7-tc1/source/Cargo.toml
[INFO] validating manifest of crates.io crate make87_messages 0.2.8 on toolchain 1.99.0-beta.8
[INFO] running `Command { std: CARGO_HOME="/workspace/cargo-home" RUSTUP_HOME="/workspace/rustup-home" "/workspace/cargo-home/bin/cargo" "+1.99.0-beta.8" "metadata" "--manifest-path" "Cargo.toml" "--no-deps", kill_on_drop: false }`
[INFO] running `Command { std: CARGO_HOME="/workspace/cargo-home" RUSTUP_HOME="/workspace/rustup-home" "/workspace/cargo-home/bin/cargo" "+1.99.0-beta.8" "generate-lockfile" "--manifest-path" "Cargo.toml", kill_on_drop: false }`
[INFO] [stderr]     Updating crates.io index
[INFO] [stderr]      Locking 39 packages to highest compatible versions
[INFO] [stderr]       Adding prost v0.13.5 (available: v0.14.4)
[INFO] [stderr]       Adding prost-build v0.13.5 (available: v0.14.4)
[INFO] running `Command { std: CARGO_HOME="/workspace/cargo-home" RUSTUP_HOME="/workspace/rustup-home" "/workspace/cargo-home/bin/cargo" "+1.99.0-beta.8" "fetch" "--manifest-path" "Cargo.toml", kill_on_drop: false }`
[INFO] running `Command { std: "docker" "create" "-v" "/var/lib/crater-agent-workspace/builds/worker-7-tc1/source:/opt/rustwide/workdir:ro,Z" "-v" "/var/lib/crater-agent-workspace/builds/worker-7-tc1/target:/opt/rustwide/target:rw,Z" "-v" "/var/lib/crater-agent-workspace/cargo-home:/opt/rustwide/cargo-home:ro,Z" "-v" "/var/lib/crater-agent-workspace/rustup-home:/opt/rustwide/rustup-home:ro,Z" "-m" "1610612736" "--network" "none" "ghcr.io/rust-lang/crates-build-env/linux@sha256:77db811e55d90add9212f6832c23229e3de5f1c1f9905e8cb07319ea15df73ac" "sleep" "infinity", kill_on_drop: false }`
[INFO] [stdout] 4e2aa0d65037165007bcf077585bb274d4f1f0a95c02304e75db8196b5f76f6b
[INFO] running `Command { std: "docker" "start" "4e2aa0d65037165007bcf077585bb274d4f1f0a95c02304e75db8196b5f76f6b", kill_on_drop: false }`
[INFO] running `Command { std: "docker" "inspect" "4e2aa0d65037165007bcf077585bb274d4f1f0a95c02304e75db8196b5f76f6b", kill_on_drop: false }`
[INFO] running `Command { std: "docker" "exec" "-e" "SOURCE_DIR=/opt/rustwide/workdir" "-e" "CARGO_HOME=/opt/rustwide/cargo-home" "-e" "RUSTUP_HOME=/opt/rustwide/rustup-home" "-e" "CARGO_TARGET_DIR=/opt/rustwide/target" "-w" "/opt/rustwide/workdir" "--user" "0:0" "4e2aa0d65037165007bcf077585bb274d4f1f0a95c02304e75db8196b5f76f6b" "/opt/rustwide/cargo-home/bin/cargo" "+1.99.0-beta.8" "metadata" "--no-deps" "--format-version=1", kill_on_drop: false }`
[INFO] running `Command { std: "docker" "inspect" "4e2aa0d65037165007bcf077585bb274d4f1f0a95c02304e75db8196b5f76f6b", kill_on_drop: false }`
[INFO] running `Command { std: "docker" "exec" "-e" "SOURCE_DIR=/opt/rustwide/workdir" "-e" "CARGO_HOME=/opt/rustwide/cargo-home" "-e" "RUSTUP_HOME=/opt/rustwide/rustup-home" "-e" "CARGO_TARGET_DIR=/opt/rustwide/target" "-e" "CARGO_INCREMENTAL=0" "-e" "RUST_BACKTRACE=full" "-e" "RUSTFLAGS=--cap-lints=warn" "-e" "RUSTDOCFLAGS=--cap-lints=warn" "-w" "/opt/rustwide/workdir" "--user" "0:0" "4e2aa0d65037165007bcf077585bb274d4f1f0a95c02304e75db8196b5f76f6b" "/opt/rustwide/cargo-home/bin/cargo" "+1.99.0-beta.8" "build" "--frozen" "--message-format=json" "--release", kill_on_drop: false }`
[INFO] [stderr]    Compiling bytes v1.12.1
[INFO] [stderr]    Compiling itertools v0.14.0
[INFO] [stderr]    Compiling prost-derive v0.13.5
[INFO] [stderr]    Compiling prost v0.13.5
[INFO] [stderr]    Compiling make87_messages v0.2.8 (/opt/rustwide/workdir)
[INFO] [stderr]     Finished `release` profile [optimized] target(s) in 7.12s
[INFO] running `Command { std: "docker" "inspect" "4e2aa0d65037165007bcf077585bb274d4f1f0a95c02304e75db8196b5f76f6b", kill_on_drop: false }`
[INFO] running `Command { std: "docker" "exec" "-e" "SOURCE_DIR=/opt/rustwide/workdir" "-e" "CARGO_HOME=/opt/rustwide/cargo-home" "-e" "RUSTUP_HOME=/opt/rustwide/rustup-home" "-e" "CARGO_TARGET_DIR=/opt/rustwide/target" "-e" "CARGO_INCREMENTAL=0" "-e" "RUST_BACKTRACE=full" "-e" "RUSTFLAGS=--cap-lints=warn" "-e" "RUSTDOCFLAGS=--cap-lints=warn" "-w" "/opt/rustwide/workdir" "--user" "0:0" "4e2aa0d65037165007bcf077585bb274d4f1f0a95c02304e75db8196b5f76f6b" "/opt/rustwide/cargo-home/bin/cargo" "+1.99.0-beta.8" "test" "--frozen" "--no-run" "--message-format=json" "--release", kill_on_drop: false }`
[INFO] [stderr]    Compiling make87_messages v0.2.8 (/opt/rustwide/workdir)
[INFO] [stderr]     Finished `release` profile [optimized] target(s) in 1.53s
[INFO] running `Command { std: "docker" "inspect" "4e2aa0d65037165007bcf077585bb274d4f1f0a95c02304e75db8196b5f76f6b", kill_on_drop: false }`
[INFO] running `Command { std: "docker" "exec" "-e" "SOURCE_DIR=/opt/rustwide/workdir" "-e" "CARGO_HOME=/opt/rustwide/cargo-home" "-e" "RUSTUP_HOME=/opt/rustwide/rustup-home" "-e" "CARGO_TARGET_DIR=/opt/rustwide/target" "-e" "CARGO_INCREMENTAL=0" "-e" "RUST_BACKTRACE=full" "-e" "RUSTFLAGS=--cap-lints=warn" "-e" "RUSTDOCFLAGS=--cap-lints=warn" "-w" "/opt/rustwide/workdir" "--user" "0:0" "4e2aa0d65037165007bcf077585bb274d4f1f0a95c02304e75db8196b5f76f6b" "/opt/rustwide/cargo-home/bin/cargo" "+1.99.0-beta.8" "test" "--frozen" "--release", kill_on_drop: false }`
[INFO] [stderr]     Finished `release` profile [optimized] target(s) in 0.07s
[INFO] [stderr]      Running unittests src/lib.rs (/opt/rustwide/target/release/deps/make87_messages-b898eb5012f3b1dd)
[INFO] [stdout] 
[INFO] [stdout] running 0 tests
[INFO] [stdout] 
[INFO] [stdout] test result: ok. 0 passed; 0 failed; 0 ignored; 0 measured; 0 filtered out; finished in 0.00s
[INFO] [stdout] 
[INFO] [stderr]    Doc-tests make87_messages
[INFO] [stdout] 
[INFO] [stdout] running 6 tests
[INFO] [stdout] test src/generated/google.protobuf.rs - google::protobuf::Timestamp (line 26) ... FAILED
[INFO] [stdout] test src/generated/google.protobuf.rs - google::protobuf::Timestamp (line 47) ... FAILED
[INFO] [stdout] test src/generated/google.protobuf.rs - google::protobuf::Timestamp (line 35) ... FAILED
[INFO] [stdout] test src/generated/google.protobuf.rs - google::protobuf::Timestamp (line 62) ... FAILED
[INFO] [stdout] test src/generated/google.protobuf.rs - google::protobuf::Timestamp (line 54) ... FAILED
[INFO] [stdout] test src/generated/google.protobuf.rs - google::protobuf::Timestamp (line 20) ... FAILED
[INFO] [stdout] 
[INFO] [stdout] failures:
[INFO] [stdout] 
[INFO] [stdout] ---- src/generated/google.protobuf.rs - google::protobuf::Timestamp (line 26) stdout ----
[INFO] [stdout] error: expected `where`, `{`, `(`, or `;` after struct name, found `tv`
[INFO] [stdout]   --> src/generated/google.protobuf.rs:27:17
[INFO] [stdout]    |
[INFO] [stdout] 27 |  struct timeval tv;
[INFO] [stdout]    |                 ^^ expected `where`, `{`, `(`, or `;` after struct name
[INFO] [stdout] 
[INFO] [stdout] error: aborting due to 1 previous error
[INFO] [stdout] 
[INFO] [stdout] Couldn't compile the test.
[INFO] [stdout] ---- src/generated/google.protobuf.rs - google::protobuf::Timestamp (line 47) stdout ----
[INFO] [stdout] error: expected one of `!` or `::`, found `millis`
[INFO] [stdout]   --> src/generated/google.protobuf.rs:48:7
[INFO] [stdout]    |
[INFO] [stdout] 48 |  long millis = System.currentTimeMillis();
[INFO] [stdout]    |       ^^^^^^ expected one of `!` or `::`
[INFO] [stdout] 
[INFO] [stdout] error: aborting due to 1 previous error
[INFO] [stdout] 
[INFO] [stdout] Couldn't compile the test.
[INFO] [stdout] ---- src/generated/google.protobuf.rs - google::protobuf::Timestamp (line 35) stdout ----
[INFO] [stdout] error: expected one of `!` or `::`, found `ft`
[INFO] [stdout]   --> src/generated/google.protobuf.rs:36:11
[INFO] [stdout]    |
[INFO] [stdout] 36 |  FILETIME ft;
[INFO] [stdout]    |           ^^ expected one of `!` or `::`
[INFO] [stdout] 
[INFO] [stdout] error: aborting due to 1 previous error
[INFO] [stdout] 
[INFO] [stdout] Couldn't compile the test.
[INFO] [stdout] ---- src/generated/google.protobuf.rs - google::protobuf::Timestamp (line 62) stdout ----
[INFO] [stdout] error: expected one of `!` or `::`, found `=`
[INFO] [stdout]   --> src/generated/google.protobuf.rs:63:12
[INFO] [stdout]    |
[INFO] [stdout] 63 |  timestamp = Timestamp()
[INFO] [stdout]    |            ^ expected one of `!` or `::`
[INFO] [stdout] 
[INFO] [stdout] error: aborting due to 1 previous error
[INFO] [stdout] 
[INFO] [stdout] Couldn't compile the test.
[INFO] [stdout] ---- src/generated/google.protobuf.rs - google::protobuf::Timestamp (line 54) stdout ----
[INFO] [stdout] error: expected one of `!` or `::`, found `now`
[INFO] [stdout]   --> src/generated/google.protobuf.rs:55:10
[INFO] [stdout]    |
[INFO] [stdout] 55 |  Instant now = Instant.now();
[INFO] [stdout]    |          ^^^ expected one of `!` or `::`
[INFO] [stdout] 
[INFO] [stdout] error: aborting due to 1 previous error
[INFO] [stdout] 
[INFO] [stdout] Couldn't compile the test.
[INFO] [stdout] ---- src/generated/google.protobuf.rs - google::protobuf::Timestamp (line 20) stdout ----
[INFO] [stdout] error: expected one of `!` or `::`, found `timestamp`
[INFO] [stdout]   --> src/generated/google.protobuf.rs:21:12
[INFO] [stdout]    |
[INFO] [stdout] 21 |  Timestamp timestamp;
[INFO] [stdout]    |            ^^^^^^^^^ expected one of `!` or `::`
[INFO] [stdout] 
[INFO] [stdout] error: aborting due to 1 previous error
[INFO] [stdout] 
[INFO] [stdout] Couldn't compile the test.
[INFO] [stdout] 
[INFO] [stdout] failures:
[INFO] [stdout]     src/generated/google.protobuf.rs - google::protobuf::Timestamp (line 20)
[INFO] [stdout]     src/generated/google.protobuf.rs - google::protobuf::Timestamp (line 26)
[INFO] [stdout]     src/generated/google.protobuf.rs - google::protobuf::Timestamp (line 35)
[INFO] [stdout]     src/generated/google.protobuf.rs - google::protobuf::Timestamp (line 47)
[INFO] [stdout]     src/generated/google.protobuf.rs - google::protobuf::Timestamp (line 54)
[INFO] [stdout]     src/generated/google.protobuf.rs - google::protobuf::Timestamp (line 62)
[INFO] [stdout] 
[INFO] [stdout] test result: FAILED. 0 passed; 6 failed; 0 ignored; 0 measured; 0 filtered out; finished in 0.17s
[INFO] [stdout] 
[INFO] [stderr] error: doctest failed, to rerun pass `--doc`
[INFO] running `Command { std: "docker" "inspect" "4e2aa0d65037165007bcf077585bb274d4f1f0a95c02304e75db8196b5f76f6b", kill_on_drop: false }`
[INFO] running `Command { std: "docker" "rm" "-f" "4e2aa0d65037165007bcf077585bb274d4f1f0a95c02304e75db8196b5f76f6b", kill_on_drop: false }`
[INFO] [stdout] 4e2aa0d65037165007bcf077585bb274d4f1f0a95c02304e75db8196b5f76f6b
