[INFO] fetching crate mailjet_client 0.4.0...
[INFO] testing mailjet_client-0.4.0 against 1.99.0-beta.8+cargoflags=--release for beta-release-1.100-2
[INFO] extracting crate mailjet_client 0.4.0 into /workspace/builds/worker-7-tc1/source
[INFO] started tweaking crates.io crate mailjet_client 0.4.0
[INFO] removed 0 missing examples
[INFO] removed 0 missing tests
[INFO] finished tweaking crates.io crate mailjet_client 0.4.0
[INFO] tweaked toml for crates.io crate mailjet_client 0.4.0 written to /workspace/builds/worker-7-tc1/source/Cargo.toml
[INFO] validating manifest of crates.io crate mailjet_client 0.4.0 on toolchain 1.99.0-beta.8
[INFO] running `Command { std: CARGO_HOME="/workspace/cargo-home" RUSTUP_HOME="/workspace/rustup-home" "/workspace/cargo-home/bin/cargo" "+1.99.0-beta.8" "metadata" "--manifest-path" "Cargo.toml" "--no-deps", kill_on_drop: false }`
[INFO] crate crates.io crate mailjet_client 0.4.0 already has a lockfile, it will not be regenerated
[INFO] running `Command { std: CARGO_HOME="/workspace/cargo-home" RUSTUP_HOME="/workspace/rustup-home" "/workspace/cargo-home/bin/cargo" "+1.99.0-beta.8" "fetch" "--manifest-path" "Cargo.toml", kill_on_drop: false }`
[INFO] [stderr]     Updating crates.io index
[INFO] [stderr]  Downloading crates ...
[INFO] [stderr]   Downloaded tinyvec v1.8.0
[INFO] [stderr]   Downloaded itoa v1.0.11
[INFO] [stderr]   Downloaded autocfg v1.3.0
[INFO] [stderr]   Downloaded unicode-normalization v0.1.24
[INFO] [stderr]   Downloaded thiserror-impl v1.0.64
[INFO] [stderr]   Downloaded thiserror v1.0.64
[INFO] [stderr]   Downloaded proc-macro-crate v3.2.0
[INFO] [stderr]   Downloaded sync_wrapper v1.0.1
[INFO] [stderr]   Downloaded hermit-abi v0.3.9
[INFO] [stderr]   Downloaded wasm-bindgen-futures v0.4.43
[INFO] [stderr]   Downloaded redox_syscall v0.5.4
[INFO] [stderr]   Downloaded relative-path v1.9.3
[INFO] [stderr]   Downloaded ipnet v2.10.0
[INFO] [stderr]   Downloaded semver v1.0.23
[INFO] [stderr]   Downloaded reqwest-middleware v0.5.1
[INFO] [stderr]   Downloaded httparse v1.9.4
[INFO] [stderr]   Downloaded tokio-rustls v0.26.0
[INFO] [stderr]   Downloaded anyhow v1.0.89
[INFO] [stderr]   Downloaded reqwest-tracing v0.7.0
[INFO] [stderr]   Downloaded rstest v0.26.1
[INFO] [stderr]   Downloaded schannel v0.1.24
[INFO] [stderr]   Downloaded ppv-lite86 v0.2.20
[INFO] [stderr]   Downloaded async-trait v0.1.83
[INFO] [stderr]   Downloaded value-bag v1.9.0
[INFO] [stderr]   Downloaded rstest_macros v0.26.1
[INFO] [stderr]   Downloaded hyper-rustls v0.27.3
[INFO] [stderr]   Downloaded url v2.5.2
[INFO] [stderr]   Downloaded errno v0.3.9
[INFO] [stderr]   Downloaded hermit-abi v0.4.0
[INFO] [stderr]   Downloaded async-channel v2.3.1
[INFO] [stderr]   Downloaded bytes v1.7.2
[INFO] [stderr]   Downloaded names v0.14.0
[INFO] [stderr]   Downloaded event-listener-strategy v0.5.2
[INFO] [stderr]   Downloaded fastrand v2.1.1
[INFO] [stderr]   Downloaded piper v0.2.4
[INFO] [stderr]   Downloaded async-attributes v1.1.2
[INFO] [stderr]   Downloaded futures-lite v2.3.0
[INFO] [stderr]   Downloaded crossbeam-utils v0.8.20
[INFO] [stderr]   Downloaded event-listener v5.3.1
[INFO] [stderr]   Downloaded async-io v2.3.4
[INFO] [stderr]   Downloaded async-executor v1.13.1
[INFO] [stderr]   Downloaded tokio-util v0.7.12
[INFO] [stderr]   Downloaded blocking v1.6.1
[INFO] [stderr]   Downloaded polling v3.7.3
[INFO] [stderr]   Downloaded h2 v0.4.6
[INFO] [stderr]   Downloaded winnow v0.6.19
[INFO] [stderr]   Downloaded iri-string v0.7.12
[INFO] [stderr]   Downloaded async-std v1.13.0
[INFO] [stderr]   Downloaded rustls v0.23.39
[INFO] [stderr]   Downloaded rustix v0.38.37
[INFO] [stderr]   Downloaded web-sys v0.3.70
[INFO] [stderr]   Downloaded encoding_rs v0.8.34
[INFO] [stderr]   Downloaded ring v0.17.8
[INFO] running `Command { std: "docker" "create" "-v" "/var/lib/crater-agent-workspace/builds/worker-7-tc1/source:/opt/rustwide/workdir:ro,Z" "-v" "/var/lib/crater-agent-workspace/builds/worker-7-tc1/target:/opt/rustwide/target:rw,Z" "-v" "/var/lib/crater-agent-workspace/cargo-home:/opt/rustwide/cargo-home:ro,Z" "-v" "/var/lib/crater-agent-workspace/rustup-home:/opt/rustwide/rustup-home:ro,Z" "-m" "1610612736" "--network" "none" "ghcr.io/rust-lang/crates-build-env/linux@sha256:77db811e55d90add9212f6832c23229e3de5f1c1f9905e8cb07319ea15df73ac" "sleep" "infinity", kill_on_drop: false }`
[INFO] [stdout] 9445a2db48562ce8c97219ee3dc92865e5f81299b2bb1fa280e0c84246ae10e7
[INFO] running `Command { std: "docker" "start" "9445a2db48562ce8c97219ee3dc92865e5f81299b2bb1fa280e0c84246ae10e7", kill_on_drop: false }`
[INFO] running `Command { std: "docker" "inspect" "9445a2db48562ce8c97219ee3dc92865e5f81299b2bb1fa280e0c84246ae10e7", kill_on_drop: false }`
[INFO] running `Command { std: "docker" "exec" "-e" "SOURCE_DIR=/opt/rustwide/workdir" "-e" "CARGO_HOME=/opt/rustwide/cargo-home" "-e" "RUSTUP_HOME=/opt/rustwide/rustup-home" "-e" "CARGO_TARGET_DIR=/opt/rustwide/target" "-w" "/opt/rustwide/workdir" "--user" "0:0" "9445a2db48562ce8c97219ee3dc92865e5f81299b2bb1fa280e0c84246ae10e7" "/opt/rustwide/cargo-home/bin/cargo" "+1.99.0-beta.8" "metadata" "--no-deps" "--format-version=1", kill_on_drop: false }`
[INFO] running `Command { std: "docker" "inspect" "9445a2db48562ce8c97219ee3dc92865e5f81299b2bb1fa280e0c84246ae10e7", kill_on_drop: false }`
[INFO] running `Command { std: "docker" "exec" "-e" "SOURCE_DIR=/opt/rustwide/workdir" "-e" "CARGO_HOME=/opt/rustwide/cargo-home" "-e" "RUSTUP_HOME=/opt/rustwide/rustup-home" "-e" "CARGO_TARGET_DIR=/opt/rustwide/target" "-e" "CARGO_INCREMENTAL=0" "-e" "RUST_BACKTRACE=full" "-e" "RUSTFLAGS=--cap-lints=warn" "-e" "RUSTDOCFLAGS=--cap-lints=warn" "-w" "/opt/rustwide/workdir" "--user" "0:0" "9445a2db48562ce8c97219ee3dc92865e5f81299b2bb1fa280e0c84246ae10e7" "/opt/rustwide/cargo-home/bin/cargo" "+1.99.0-beta.8" "build" "--frozen" "--message-format=json" "--release", kill_on_drop: false }`
[INFO] [stderr]    Compiling unicode-ident v1.0.13
[INFO] [stderr]    Compiling bytes v1.7.2
[INFO] [stderr]    Compiling pin-project-lite v0.2.14
[INFO] [stderr]    Compiling autocfg v1.3.0
[INFO] [stderr]    Compiling zeroize v1.8.1
[INFO] [stderr]    Compiling itoa v1.0.11
[INFO] [stderr]    Compiling once_cell v1.19.0
[INFO] [stderr]    Compiling aws-lc-rs v1.16.3
[INFO] [stderr]    Compiling futures-task v0.3.32
[INFO] [stderr]    Compiling httparse v1.9.4
[INFO] [stderr]    Compiling rustls v0.23.39
[INFO] [stderr]    Compiling hashbrown v0.17.0
[INFO] [stderr]    Compiling cc v1.2.61
[INFO] [stderr]    Compiling tinyvec_macros v0.1.1
[INFO] [stderr]    Compiling percent-encoding v2.3.1
[INFO] [stderr]    Compiling smallvec v1.13.2
[INFO] [stderr]    Compiling sync_wrapper v1.0.1
[INFO] [stderr]    Compiling tinyvec v1.8.0
[INFO] [stderr]    Compiling unicode-bidi v0.3.15
[INFO] [stderr]    Compiling ipnet v2.10.0
[INFO] [stderr]    Compiling proc-macro2 v1.0.106
[INFO] [stderr]    Compiling getrandom v0.2.15
[INFO] [stderr]    Compiling memchr v2.7.4
[INFO] [stderr]    Compiling rustls-pki-types v1.14.1
[INFO] [stderr]    Compiling anyhow v1.0.89
[INFO] [stderr]    Compiling form_urlencoded v1.2.1
[INFO] [stderr]    Compiling tracing-core v0.1.36
[INFO] [stderr]    Compiling log v0.4.22
[INFO] [stderr]    Compiling iri-string v0.7.12
[INFO] [stderr]    Compiling slab v0.4.9
[INFO] [stderr]    Compiling rand_core v0.6.4
[INFO] [stderr]    Compiling encoding_rs v0.8.34
[INFO] [stderr]    Compiling getrandom v0.4.2
[INFO] [stderr]    Compiling quote v1.0.37
[INFO] [stderr]    Compiling mime v0.3.17
[INFO] [stderr]    Compiling unicode-normalization v0.1.24
[INFO] [stderr]    Compiling tokio v1.52.1
[INFO] [stderr]    Compiling http v1.4.0
[INFO] [stderr]    Compiling syn v2.0.117
[INFO] [stderr]    Compiling cmake v0.1.58
[INFO] [stderr]    Compiling futures-util v0.3.32
[INFO] [stderr]    Compiling indexmap v2.14.0
[INFO] [stderr]    Compiling idna v0.5.0
[INFO] [stderr]    Compiling rustls-native-certs v0.8.3
[INFO] [stderr]    Compiling serde_json v1.0.149
[INFO] [stderr]    Compiling names v0.14.0
[INFO] [stderr]    Compiling thiserror v1.0.64
[INFO] [stderr]    Compiling matchit v0.8.4
[INFO] [stderr]    Compiling secrecy v0.10.3
[INFO] [stderr]    Compiling uuid v1.23.1
[INFO] [stderr]    Compiling aws-lc-sys v0.40.0
[INFO] [stderr]    Compiling url v2.5.2
[INFO] [stderr]    Compiling http-body v1.0.1
[INFO] [stderr]    Compiling http-body-util v0.1.2
[INFO] [stderr]    Compiling tracing-attributes v0.1.31
[INFO] [stderr]    Compiling tokio-util v0.7.12
[INFO] [stderr]    Compiling zerocopy-derive v0.7.35
[INFO] [stderr]    Compiling serde_derive v1.0.228
[INFO] [stderr]    Compiling tower v0.5.3
[INFO] [stderr]    Compiling thiserror-impl v2.0.18
[INFO] [stderr]    Compiling async-trait v0.1.83
[INFO] [stderr]    Compiling thiserror-impl v1.0.64
[INFO] [stderr]    Compiling zerocopy v0.7.35
[INFO] [stderr]    Compiling tower-http v0.6.8
[INFO] [stderr]    Compiling tracing v0.1.44
[INFO] [stderr]    Compiling h2 v0.4.6
[INFO] [stderr]    Compiling ppv-lite86 v0.2.20
[INFO] [stderr]    Compiling thiserror v2.0.18
[INFO] [stderr]    Compiling rand_chacha v0.3.1
[INFO] [stderr]    Compiling rand v0.8.5
[INFO] [stderr]    Compiling serde v1.0.228
[INFO] [stderr]    Compiling hyper v1.9.0
[INFO] [stderr]    Compiling hyper-util v0.1.20
[INFO] [stderr]    Compiling rustls-webpki v0.103.13
[INFO] [stderr]    Compiling tokio-rustls v0.26.0
[INFO] [stderr]    Compiling rustls-platform-verifier v0.7.0
[INFO] [stderr]    Compiling hyper-rustls v0.27.3
[INFO] [stderr]    Compiling reqwest v0.13.3
[INFO] [stderr]    Compiling reqwest-middleware v0.5.1
[INFO] [stderr]    Compiling reqwest-tracing v0.7.0
[INFO] [stderr]    Compiling mailjet_client v0.4.0 (/opt/rustwide/workdir)
[INFO] [stderr]     Finished `release` profile [optimized] target(s) in 1m 37s
[INFO] running `Command { std: "docker" "inspect" "9445a2db48562ce8c97219ee3dc92865e5f81299b2bb1fa280e0c84246ae10e7", kill_on_drop: false }`
[INFO] running `Command { std: "docker" "exec" "-e" "SOURCE_DIR=/opt/rustwide/workdir" "-e" "CARGO_HOME=/opt/rustwide/cargo-home" "-e" "RUSTUP_HOME=/opt/rustwide/rustup-home" "-e" "CARGO_TARGET_DIR=/opt/rustwide/target" "-e" "CARGO_INCREMENTAL=0" "-e" "RUST_BACKTRACE=full" "-e" "RUSTFLAGS=--cap-lints=warn" "-e" "RUSTDOCFLAGS=--cap-lints=warn" "-w" "/opt/rustwide/workdir" "--user" "0:0" "9445a2db48562ce8c97219ee3dc92865e5f81299b2bb1fa280e0c84246ae10e7" "/opt/rustwide/cargo-home/bin/cargo" "+1.99.0-beta.8" "test" "--frozen" "--no-run" "--message-format=json" "--release", kill_on_drop: false }`
[INFO] [stderr]    Compiling syn v2.0.117
[INFO] [stderr]    Compiling futures-io v0.3.32
[INFO] [stderr]    Compiling memchr v2.7.4
[INFO] [stderr]    Compiling lock_api v0.4.12
[INFO] [stderr]    Compiling parking_lot_core v0.9.10
[INFO] [stderr]    Compiling signal-hook-registry v1.4.2
[INFO] [stderr]    Compiling crossbeam-utils v0.8.20
[INFO] [stderr]    Compiling bitflags v2.11.1
[INFO] [stderr]    Compiling value-bag v1.9.0
[INFO] [stderr]    Compiling semver v1.0.23
[INFO] [stderr]    Compiling fastrand v2.1.1
[INFO] [stderr]    Compiling rustix v0.38.37
[INFO] [stderr]    Compiling equivalent v1.0.1
[INFO] [stderr]    Compiling linux-raw-sys v0.4.14
[INFO] [stderr]    Compiling hashbrown v0.17.0
[INFO] [stderr]    Compiling regex-syntax v0.8.4
[INFO] [stderr]    Compiling syn v1.0.109
[INFO] [stderr]    Compiling futures-lite v2.3.0
[INFO] [stderr]    Compiling toml_datetime v0.6.8
[INFO] [stderr]    Compiling aho-corasick v1.1.3
[INFO] [stderr]    Compiling log v0.4.22
[INFO] [stderr]    Compiling serde_json v1.0.149
[INFO] [stderr]    Compiling indexmap v2.14.0
[INFO] [stderr]    Compiling rustc_version v0.4.1
[INFO] [stderr]    Compiling parking_lot v0.12.3
[INFO] [stderr]    Compiling concurrent-queue v2.5.0
[INFO] [stderr]    Compiling rustls-platform-verifier v0.7.0
[INFO] [stderr]    Compiling winnow v0.6.19
[INFO] [stderr]    Compiling rstest_macros v0.26.1
[INFO] [stderr]    Compiling event-listener v5.3.1
[INFO] [stderr]    Compiling piper v0.2.4
[INFO] [stderr]    Compiling num_cpus v1.16.0
[INFO] [stderr]    Compiling event-listener-strategy v0.5.2
[INFO] [stderr]    Compiling async-executor v1.13.1
[INFO] [stderr]    Compiling event-listener v2.5.3
[INFO] [stderr]    Compiling async-lock v3.4.0
[INFO] [stderr]    Compiling async-channel v2.3.1
[INFO] [stderr]    Compiling cfg-if v1.0.0
[INFO] [stderr]    Compiling relative-path v1.9.3
[INFO] [stderr]    Compiling blocking v1.6.1
[INFO] [stderr]    Compiling regex-automata v0.4.7
[INFO] [stderr]    Compiling glob v0.3.1
[INFO] [stderr]    Compiling async-channel v1.9.0
[INFO] [stderr]    Compiling kv-log-macro v1.0.7
[INFO] [stderr]    Compiling sharded-slab v0.1.7
[INFO] [stderr]    Compiling thread_local v1.1.8
[INFO] [stderr]    Compiling futures-timer v3.0.3
[INFO] [stderr]    Compiling pin-utils v0.1.0
[INFO] [stderr]    Compiling yansi v1.0.1
[INFO] [stderr]    Compiling nu-ansi-term v0.50.3
[INFO] [stderr]    Compiling diff v0.1.13
[INFO] [stderr]    Compiling pretty_assertions v1.4.1
[INFO] [stderr]    Compiling tracing-subscriber v0.3.23
[INFO] [stderr]    Compiling toml_edit v0.22.22
[INFO] [stderr]    Compiling regex v1.10.6
[INFO] [stderr]    Compiling async-attributes v1.1.2
[INFO] [stderr]    Compiling tokio-macros v2.7.0
[INFO] [stderr]    Compiling futures-macro v0.3.32
[INFO] [stderr]    Compiling tracing-attributes v0.1.31
[INFO] [stderr]    Compiling serde_derive v1.0.228
[INFO] [stderr]    Compiling zerocopy-derive v0.7.35
[INFO] [stderr]    Compiling thiserror-impl v2.0.18
[INFO] [stderr]    Compiling async-trait v0.1.83
[INFO] [stderr]    Compiling thiserror-impl v1.0.64
[INFO] [stderr]    Compiling zerocopy v0.7.35
[INFO] [stderr]    Compiling tokio v1.52.1
[INFO] [stderr]    Compiling futures-util v0.3.32
[INFO] [stderr]    Compiling proc-macro-crate v3.2.0
[INFO] [stderr]    Compiling thiserror v1.0.64
[INFO] [stderr]    Compiling thiserror v2.0.18
[INFO] [stderr]    Compiling tracing v0.1.44
[INFO] [stderr]    Compiling ppv-lite86 v0.2.20
[INFO] [stderr]    Compiling rand_chacha v0.3.1
[INFO] [stderr]    Compiling rand v0.8.5
[INFO] [stderr]    Compiling polling v3.7.3
[INFO] [stderr]    Compiling names v0.14.0
[INFO] [stderr]    Compiling serde v1.0.228
[INFO] [stderr]    Compiling async-io v2.3.4
[INFO] [stderr]    Compiling assert-json-diff v2.0.2
[INFO] [stderr]    Compiling http-body-util v0.1.2
[INFO] [stderr]    Compiling futures-executor v0.3.32
[INFO] [stderr]    Compiling futures v0.3.32
[INFO] [stderr]    Compiling rstest v0.26.1
[INFO] [stderr]    Compiling tokio-util v0.7.12
[INFO] [stderr]    Compiling tokio-rustls v0.26.0
[INFO] [stderr]    Compiling tower v0.5.3
[INFO] [stderr]    Compiling deadpool v0.12.3
[INFO] [stderr]    Compiling async-global-executor v2.4.1
[INFO] [stderr]    Compiling async-std v1.13.0
[INFO] [stderr]    Compiling h2 v0.4.6
[INFO] [stderr]    Compiling tower-http v0.6.8
[INFO] [stderr]    Compiling hyper v1.9.0
[INFO] [stderr]    Compiling hyper-util v0.1.20
[INFO] [stderr]    Compiling hyper-rustls v0.27.3
[INFO] [stderr]    Compiling wiremock v0.6.5
[INFO] [stderr]    Compiling reqwest v0.13.3
[INFO] [stderr]    Compiling reqwest-middleware v0.5.1
[INFO] [stderr]    Compiling reqwest-tracing v0.7.0
[INFO] [stderr]    Compiling mailjet_client v0.4.0 (/opt/rustwide/workdir)
[INFO] [stderr]     Finished `release` profile [optimized] target(s) in 1m 21s
[INFO] running `Command { std: "docker" "inspect" "9445a2db48562ce8c97219ee3dc92865e5f81299b2bb1fa280e0c84246ae10e7", kill_on_drop: false }`
[INFO] running `Command { std: "docker" "exec" "-e" "SOURCE_DIR=/opt/rustwide/workdir" "-e" "CARGO_HOME=/opt/rustwide/cargo-home" "-e" "RUSTUP_HOME=/opt/rustwide/rustup-home" "-e" "CARGO_TARGET_DIR=/opt/rustwide/target" "-e" "CARGO_INCREMENTAL=0" "-e" "RUST_BACKTRACE=full" "-e" "RUSTFLAGS=--cap-lints=warn" "-e" "RUSTDOCFLAGS=--cap-lints=warn" "-w" "/opt/rustwide/workdir" "--user" "0:0" "9445a2db48562ce8c97219ee3dc92865e5f81299b2bb1fa280e0c84246ae10e7" "/opt/rustwide/cargo-home/bin/cargo" "+1.99.0-beta.8" "test" "--frozen" "--release", kill_on_drop: false }`
[INFO] [stderr]     Finished `release` profile [optimized] target(s) in 0.41s
[INFO] [stderr]      Running unittests src/lib.rs (/opt/rustwide/target/release/deps/mailjet_client-ef343883114ba052)
[INFO] [stdout] 
[INFO] [stdout] running 10 tests
[INFO] [stdout] test mailjet_api::tests::check_api_contact ... ok
[INFO] [stdout] test data_objects::message::tests::message_builds ... ok
[INFO] [stdout] test mailjet_api::tests::check_api_send::case_2 ... ok
[INFO] [stdout] test mailjet_api::tests::check_apiversion_fails_when_using_wrong_data::case_1 ... ok
[INFO] [stdout] test mailjet_api::tests::check_api_send::case_1 ... ok
[INFO] [stdout] test mailjet_client_builder::tests::client_from_builder ... ok
[INFO] [stdout] test mailjet_client::tests::change_sandbox_mode ... ok
[INFO] [stdout] test mailjet_client::tests::change_api_version ... ok
[INFO] [stdout] test mailjet_client_builder::tests::client_from_new ... ok
[INFO] [stdout] test mailjet_client::tests::client_builds ... ok
[INFO] [stdout] 
[INFO] [stdout] test result: ok. 10 passed; 0 failed; 0 ignored; 0 measured; 0 filtered out; finished in 0.16s
[INFO] [stdout] 
[INFO] [stderr]      Running tests/api/main.rs (/opt/rustwide/target/release/deps/api-02a086e1d72d0dad)
[INFO] [stdout] 
[INFO] [stdout] running 6 tests
[INFO] [stdout] test api_client::test2_send_email_v3_1 ... ignored, Run only on MR, or important reviews
[INFO] [stdout] test api_client::test_send_email_v3 ... ignored, Run only on MR, or important reviews
[INFO] [stdout] test api_client::test_global_sandbox_mode ... FAILED
[INFO] [stdout] test api_client::test_send_empty_email_v3_1 ... FAILED
[INFO] [stdout] test api_client::test_send_valid_email_v3_1 ... FAILED
[INFO] [stdout] test api_client::mocktest_send_email_v3 ... FAILED
[INFO] [stdout] 
[INFO] [stdout] failures:
[INFO] [stdout] 
[INFO] [stdout] ---- api_client::test_global_sandbox_mode stdout ----
[INFO] [stdout] 
[INFO] [stdout] thread 'api_client::test_global_sandbox_mode' (4668) panicked at tests/api/helper.rs:53:46:
[INFO] [stdout] Missing MAILJET_API_KEY env variable: NotPresent
[INFO] [stdout] stack backtrace:
[INFO] [stdout]    0:     0x650138e47b71 - <<std[70759c8f55707aa4]::sys::backtrace::BacktraceLock>::print::DisplayBacktrace as core[df12db4294e9bfd3]::fmt::Display>::fmt
[INFO] [stdout]    1:     0x650138e6057a - core[df12db4294e9bfd3]::fmt::write
[INFO] [stdout]    2:     0x650138e4d46c - <alloc[2182bb758b4b3781]::vec::Vec<u8> as core[df12db4294e9bfd3]::io::write::Write>::write_fmt
[INFO] [stdout]    3:     0x650138e21546 - std[70759c8f55707aa4]::panicking::default_hook::{closure#0}
[INFO] [stdout]    4:     0x650138e3f2a9 - std[70759c8f55707aa4]::panicking::default_hook
[INFO] [stdout]    5:     0x650138989f50 - test[9d35eded1c95d3be]::test_main_inner::<test[9d35eded1c95d3be]::test_main_static::{closure#0}>::{closure#0}
[INFO] [stdout]    6:     0x650138e3f5d2 - std[70759c8f55707aa4]::panicking::panic_with_hook
[INFO] [stdout]    7:     0x650138e215f2 - std[70759c8f55707aa4]::panicking::panic_handler::{closure#0}
[INFO] [stdout]    8:     0x650138e19ad9 - std[70759c8f55707aa4]::sys::backtrace::__rust_end_short_backtrace::<std[70759c8f55707aa4]::panicking::panic_handler::{closure#0}, !>
[INFO] [stdout]    9:     0x650138e224ed - __rustc[8fa7c3cbc660c2b3]::rust_begin_unwind
[INFO] [stdout]   10:     0x650138e60cdc - core[df12db4294e9bfd3]::panicking::panic_fmt
[INFO] [stdout]   11:     0x650138e60ab2 - core[df12db4294e9bfd3]::result::unwrap_failed
[INFO] [stdout]   12:     0x65013894fd8e - <api[fba88fb09aab2750]::helper::TestApp>::new
[INFO] [stdout]   13:     0x6501388fb6d1 - api[fba88fb09aab2750]::api_client::test_global_sandbox_mode::{closure#0}
[INFO] [stdout]   14:     0x650138938b58 - <tokio[9e90adad0471419e]::runtime::context::scoped::Scoped<tokio[9e90adad0471419e]::runtime::scheduler::Context>>::set::<<tokio[9e90adad0471419e]::runtime::scheduler::current_thread::CoreGuard>::enter<<tokio[9e90adad0471419e]::runtime::scheduler::current_thread::CoreGuard>::block_on<core[df12db4294e9bfd3]::pin::Pin<&mut core[df12db4294e9bfd3]::pin::Pin<&mut dyn core[df12db4294e9bfd3]::future::future::Future<Output = ()>>>>::{closure#0}, core[df12db4294e9bfd3]::option::Option<()>>::{closure#0}, (alloc[2182bb758b4b3781]::boxed::Box<tokio[9e90adad0471419e]::runtime::scheduler::current_thread::Core>, core[df12db4294e9bfd3]::option::Option<()>)>
[INFO] [stdout]   15:     0x650138939d4d - <tokio[9e90adad0471419e]::runtime::scheduler::current_thread::CoreGuard>::block_on::<core[df12db4294e9bfd3]::pin::Pin<&mut core[df12db4294e9bfd3]::pin::Pin<&mut dyn core[df12db4294e9bfd3]::future::future::Future<Output = ()>>>>
[INFO] [stdout]   16:     0x650138966547 - tokio[9e90adad0471419e]::runtime::context::runtime::enter_runtime::<<tokio[9e90adad0471419e]::runtime::scheduler::current_thread::CurrentThread>::block_on<core[df12db4294e9bfd3]::pin::Pin<&mut dyn core[df12db4294e9bfd3]::future::future::Future<Output = ()>>>::{closure#0}, ()>
[INFO] [stdout]   17:     0x6501389600ba - <tokio[9e90adad0471419e]::runtime::runtime::Runtime>::block_on::<core[df12db4294e9bfd3]::pin::Pin<&mut dyn core[df12db4294e9bfd3]::future::future::Future<Output = ()>>>
[INFO] [stdout]   18:     0x6501388fd3cb - api[fba88fb09aab2750]::api_client::test_global_sandbox_mode
[INFO] [stdout]   19:     0x6501389386a9 - <api[fba88fb09aab2750]::api_client::test_global_sandbox_mode::{closure#0} as core[df12db4294e9bfd3]::ops::function::FnOnce<()>>::call_once
[INFO] [stdout]   20:     0x65013897d23b - test[9d35eded1c95d3be]::__rust_begin_short_backtrace::<core[df12db4294e9bfd3]::result::Result<(), alloc[2182bb758b4b3781]::string::String>, fn() -> core[df12db4294e9bfd3]::result::Result<(), alloc[2182bb758b4b3781]::string::String>>
[INFO] [stdout]   21:     0x65013898a8a5 - test[9d35eded1c95d3be]::run_test::{closure#0}
[INFO] [stdout]   22:     0x650138984164 - std[70759c8f55707aa4]::sys::backtrace::__rust_begin_short_backtrace::<test[9d35eded1c95d3be]::run_test::{closure#1}, ()>
[INFO] [stdout]   23:     0x65013898da02 - <std[70759c8f55707aa4]::thread::lifecycle::spawn_unchecked<test[9d35eded1c95d3be]::run_test::{closure#1}, ()>::{closure#1} as core[df12db4294e9bfd3]::ops::function::FnOnce<()>>::call_once::{shim:vtable#0}
[INFO] [stdout]   24:     0x650138e46ad9 - <std[70759c8f55707aa4]::sys::thread::unix::Thread>::new::thread_start
[INFO] [stdout]   25:     0x7dd64e28cdfa - <unknown>
[INFO] [stdout]   26:     0x7dd64e3203d4 - clone
[INFO] [stdout]   27:                0x0 - <unknown>
[INFO] [stdout] 
[INFO] [stdout] ---- api_client::test_send_empty_email_v3_1 stdout ----
[INFO] [stdout] 
[INFO] [stdout] thread 'api_client::test_send_empty_email_v3_1' (4669) panicked at tests/api/helper.rs:53:46:
[INFO] [stdout] Missing MAILJET_API_KEY env variable: NotPresent
[INFO] [stdout] stack backtrace:
[INFO] [stdout]    0:     0x650138e47b71 - <<std[70759c8f55707aa4]::sys::backtrace::BacktraceLock>::print::DisplayBacktrace as core[df12db4294e9bfd3]::fmt::Display>::fmt
[INFO] [stdout]    1:     0x650138e6057a - core[df12db4294e9bfd3]::fmt::write
[INFO] [stdout]    2:     0x650138e4d46c - <alloc[2182bb758b4b3781]::vec::Vec<u8> as core[df12db4294e9bfd3]::io::write::Write>::write_fmt
[INFO] [stdout]    3:     0x650138e21546 - std[70759c8f55707aa4]::panicking::default_hook::{closure#0}
[INFO] [stdout]    4:     0x650138e3f2a9 - std[70759c8f55707aa4]::panicking::default_hook
[INFO] [stdout]    5:     0x650138989f50 - test[9d35eded1c95d3be]::test_main_inner::<test[9d35eded1c95d3be]::test_main_static::{closure#0}>::{closure#0}
[INFO] [stdout]    6:     0x650138e3f5d2 - std[70759c8f55707aa4]::panicking::panic_with_hook
[INFO] [stdout]    7:     0x650138e215f2 - std[70759c8f55707aa4]::panicking::panic_handler::{closure#0}
[INFO] [stdout]    8:     0x650138e19ad9 - std[70759c8f55707aa4]::sys::backtrace::__rust_end_short_backtrace::<std[70759c8f55707aa4]::panicking::panic_handler::{closure#0}, !>
[INFO] [stdout]    9:     0x650138e224ed - __rustc[8fa7c3cbc660c2b3]::rust_begin_unwind
[INFO] [stdout]   10:     0x650138e60cdc - core[df12db4294e9bfd3]::panicking::panic_fmt
[INFO] [stdout]   11:     0x650138e60ab2 - core[df12db4294e9bfd3]::result::unwrap_failed
[INFO] [stdout]   12:     0x65013894fd8e - <api[fba88fb09aab2750]::helper::TestApp>::new
[INFO] [stdout]   13:     0x6501388fc29e - api[fba88fb09aab2750]::api_client::test_send_empty_email_v3_1::{closure#0}
[INFO] [stdout]   14:     0x650138938b58 - <tokio[9e90adad0471419e]::runtime::context::scoped::Scoped<tokio[9e90adad0471419e]::runtime::scheduler::Context>>::set::<<tokio[9e90adad0471419e]::runtime::scheduler::current_thread::CoreGuard>::enter<<tokio[9e90adad0471419e]::runtime::scheduler::current_thread::CoreGuard>::block_on<core[df12db4294e9bfd3]::pin::Pin<&mut core[df12db4294e9bfd3]::pin::Pin<&mut dyn core[df12db4294e9bfd3]::future::future::Future<Output = ()>>>>::{closure#0}, core[df12db4294e9bfd3]::option::Option<()>>::{closure#0}, (alloc[2182bb758b4b3781]::boxed::Box<tokio[9e90adad0471419e]::runtime::scheduler::current_thread::Core>, core[df12db4294e9bfd3]::option::Option<()>)>
[INFO] [stdout]   15:     0x650138939d4d - <tokio[9e90adad0471419e]::runtime::scheduler::current_thread::CoreGuard>::block_on::<core[df12db4294e9bfd3]::pin::Pin<&mut core[df12db4294e9bfd3]::pin::Pin<&mut dyn core[df12db4294e9bfd3]::future::future::Future<Output = ()>>>>
[INFO] [stdout]   16:     0x650138966547 - tokio[9e90adad0471419e]::runtime::context::runtime::enter_runtime::<<tokio[9e90adad0471419e]::runtime::scheduler::current_thread::CurrentThread>::block_on<core[df12db4294e9bfd3]::pin::Pin<&mut dyn core[df12db4294e9bfd3]::future::future::Future<Output = ()>>>::{closure#0}, ()>
[INFO] [stdout]   17:     0x6501389600ba - <tokio[9e90adad0471419e]::runtime::runtime::Runtime>::block_on::<core[df12db4294e9bfd3]::pin::Pin<&mut dyn core[df12db4294e9bfd3]::future::future::Future<Output = ()>>>
[INFO] [stdout]   18:     0x6501388fd53a - api[fba88fb09aab2750]::api_client::test_send_empty_email_v3_1
[INFO] [stdout]   19:     0x6501389386c9 - <api[fba88fb09aab2750]::api_client::test_send_empty_email_v3_1::{closure#0} as core[df12db4294e9bfd3]::ops::function::FnOnce<()>>::call_once
[INFO] [stdout]   20:     0x65013897d23b - test[9d35eded1c95d3be]::__rust_begin_short_backtrace::<core[df12db4294e9bfd3]::result::Result<(), alloc[2182bb758b4b3781]::string::String>, fn() -> core[df12db4294e9bfd3]::result::Result<(), alloc[2182bb758b4b3781]::string::String>>
[INFO] [stdout]   21:     0x65013898a8a5 - test[9d35eded1c95d3be]::run_test::{closure#0}
[INFO] [stdout]   22:     0x650138984164 - std[70759c8f55707aa4]::sys::backtrace::__rust_begin_short_backtrace::<test[9d35eded1c95d3be]::run_test::{closure#1}, ()>
[INFO] [stdout]   23:     0x65013898da02 - <std[70759c8f55707aa4]::thread::lifecycle::spawn_unchecked<test[9d35eded1c95d3be]::run_test::{closure#1}, ()>::{closure#1} as core[df12db4294e9bfd3]::ops::function::FnOnce<()>>::call_once::{shim:vtable#0}
[INFO] [stdout]   24:     0x650138e46ad9 - <std[70759c8f55707aa4]::sys::thread::unix::Thread>::new::thread_start
[INFO] [stdout]   25:     0x7dd64e28cdfa - <unknown>
[INFO] [stdout]   26:     0x7dd64e3203d4 - clone
[INFO] [stdout]   27:                0x0 - <unknown>
[INFO] [stdout] 
[INFO] [stdout] ---- api_client::test_send_valid_email_v3_1 stdout ----
[INFO] [stdout] 
[INFO] [stdout] thread 'api_client::test_send_valid_email_v3_1' (4670) panicked at tests/api/helper.rs:53:46:
[INFO] [stdout] Missing MAILJET_API_KEY env variable: NotPresent
[INFO] [stdout] stack backtrace:
[INFO] [stdout]    0:     0x650138e47b71 - <<std[70759c8f55707aa4]::sys::backtrace::BacktraceLock>::print::DisplayBacktrace as core[df12db4294e9bfd3]::fmt::Display>::fmt
[INFO] [stdout]    1:     0x650138e6057a - core[df12db4294e9bfd3]::fmt::write
[INFO] [stdout]    2:     0x650138e4d46c - <alloc[2182bb758b4b3781]::vec::Vec<u8> as core[df12db4294e9bfd3]::io::write::Write>::write_fmt
[INFO] [stdout]    3:     0x650138e21546 - std[70759c8f55707aa4]::panicking::default_hook::{closure#0}
[INFO] [stdout]    4:     0x650138e3f2a9 - std[70759c8f55707aa4]::panicking::default_hook
[INFO] [stdout]    5:     0x650138989f50 - test[9d35eded1c95d3be]::test_main_inner::<test[9d35eded1c95d3be]::test_main_static::{closure#0}>::{closure#0}
[INFO] [stdout]    6:     0x650138e3f5d2 - std[70759c8f55707aa4]::panicking::panic_with_hook
[INFO] [stdout]    7:     0x650138e215f2 - std[70759c8f55707aa4]::panicking::panic_handler::{closure#0}
[INFO] [stdout]    8:     0x650138e19ad9 - std[70759c8f55707aa4]::sys::backtrace::__rust_end_short_backtrace::<std[70759c8f55707aa4]::panicking::panic_handler::{closure#0}, !>
[INFO] [stdout]    9:     0x650138e224ed - __rustc[8fa7c3cbc660c2b3]::rust_begin_unwind
[INFO] [stdout]   10:     0x650138e60cdc - core[df12db4294e9bfd3]::panicking::panic_fmt
[INFO] [stdout]   11:     0x650138e60ab2 - core[df12db4294e9bfd3]::result::unwrap_failed
[INFO] [stdout]   12:     0x65013894fd8e - <api[fba88fb09aab2750]::helper::TestApp>::new
[INFO] [stdout]   13:     0x6501388fc968 - api[fba88fb09aab2750]::api_client::test_send_valid_email_v3_1::{closure#0}
[INFO] [stdout]   14:     0x650138938b58 - <tokio[9e90adad0471419e]::runtime::context::scoped::Scoped<tokio[9e90adad0471419e]::runtime::scheduler::Context>>::set::<<tokio[9e90adad0471419e]::runtime::scheduler::current_thread::CoreGuard>::enter<<tokio[9e90adad0471419e]::runtime::scheduler::current_thread::CoreGuard>::block_on<core[df12db4294e9bfd3]::pin::Pin<&mut core[df12db4294e9bfd3]::pin::Pin<&mut dyn core[df12db4294e9bfd3]::future::future::Future<Output = ()>>>>::{closure#0}, core[df12db4294e9bfd3]::option::Option<()>>::{closure#0}, (alloc[2182bb758b4b3781]::boxed::Box<tokio[9e90adad0471419e]::runtime::scheduler::current_thread::Core>, core[df12db4294e9bfd3]::option::Option<()>)>
[INFO] [stdout]   15:     0x650138939d4d - <tokio[9e90adad0471419e]::runtime::scheduler::current_thread::CoreGuard>::block_on::<core[df12db4294e9bfd3]::pin::Pin<&mut core[df12db4294e9bfd3]::pin::Pin<&mut dyn core[df12db4294e9bfd3]::future::future::Future<Output = ()>>>>
[INFO] [stdout]   16:     0x650138966547 - tokio[9e90adad0471419e]::runtime::context::runtime::enter_runtime::<<tokio[9e90adad0471419e]::runtime::scheduler::current_thread::CurrentThread>::block_on<core[df12db4294e9bfd3]::pin::Pin<&mut dyn core[df12db4294e9bfd3]::future::future::Future<Output = ()>>>::{closure#0}, ()>
[INFO] [stdout]   17:     0x6501389600ba - <tokio[9e90adad0471419e]::runtime::runtime::Runtime>::block_on::<core[df12db4294e9bfd3]::pin::Pin<&mut dyn core[df12db4294e9bfd3]::future::future::Future<Output = ()>>>
[INFO] [stdout]   18:     0x6501388fd69b - api[fba88fb09aab2750]::api_client::test_send_valid_email_v3_1
[INFO] [stdout]   19:     0x6501389386e9 - <api[fba88fb09aab2750]::api_client::test_send_valid_email_v3_1::{closure#0} as core[df12db4294e9bfd3]::ops::function::FnOnce<()>>::call_once
[INFO] [stdout]   20:     0x65013897d23b - test[9d35eded1c95d3be]::__rust_begin_short_backtrace::<core[df12db4294e9bfd3]::result::Result<(), alloc[2182bb758b4b3781]::string::String>, fn() -> core[df12db4294e9bfd3]::result::Result<(), alloc[2182bb758b4b3781]::string::String>>
[INFO] [stdout]   21:     0x65013898a8a5 - test[9d35eded1c95d3be]::run_test::{closure#0}
[INFO] [stdout]   22:     0x650138984164 - std[70759c8f55707aa4]::sys::backtrace::__rust_begin_short_backtrace::<test[9d35eded1c95d3be]::run_test::{closure#1}, ()>
[INFO] [stdout]   23:     0x65013898da02 - <std[70759c8f55707aa4]::thread::lifecycle::spawn_unchecked<test[9d35eded1c95d3be]::run_test::{closure#1}, ()>::{closure#1} as core[df12db4294e9bfd3]::ops::function::FnOnce<()>>::call_once::{shim:vtable#0}
[INFO] [stdout]   24:     0x650138e46ad9 - <std[70759c8f55707aa4]::sys::thread::unix::Thread>::new::thread_start
[INFO] [stdout]   25:     0x7dd64e28cdfa - <unknown>
[INFO] [stdout]   26:     0x7dd64e3203d4 - clone
[INFO] [stdout]   27:                0x0 - <unknown>
[INFO] [stdout] 
[INFO] [stdout] ---- api_client::mocktest_send_email_v3 stdout ----
[INFO] [stdout] 
[INFO] [stdout] thread 'api_client::mocktest_send_email_v3' (4667) panicked at tests/api/api_client.rs:52:45:
[INFO] [stdout] Missing MAILJET_FROM_EMAIL env variable: NotPresent
[INFO] [stdout] stack backtrace:
[INFO] [stdout]    0:     0x650138e47b71 - <<std[70759c8f55707aa4]::sys::backtrace::BacktraceLock>::print::DisplayBacktrace as core[df12db4294e9bfd3]::fmt::Display>::fmt
[INFO] [stdout]    1:     0x650138e6057a - core[df12db4294e9bfd3]::fmt::write
[INFO] [stdout]    2:     0x650138e4d46c - <alloc[2182bb758b4b3781]::vec::Vec<u8> as core[df12db4294e9bfd3]::io::write::Write>::write_fmt
[INFO] [stdout]    3:     0x650138e21546 - std[70759c8f55707aa4]::panicking::default_hook::{closure#0}
[INFO] [stdout]    4:     0x650138e3f2a9 - std[70759c8f55707aa4]::panicking::default_hook
[INFO] [stdout]    5:     0x650138989f50 - test[9d35eded1c95d3be]::test_main_inner::<test[9d35eded1c95d3be]::test_main_static::{closure#0}>::{closure#0}
[INFO] [stdout]    6:     0x650138e3f5d2 - std[70759c8f55707aa4]::panicking::panic_with_hook
[INFO] [stdout]    7:     0x650138e215f2 - std[70759c8f55707aa4]::panicking::panic_handler::{closure#0}
[INFO] [stdout]    8:     0x650138e19ad9 - std[70759c8f55707aa4]::sys::backtrace::__rust_end_short_backtrace::<std[70759c8f55707aa4]::panicking::panic_handler::{closure#0}, !>
[INFO] [stdout]    9:     0x650138e224ed - __rustc[8fa7c3cbc660c2b3]::rust_begin_unwind
[INFO] [stdout]   10:     0x650138e60cdc - core[df12db4294e9bfd3]::panicking::panic_fmt
[INFO] [stdout]   11:     0x650138e60ab2 - core[df12db4294e9bfd3]::result::unwrap_failed
[INFO] [stdout]   12:     0x6501388f9af2 - <api[fba88fb09aab2750]::api_client::valid_email_request_v3>::default::{closure#0}
[INFO] [stdout]   13:     0x6501388f73bc - api[fba88fb09aab2750]::api_client::mocktest_send_email_v3::{closure#0}::mocktest_send_email_v3::<<api[fba88fb09aab2750]::api_client::valid_email_request_v3>::default::{closure#0}, <api[fba88fb09aab2750]::api_client::valid_response_send_v3>::default::{closure#0}>::{closure#0}
[INFO] [stdout]   14:     0x6501388fb5bb - api[fba88fb09aab2750]::api_client::mocktest_send_email_v3::{closure#0}
[INFO] [stdout]   15:     0x650138938b58 - <tokio[9e90adad0471419e]::runtime::context::scoped::Scoped<tokio[9e90adad0471419e]::runtime::scheduler::Context>>::set::<<tokio[9e90adad0471419e]::runtime::scheduler::current_thread::CoreGuard>::enter<<tokio[9e90adad0471419e]::runtime::scheduler::current_thread::CoreGuard>::block_on<core[df12db4294e9bfd3]::pin::Pin<&mut core[df12db4294e9bfd3]::pin::Pin<&mut dyn core[df12db4294e9bfd3]::future::future::Future<Output = ()>>>>::{closure#0}, core[df12db4294e9bfd3]::option::Option<()>>::{closure#0}, (alloc[2182bb758b4b3781]::boxed::Box<tokio[9e90adad0471419e]::runtime::scheduler::current_thread::Core>, core[df12db4294e9bfd3]::option::Option<()>)>
[INFO] [stdout]   16:     0x650138939d4d - <tokio[9e90adad0471419e]::runtime::scheduler::current_thread::CoreGuard>::block_on::<core[df12db4294e9bfd3]::pin::Pin<&mut core[df12db4294e9bfd3]::pin::Pin<&mut dyn core[df12db4294e9bfd3]::future::future::Future<Output = ()>>>>
[INFO] [stdout]   17:     0x650138966547 - tokio[9e90adad0471419e]::runtime::context::runtime::enter_runtime::<<tokio[9e90adad0471419e]::runtime::scheduler::current_thread::CurrentThread>::block_on<core[df12db4294e9bfd3]::pin::Pin<&mut dyn core[df12db4294e9bfd3]::future::future::Future<Output = ()>>>::{closure#0}, ()>
[INFO] [stdout]   18:     0x6501389600ba - <tokio[9e90adad0471419e]::runtime::runtime::Runtime>::block_on::<core[df12db4294e9bfd3]::pin::Pin<&mut dyn core[df12db4294e9bfd3]::future::future::Future<Output = ()>>>
[INFO] [stdout]   19:     0x6501388fd26b - api[fba88fb09aab2750]::api_client::mocktest_send_email_v3
[INFO] [stdout]   20:     0x650138938689 - <api[fba88fb09aab2750]::api_client::mocktest_send_email_v3::{closure#0} as core[df12db4294e9bfd3]::ops::function::FnOnce<()>>::call_once
[INFO] [stdout]   21:     0x65013897d23b - test[9d35eded1c95d3be]::__rust_begin_short_backtrace::<core[df12db4294e9bfd3]::result::Result<(), alloc[2182bb758b4b3781]::string::String>, fn() -> core[df12db4294e9bfd3]::result::Result<(), alloc[2182bb758b4b3781]::string::String>>
[INFO] [stdout]   22:     0x65013898a8a5 - test[9d35eded1c95d3be]::run_test::{closure#0}
[INFO] [stdout]   23:     0x650138984164 - std[70759c8f55707aa4]::sys::backtrace::__rust_begin_short_backtrace::<test[9d35eded1c95d3be]::run_test::{closure#1}, ()>
[INFO] [stdout]   24:     0x65013898da02 - <std[70759c8f55707aa4]::thread::lifecycle::spawn_unchecked<test[9d35eded1c95d3be]::run_test::{closure#1}, ()>::{closure#1} as core[df12db4294e9bfd3]::ops::function::FnOnce<()>>::call_once::{shim:vtable#0}
[INFO] [stdout]   25:     0x650138e46ad9 - <std[70759c8f55707aa4]::sys::thread::unix::Thread>::new::thread_start
[INFO] [stdout]   26:     0x7dd64e28cdfa - <unknown>
[INFO] [stdout]   27:     0x7dd64e3203d4 - clone
[INFO] [stdout]   28:                0x0 - <unknown>
[INFO] [stdout] 
[INFO] [stdout] 
[INFO] [stdout] failures:
[INFO] [stdout]     api_client::mocktest_send_email_v3
[INFO] [stdout]     api_client::test_global_sandbox_mode
[INFO] [stdout]     api_client::test_send_empty_email_v3_1
[INFO] [stdout]     api_client::test_send_valid_email_v3_1
[INFO] [stdout] 
[INFO] [stdout] test result: FAILED. 0 passed; 4 failed; 2 ignored; 0 measured; 0 filtered out; finished in 0.03s
[INFO] [stdout] 
[INFO] [stderr] error: test failed, to rerun pass `--test api`
[INFO] running `Command { std: "docker" "inspect" "9445a2db48562ce8c97219ee3dc92865e5f81299b2bb1fa280e0c84246ae10e7", kill_on_drop: false }`
[INFO] running `Command { std: "docker" "rm" "-f" "9445a2db48562ce8c97219ee3dc92865e5f81299b2bb1fa280e0c84246ae10e7", kill_on_drop: false }`
[INFO] [stdout] 9445a2db48562ce8c97219ee3dc92865e5f81299b2bb1fa280e0c84246ae10e7
