[INFO] fetching crate mailify-lib 0.2.0...
[INFO] testing mailify-lib-0.2.0 against 1.99.0-beta.8+cargoflags=--release for beta-release-1.100-2
[INFO] extracting crate mailify-lib 0.2.0 into /workspace/builds/worker-2-tc1/source
[INFO] started tweaking crates.io crate mailify-lib 0.2.0
[INFO] removed 0 missing tests
[INFO] finished tweaking crates.io crate mailify-lib 0.2.0
[INFO] tweaked toml for crates.io crate mailify-lib 0.2.0 written to /workspace/builds/worker-2-tc1/source/Cargo.toml
[INFO] validating manifest of crates.io crate mailify-lib 0.2.0 on toolchain 1.99.0-beta.8
[INFO] running `Command { std: CARGO_HOME="/workspace/cargo-home" RUSTUP_HOME="/workspace/rustup-home" "/workspace/cargo-home/bin/cargo" "+1.99.0-beta.8" "metadata" "--manifest-path" "Cargo.toml" "--no-deps", kill_on_drop: false }`
[INFO] crate crates.io crate mailify-lib 0.2.0 already has a lockfile, it will not be regenerated
[INFO] running `Command { std: CARGO_HOME="/workspace/cargo-home" RUSTUP_HOME="/workspace/rustup-home" "/workspace/cargo-home/bin/cargo" "+1.99.0-beta.8" "fetch" "--manifest-path" "Cargo.toml", kill_on_drop: false }`
[INFO] [stderr]     Updating crates.io index
[INFO] [stderr]  Downloading crates ...
[INFO] [stderr]   Downloaded serial_test v3.3.1
[INFO] [stderr]   Downloaded serial_test_derive v3.3.1
[INFO] [stderr]   Downloaded mio v1.1.0
[INFO] [stderr]   Downloaded wasm-bindgen-macro v0.2.105
[INFO] [stderr]   Downloaded wasm-bindgen-shared v0.2.105
[INFO] [stderr]   Downloaded ipconfig v0.3.2
[INFO] [stderr]   Downloaded winreg v0.50.0
[INFO] [stderr]   Downloaded find-msvc-tools v0.1.5
[INFO] [stderr]   Downloaded ipnet v2.11.0
[INFO] [stderr]   Downloaded rand_core v0.9.3
[INFO] [stderr]   Downloaded getrandom v0.2.16
[INFO] [stderr]   Downloaded data-encoding v2.9.0
[INFO] [stderr]   Downloaded wasm-bindgen v0.2.105
[INFO] [stderr]   Downloaded async-smtp v0.10.2
[INFO] [stderr]   Downloaded wasm-bindgen-macro-support v0.2.105
[INFO] [stderr]   Downloaded js-sys v0.3.82
[INFO] [stderr]   Downloaded socket2 v0.5.10
[INFO] [stderr]   Downloaded icu_properties v2.1.1
[INFO] [stderr]   Downloaded tinyvec v1.10.0
[INFO] [stderr]   Downloaded anyhow v1.0.100
[INFO] [stderr]   Downloaded tracing-core v0.1.34
[INFO] [stderr]   Downloaded wit-bindgen v0.46.0
[INFO] [stderr]   Downloaded hickory-resolver v0.25.2
[INFO] [stderr]   Downloaded zerocopy-derive v0.8.30
[INFO] [stderr]   Downloaded cc v1.2.47
[INFO] [stderr]   Downloaded wasip2 v1.0.1+wasi-0.2.4
[INFO] [stderr]   Downloaded icu_properties_data v2.1.1
[INFO] [stderr]   Downloaded zerocopy v0.8.30
[INFO] [stderr]   Downloaded moka v0.12.11
[INFO] [stderr]   Downloaded hickory-proto v0.25.2
[INFO] [stderr]   Downloaded tokio v1.48.0
[INFO] [stderr]   Downloaded libc v0.2.177
[INFO] running `Command { std: "docker" "create" "-v" "/var/lib/crater-agent-workspace/builds/worker-2-tc1/source:/opt/rustwide/workdir:ro,Z" "-v" "/var/lib/crater-agent-workspace/builds/worker-2-tc1/target:/opt/rustwide/target:rw,Z" "-v" "/var/lib/crater-agent-workspace/cargo-home:/opt/rustwide/cargo-home:ro,Z" "-v" "/var/lib/crater-agent-workspace/rustup-home:/opt/rustwide/rustup-home:ro,Z" "-m" "1610612736" "--network" "none" "ghcr.io/rust-lang/crates-build-env/linux@sha256:77db811e55d90add9212f6832c23229e3de5f1c1f9905e8cb07319ea15df73ac" "sleep" "infinity", kill_on_drop: false }`
[INFO] [stdout] 2bf0aea2837e585784d7fee2f57cc028532d98d345b75efdf2c370dff216460c
[INFO] running `Command { std: "docker" "start" "2bf0aea2837e585784d7fee2f57cc028532d98d345b75efdf2c370dff216460c", kill_on_drop: false }`
[INFO] running `Command { std: "docker" "inspect" "2bf0aea2837e585784d7fee2f57cc028532d98d345b75efdf2c370dff216460c", kill_on_drop: false }`
[INFO] running `Command { std: "docker" "exec" "-e" "SOURCE_DIR=/opt/rustwide/workdir" "-e" "CARGO_HOME=/opt/rustwide/cargo-home" "-e" "RUSTUP_HOME=/opt/rustwide/rustup-home" "-e" "CARGO_TARGET_DIR=/opt/rustwide/target" "-w" "/opt/rustwide/workdir" "--user" "0:0" "2bf0aea2837e585784d7fee2f57cc028532d98d345b75efdf2c370dff216460c" "/opt/rustwide/cargo-home/bin/cargo" "+1.99.0-beta.8" "metadata" "--no-deps" "--format-version=1", kill_on_drop: false }`
[INFO] running `Command { std: "docker" "inspect" "2bf0aea2837e585784d7fee2f57cc028532d98d345b75efdf2c370dff216460c", kill_on_drop: false }`
[INFO] running `Command { std: "docker" "exec" "-e" "SOURCE_DIR=/opt/rustwide/workdir" "-e" "CARGO_HOME=/opt/rustwide/cargo-home" "-e" "RUSTUP_HOME=/opt/rustwide/rustup-home" "-e" "CARGO_TARGET_DIR=/opt/rustwide/target" "-e" "CARGO_INCREMENTAL=0" "-e" "RUST_BACKTRACE=full" "-e" "RUSTFLAGS=--cap-lints=warn" "-e" "RUSTDOCFLAGS=--cap-lints=warn" "-w" "/opt/rustwide/workdir" "--user" "0:0" "2bf0aea2837e585784d7fee2f57cc028532d98d345b75efdf2c370dff216460c" "/opt/rustwide/cargo-home/bin/cargo" "+1.99.0-beta.8" "build" "--frozen" "--message-format=json" "--release", kill_on_drop: false }`
[INFO] [stderr]    Compiling proc-macro2 v1.0.103
[INFO] [stderr]    Compiling quote v1.0.42
[INFO] [stderr]    Compiling libc v0.2.177
[INFO] [stderr]    Compiling writeable v0.6.2
[INFO] [stderr]    Compiling smallvec v1.15.1
[INFO] [stderr]    Compiling litemap v0.8.1
[INFO] [stderr]    Compiling getrandom v0.3.4
[INFO] [stderr]    Compiling portable-atomic v1.11.1
[INFO] [stderr]    Compiling pin-project-lite v0.2.16
[INFO] [stderr]    Compiling icu_properties_data v2.1.1
[INFO] [stderr]    Compiling icu_normalizer_data v2.1.1
[INFO] [stderr]    Compiling futures-core v0.3.31
[INFO] [stderr]    Compiling memchr v2.7.6
[INFO] [stderr]    Compiling zerocopy v0.8.30
[INFO] [stderr]    Compiling futures-sink v0.3.31
[INFO] [stderr]    Compiling futures-task v0.3.31
[INFO] [stderr]    Compiling futures-channel v0.3.31
[INFO] [stderr]    Compiling serde_core v1.0.228
[INFO] [stderr]    Compiling slab v0.4.11
[INFO] [stderr]    Compiling crossbeam-utils v0.8.21
[INFO] [stderr]    Compiling futures-io v0.3.31
[INFO] [stderr]    Compiling serde v1.0.228
[INFO] [stderr]    Compiling thiserror v2.0.17
[INFO] [stderr]    Compiling critical-section v1.2.0
[INFO] [stderr]    Compiling syn v2.0.111
[INFO] [stderr]    Compiling bytes v1.11.0
[INFO] [stderr]    Compiling once_cell v1.21.3
[INFO] [stderr]    Compiling socket2 v0.6.1
[INFO] [stderr]    Compiling rand_core v0.9.3
[INFO] [stderr]    Compiling mio v1.1.0
[INFO] [stderr]    Compiling percent-encoding v2.3.2
[INFO] [stderr]    Compiling utf8_iter v1.0.4
[INFO] [stderr]    Compiling form_urlencoded v1.2.2
[INFO] [stderr]    Compiling tracing-core v0.1.34
[INFO] [stderr]    Compiling parking_lot_core v0.9.12
[INFO] [stderr]    Compiling anyhow v1.0.100
[INFO] [stderr]    Compiling moka v0.12.11
[INFO] [stderr]    Compiling heck v0.5.0
[INFO] [stderr]    Compiling parking_lot v0.12.5
[INFO] [stderr]    Compiling tinyvec v1.10.0
[INFO] [stderr]    Compiling tracing v0.1.41
[INFO] [stderr]    Compiling uuid v1.18.1
[INFO] [stderr]    Compiling crossbeam-channel v0.5.15
[INFO] [stderr]    Compiling crossbeam-epoch v0.9.18
[INFO] [stderr]    Compiling ppv-lite86 v0.2.21
[INFO] [stderr]    Compiling tagptr v0.2.0
[INFO] [stderr]    Compiling data-encoding v2.9.0
[INFO] [stderr]    Compiling ipnet v2.11.0
[INFO] [stderr]    Compiling equivalent v1.0.2
[INFO] [stderr]    Compiling rand_chacha v0.9.0
[INFO] [stderr]    Compiling nom v8.0.0
[INFO] [stderr]    Compiling rand v0.9.2
[INFO] [stderr]    Compiling resolv-conf v0.7.6
[INFO] [stderr]    Compiling log v0.4.28
[INFO] [stderr]    Compiling base64 v0.22.1
[INFO] [stderr]    Compiling synstructure v0.13.2
[INFO] [stderr]    Compiling zerofrom-derive v0.1.6
[INFO] [stderr]    Compiling yoke-derive v0.8.1
[INFO] [stderr]    Compiling zerovec-derive v0.11.2
[INFO] [stderr]    Compiling displaydoc v0.2.5
[INFO] [stderr]    Compiling futures-macro v0.3.31
[INFO] [stderr]    Compiling thiserror-impl v2.0.17
[INFO] [stderr]    Compiling serde_derive v1.0.228
[INFO] [stderr]    Compiling tokio-macros v2.6.0
[INFO] [stderr]    Compiling futures-util v0.3.31
[INFO] [stderr]    Compiling pin-project-internal v1.1.10
[INFO] [stderr]    Compiling enum-as-inner v0.6.1
[INFO] [stderr]    Compiling tokio v1.48.0
[INFO] [stderr]    Compiling async-trait v0.1.89
[INFO] [stderr]    Compiling zerofrom v0.1.6
[INFO] [stderr]    Compiling yoke v0.8.1
[INFO] [stderr]    Compiling zerovec v0.11.5
[INFO] [stderr]    Compiling zerotrie v0.2.3
[INFO] [stderr]    Compiling pin-project v1.1.10
[INFO] [stderr]    Compiling tinystr v0.8.2
[INFO] [stderr]    Compiling potential_utf v0.1.4
[INFO] [stderr]    Compiling icu_collections v2.1.1
[INFO] [stderr]    Compiling icu_locale_core v2.1.1
[INFO] [stderr]    Compiling icu_provider v2.1.1
[INFO] [stderr]    Compiling icu_properties v2.1.1
[INFO] [stderr]    Compiling icu_normalizer v2.1.1
[INFO] [stderr]    Compiling futures-executor v0.3.31
[INFO] [stderr]    Compiling futures v0.3.31
[INFO] [stderr]    Compiling idna_adapter v1.2.1
[INFO] [stderr]    Compiling idna v1.1.0
[INFO] [stderr]    Compiling async-smtp v0.10.2
[INFO] [stderr]    Compiling url v2.5.7
[INFO] [stderr]    Compiling hickory-proto v0.25.2
[INFO] [stderr]    Compiling hickory-resolver v0.25.2
[INFO] [stderr]    Compiling mailify-lib v0.2.0 (/opt/rustwide/workdir)
[INFO] [stderr]     Finished `release` profile [optimized] target(s) in 1m 46s
[INFO] running `Command { std: "docker" "inspect" "2bf0aea2837e585784d7fee2f57cc028532d98d345b75efdf2c370dff216460c", kill_on_drop: false }`
[INFO] running `Command { std: "docker" "exec" "-e" "SOURCE_DIR=/opt/rustwide/workdir" "-e" "CARGO_HOME=/opt/rustwide/cargo-home" "-e" "RUSTUP_HOME=/opt/rustwide/rustup-home" "-e" "CARGO_TARGET_DIR=/opt/rustwide/target" "-e" "CARGO_INCREMENTAL=0" "-e" "RUST_BACKTRACE=full" "-e" "RUSTFLAGS=--cap-lints=warn" "-e" "RUSTDOCFLAGS=--cap-lints=warn" "-w" "/opt/rustwide/workdir" "--user" "0:0" "2bf0aea2837e585784d7fee2f57cc028532d98d345b75efdf2c370dff216460c" "/opt/rustwide/cargo-home/bin/cargo" "+1.99.0-beta.8" "test" "--frozen" "--no-run" "--message-format=json" "--release", kill_on_drop: false }`
[INFO] [stderr]    Compiling futures-core v0.3.31
[INFO] [stderr]    Compiling futures-sink v0.3.31
[INFO] [stderr]    Compiling tokio v1.48.0
[INFO] [stderr]    Compiling sdd v3.0.10
[INFO] [stderr]    Compiling serial_test_derive v3.3.1
[INFO] [stderr]    Compiling futures-channel v0.3.31
[INFO] [stderr]    Compiling scc v2.4.0
[INFO] [stderr]    Compiling futures-util v0.3.31
[INFO] [stderr]    Compiling futures-executor v0.3.31
[INFO] [stderr]    Compiling futures v0.3.31
[INFO] [stderr]    Compiling serial_test v3.3.1
[INFO] [stderr]    Compiling hickory-proto v0.25.2
[INFO] [stderr]    Compiling async-smtp v0.10.2
[INFO] [stderr]    Compiling tokio-util v0.7.18
[INFO] [stderr]    Compiling hickory-resolver v0.25.2
[INFO] [stderr]    Compiling mailify-lib v0.2.0 (/opt/rustwide/workdir)
[INFO] [stderr]     Finished `release` profile [optimized] target(s) in 1m 03s
[INFO] running `Command { std: "docker" "inspect" "2bf0aea2837e585784d7fee2f57cc028532d98d345b75efdf2c370dff216460c", kill_on_drop: false }`
[INFO] running `Command { std: "docker" "exec" "-e" "SOURCE_DIR=/opt/rustwide/workdir" "-e" "CARGO_HOME=/opt/rustwide/cargo-home" "-e" "RUSTUP_HOME=/opt/rustwide/rustup-home" "-e" "CARGO_TARGET_DIR=/opt/rustwide/target" "-e" "CARGO_INCREMENTAL=0" "-e" "RUST_BACKTRACE=full" "-e" "RUSTFLAGS=--cap-lints=warn" "-e" "RUSTDOCFLAGS=--cap-lints=warn" "-w" "/opt/rustwide/workdir" "--user" "0:0" "2bf0aea2837e585784d7fee2f57cc028532d98d345b75efdf2c370dff216460c" "/opt/rustwide/cargo-home/bin/cargo" "+1.99.0-beta.8" "test" "--frozen" "--release", kill_on_drop: false }`
[INFO] [stderr]     Finished `release` profile [optimized] target(s) in 0.21s
[INFO] [stderr]      Running unittests src/lib.rs (/opt/rustwide/target/release/deps/mailify_lib-03a6c16ce5dc3d90)
[INFO] [stdout] 
[INFO] [stdout] running 15 tests
[INFO] [stdout] test tests::domain_literal_syntax ... ok
[INFO] [stdout] test tests::invalid_format ... ok
[INFO] [stdout] test tests::gmail ... FAILED
[INFO] [stdout] test tests::endler ... FAILED
[INFO] [stdout] test tests::blocklisting ... FAILED
[INFO] [stdout] test tests::detects_my_domain_as_invalid ... FAILED
[INFO] [stdout] test tests::timeout ... FAILED
[INFO] [stdout] test tests::example ... FAILED
[INFO] [stdout] test tests::tuta ... FAILED
[INFO] [stdout] test tests::protonmail ... FAILED
[INFO] [stdout] test tests::icloud ... FAILED
[INFO] [stdout] test tests::no_reverse_hostname ... FAILED
[INFO] [stderr] error: test failed, to rerun pass `--lib`
[INFO] [stdout] test tests::yandex ... FAILED
[INFO] [stdout] test tests::unknown_host ... FAILED
[INFO] [stdout] test tests::lying_smtp_servers ... FAILED
[INFO] [stdout] 
[INFO] [stdout] failures:
[INFO] [stdout] 
[INFO] [stdout] ---- tests::gmail stdout ----
[INFO] [stdout] 
[INFO] [stdout] thread 'tests::gmail' (1950) panicked at src/lib.rs:418:9:
[INFO] [stdout] assertion `left == right` failed
[INFO] [stdout]   left: Uncertain(DnsResolverError("proto error: io error: Network is unreachable (os error 101)"))
[INFO] [stdout]  right: Success
[INFO] [stdout] stack backtrace:
[INFO] [stdout]    0:     0x60acbef55e61 - <<std[70759c8f55707aa4]::sys::backtrace::BacktraceLock>::print::DisplayBacktrace as core[df12db4294e9bfd3]::fmt::Display>::fmt
[INFO] [stdout]    1:     0x60acbef6ce2a - core[df12db4294e9bfd3]::fmt::write
[INFO] [stdout]    2:     0x60acbef5acfc - <alloc[2182bb758b4b3781]::vec::Vec<u8> as core[df12db4294e9bfd3]::io::write::Write>::write_fmt
[INFO] [stdout]    3:     0x60acbef30e06 - std[70759c8f55707aa4]::panicking::default_hook::{closure#0}
[INFO] [stdout]    4:     0x60acbef4ddd9 - std[70759c8f55707aa4]::panicking::default_hook
[INFO] [stdout]    5:     0x60acbee15b90 - test[9d35eded1c95d3be]::test_main_inner::<test[9d35eded1c95d3be]::test_main_static::{closure#0}>::{closure#0}
[INFO] [stdout]    6:     0x60acbef4e102 - std[70759c8f55707aa4]::panicking::panic_with_hook
[INFO] [stdout]    7:     0x60acbef30eb2 - std[70759c8f55707aa4]::panicking::panic_handler::{closure#0}
[INFO] [stdout]    8:     0x60acbef295f9 - std[70759c8f55707aa4]::sys::backtrace::__rust_end_short_backtrace::<std[70759c8f55707aa4]::panicking::panic_handler::{closure#0}, !>
[INFO] [stdout]    9:     0x60acbef31dad - __rustc[8fa7c3cbc660c2b3]::rust_begin_unwind
[INFO] [stdout]   10:     0x60acbef6d58c - core[df12db4294e9bfd3]::panicking::panic_fmt
[INFO] [stdout]   11:     0x60acbef6d4a3 - core[df12db4294e9bfd3]::panicking::assert_failed_inner
[INFO] [stdout]   12:     0x60acbedf8563 - core[df12db4294e9bfd3]::panicking::assert_failed::<mailify_lib[d60c90d66d1ef5d7]::CheckResult, mailify_lib[d60c90d66d1ef5d7]::CheckResult>
[INFO] [stdout]   13:     0x60acbedae8e2 - mailify_lib[d60c90d66d1ef5d7]::tests::gmail::{closure#0}
[INFO] [stdout]   14:     0x60acbedd1b63 - <tokio[3a9a294ee705bb98]::runtime::scheduler::current_thread::Context>::enter::<core[df12db4294e9bfd3]::task::poll::Poll<()>, <tokio[3a9a294ee705bb98]::runtime::scheduler::current_thread::CoreGuard>::block_on<core[df12db4294e9bfd3]::pin::Pin<&mut core[df12db4294e9bfd3]::pin::Pin<&mut dyn core[df12db4294e9bfd3]::future::future::Future<Output = ()>>>>::{closure#0}::{closure#0}>
[INFO] [stdout]   15:     0x60acbedc6acc - <tokio[3a9a294ee705bb98]::runtime::context::scoped::Scoped<tokio[3a9a294ee705bb98]::runtime::scheduler::Context>>::set::<<tokio[3a9a294ee705bb98]::runtime::scheduler::current_thread::CoreGuard>::enter<<tokio[3a9a294ee705bb98]::runtime::scheduler::current_thread::CoreGuard>::block_on<core[df12db4294e9bfd3]::pin::Pin<&mut core[df12db4294e9bfd3]::pin::Pin<&mut dyn core[df12db4294e9bfd3]::future::future::Future<Output = ()>>>>::{closure#0}, core[df12db4294e9bfd3]::option::Option<()>>::{closure#0}, (alloc[2182bb758b4b3781]::boxed::Box<tokio[3a9a294ee705bb98]::runtime::scheduler::current_thread::Core>, core[df12db4294e9bfd3]::option::Option<()>)>
[INFO] [stdout]   16:     0x60acbedd2157 - <tokio[3a9a294ee705bb98]::runtime::scheduler::current_thread::CoreGuard>::block_on::<core[df12db4294e9bfd3]::pin::Pin<&mut core[df12db4294e9bfd3]::pin::Pin<&mut dyn core[df12db4294e9bfd3]::future::future::Future<Output = ()>>>>
[INFO] [stdout]   17:     0x60acbedfdf37 - tokio[3a9a294ee705bb98]::runtime::context::runtime::enter_runtime::<<tokio[3a9a294ee705bb98]::runtime::scheduler::current_thread::CurrentThread>::block_on<core[df12db4294e9bfd3]::pin::Pin<&mut dyn core[df12db4294e9bfd3]::future::future::Future<Output = ()>>>::{closure#0}, ()>
[INFO] [stdout]   18:     0x60acbedd1a45 - <tokio[3a9a294ee705bb98]::runtime::runtime::Runtime>::block_on::<core[df12db4294e9bfd3]::pin::Pin<&mut dyn core[df12db4294e9bfd3]::future::future::Future<Output = ()>>>
[INFO] [stdout]   19:     0x60acbedb037b - mailify_lib[d60c90d66d1ef5d7]::tests::gmail
[INFO] [stdout]   20:     0x60acbede2639 - <mailify_lib[d60c90d66d1ef5d7]::tests::gmail::{closure#0} as core[df12db4294e9bfd3]::ops::function::FnOnce<()>>::call_once
[INFO] [stdout]   21:     0x60acbee08e7b - test[9d35eded1c95d3be]::__rust_begin_short_backtrace::<core[df12db4294e9bfd3]::result::Result<(), alloc[2182bb758b4b3781]::string::String>, fn() -> core[df12db4294e9bfd3]::result::Result<(), alloc[2182bb758b4b3781]::string::String>>
[INFO] [stdout]   22:     0x60acbee164e5 - test[9d35eded1c95d3be]::run_test::{closure#0}
[INFO] [stdout]   23:     0x60acbee0fda4 - std[70759c8f55707aa4]::sys::backtrace::__rust_begin_short_backtrace::<test[9d35eded1c95d3be]::run_test::{closure#1}, ()>
[INFO] [stdout]   24:     0x60acbee19642 - <std[70759c8f55707aa4]::thread::lifecycle::spawn_unchecked<test[9d35eded1c95d3be]::run_test::{closure#1}, ()>::{closure#1} as core[df12db4294e9bfd3]::ops::function::FnOnce<()>>::call_once::{shim:vtable#0}
[INFO] [stdout]   25:     0x60acbef55389 - <std[70759c8f55707aa4]::sys::thread::unix::Thread>::new::thread_start
[INFO] [stdout]   26:     0x7c9b9b984dfa - <unknown>
[INFO] [stdout]   27:     0x7c9b9ba183d4 - clone
[INFO] [stdout]   28:                0x0 - <unknown>
[INFO] [stdout] 
[INFO] [stdout] ---- tests::endler stdout ----
[INFO] [stdout] 
[INFO] [stdout] thread 'tests::endler' (1948) panicked at src/lib.rs:482:9:
[INFO] [stdout] assertion `left == right` failed
[INFO] [stdout]   left: Uncertain(DnsResolverError("proto error: io error: Network is unreachable (os error 101)"))
[INFO] [stdout]  right: Success
[INFO] [stdout] stack backtrace:
[INFO] [stdout]    0:     0x60acbef55e61 - <<std[70759c8f55707aa4]::sys::backtrace::BacktraceLock>::print::DisplayBacktrace as core[df12db4294e9bfd3]::fmt::Display>::fmt
[INFO] [stdout]    1:     0x60acbef6ce2a - core[df12db4294e9bfd3]::fmt::write
[INFO] [stdout]    2:     0x60acbef5acfc - <alloc[2182bb758b4b3781]::vec::Vec<u8> as core[df12db4294e9bfd3]::io::write::Write>::write_fmt
[INFO] [stdout]    3:     0x60acbef30e06 - std[70759c8f55707aa4]::panicking::default_hook::{closure#0}
[INFO] [stdout]    4:     0x60acbef4ddd9 - std[70759c8f55707aa4]::panicking::default_hook
[INFO] [stdout]    5:     0x60acbee15b90 - test[9d35eded1c95d3be]::test_main_inner::<test[9d35eded1c95d3be]::test_main_static::{closure#0}>::{closure#0}
[INFO] [stdout]    6:     0x60acbef4e102 - std[70759c8f55707aa4]::panicking::panic_with_hook
[INFO] [stdout]    7:     0x60acbef30eb2 - std[70759c8f55707aa4]::panicking::panic_handler::{closure#0}
[INFO] [stdout]    8:     0x60acbef295f9 - std[70759c8f55707aa4]::sys::backtrace::__rust_end_short_backtrace::<std[70759c8f55707aa4]::panicking::panic_handler::{closure#0}, !>
[INFO] [stdout]    9:     0x60acbef31dad - __rustc[8fa7c3cbc660c2b3]::rust_begin_unwind
[INFO] [stdout]   10:     0x60acbef6d58c - core[df12db4294e9bfd3]::panicking::panic_fmt
[INFO] [stdout]   11:     0x60acbef6d4a3 - core[df12db4294e9bfd3]::panicking::assert_failed_inner
[INFO] [stdout]   12:     0x60acbedf8563 - core[df12db4294e9bfd3]::panicking::assert_failed::<mailify_lib[d60c90d66d1ef5d7]::CheckResult, mailify_lib[d60c90d66d1ef5d7]::CheckResult>
[INFO] [stdout]   13:     0x60acbedaeb32 - mailify_lib[d60c90d66d1ef5d7]::tests::endler::{closure#0}
[INFO] [stdout]   14:     0x60acbedd1b63 - <tokio[3a9a294ee705bb98]::runtime::scheduler::current_thread::Context>::enter::<core[df12db4294e9bfd3]::task::poll::Poll<()>, <tokio[3a9a294ee705bb98]::runtime::scheduler::current_thread::CoreGuard>::block_on<core[df12db4294e9bfd3]::pin::Pin<&mut core[df12db4294e9bfd3]::pin::Pin<&mut dyn core[df12db4294e9bfd3]::future::future::Future<Output = ()>>>>::{closure#0}::{closure#0}>
[INFO] [stdout]   15:     0x60acbedc6acc - <tokio[3a9a294ee705bb98]::runtime::context::scoped::Scoped<tokio[3a9a294ee705bb98]::runtime::scheduler::Context>>::set::<<tokio[3a9a294ee705bb98]::runtime::scheduler::current_thread::CoreGuard>::enter<<tokio[3a9a294ee705bb98]::runtime::scheduler::current_thread::CoreGuard>::block_on<core[df12db4294e9bfd3]::pin::Pin<&mut core[df12db4294e9bfd3]::pin::Pin<&mut dyn core[df12db4294e9bfd3]::future::future::Future<Output = ()>>>>::{closure#0}, core[df12db4294e9bfd3]::option::Option<()>>::{closure#0}, (alloc[2182bb758b4b3781]::boxed::Box<tokio[3a9a294ee705bb98]::runtime::scheduler::current_thread::Core>, core[df12db4294e9bfd3]::option::Option<()>)>
[INFO] [stdout]   16:     0x60acbedd2157 - <tokio[3a9a294ee705bb98]::runtime::scheduler::current_thread::CoreGuard>::block_on::<core[df12db4294e9bfd3]::pin::Pin<&mut core[df12db4294e9bfd3]::pin::Pin<&mut dyn core[df12db4294e9bfd3]::future::future::Future<Output = ()>>>>
[INFO] [stdout]   17:     0x60acbedfdf37 - tokio[3a9a294ee705bb98]::runtime::context::runtime::enter_runtime::<<tokio[3a9a294ee705bb98]::runtime::scheduler::current_thread::CurrentThread>::block_on<core[df12db4294e9bfd3]::pin::Pin<&mut dyn core[df12db4294e9bfd3]::future::future::Future<Output = ()>>>::{closure#0}, ()>
[INFO] [stdout]   18:     0x60acbedd1a45 - <tokio[3a9a294ee705bb98]::runtime::runtime::Runtime>::block_on::<core[df12db4294e9bfd3]::pin::Pin<&mut dyn core[df12db4294e9bfd3]::future::future::Future<Output = ()>>>
[INFO] [stdout]   19:     0x60acbedb04cb - mailify_lib[d60c90d66d1ef5d7]::tests::endler
[INFO] [stdout]   20:     0x60acbede2659 - <mailify_lib[d60c90d66d1ef5d7]::tests::endler::{closure#0} as core[df12db4294e9bfd3]::ops::function::FnOnce<()>>::call_once
[INFO] [stdout]   21:     0x60acbee08e7b - test[9d35eded1c95d3be]::__rust_begin_short_backtrace::<core[df12db4294e9bfd3]::result::Result<(), alloc[2182bb758b4b3781]::string::String>, fn() -> core[df12db4294e9bfd3]::result::Result<(), alloc[2182bb758b4b3781]::string::String>>
[INFO] [stdout]   22:     0x60acbee164e5 - test[9d35eded1c95d3be]::run_test::{closure#0}
[INFO] [stdout]   23:     0x60acbee0fda4 - std[70759c8f55707aa4]::sys::backtrace::__rust_begin_short_backtrace::<test[9d35eded1c95d3be]::run_test::{closure#1}, ()>
[INFO] [stdout]   24:     0x60acbee19642 - <std[70759c8f55707aa4]::thread::lifecycle::spawn_unchecked<test[9d35eded1c95d3be]::run_test::{closure#1}, ()>::{closure#1} as core[df12db4294e9bfd3]::ops::function::FnOnce<()>>::call_once::{shim:vtable#0}
[INFO] [stdout]   25:     0x60acbef55389 - <std[70759c8f55707aa4]::sys::thread::unix::Thread>::new::thread_start
[INFO] [stdout]   26:     0x7c9b9b984dfa - <unknown>
[INFO] [stdout]   27:     0x7c9b9ba183d4 - clone
[INFO] [stdout]   28:                0x0 - <unknown>
[INFO] [stdout] 
[INFO] [stdout] ---- tests::blocklisting stdout ----
[INFO] [stdout] 
[INFO] [stdout] thread 'tests::blocklisting' (1945) panicked at src/lib.rs:499:9:
[INFO] [stdout] assertion `left == right` failed
[INFO] [stdout]   left: Uncertain(DnsResolverError("proto error: io error: Network is unreachable (os error 101)"))
[INFO] [stdout]  right: Uncertain(Blocklisted)
[INFO] [stdout] stack backtrace:
[INFO] [stdout]    0:     0x60acbef55e61 - <<std[70759c8f55707aa4]::sys::backtrace::BacktraceLock>::print::DisplayBacktrace as core[df12db4294e9bfd3]::fmt::Display>::fmt
[INFO] [stdout]    1:     0x60acbef6ce2a - core[df12db4294e9bfd3]::fmt::write
[INFO] [stdout]    2:     0x60acbef5acfc - <alloc[2182bb758b4b3781]::vec::Vec<u8> as core[df12db4294e9bfd3]::io::write::Write>::write_fmt
[INFO] [stdout]    3:     0x60acbef30e06 - std[70759c8f55707aa4]::panicking::default_hook::{closure#0}
[INFO] [stdout]    4:     0x60acbef4ddd9 - std[70759c8f55707aa4]::panicking::default_hook
[INFO] [stdout]    5:     0x60acbee15b90 - test[9d35eded1c95d3be]::test_main_inner::<test[9d35eded1c95d3be]::test_main_static::{closure#0}>::{closure#0}
[INFO] [stdout]    6:     0x60acbef4e102 - std[70759c8f55707aa4]::panicking::panic_with_hook
[INFO] [stdout]    7:     0x60acbef30eb2 - std[70759c8f55707aa4]::panicking::panic_handler::{closure#0}
[INFO] [stdout]    8:     0x60acbef295f9 - std[70759c8f55707aa4]::sys::backtrace::__rust_end_short_backtrace::<std[70759c8f55707aa4]::panicking::panic_handler::{closure#0}, !>
[INFO] [stdout]    9:     0x60acbef31dad - __rustc[8fa7c3cbc660c2b3]::rust_begin_unwind
[INFO] [stdout]   10:     0x60acbef6d58c - core[df12db4294e9bfd3]::panicking::panic_fmt
[INFO] [stdout]   11:     0x60acbef6d4a3 - core[df12db4294e9bfd3]::panicking::assert_failed_inner
[INFO] [stdout]   12:     0x60acbedf8563 - core[df12db4294e9bfd3]::panicking::assert_failed::<mailify_lib[d60c90d66d1ef5d7]::CheckResult, mailify_lib[d60c90d66d1ef5d7]::CheckResult>
[INFO] [stdout]   13:     0x60acbedad545 - mailify_lib[d60c90d66d1ef5d7]::tests::blocklisting::{closure#0}
[INFO] [stdout]   14:     0x60acbedd1b63 - <tokio[3a9a294ee705bb98]::runtime::scheduler::current_thread::Context>::enter::<core[df12db4294e9bfd3]::task::poll::Poll<()>, <tokio[3a9a294ee705bb98]::runtime::scheduler::current_thread::CoreGuard>::block_on<core[df12db4294e9bfd3]::pin::Pin<&mut core[df12db4294e9bfd3]::pin::Pin<&mut dyn core[df12db4294e9bfd3]::future::future::Future<Output = ()>>>>::{closure#0}::{closure#0}>
[INFO] [stdout]   15:     0x60acbedc6acc - <tokio[3a9a294ee705bb98]::runtime::context::scoped::Scoped<tokio[3a9a294ee705bb98]::runtime::scheduler::Context>>::set::<<tokio[3a9a294ee705bb98]::runtime::scheduler::current_thread::CoreGuard>::enter<<tokio[3a9a294ee705bb98]::runtime::scheduler::current_thread::CoreGuard>::block_on<core[df12db4294e9bfd3]::pin::Pin<&mut core[df12db4294e9bfd3]::pin::Pin<&mut dyn core[df12db4294e9bfd3]::future::future::Future<Output = ()>>>>::{closure#0}, core[df12db4294e9bfd3]::option::Option<()>>::{closure#0}, (alloc[2182bb758b4b3781]::boxed::Box<tokio[3a9a294ee705bb98]::runtime::scheduler::current_thread::Core>, core[df12db4294e9bfd3]::option::Option<()>)>
[INFO] [stdout]   16:     0x60acbedd2157 - <tokio[3a9a294ee705bb98]::runtime::scheduler::current_thread::CoreGuard>::block_on::<core[df12db4294e9bfd3]::pin::Pin<&mut core[df12db4294e9bfd3]::pin::Pin<&mut dyn core[df12db4294e9bfd3]::future::future::Future<Output = ()>>>>
[INFO] [stdout]   17:     0x60acbedfdf37 - tokio[3a9a294ee705bb98]::runtime::context::runtime::enter_runtime::<<tokio[3a9a294ee705bb98]::runtime::scheduler::current_thread::CurrentThread>::block_on<core[df12db4294e9bfd3]::pin::Pin<&mut dyn core[df12db4294e9bfd3]::future::future::Future<Output = ()>>>::{closure#0}, ()>
[INFO] [stdout]   18:     0x60acbedd1a45 - <tokio[3a9a294ee705bb98]::runtime::runtime::Runtime>::block_on::<core[df12db4294e9bfd3]::pin::Pin<&mut dyn core[df12db4294e9bfd3]::future::future::Future<Output = ()>>>
[INFO] [stdout]   19:     0x60acbedaf7ab - mailify_lib[d60c90d66d1ef5d7]::tests::blocklisting
[INFO] [stdout]   20:     0x60acbede2539 - <mailify_lib[d60c90d66d1ef5d7]::tests::blocklisting::{closure#0} as core[df12db4294e9bfd3]::ops::function::FnOnce<()>>::call_once
[INFO] [stdout]   21:     0x60acbee08e7b - test[9d35eded1c95d3be]::__rust_begin_short_backtrace::<core[df12db4294e9bfd3]::result::Result<(), alloc[2182bb758b4b3781]::string::String>, fn() -> core[df12db4294e9bfd3]::result::Result<(), alloc[2182bb758b4b3781]::string::String>>
[INFO] [stdout]   22:     0x60acbee164e5 - test[9d35eded1c95d3be]::run_test::{closure#0}
[INFO] [stdout]   23:     0x60acbee0fda4 - std[70759c8f55707aa4]::sys::backtrace::__rust_begin_short_backtrace::<test[9d35eded1c95d3be]::run_test::{closure#1}, ()>
[INFO] [stdout]   24:     0x60acbee19642 - <std[70759c8f55707aa4]::thread::lifecycle::spawn_unchecked<test[9d35eded1c95d3be]::run_test::{closure#1}, ()>::{closure#1} as core[df12db4294e9bfd3]::ops::function::FnOnce<()>>::call_once::{shim:vtable#0}
[INFO] [stdout]   25:     0x60acbef55389 - <std[70759c8f55707aa4]::sys::thread::unix::Thread>::new::thread_start
[INFO] [stdout]   26:     0x7c9b9b984dfa - <unknown>
[INFO] [stdout]   27:     0x7c9b9ba183d4 - clone
[INFO] [stdout]   28:                0x0 - <unknown>
[INFO] [stdout] 
[INFO] [stdout] ---- tests::detects_my_domain_as_invalid stdout ----
[INFO] [stdout] 
[INFO] [stdout] thread 'tests::detects_my_domain_as_invalid' (1946) panicked at src/lib.rs:410:9:
[INFO] [stdout] assertion `left == right` failed
[INFO] [stdout]   left: Uncertain(DnsResolverError("proto error: io error: Network is unreachable (os error 101)"))
[INFO] [stdout]  right: Failure(NoSuchAddress)
[INFO] [stdout] stack backtrace:
[INFO] [stdout]    0:     0x60acbef55e61 - <<std[70759c8f55707aa4]::sys::backtrace::BacktraceLock>::print::DisplayBacktrace as core[df12db4294e9bfd3]::fmt::Display>::fmt
[INFO] [stdout]    1:     0x60acbef6ce2a - core[df12db4294e9bfd3]::fmt::write
[INFO] [stdout]    2:     0x60acbef5acfc - <alloc[2182bb758b4b3781]::vec::Vec<u8> as core[df12db4294e9bfd3]::io::write::Write>::write_fmt
[INFO] [stdout]    3:     0x60acbef30e06 - std[70759c8f55707aa4]::panicking::default_hook::{closure#0}
[INFO] [stdout]    4:     0x60acbef4ddd9 - std[70759c8f55707aa4]::panicking::default_hook
[INFO] [stdout]    5:     0x60acbee15b90 - test[9d35eded1c95d3be]::test_main_inner::<test[9d35eded1c95d3be]::test_main_static::{closure#0}>::{closure#0}
[INFO] [stdout]    6:     0x60acbef4e102 - std[70759c8f55707aa4]::panicking::panic_with_hook
[INFO] [stdout]    7:     0x60acbef30eb2 - std[70759c8f55707aa4]::panicking::panic_handler::{closure#0}
[INFO] [stdout]    8:     0x60acbef295f9 - std[70759c8f55707aa4]::sys::backtrace::__rust_end_short_backtrace::<std[70759c8f55707aa4]::panicking::panic_handler::{closure#0}, !>
[INFO] [stdout]    9:     0x60acbef31dad - __rustc[8fa7c3cbc660c2b3]::rust_begin_unwind
[INFO] [stdout]   10:     0x60acbef6d58c - core[df12db4294e9bfd3]::panicking::panic_fmt
[INFO] [stdout]   11:     0x60acbef6d4a3 - core[df12db4294e9bfd3]::panicking::assert_failed_inner
[INFO] [stdout]   12:     0x60acbedf8563 - core[df12db4294e9bfd3]::panicking::assert_failed::<mailify_lib[d60c90d66d1ef5d7]::CheckResult, mailify_lib[d60c90d66d1ef5d7]::CheckResult>
[INFO] [stdout]   13:     0x60acbedae355 - mailify_lib[d60c90d66d1ef5d7]::tests::detects_my_domain_as_invalid::{closure#0}
[INFO] [stdout]   14:     0x60acbedd1b63 - <tokio[3a9a294ee705bb98]::runtime::scheduler::current_thread::Context>::enter::<core[df12db4294e9bfd3]::task::poll::Poll<()>, <tokio[3a9a294ee705bb98]::runtime::scheduler::current_thread::CoreGuard>::block_on<core[df12db4294e9bfd3]::pin::Pin<&mut core[df12db4294e9bfd3]::pin::Pin<&mut dyn core[df12db4294e9bfd3]::future::future::Future<Output = ()>>>>::{closure#0}::{closure#0}>
[INFO] [stdout]   15:     0x60acbedc6acc - <tokio[3a9a294ee705bb98]::runtime::context::scoped::Scoped<tokio[3a9a294ee705bb98]::runtime::scheduler::Context>>::set::<<tokio[3a9a294ee705bb98]::runtime::scheduler::current_thread::CoreGuard>::enter<<tokio[3a9a294ee705bb98]::runtime::scheduler::current_thread::CoreGuard>::block_on<core[df12db4294e9bfd3]::pin::Pin<&mut core[df12db4294e9bfd3]::pin::Pin<&mut dyn core[df12db4294e9bfd3]::future::future::Future<Output = ()>>>>::{closure#0}, core[df12db4294e9bfd3]::option::Option<()>>::{closure#0}, (alloc[2182bb758b4b3781]::boxed::Box<tokio[3a9a294ee705bb98]::runtime::scheduler::current_thread::Core>, core[df12db4294e9bfd3]::option::Option<()>)>
[INFO] [stdout]   16:     0x60acbedd2157 - <tokio[3a9a294ee705bb98]::runtime::scheduler::current_thread::CoreGuard>::block_on::<core[df12db4294e9bfd3]::pin::Pin<&mut core[df12db4294e9bfd3]::pin::Pin<&mut dyn core[df12db4294e9bfd3]::future::future::Future<Output = ()>>>>
[INFO] [stdout]   17:     0x60acbedfdf37 - tokio[3a9a294ee705bb98]::runtime::context::runtime::enter_runtime::<<tokio[3a9a294ee705bb98]::runtime::scheduler::current_thread::CurrentThread>::block_on<core[df12db4294e9bfd3]::pin::Pin<&mut dyn core[df12db4294e9bfd3]::future::future::Future<Output = ()>>>::{closure#0}, ()>
[INFO] [stdout]   18:     0x60acbedd1a45 - <tokio[3a9a294ee705bb98]::runtime::runtime::Runtime>::block_on::<core[df12db4294e9bfd3]::pin::Pin<&mut dyn core[df12db4294e9bfd3]::future::future::Future<Output = ()>>>
[INFO] [stdout]   19:     0x60acbedb006b - mailify_lib[d60c90d66d1ef5d7]::tests::detects_my_domain_as_invalid
[INFO] [stdout]   20:     0x60acbede25f9 - <mailify_lib[d60c90d66d1ef5d7]::tests::detects_my_domain_as_invalid::{closure#0} as core[df12db4294e9bfd3]::ops::function::FnOnce<()>>::call_once
[INFO] [stdout]   21:     0x60acbee08e7b - test[9d35eded1c95d3be]::__rust_begin_short_backtrace::<core[df12db4294e9bfd3]::result::Result<(), alloc[2182bb758b4b3781]::string::String>, fn() -> core[df12db4294e9bfd3]::result::Result<(), alloc[2182bb758b4b3781]::string::String>>
[INFO] [stdout]   22:     0x60acbee164e5 - test[9d35eded1c95d3be]::run_test::{closure#0}
[INFO] [stdout]   23:     0x60acbee0fda4 - std[70759c8f55707aa4]::sys::backtrace::__rust_begin_short_backtrace::<test[9d35eded1c95d3be]::run_test::{closure#1}, ()>
[INFO] [stdout]   24:     0x60acbee19642 - <std[70759c8f55707aa4]::thread::lifecycle::spawn_unchecked<test[9d35eded1c95d3be]::run_test::{closure#1}, ()>::{closure#1} as core[df12db4294e9bfd3]::ops::function::FnOnce<()>>::call_once::{shim:vtable#0}
[INFO] [stdout]   25:     0x60acbef55389 - <std[70759c8f55707aa4]::sys::thread::unix::Thread>::new::thread_start
[INFO] [stdout]   26:     0x7c9b9b984dfa - <unknown>
[INFO] [stdout]   27:     0x7c9b9ba183d4 - clone
[INFO] [stdout]   28:                0x0 - <unknown>
[INFO] [stdout] 
[INFO] [stdout] ---- tests::timeout stdout ----
[INFO] [stdout] 
[INFO] [stdout] thread 'tests::timeout' (1956) panicked at src/lib.rs:380:9:
[INFO] [stdout] assertion `left == right` failed
[INFO] [stdout]   left: Uncertain(DnsResolverError("proto error: io error: Network is unreachable (os error 101)"))
[INFO] [stdout]  right: Uncertain(Timeout)
[INFO] [stdout] stack backtrace:
[INFO] [stdout]    0:     0x60acbef55e61 - <<std[70759c8f55707aa4]::sys::backtrace::BacktraceLock>::print::DisplayBacktrace as core[df12db4294e9bfd3]::fmt::Display>::fmt
[INFO] [stdout]    1:     0x60acbef6ce2a - core[df12db4294e9bfd3]::fmt::write
[INFO] [stdout]    2:     0x60acbef5acfc - <alloc[2182bb758b4b3781]::vec::Vec<u8> as core[df12db4294e9bfd3]::io::write::Write>::write_fmt
[INFO] [stdout]    3:     0x60acbef30e06 - std[70759c8f55707aa4]::panicking::default_hook::{closure#0}
[INFO] [stdout]    4:     0x60acbef4ddd9 - std[70759c8f55707aa4]::panicking::default_hook
[INFO] [stdout]    5:     0x60acbee15b90 - test[9d35eded1c95d3be]::test_main_inner::<test[9d35eded1c95d3be]::test_main_static::{closure#0}>::{closure#0}
[INFO] [stdout]    6:     0x60acbef4e102 - std[70759c8f55707aa4]::panicking::panic_with_hook
[INFO] [stdout]    7:     0x60acbef30eb2 - std[70759c8f55707aa4]::panicking::panic_handler::{closure#0}
[INFO] [stdout]    8:     0x60acbef295f9 - std[70759c8f55707aa4]::sys::backtrace::__rust_end_short_backtrace::<std[70759c8f55707aa4]::panicking::panic_handler::{closure#0}, !>
[INFO] [stdout]    9:     0x60acbef31dad - __rustc[8fa7c3cbc660c2b3]::rust_begin_unwind
[INFO] [stdout]   10:     0x60acbef6d58c - core[df12db4294e9bfd3]::panicking::panic_fmt
[INFO] [stdout]   11:     0x60acbef6d4a3 - core[df12db4294e9bfd3]::panicking::assert_failed_inner
[INFO] [stdout]   12:     0x60acbedf8563 - core[df12db4294e9bfd3]::panicking::assert_failed::<mailify_lib[d60c90d66d1ef5d7]::CheckResult, mailify_lib[d60c90d66d1ef5d7]::CheckResult>
[INFO] [stdout]   13:     0x60acbedaf530 - mailify_lib[d60c90d66d1ef5d7]::tests::timeout::{closure#0}
[INFO] [stdout]   14:     0x60acbedd1b63 - <tokio[3a9a294ee705bb98]::runtime::scheduler::current_thread::Context>::enter::<core[df12db4294e9bfd3]::task::poll::Poll<()>, <tokio[3a9a294ee705bb98]::runtime::scheduler::current_thread::CoreGuard>::block_on<core[df12db4294e9bfd3]::pin::Pin<&mut core[df12db4294e9bfd3]::pin::Pin<&mut dyn core[df12db4294e9bfd3]::future::future::Future<Output = ()>>>>::{closure#0}::{closure#0}>
[INFO] [stdout]   15:     0x60acbedc6acc - <tokio[3a9a294ee705bb98]::runtime::context::scoped::Scoped<tokio[3a9a294ee705bb98]::runtime::scheduler::Context>>::set::<<tokio[3a9a294ee705bb98]::runtime::scheduler::current_thread::CoreGuard>::enter<<tokio[3a9a294ee705bb98]::runtime::scheduler::current_thread::CoreGuard>::block_on<core[df12db4294e9bfd3]::pin::Pin<&mut core[df12db4294e9bfd3]::pin::Pin<&mut dyn core[df12db4294e9bfd3]::future::future::Future<Output = ()>>>>::{closure#0}, core[df12db4294e9bfd3]::option::Option<()>>::{closure#0}, (alloc[2182bb758b4b3781]::boxed::Box<tokio[3a9a294ee705bb98]::runtime::scheduler::current_thread::Core>, core[df12db4294e9bfd3]::option::Option<()>)>
[INFO] [stdout]   16:     0x60acbedd2157 - <tokio[3a9a294ee705bb98]::runtime::scheduler::current_thread::CoreGuard>::block_on::<core[df12db4294e9bfd3]::pin::Pin<&mut core[df12db4294e9bfd3]::pin::Pin<&mut dyn core[df12db4294e9bfd3]::future::future::Future<Output = ()>>>>
[INFO] [stdout]   17:     0x60acbedfdf37 - tokio[3a9a294ee705bb98]::runtime::context::runtime::enter_runtime::<<tokio[3a9a294ee705bb98]::runtime::scheduler::current_thread::CurrentThread>::block_on<core[df12db4294e9bfd3]::pin::Pin<&mut dyn core[df12db4294e9bfd3]::future::future::Future<Output = ()>>>::{closure#0}, ()>
[INFO] [stdout]   18:     0x60acbedd1a45 - <tokio[3a9a294ee705bb98]::runtime::runtime::Runtime>::block_on::<core[df12db4294e9bfd3]::pin::Pin<&mut dyn core[df12db4294e9bfd3]::future::future::Future<Output = ()>>>
[INFO] [stdout]   19:     0x60acbedb0a7b - mailify_lib[d60c90d66d1ef5d7]::tests::timeout
[INFO] [stdout]   20:     0x60acbede26d9 - <mailify_lib[d60c90d66d1ef5d7]::tests::timeout::{closure#0} as core[df12db4294e9bfd3]::ops::function::FnOnce<()>>::call_once
[INFO] [stdout]   21:     0x60acbee08e7b - test[9d35eded1c95d3be]::__rust_begin_short_backtrace::<core[df12db4294e9bfd3]::result::Result<(), alloc[2182bb758b4b3781]::string::String>, fn() -> core[df12db4294e9bfd3]::result::Result<(), alloc[2182bb758b4b3781]::string::String>>
[INFO] [stdout]   22:     0x60acbee164e5 - test[9d35eded1c95d3be]::run_test::{closure#0}
[INFO] [stdout]   23:     0x60acbee0fda4 - std[70759c8f55707aa4]::sys::backtrace::__rust_begin_short_backtrace::<test[9d35eded1c95d3be]::run_test::{closure#1}, ()>
[INFO] [stdout]   24:     0x60acbee19642 - <std[70759c8f55707aa4]::thread::lifecycle::spawn_unchecked<test[9d35eded1c95d3be]::run_test::{closure#1}, ()>::{closure#1} as core[df12db4294e9bfd3]::ops::function::FnOnce<()>>::call_once::{shim:vtable#0}
[INFO] [stdout]   25:     0x60acbef55389 - <std[70759c8f55707aa4]::sys::thread::unix::Thread>::new::thread_start
[INFO] [stdout]   26:     0x7c9b9b984dfa - <unknown>
[INFO] [stdout]   27:     0x7c9b9ba183d4 - clone
[INFO] [stdout]   28:                0x0 - <unknown>
[INFO] [stdout] 
[INFO] [stdout] ---- tests::example stdout ----
[INFO] [stdout] 
[INFO] [stdout] thread 'tests::example' (1949) panicked at src/lib.rs:491:9:
[INFO] [stdout] assertion `left == right` failed
[INFO] [stdout]   left: Uncertain(DnsResolverError("proto error: io error: Network is unreachable (os error 101)"))
[INFO] [stdout]  right: Failure(NoMxRecords)
[INFO] [stdout] stack backtrace:
[INFO] [stdout]    0:     0x60acbef55e61 - <<std[70759c8f55707aa4]::sys::backtrace::BacktraceLock>::print::DisplayBacktrace as core[df12db4294e9bfd3]::fmt::Display>::fmt
[INFO] [stdout]    1:     0x60acbef6ce2a - core[df12db4294e9bfd3]::fmt::write
[INFO] [stdout]    2:     0x60acbef5acfc - <alloc[2182bb758b4b3781]::vec::Vec<u8> as core[df12db4294e9bfd3]::io::write::Write>::write_fmt
[INFO] [stdout]    3:     0x60acbef30e06 - std[70759c8f55707aa4]::panicking::default_hook::{closure#0}
[INFO] [stdout]    4:     0x60acbef4ddd9 - std[70759c8f55707aa4]::panicking::default_hook
[INFO] [stdout]    5:     0x60acbee15b90 - test[9d35eded1c95d3be]::test_main_inner::<test[9d35eded1c95d3be]::test_main_static::{closure#0}>::{closure#0}
[INFO] [stdout]    6:     0x60acbef4e102 - std[70759c8f55707aa4]::panicking::panic_with_hook
[INFO] [stdout]    7:     0x60acbef30eb2 - std[70759c8f55707aa4]::panicking::panic_handler::{closure#0}
[INFO] [stdout]    8:     0x60acbef295f9 - std[70759c8f55707aa4]::sys::backtrace::__rust_end_short_backtrace::<std[70759c8f55707aa4]::panicking::panic_handler::{closure#0}, !>
[INFO] [stdout]    9:     0x60acbef31dad - __rustc[8fa7c3cbc660c2b3]::rust_begin_unwind
[INFO] [stdout]   10:     0x60acbef6d58c - core[df12db4294e9bfd3]::panicking::panic_fmt
[INFO] [stdout]   11:     0x60acbef6d4a3 - core[df12db4294e9bfd3]::panicking::assert_failed_inner
[INFO] [stdout]   12:     0x60acbedf8563 - core[df12db4294e9bfd3]::panicking::assert_failed::<mailify_lib[d60c90d66d1ef5d7]::CheckResult, mailify_lib[d60c90d66d1ef5d7]::CheckResult>
[INFO] [stdout]   13:     0x60acbedaf345 - mailify_lib[d60c90d66d1ef5d7]::tests::example::{closure#0}
[INFO] [stdout]   14:     0x60acbedd1b63 - <tokio[3a9a294ee705bb98]::runtime::scheduler::current_thread::Context>::enter::<core[df12db4294e9bfd3]::task::poll::Poll<()>, <tokio[3a9a294ee705bb98]::runtime::scheduler::current_thread::CoreGuard>::block_on<core[df12db4294e9bfd3]::pin::Pin<&mut core[df12db4294e9bfd3]::pin::Pin<&mut dyn core[df12db4294e9bfd3]::future::future::Future<Output = ()>>>>::{closure#0}::{closure#0}>
[INFO] [stdout]   15:     0x60acbedc6acc - <tokio[3a9a294ee705bb98]::runtime::context::scoped::Scoped<tokio[3a9a294ee705bb98]::runtime::scheduler::Context>>::set::<<tokio[3a9a294ee705bb98]::runtime::scheduler::current_thread::CoreGuard>::enter<<tokio[3a9a294ee705bb98]::runtime::scheduler::current_thread::CoreGuard>::block_on<core[df12db4294e9bfd3]::pin::Pin<&mut core[df12db4294e9bfd3]::pin::Pin<&mut dyn core[df12db4294e9bfd3]::future::future::Future<Output = ()>>>>::{closure#0}, core[df12db4294e9bfd3]::option::Option<()>>::{closure#0}, (alloc[2182bb758b4b3781]::boxed::Box<tokio[3a9a294ee705bb98]::runtime::scheduler::current_thread::Core>, core[df12db4294e9bfd3]::option::Option<()>)>
[INFO] [stdout]   16:     0x60acbedd2157 - <tokio[3a9a294ee705bb98]::runtime::scheduler::current_thread::CoreGuard>::block_on::<core[df12db4294e9bfd3]::pin::Pin<&mut core[df12db4294e9bfd3]::pin::Pin<&mut dyn core[df12db4294e9bfd3]::future::future::Future<Output = ()>>>>
[INFO] [stdout]   17:     0x60acbedfdf37 - tokio[3a9a294ee705bb98]::runtime::context::runtime::enter_runtime::<<tokio[3a9a294ee705bb98]::runtime::scheduler::current_thread::CurrentThread>::block_on<core[df12db4294e9bfd3]::pin::Pin<&mut dyn core[df12db4294e9bfd3]::future::future::Future<Output = ()>>>::{closure#0}, ()>
[INFO] [stdout]   18:     0x60acbedd1a45 - <tokio[3a9a294ee705bb98]::runtime::runtime::Runtime>::block_on::<core[df12db4294e9bfd3]::pin::Pin<&mut dyn core[df12db4294e9bfd3]::future::future::Future<Output = ()>>>
[INFO] [stdout]   19:     0x60acbedb08bb - mailify_lib[d60c90d66d1ef5d7]::tests::example
[INFO] [stdout]   20:     0x60acbede26b9 - <mailify_lib[d60c90d66d1ef5d7]::tests::example::{closure#0} as core[df12db4294e9bfd3]::ops::function::FnOnce<()>>::call_once
[INFO] [stdout]   21:     0x60acbee08e7b - test[9d35eded1c95d3be]::__rust_begin_short_backtrace::<core[df12db4294e9bfd3]::result::Result<(), alloc[2182bb758b4b3781]::string::String>, fn() -> core[df12db4294e9bfd3]::result::Result<(), alloc[2182bb758b4b3781]::string::String>>
[INFO] [stdout]   22:     0x60acbee164e5 - test[9d35eded1c95d3be]::run_test::{closure#0}
[INFO] [stdout]   23:     0x60acbee0fda4 - std[70759c8f55707aa4]::sys::backtrace::__rust_begin_short_backtrace::<test[9d35eded1c95d3be]::run_test::{closure#1}, ()>
[INFO] [stdout]   24:     0x60acbee19642 - <std[70759c8f55707aa4]::thread::lifecycle::spawn_unchecked<test[9d35eded1c95d3be]::run_test::{closure#1}, ()>::{closure#1} as core[df12db4294e9bfd3]::ops::function::FnOnce<()>>::call_once::{shim:vtable#0}
[INFO] [stdout]   25:     0x60acbef55389 - <std[70759c8f55707aa4]::sys::thread::unix::Thread>::new::thread_start
[INFO] [stdout]   26:     0x7c9b9b984dfa - <unknown>
[INFO] [stdout]   27:     0x7c9b9ba183d4 - clone
[INFO] [stdout]   28:                0x0 - <unknown>
[INFO] [stdout] 
[INFO] [stdout] ---- tests::tuta stdout ----
[INFO] [stdout] 
[INFO] [stdout] thread 'tests::tuta' (1957) panicked at src/lib.rs:449:9:
[INFO] [stdout] assertion `left == right` failed
[INFO] [stdout]   left: Uncertain(DnsResolverError("proto error: io error: Network is unreachable (os error 101)"))
[INFO] [stdout]  right: Success
[INFO] [stdout] stack backtrace:
[INFO] [stdout]    0:     0x60acbef55e61 - <<std[70759c8f55707aa4]::sys::backtrace::BacktraceLock>::print::DisplayBacktrace as core[df12db4294e9bfd3]::fmt::Display>::fmt
[INFO] [stdout]    1:     0x60acbef6ce2a - core[df12db4294e9bfd3]::fmt::write
[INFO] [stdout]    2:     0x60acbef5acfc - <alloc[2182bb758b4b3781]::vec::Vec<u8> as core[df12db4294e9bfd3]::io::write::Write>::write_fmt
[INFO] [stdout]    3:     0x60acbef30e06 - std[70759c8f55707aa4]::panicking::default_hook::{closure#0}
[INFO] [stdout]    4:     0x60acbef4ddd9 - std[70759c8f55707aa4]::panicking::default_hook
[INFO] [stdout]    5:     0x60acbee15b90 - test[9d35eded1c95d3be]::test_main_inner::<test[9d35eded1c95d3be]::test_main_static::{closure#0}>::{closure#0}
[INFO] [stdout]    6:     0x60acbef4e102 - std[70759c8f55707aa4]::panicking::panic_with_hook
[INFO] [stdout]    7:     0x60acbef30eb2 - std[70759c8f55707aa4]::panicking::panic_handler::{closure#0}
[INFO] [stdout]    8:     0x60acbef295f9 - std[70759c8f55707aa4]::sys::backtrace::__rust_end_short_backtrace::<std[70759c8f55707aa4]::panicking::panic_handler::{closure#0}, !>
[INFO] [stdout]    9:     0x60acbef31dad - __rustc[8fa7c3cbc660c2b3]::rust_begin_unwind
[INFO] [stdout]   10:     0x60acbef6d58c - core[df12db4294e9bfd3]::panicking::panic_fmt
[INFO] [stdout]   11:     0x60acbef6d4a3 - core[df12db4294e9bfd3]::panicking::assert_failed_inner
[INFO] [stdout]   12:     0x60acbedf8563 - core[df12db4294e9bfd3]::panicking::assert_failed::<mailify_lib[d60c90d66d1ef5d7]::CheckResult, mailify_lib[d60c90d66d1ef5d7]::CheckResult>
[INFO] [stdout]   13:     0x60acbedae67d - mailify_lib[d60c90d66d1ef5d7]::tests::tuta::{closure#0}
[INFO] [stdout]   14:     0x60acbedd1b63 - <tokio[3a9a294ee705bb98]::runtime::scheduler::current_thread::Context>::enter::<core[df12db4294e9bfd3]::task::poll::Poll<()>, <tokio[3a9a294ee705bb98]::runtime::scheduler::current_thread::CoreGuard>::block_on<core[df12db4294e9bfd3]::pin::Pin<&mut core[df12db4294e9bfd3]::pin::Pin<&mut dyn core[df12db4294e9bfd3]::future::future::Future<Output = ()>>>>::{closure#0}::{closure#0}>
[INFO] [stdout]   15:     0x60acbedc6acc - <tokio[3a9a294ee705bb98]::runtime::context::scoped::Scoped<tokio[3a9a294ee705bb98]::runtime::scheduler::Context>>::set::<<tokio[3a9a294ee705bb98]::runtime::scheduler::current_thread::CoreGuard>::enter<<tokio[3a9a294ee705bb98]::runtime::scheduler::current_thread::CoreGuard>::block_on<core[df12db4294e9bfd3]::pin::Pin<&mut core[df12db4294e9bfd3]::pin::Pin<&mut dyn core[df12db4294e9bfd3]::future::future::Future<Output = ()>>>>::{closure#0}, core[df12db4294e9bfd3]::option::Option<()>>::{closure#0}, (alloc[2182bb758b4b3781]::boxed::Box<tokio[3a9a294ee705bb98]::runtime::scheduler::current_thread::Core>, core[df12db4294e9bfd3]::option::Option<()>)>
[INFO] [stdout]   16:     0x60acbedd2157 - <tokio[3a9a294ee705bb98]::runtime::scheduler::current_thread::CoreGuard>::block_on::<core[df12db4294e9bfd3]::pin::Pin<&mut core[df12db4294e9bfd3]::pin::Pin<&mut dyn core[df12db4294e9bfd3]::future::future::Future<Output = ()>>>>
[INFO] [stdout]   17:     0x60acbedfdf37 - tokio[3a9a294ee705bb98]::runtime::context::runtime::enter_runtime::<<tokio[3a9a294ee705bb98]::runtime::scheduler::current_thread::CurrentThread>::block_on<core[df12db4294e9bfd3]::pin::Pin<&mut dyn core[df12db4294e9bfd3]::future::future::Future<Output = ()>>>::{closure#0}, ()>
[INFO] [stdout]   18:     0x60acbedd1a45 - <tokio[3a9a294ee705bb98]::runtime::runtime::Runtime>::block_on::<core[df12db4294e9bfd3]::pin::Pin<&mut dyn core[df12db4294e9bfd3]::future::future::Future<Output = ()>>>
[INFO] [stdout]   19:     0x60acbedb022b - mailify_lib[d60c90d66d1ef5d7]::tests::tuta
[INFO] [stdout]   20:     0x60acbede2619 - <mailify_lib[d60c90d66d1ef5d7]::tests::tuta::{closure#0} as core[df12db4294e9bfd3]::ops::function::FnOnce<()>>::call_once
[INFO] [stdout]   21:     0x60acbee08e7b - test[9d35eded1c95d3be]::__rust_begin_short_backtrace::<core[df12db4294e9bfd3]::result::Result<(), alloc[2182bb758b4b3781]::string::String>, fn() -> core[df12db4294e9bfd3]::result::Result<(), alloc[2182bb758b4b3781]::string::String>>
[INFO] [stdout]   22:     0x60acbee164e5 - test[9d35eded1c95d3be]::run_test::{closure#0}
[INFO] [stdout]   23:     0x60acbee0fda4 - std[70759c8f55707aa4]::sys::backtrace::__rust_begin_short_backtrace::<test[9d35eded1c95d3be]::run_test::{closure#1}, ()>
[INFO] [stdout]   24:     0x60acbee19642 - <std[70759c8f55707aa4]::thread::lifecycle::spawn_unchecked<test[9d35eded1c95d3be]::run_test::{closure#1}, ()>::{closure#1} as core[df12db4294e9bfd3]::ops::function::FnOnce<()>>::call_once::{shim:vtable#0}
[INFO] [stdout]   25:     0x60acbef55389 - <std[70759c8f55707aa4]::sys::thread::unix::Thread>::new::thread_start
[INFO] [stdout]   26:     0x7c9b9b984dfa - <unknown>
[INFO] [stdout]   27:     0x7c9b9ba183d4 - clone
[INFO] [stdout]   28:                0x0 - <unknown>
[INFO] [stdout] 
[INFO] [stdout] ---- tests::protonmail stdout ----
[INFO] [stdout] 
[INFO] [stdout] thread 'tests::protonmail' (1955) panicked at src/lib.rs:427:9:
[INFO] [stdout] assertion `left == right` failed
[INFO] [stdout]   left: Uncertain(DnsResolverError("proto error: io error: Network is unreachable (os error 101)"))
[INFO] [stdout]  right: Success
[INFO] [stdout] stack backtrace:
[INFO] [stdout]    0:     0x60acbef55e61 - <<std[70759c8f55707aa4]::sys::backtrace::BacktraceLock>::print::DisplayBacktrace as core[df12db4294e9bfd3]::fmt::Display>::fmt
[INFO] [stdout]    1:     0x60acbef6ce2a - core[df12db4294e9bfd3]::fmt::write
[INFO] [stdout]    2:     0x60acbef5acfc - <alloc[2182bb758b4b3781]::vec::Vec<u8> as core[df12db4294e9bfd3]::io::write::Write>::write_fmt
[INFO] [stdout]    3:     0x60acbef30e06 - std[70759c8f55707aa4]::panicking::default_hook::{closure#0}
[INFO] [stdout]    4:     0x60acbef4ddd9 - std[70759c8f55707aa4]::panicking::default_hook
[INFO] [stdout]    5:     0x60acbee15b90 - test[9d35eded1c95d3be]::test_main_inner::<test[9d35eded1c95d3be]::test_main_static::{closure#0}>::{closure#0}
[INFO] [stdout]    6:     0x60acbef4e102 - std[70759c8f55707aa4]::panicking::panic_with_hook
[INFO] [stdout]    7:     0x60acbef30eb2 - std[70759c8f55707aa4]::panicking::panic_handler::{closure#0}
[INFO] [stdout]    8:     0x60acbef295f9 - std[70759c8f55707aa4]::sys::backtrace::__rust_end_short_backtrace::<std[70759c8f55707aa4]::panicking::panic_handler::{closure#0}, !>
[INFO] [stdout]    9:     0x60acbef31dad - __rustc[8fa7c3cbc660c2b3]::rust_begin_unwind
[INFO] [stdout]   10:     0x60acbef6d58c - core[df12db4294e9bfd3]::panicking::panic_fmt
[INFO] [stdout]   11:     0x60acbef6d4a3 - core[df12db4294e9bfd3]::panicking::assert_failed_inner
[INFO] [stdout]   12:     0x60acbedf8563 - core[df12db4294e9bfd3]::panicking::assert_failed::<mailify_lib[d60c90d66d1ef5d7]::CheckResult, mailify_lib[d60c90d66d1ef5d7]::CheckResult>
[INFO] [stdout]   13:     0x60acbedad3d2 - mailify_lib[d60c90d66d1ef5d7]::tests::protonmail::{closure#0}
[INFO] [stdout]   14:     0x60acbedd1b63 - <tokio[3a9a294ee705bb98]::runtime::scheduler::current_thread::Context>::enter::<core[df12db4294e9bfd3]::task::poll::Poll<()>, <tokio[3a9a294ee705bb98]::runtime::scheduler::current_thread::CoreGuard>::block_on<core[df12db4294e9bfd3]::pin::Pin<&mut core[df12db4294e9bfd3]::pin::Pin<&mut dyn core[df12db4294e9bfd3]::future::future::Future<Output = ()>>>>::{closure#0}::{closure#0}>
[INFO] [stdout]   15:     0x60acbedc6acc - <tokio[3a9a294ee705bb98]::runtime::context::scoped::Scoped<tokio[3a9a294ee705bb98]::runtime::scheduler::Context>>::set::<<tokio[3a9a294ee705bb98]::runtime::scheduler::current_thread::CoreGuard>::enter<<tokio[3a9a294ee705bb98]::runtime::scheduler::current_thread::CoreGuard>::block_on<core[df12db4294e9bfd3]::pin::Pin<&mut core[df12db4294e9bfd3]::pin::Pin<&mut dyn core[df12db4294e9bfd3]::future::future::Future<Output = ()>>>>::{closure#0}, core[df12db4294e9bfd3]::option::Option<()>>::{closure#0}, (alloc[2182bb758b4b3781]::boxed::Box<tokio[3a9a294ee705bb98]::runtime::scheduler::current_thread::Core>, core[df12db4294e9bfd3]::option::Option<()>)>
[INFO] [stdout]   16:     0x60acbedd2157 - <tokio[3a9a294ee705bb98]::runtime::scheduler::current_thread::CoreGuard>::block_on::<core[df12db4294e9bfd3]::pin::Pin<&mut core[df12db4294e9bfd3]::pin::Pin<&mut dyn core[df12db4294e9bfd3]::future::future::Future<Output = ()>>>>
[INFO] [stdout]   17:     0x60acbedfdf37 - tokio[3a9a294ee705bb98]::runtime::context::runtime::enter_runtime::<<tokio[3a9a294ee705bb98]::runtime::scheduler::current_thread::CurrentThread>::block_on<core[df12db4294e9bfd3]::pin::Pin<&mut dyn core[df12db4294e9bfd3]::future::future::Future<Output = ()>>>::{closure#0}, ()>
[INFO] [stdout]   18:     0x60acbedd1a45 - <tokio[3a9a294ee705bb98]::runtime::runtime::Runtime>::block_on::<core[df12db4294e9bfd3]::pin::Pin<&mut dyn core[df12db4294e9bfd3]::future::future::Future<Output = ()>>>
[INFO] [stdout]   19:     0x60acbedaf65b - mailify_lib[d60c90d66d1ef5d7]::tests::protonmail
[INFO] [stdout]   20:     0x60acbede2519 - <mailify_lib[d60c90d66d1ef5d7]::tests::protonmail::{closure#0} as core[df12db4294e9bfd3]::ops::function::FnOnce<()>>::call_once
[INFO] [stdout]   21:     0x60acbee08e7b - test[9d35eded1c95d3be]::__rust_begin_short_backtrace::<core[df12db4294e9bfd3]::result::Result<(), alloc[2182bb758b4b3781]::string::String>, fn() -> core[df12db4294e9bfd3]::result::Result<(), alloc[2182bb758b4b3781]::string::String>>
[INFO] [stdout]   22:     0x60acbee164e5 - test[9d35eded1c95d3be]::run_test::{closure#0}
[INFO] [stdout]   23:     0x60acbee0fda4 - std[70759c8f55707aa4]::sys::backtrace::__rust_begin_short_backtrace::<test[9d35eded1c95d3be]::run_test::{closure#1}, ()>
[INFO] [stdout]   24:     0x60acbee19642 - <std[70759c8f55707aa4]::thread::lifecycle::spawn_unchecked<test[9d35eded1c95d3be]::run_test::{closure#1}, ()>::{closure#1} as core[df12db4294e9bfd3]::ops::function::FnOnce<()>>::call_once::{shim:vtable#0}
[INFO] [stdout]   25:     0x60acbef55389 - <std[70759c8f55707aa4]::sys::thread::unix::Thread>::new::thread_start
[INFO] [stdout]   26:     0x7c9b9b984dfa - <unknown>
[INFO] [stdout]   27:     0x7c9b9ba183d4 - clone
[INFO] [stdout]   28:                0x0 - <unknown>
[INFO] [stdout] 
[INFO] [stdout] ---- tests::icloud stdout ----
[INFO] [stdout] 
[INFO] [stdout] thread 'tests::icloud' (1951) panicked at src/lib.rs:459:9:
[INFO] [stdout] assertion `left == right` failed
[INFO] [stdout]   left: Uncertain(DnsResolverError("proto error: io error: Network is unreachable (os error 101)"))
[INFO] [stdout]  right: Success
[INFO] [stdout] stack backtrace:
[INFO] [stdout]    0:     0x60acbef55e61 - <<std[70759c8f55707aa4]::sys::backtrace::BacktraceLock>::print::DisplayBacktrace as core[df12db4294e9bfd3]::fmt::Display>::fmt
[INFO] [stdout]    1:     0x60acbef6ce2a - core[df12db4294e9bfd3]::fmt::write
[INFO] [stdout]    2:     0x60acbef5acfc - <alloc[2182bb758b4b3781]::vec::Vec<u8> as core[df12db4294e9bfd3]::io::write::Write>::write_fmt
[INFO] [stdout]    3:     0x60acbef30e06 - std[70759c8f55707aa4]::panicking::default_hook::{closure#0}
[INFO] [stdout]    4:     0x60acbef4ddd9 - std[70759c8f55707aa4]::panicking::default_hook
[INFO] [stdout]    5:     0x60acbee15b90 - test[9d35eded1c95d3be]::test_main_inner::<test[9d35eded1c95d3be]::test_main_static::{closure#0}>::{closure#0}
[INFO] [stdout]    6:     0x60acbef4e102 - std[70759c8f55707aa4]::panicking::panic_with_hook
[INFO] [stdout]    7:     0x60acbef30eb2 - std[70759c8f55707aa4]::panicking::panic_handler::{closure#0}
[INFO] [stdout]    8:     0x60acbef295f9 - std[70759c8f55707aa4]::sys::backtrace::__rust_end_short_backtrace::<std[70759c8f55707aa4]::panicking::panic_handler::{closure#0}, !>
[INFO] [stdout]    9:     0x60acbef31dad - __rustc[8fa7c3cbc660c2b3]::rust_begin_unwind
[INFO] [stdout]   10:     0x60acbef6d58c - core[df12db4294e9bfd3]::panicking::panic_fmt
[INFO] [stdout]   11:     0x60acbef6d4a3 - core[df12db4294e9bfd3]::panicking::assert_failed_inner
[INFO] [stdout]   12:     0x60acbedf8563 - core[df12db4294e9bfd3]::panicking::assert_failed::<mailify_lib[d60c90d66d1ef5d7]::CheckResult, mailify_lib[d60c90d66d1ef5d7]::CheckResult>
[INFO] [stdout]   13:     0x60acbedaef2d - mailify_lib[d60c90d66d1ef5d7]::tests::icloud::{closure#0}
[INFO] [stdout]   14:     0x60acbedd1b63 - <tokio[3a9a294ee705bb98]::runtime::scheduler::current_thread::Context>::enter::<core[df12db4294e9bfd3]::task::poll::Poll<()>, <tokio[3a9a294ee705bb98]::runtime::scheduler::current_thread::CoreGuard>::block_on<core[df12db4294e9bfd3]::pin::Pin<&mut core[df12db4294e9bfd3]::pin::Pin<&mut dyn core[df12db4294e9bfd3]::future::future::Future<Output = ()>>>>::{closure#0}::{closure#0}>
[INFO] [stdout]   15:     0x60acbedc6acc - <tokio[3a9a294ee705bb98]::runtime::context::scoped::Scoped<tokio[3a9a294ee705bb98]::runtime::scheduler::Context>>::set::<<tokio[3a9a294ee705bb98]::runtime::scheduler::current_thread::CoreGuard>::enter<<tokio[3a9a294ee705bb98]::runtime::scheduler::current_thread::CoreGuard>::block_on<core[df12db4294e9bfd3]::pin::Pin<&mut core[df12db4294e9bfd3]::pin::Pin<&mut dyn core[df12db4294e9bfd3]::future::future::Future<Output = ()>>>>::{closure#0}, core[df12db4294e9bfd3]::option::Option<()>>::{closure#0}, (alloc[2182bb758b4b3781]::boxed::Box<tokio[3a9a294ee705bb98]::runtime::scheduler::current_thread::Core>, core[df12db4294e9bfd3]::option::Option<()>)>
[INFO] [stdout]   16:     0x60acbedd2157 - <tokio[3a9a294ee705bb98]::runtime::scheduler::current_thread::CoreGuard>::block_on::<core[df12db4294e9bfd3]::pin::Pin<&mut core[df12db4294e9bfd3]::pin::Pin<&mut dyn core[df12db4294e9bfd3]::future::future::Future<Output = ()>>>>
[INFO] [stdout]   17:     0x60acbedfdf37 - tokio[3a9a294ee705bb98]::runtime::context::runtime::enter_runtime::<<tokio[3a9a294ee705bb98]::runtime::scheduler::current_thread::CurrentThread>::block_on<core[df12db4294e9bfd3]::pin::Pin<&mut dyn core[df12db4294e9bfd3]::future::future::Future<Output = ()>>>::{closure#0}, ()>
[INFO] [stdout]   18:     0x60acbedd1a45 - <tokio[3a9a294ee705bb98]::runtime::runtime::Runtime>::block_on::<core[df12db4294e9bfd3]::pin::Pin<&mut dyn core[df12db4294e9bfd3]::future::future::Future<Output = ()>>>
[INFO] [stdout]   19:     0x60acbedb061b - mailify_lib[d60c90d66d1ef5d7]::tests::icloud
[INFO] [stdout]   20:     0x60acbede2679 - <mailify_lib[d60c90d66d1ef5d7]::tests::icloud::{closure#0} as core[df12db4294e9bfd3]::ops::function::FnOnce<()>>::call_once
[INFO] [stdout]   21:     0x60acbee08e7b - test[9d35eded1c95d3be]::__rust_begin_short_backtrace::<core[df12db4294e9bfd3]::result::Result<(), alloc[2182bb758b4b3781]::string::String>, fn() -> core[df12db4294e9bfd3]::result::Result<(), alloc[2182bb758b4b3781]::string::String>>
[INFO] [stdout]   22:     0x60acbee164e5 - test[9d35eded1c95d3be]::run_test::{closure#0}
[INFO] [stdout]   23:     0x60acbee0fda4 - std[70759c8f55707aa4]::sys::backtrace::__rust_begin_short_backtrace::<test[9d35eded1c95d3be]::run_test::{closure#1}, ()>
[INFO] [stdout]   24:     0x60acbee19642 - <std[70759c8f55707aa4]::thread::lifecycle::spawn_unchecked<test[9d35eded1c95d3be]::run_test::{closure#1}, ()>::{closure#1} as core[df12db4294e9bfd3]::ops::function::FnOnce<()>>::call_once::{shim:vtable#0}
[INFO] [stdout]   25:     0x60acbef55389 - <std[70759c8f55707aa4]::sys::thread::unix::Thread>::new::thread_start
[INFO] [stdout]   26:     0x7c9b9b984dfa - <unknown>
[INFO] [stdout]   27:     0x7c9b9ba183d4 - clone
[INFO] [stdout]   28:                0x0 - <unknown>
[INFO] [stdout] 
[INFO] [stdout] ---- tests::no_reverse_hostname stdout ----
[INFO] [stdout] 
[INFO] [stdout] thread 'tests::no_reverse_hostname' (1954) panicked at src/lib.rs:507:9:
[INFO] [stdout] assertion `left == right` failed
[INFO] [stdout]   left: Uncertain(DnsResolverError("proto error: io error: Network is unreachable (os error 101)"))
[INFO] [stdout]  right: Uncertain(NoReverseHostname)
[INFO] [stdout] stack backtrace:
[INFO] [stdout]    0:     0x60acbef55e61 - <<std[70759c8f55707aa4]::sys::backtrace::BacktraceLock>::print::DisplayBacktrace as core[df12db4294e9bfd3]::fmt::Display>::fmt
[INFO] [stdout]    1:     0x60acbef6ce2a - core[df12db4294e9bfd3]::fmt::write
[INFO] [stdout]    2:     0x60acbef5acfc - <alloc[2182bb758b4b3781]::vec::Vec<u8> as core[df12db4294e9bfd3]::io::write::Write>::write_fmt
[INFO] [stdout]    3:     0x60acbef30e06 - std[70759c8f55707aa4]::panicking::default_hook::{closure#0}
[INFO] [stdout]    4:     0x60acbef4ddd9 - std[70759c8f55707aa4]::panicking::default_hook
[INFO] [stdout]    5:     0x60acbee15b90 - test[9d35eded1c95d3be]::test_main_inner::<test[9d35eded1c95d3be]::test_main_static::{closure#0}>::{closure#0}
[INFO] [stdout]    6:     0x60acbef4e102 - std[70759c8f55707aa4]::panicking::panic_with_hook
[INFO] [stdout]    7:     0x60acbef30eb2 - std[70759c8f55707aa4]::panicking::panic_handler::{closure#0}
[INFO] [stdout]    8:     0x60acbef295f9 - std[70759c8f55707aa4]::sys::backtrace::__rust_end_short_backtrace::<std[70759c8f55707aa4]::panicking::panic_handler::{closure#0}, !>
[INFO] [stdout]    9:     0x60acbef31dad - __rustc[8fa7c3cbc660c2b3]::rust_begin_unwind
[INFO] [stdout]   10:     0x60acbef6d58c - core[df12db4294e9bfd3]::panicking::panic_fmt
[INFO] [stdout]   11:     0x60acbef6d4a3 - core[df12db4294e9bfd3]::panicking::assert_failed_inner
[INFO] [stdout]   12:     0x60acbedf8563 - core[df12db4294e9bfd3]::panicking::assert_failed::<mailify_lib[d60c90d66d1ef5d7]::CheckResult, mailify_lib[d60c90d66d1ef5d7]::CheckResult>
[INFO] [stdout]   13:     0x60acbedae072 - mailify_lib[d60c90d66d1ef5d7]::tests::no_reverse_hostname::{closure#0}
[INFO] [stdout]   14:     0x60acbedd1b63 - <tokio[3a9a294ee705bb98]::runtime::scheduler::current_thread::Context>::enter::<core[df12db4294e9bfd3]::task::poll::Poll<()>, <tokio[3a9a294ee705bb98]::runtime::scheduler::current_thread::CoreGuard>::block_on<core[df12db4294e9bfd3]::pin::Pin<&mut core[df12db4294e9bfd3]::pin::Pin<&mut dyn core[df12db4294e9bfd3]::future::future::Future<Output = ()>>>>::{closure#0}::{closure#0}>
[INFO] [stdout]   15:     0x60acbedc6acc - <tokio[3a9a294ee705bb98]::runtime::context::scoped::Scoped<tokio[3a9a294ee705bb98]::runtime::scheduler::Context>>::set::<<tokio[3a9a294ee705bb98]::runtime::scheduler::current_thread::CoreGuard>::enter<<tokio[3a9a294ee705bb98]::runtime::scheduler::current_thread::CoreGuard>::block_on<core[df12db4294e9bfd3]::pin::Pin<&mut core[df12db4294e9bfd3]::pin::Pin<&mut dyn core[df12db4294e9bfd3]::future::future::Future<Output = ()>>>>::{closure#0}, core[df12db4294e9bfd3]::option::Option<()>>::{closure#0}, (alloc[2182bb758b4b3781]::boxed::Box<tokio[3a9a294ee705bb98]::runtime::scheduler::current_thread::Core>, core[df12db4294e9bfd3]::option::Option<()>)>
[INFO] [stdout]   16:     0x60acbedd2157 - <tokio[3a9a294ee705bb98]::runtime::scheduler::current_thread::CoreGuard>::block_on::<core[df12db4294e9bfd3]::pin::Pin<&mut core[df12db4294e9bfd3]::pin::Pin<&mut dyn core[df12db4294e9bfd3]::future::future::Future<Output = ()>>>>
[INFO] [stdout]   17:     0x60acbedfdf37 - tokio[3a9a294ee705bb98]::runtime::context::runtime::enter_runtime::<<tokio[3a9a294ee705bb98]::runtime::scheduler::current_thread::CurrentThread>::block_on<core[df12db4294e9bfd3]::pin::Pin<&mut dyn core[df12db4294e9bfd3]::future::future::Future<Output = ()>>>::{closure#0}, ()>
[INFO] [stdout]   18:     0x60acbedd1a45 - <tokio[3a9a294ee705bb98]::runtime::runtime::Runtime>::block_on::<core[df12db4294e9bfd3]::pin::Pin<&mut dyn core[df12db4294e9bfd3]::future::future::Future<Output = ()>>>
[INFO] [stdout]   19:     0x60acbedafd5b - mailify_lib[d60c90d66d1ef5d7]::tests::no_reverse_hostname
[INFO] [stdout]   20:     0x60acbede25b9 - <mailify_lib[d60c90d66d1ef5d7]::tests::no_reverse_hostname::{closure#0} as core[df12db4294e9bfd3]::ops::function::FnOnce<()>>::call_once
[INFO] [stdout]   21:     0x60acbee08e7b - test[9d35eded1c95d3be]::__rust_begin_short_backtrace::<core[df12db4294e9bfd3]::result::Result<(), alloc[2182bb758b4b3781]::string::String>, fn() -> core[df12db4294e9bfd3]::result::Result<(), alloc[2182bb758b4b3781]::string::String>>
[INFO] [stdout]   22:     0x60acbee164e5 - test[9d35eded1c95d3be]::run_test::{closure#0}
[INFO] [stdout]   23:     0x60acbee0fda4 - std[70759c8f55707aa4]::sys::backtrace::__rust_begin_short_backtrace::<test[9d35eded1c95d3be]::run_test::{closure#1}, ()>
[INFO] [stdout]   24:     0x60acbee19642 - <std[70759c8f55707aa4]::thread::lifecycle::spawn_unchecked<test[9d35eded1c95d3be]::run_test::{closure#1}, ()>::{closure#1} as core[df12db4294e9bfd3]::ops::function::FnOnce<()>>::call_once::{shim:vtable#0}
[INFO] [stdout]   25:     0x60acbef55389 - <std[70759c8f55707aa4]::sys::thread::unix::Thread>::new::thread_start
[INFO] [stdout]   26:     0x7c9b9b984dfa - <unknown>
[INFO] [stdout]   27:     0x7c9b9ba183d4 - clone
[INFO] [stdout]   28:                0x0 - <unknown>
[INFO] [stdout] 
[INFO] [stdout] ---- tests::yandex stdout ----
[INFO] [stdout] 
[INFO] [stdout] thread 'tests::yandex' (1959) panicked at src/lib.rs:440:9:
[INFO] [stdout] assertion `left == right` failed
[INFO] [stdout]   left: Uncertain(DnsResolverError("proto error: io error: Network is unreachable (os error 101)"))
[INFO] [stdout]  right: Success
[INFO] [stdout] stack backtrace:
[INFO] [stdout]    0:     0x60acbef55e61 - <<std[70759c8f55707aa4]::sys::backtrace::BacktraceLock>::print::DisplayBacktrace as core[df12db4294e9bfd3]::fmt::Display>::fmt
[INFO] [stdout]    1:     0x60acbef6ce2a - core[df12db4294e9bfd3]::fmt::write
[INFO] [stdout]    2:     0x60acbef5acfc - <alloc[2182bb758b4b3781]::vec::Vec<u8> as core[df12db4294e9bfd3]::io::write::Write>::write_fmt
[INFO] [stdout]    3:     0x60acbef30e06 - std[70759c8f55707aa4]::panicking::default_hook::{closure#0}
[INFO] [stdout]    4:     0x60acbef4ddd9 - std[70759c8f55707aa4]::panicking::default_hook
[INFO] [stdout]    5:     0x60acbee15b90 - test[9d35eded1c95d3be]::test_main_inner::<test[9d35eded1c95d3be]::test_main_static::{closure#0}>::{closure#0}
[INFO] [stdout]    6:     0x60acbef4e102 - std[70759c8f55707aa4]::panicking::panic_with_hook
[INFO] [stdout]    7:     0x60acbef30eb2 - std[70759c8f55707aa4]::panicking::panic_handler::{closure#0}
[INFO] [stdout]    8:     0x60acbef295f9 - std[70759c8f55707aa4]::sys::backtrace::__rust_end_short_backtrace::<std[70759c8f55707aa4]::panicking::panic_handler::{closure#0}, !>
[INFO] [stdout]    9:     0x60acbef31dad - __rustc[8fa7c3cbc660c2b3]::rust_begin_unwind
[INFO] [stdout]   10:     0x60acbef6d58c - core[df12db4294e9bfd3]::panicking::panic_fmt
[INFO] [stdout]   11:     0x60acbef6d4a3 - core[df12db4294e9bfd3]::panicking::assert_failed_inner
[INFO] [stdout]   12:     0x60acbedf8563 - core[df12db4294e9bfd3]::panicking::assert_failed::<mailify_lib[d60c90d66d1ef5d7]::CheckResult, mailify_lib[d60c90d66d1ef5d7]::CheckResult>
[INFO] [stdout]   13:     0x60acbedaf1d2 - mailify_lib[d60c90d66d1ef5d7]::tests::yandex::{closure#0}
[INFO] [stdout]   14:     0x60acbedd1b63 - <tokio[3a9a294ee705bb98]::runtime::scheduler::current_thread::Context>::enter::<core[df12db4294e9bfd3]::task::poll::Poll<()>, <tokio[3a9a294ee705bb98]::runtime::scheduler::current_thread::CoreGuard>::block_on<core[df12db4294e9bfd3]::pin::Pin<&mut core[df12db4294e9bfd3]::pin::Pin<&mut dyn core[df12db4294e9bfd3]::future::future::Future<Output = ()>>>>::{closure#0}::{closure#0}>
[INFO] [stdout]   15:     0x60acbedc6acc - <tokio[3a9a294ee705bb98]::runtime::context::scoped::Scoped<tokio[3a9a294ee705bb98]::runtime::scheduler::Context>>::set::<<tokio[3a9a294ee705bb98]::runtime::scheduler::current_thread::CoreGuard>::enter<<tokio[3a9a294ee705bb98]::runtime::scheduler::current_thread::CoreGuard>::block_on<core[df12db4294e9bfd3]::pin::Pin<&mut core[df12db4294e9bfd3]::pin::Pin<&mut dyn core[df12db4294e9bfd3]::future::future::Future<Output = ()>>>>::{closure#0}, core[df12db4294e9bfd3]::option::Option<()>>::{closure#0}, (alloc[2182bb758b4b3781]::boxed::Box<tokio[3a9a294ee705bb98]::runtime::scheduler::current_thread::Core>, core[df12db4294e9bfd3]::option::Option<()>)>
[INFO] [stdout]   16:     0x60acbedd2157 - <tokio[3a9a294ee705bb98]::runtime::scheduler::current_thread::CoreGuard>::block_on::<core[df12db4294e9bfd3]::pin::Pin<&mut core[df12db4294e9bfd3]::pin::Pin<&mut dyn core[df12db4294e9bfd3]::future::future::Future<Output = ()>>>>
[INFO] [stdout]   17:     0x60acbedfdf37 - tokio[3a9a294ee705bb98]::runtime::context::runtime::enter_runtime::<<tokio[3a9a294ee705bb98]::runtime::scheduler::current_thread::CurrentThread>::block_on<core[df12db4294e9bfd3]::pin::Pin<&mut dyn core[df12db4294e9bfd3]::future::future::Future<Output = ()>>>::{closure#0}, ()>
[INFO] [stdout]   18:     0x60acbedd1a45 - <tokio[3a9a294ee705bb98]::runtime::runtime::Runtime>::block_on::<core[df12db4294e9bfd3]::pin::Pin<&mut dyn core[df12db4294e9bfd3]::future::future::Future<Output = ()>>>
[INFO] [stdout]   19:     0x60acbedb076b - mailify_lib[d60c90d66d1ef5d7]::tests::yandex
[INFO] [stdout]   20:     0x60acbede2699 - <mailify_lib[d60c90d66d1ef5d7]::tests::yandex::{closure#0} as core[df12db4294e9bfd3]::ops::function::FnOnce<()>>::call_once
[INFO] [stdout]   21:     0x60acbee08e7b - test[9d35eded1c95d3be]::__rust_begin_short_backtrace::<core[df12db4294e9bfd3]::result::Result<(), alloc[2182bb758b4b3781]::string::String>, fn() -> core[df12db4294e9bfd3]::result::Result<(), alloc[2182bb758b4b3781]::string::String>>
[INFO] [stdout]   22:     0x60acbee164e5 - test[9d35eded1c95d3be]::run_test::{closure#0}
[INFO] [stdout]   23:     0x60acbee0fda4 - std[70759c8f55707aa4]::sys::backtrace::__rust_begin_short_backtrace::<test[9d35eded1c95d3be]::run_test::{closure#1}, ()>
[INFO] [stdout]   24:     0x60acbee19642 - <std[70759c8f55707aa4]::thread::lifecycle::spawn_unchecked<test[9d35eded1c95d3be]::run_test::{closure#1}, ()>::{closure#1} as core[df12db4294e9bfd3]::ops::function::FnOnce<()>>::call_once::{shim:vtable#0}
[INFO] [stdout]   25:     0x60acbef55389 - <std[70759c8f55707aa4]::sys::thread::unix::Thread>::new::thread_start
[INFO] [stdout]   26:     0x7c9b9b984dfa - <unknown>
[INFO] [stdout]   27:     0x7c9b9ba183d4 - clone
[INFO] [stdout]   28:                0x0 - <unknown>
[INFO] [stdout] 
[INFO] [stdout] ---- tests::unknown_host stdout ----
[INFO] [stdout] 
[INFO] [stdout] thread 'tests::unknown_host' (1958) panicked at src/lib.rs:397:9:
[INFO] [stdout] assertion `left == right` failed
[INFO] [stdout]   left: Uncertain(DnsResolverError("proto error: io error: Network is unreachable (os error 101)"))
[INFO] [stdout]  right: Failure(NoMxRecords)
[INFO] [stdout] stack backtrace:
[INFO] [stdout]    0:     0x60acbef55e61 - <<std[70759c8f55707aa4]::sys::backtrace::BacktraceLock>::print::DisplayBacktrace as core[df12db4294e9bfd3]::fmt::Display>::fmt
[INFO] [stdout]    1:     0x60acbef6ce2a - core[df12db4294e9bfd3]::fmt::write
[INFO] [stdout]    2:     0x60acbef5acfc - <alloc[2182bb758b4b3781]::vec::Vec<u8> as core[df12db4294e9bfd3]::io::write::Write>::write_fmt
[INFO] [stdout]    3:     0x60acbef30e06 - std[70759c8f55707aa4]::panicking::default_hook::{closure#0}
[INFO] [stdout]    4:     0x60acbef4ddd9 - std[70759c8f55707aa4]::panicking::default_hook
[INFO] [stdout]    5:     0x60acbee15b90 - test[9d35eded1c95d3be]::test_main_inner::<test[9d35eded1c95d3be]::test_main_static::{closure#0}>::{closure#0}
[INFO] [stdout]    6:     0x60acbef4e102 - std[70759c8f55707aa4]::panicking::panic_with_hook
[INFO] [stdout]    7:     0x60acbef30eb2 - std[70759c8f55707aa4]::panicking::panic_handler::{closure#0}
[INFO] [stdout]    8:     0x60acbef295f9 - std[70759c8f55707aa4]::sys::backtrace::__rust_end_short_backtrace::<std[70759c8f55707aa4]::panicking::panic_handler::{closure#0}, !>
[INFO] [stdout]    9:     0x60acbef31dad - __rustc[8fa7c3cbc660c2b3]::rust_begin_unwind
[INFO] [stdout]   10:     0x60acbef6d58c - core[df12db4294e9bfd3]::panicking::panic_fmt
[INFO] [stdout]   11:     0x60acbef6d4a3 - core[df12db4294e9bfd3]::panicking::assert_failed_inner
[INFO] [stdout]   12:     0x60acbedf8563 - core[df12db4294e9bfd3]::panicking::assert_failed::<mailify_lib[d60c90d66d1ef5d7]::CheckResult, mailify_lib[d60c90d66d1ef5d7]::CheckResult>
[INFO] [stdout]   13:     0x60acbedad792 - mailify_lib[d60c90d66d1ef5d7]::tests::unknown_host::{closure#0}
[INFO] [stdout]   14:     0x60acbedd1b63 - <tokio[3a9a294ee705bb98]::runtime::scheduler::current_thread::Context>::enter::<core[df12db4294e9bfd3]::task::poll::Poll<()>, <tokio[3a9a294ee705bb98]::runtime::scheduler::current_thread::CoreGuard>::block_on<core[df12db4294e9bfd3]::pin::Pin<&mut core[df12db4294e9bfd3]::pin::Pin<&mut dyn core[df12db4294e9bfd3]::future::future::Future<Output = ()>>>>::{closure#0}::{closure#0}>
[INFO] [stdout]   15:     0x60acbedc6acc - <tokio[3a9a294ee705bb98]::runtime::context::scoped::Scoped<tokio[3a9a294ee705bb98]::runtime::scheduler::Context>>::set::<<tokio[3a9a294ee705bb98]::runtime::scheduler::current_thread::CoreGuard>::enter<<tokio[3a9a294ee705bb98]::runtime::scheduler::current_thread::CoreGuard>::block_on<core[df12db4294e9bfd3]::pin::Pin<&mut core[df12db4294e9bfd3]::pin::Pin<&mut dyn core[df12db4294e9bfd3]::future::future::Future<Output = ()>>>>::{closure#0}, core[df12db4294e9bfd3]::option::Option<()>>::{closure#0}, (alloc[2182bb758b4b3781]::boxed::Box<tokio[3a9a294ee705bb98]::runtime::scheduler::current_thread::Core>, core[df12db4294e9bfd3]::option::Option<()>)>
[INFO] [stdout]   16:     0x60acbedd2157 - <tokio[3a9a294ee705bb98]::runtime::scheduler::current_thread::CoreGuard>::block_on::<core[df12db4294e9bfd3]::pin::Pin<&mut core[df12db4294e9bfd3]::pin::Pin<&mut dyn core[df12db4294e9bfd3]::future::future::Future<Output = ()>>>>
[INFO] [stdout]   17:     0x60acbedfdf37 - tokio[3a9a294ee705bb98]::runtime::context::runtime::enter_runtime::<<tokio[3a9a294ee705bb98]::runtime::scheduler::current_thread::CurrentThread>::block_on<core[df12db4294e9bfd3]::pin::Pin<&mut dyn core[df12db4294e9bfd3]::future::future::Future<Output = ()>>>::{closure#0}, ()>
[INFO] [stdout]   18:     0x60acbedd1a45 - <tokio[3a9a294ee705bb98]::runtime::runtime::Runtime>::block_on::<core[df12db4294e9bfd3]::pin::Pin<&mut dyn core[df12db4294e9bfd3]::future::future::Future<Output = ()>>>
[INFO] [stdout]   19:     0x60acbedaf96b - mailify_lib[d60c90d66d1ef5d7]::tests::unknown_host
[INFO] [stdout]   20:     0x60acbede2559 - <mailify_lib[d60c90d66d1ef5d7]::tests::unknown_host::{closure#0} as core[df12db4294e9bfd3]::ops::function::FnOnce<()>>::call_once
[INFO] [stdout]   21:     0x60acbee08e7b - test[9d35eded1c95d3be]::__rust_begin_short_backtrace::<core[df12db4294e9bfd3]::result::Result<(), alloc[2182bb758b4b3781]::string::String>, fn() -> core[df12db4294e9bfd3]::result::Result<(), alloc[2182bb758b4b3781]::string::String>>
[INFO] [stdout]   22:     0x60acbee164e5 - test[9d35eded1c95d3be]::run_test::{closure#0}
[INFO] [stdout]   23:     0x60acbee0fda4 - std[70759c8f55707aa4]::sys::backtrace::__rust_begin_short_backtrace::<test[9d35eded1c95d3be]::run_test::{closure#1}, ()>
[INFO] [stdout]   24:     0x60acbee19642 - <std[70759c8f55707aa4]::thread::lifecycle::spawn_unchecked<test[9d35eded1c95d3be]::run_test::{closure#1}, ()>::{closure#1} as core[df12db4294e9bfd3]::ops::function::FnOnce<()>>::call_once::{shim:vtable#0}
[INFO] [stdout]   25:     0x60acbef55389 - <std[70759c8f55707aa4]::sys::thread::unix::Thread>::new::thread_start
[INFO] [stdout]   26:     0x7c9b9b984dfa - <unknown>
[INFO] [stdout]   27:     0x7c9b9ba183d4 - clone
[INFO] [stdout]   28:                0x0 - <unknown>
[INFO] [stdout] 
[INFO] [stdout] ---- tests::lying_smtp_servers stdout ----
[INFO] [stdout] 
[INFO] [stdout] thread 'tests::lying_smtp_servers' (1953) panicked at src/lib.rs:531:9:
[INFO] [stdout] assertion `left == right` failed
[INFO] [stdout]   left: Uncertain(DnsResolverError("proto error: io error: Network is unreachable (os error 101)"))
[INFO] [stdout]  right: Success
[INFO] [stdout] stack backtrace:
[INFO] [stdout]    0:     0x60acbef55e61 - <<std[70759c8f55707aa4]::sys::backtrace::BacktraceLock>::print::DisplayBacktrace as core[df12db4294e9bfd3]::fmt::Display>::fmt
[INFO] [stdout]    1:     0x60acbef6ce2a - core[df12db4294e9bfd3]::fmt::write
[INFO] [stdout]    2:     0x60acbef5acfc - <alloc[2182bb758b4b3781]::vec::Vec<u8> as core[df12db4294e9bfd3]::io::write::Write>::write_fmt
[INFO] [stdout]    3:     0x60acbef30e06 - std[70759c8f55707aa4]::panicking::default_hook::{closure#0}
[INFO] [stdout]    4:     0x60acbef4ddd9 - std[70759c8f55707aa4]::panicking::default_hook
[INFO] [stdout]    5:     0x60acbee15b90 - test[9d35eded1c95d3be]::test_main_inner::<test[9d35eded1c95d3be]::test_main_static::{closure#0}>::{closure#0}
[INFO] [stdout]    6:     0x60acbef4e102 - std[70759c8f55707aa4]::panicking::panic_with_hook
[INFO] [stdout]    7:     0x60acbef30eb2 - std[70759c8f55707aa4]::panicking::panic_handler::{closure#0}
[INFO] [stdout]    8:     0x60acbef295f9 - std[70759c8f55707aa4]::sys::backtrace::__rust_end_short_backtrace::<std[70759c8f55707aa4]::panicking::panic_handler::{closure#0}, !>
[INFO] [stdout]    9:     0x60acbef31dad - __rustc[8fa7c3cbc660c2b3]::rust_begin_unwind
[INFO] [stdout]   10:     0x60acbef6d58c - core[df12db4294e9bfd3]::panicking::panic_fmt
[INFO] [stdout]   11:     0x60acbef6d4a3 - core[df12db4294e9bfd3]::panicking::assert_failed_inner
[INFO] [stdout]   12:     0x60acbedf8563 - core[df12db4294e9bfd3]::panicking::assert_failed::<mailify_lib[d60c90d66d1ef5d7]::CheckResult, mailify_lib[d60c90d66d1ef5d7]::CheckResult>
[INFO] [stdout]   13:     0x60acbedade22 - mailify_lib[d60c90d66d1ef5d7]::tests::lying_smtp_servers::{closure#0}
[INFO] [stdout]   14:     0x60acbedd1b63 - <tokio[3a9a294ee705bb98]::runtime::scheduler::current_thread::Context>::enter::<core[df12db4294e9bfd3]::task::poll::Poll<()>, <tokio[3a9a294ee705bb98]::runtime::scheduler::current_thread::CoreGuard>::block_on<core[df12db4294e9bfd3]::pin::Pin<&mut core[df12db4294e9bfd3]::pin::Pin<&mut dyn core[df12db4294e9bfd3]::future::future::Future<Output = ()>>>>::{closure#0}::{closure#0}>
[INFO] [stdout]   15:     0x60acbedc6acc - <tokio[3a9a294ee705bb98]::runtime::context::scoped::Scoped<tokio[3a9a294ee705bb98]::runtime::scheduler::Context>>::set::<<tokio[3a9a294ee705bb98]::runtime::scheduler::current_thread::CoreGuard>::enter<<tokio[3a9a294ee705bb98]::runtime::scheduler::current_thread::CoreGuard>::block_on<core[df12db4294e9bfd3]::pin::Pin<&mut core[df12db4294e9bfd3]::pin::Pin<&mut dyn core[df12db4294e9bfd3]::future::future::Future<Output = ()>>>>::{closure#0}, core[df12db4294e9bfd3]::option::Option<()>>::{closure#0}, (alloc[2182bb758b4b3781]::boxed::Box<tokio[3a9a294ee705bb98]::runtime::scheduler::current_thread::Core>, core[df12db4294e9bfd3]::option::Option<()>)>
[INFO] [stdout]   16:     0x60acbedd2157 - <tokio[3a9a294ee705bb98]::runtime::scheduler::current_thread::CoreGuard>::block_on::<core[df12db4294e9bfd3]::pin::Pin<&mut core[df12db4294e9bfd3]::pin::Pin<&mut dyn core[df12db4294e9bfd3]::future::future::Future<Output = ()>>>>
[INFO] [stdout]   17:     0x60acbedfdf37 - tokio[3a9a294ee705bb98]::runtime::context::runtime::enter_runtime::<<tokio[3a9a294ee705bb98]::runtime::scheduler::current_thread::CurrentThread>::block_on<core[df12db4294e9bfd3]::pin::Pin<&mut dyn core[df12db4294e9bfd3]::future::future::Future<Output = ()>>>::{closure#0}, ()>
[INFO] [stdout]   18:     0x60acbedd1a45 - <tokio[3a9a294ee705bb98]::runtime::runtime::Runtime>::block_on::<core[df12db4294e9bfd3]::pin::Pin<&mut dyn core[df12db4294e9bfd3]::future::future::Future<Output = ()>>>
[INFO] [stdout]   19:     0x60acbedafc0b - mailify_lib[d60c90d66d1ef5d7]::tests::lying_smtp_servers
[INFO] [stdout]   20:     0x60acbede2599 - <mailify_lib[d60c90d66d1ef5d7]::tests::lying_smtp_servers::{closure#0} as core[df12db4294e9bfd3]::ops::function::FnOnce<()>>::call_once
[INFO] [stdout]   21:     0x60acbee08e7b - test[9d35eded1c95d3be]::__rust_begin_short_backtrace::<core[df12db4294e9bfd3]::result::Result<(), alloc[2182bb758b4b3781]::string::String>, fn() -> core[df12db4294e9bfd3]::result::Result<(), alloc[2182bb758b4b3781]::string::String>>
[INFO] [stdout]   22:     0x60acbee164e5 - test[9d35eded1c95d3be]::run_test::{closure#0}
[INFO] [stdout]   23:     0x60acbee0fda4 - std[70759c8f55707aa4]::sys::backtrace::__rust_begin_short_backtrace::<test[9d35eded1c95d3be]::run_test::{closure#1}, ()>
[INFO] [stdout]   24:     0x60acbee19642 - <std[70759c8f55707aa4]::thread::lifecycle::spawn_unchecked<test[9d35eded1c95d3be]::run_test::{closure#1}, ()>::{closure#1} as core[df12db4294e9bfd3]::ops::function::FnOnce<()>>::call_once::{shim:vtable#0}
[INFO] [stdout]   25:     0x60acbef55389 - <std[70759c8f55707aa4]::sys::thread::unix::Thread>::new::thread_start
[INFO] [stdout]   26:     0x7c9b9b984dfa - <unknown>
[INFO] [stdout]   27:     0x7c9b9ba183d4 - clone
[INFO] [stdout]   28:                0x0 - <unknown>
[INFO] [stdout] 
[INFO] [stdout] 
[INFO] [stdout] failures:
[INFO] [stdout]     tests::blocklisting
[INFO] [stdout]     tests::detects_my_domain_as_invalid
[INFO] [stdout]     tests::endler
[INFO] [stdout]     tests::example
[INFO] [stdout]     tests::gmail
[INFO] [stdout]     tests::icloud
[INFO] [stdout]     tests::lying_smtp_servers
[INFO] [stdout]     tests::no_reverse_hostname
[INFO] [stdout]     tests::protonmail
[INFO] [stdout]     tests::timeout
[INFO] [stdout]     tests::tuta
[INFO] [stdout]     tests::unknown_host
[INFO] [stdout]     tests::yandex
[INFO] [stdout] 
[INFO] [stdout] test result: FAILED. 2 passed; 13 failed; 0 ignored; 0 measured; 0 filtered out; finished in 0.02s
[INFO] [stdout] 
[INFO] running `Command { std: "docker" "inspect" "2bf0aea2837e585784d7fee2f57cc028532d98d345b75efdf2c370dff216460c", kill_on_drop: false }`
[INFO] running `Command { std: "docker" "rm" "-f" "2bf0aea2837e585784d7fee2f57cc028532d98d345b75efdf2c370dff216460c", kill_on_drop: false }`
[INFO] [stdout] 2bf0aea2837e585784d7fee2f57cc028532d98d345b75efdf2c370dff216460c
