[INFO] fetching crate mailgun-sdk 0.1.1...
[INFO] testing mailgun-sdk-0.1.1 against 1.99.0-beta.8+cargoflags=--release for beta-release-1.100-2
[INFO] extracting crate mailgun-sdk 0.1.1 into /workspace/builds/worker-6-tc1/source
[INFO] started tweaking crates.io crate mailgun-sdk 0.1.1
[INFO] finished tweaking crates.io crate mailgun-sdk 0.1.1
[INFO] tweaked toml for crates.io crate mailgun-sdk 0.1.1 written to /workspace/builds/worker-6-tc1/source/Cargo.toml
[INFO] validating manifest of crates.io crate mailgun-sdk 0.1.1 on toolchain 1.99.0-beta.8
[INFO] running `Command { std: CARGO_HOME="/workspace/cargo-home" RUSTUP_HOME="/workspace/rustup-home" "/workspace/cargo-home/bin/cargo" "+1.99.0-beta.8" "metadata" "--manifest-path" "Cargo.toml" "--no-deps", kill_on_drop: false }`
[INFO] running `Command { std: CARGO_HOME="/workspace/cargo-home" RUSTUP_HOME="/workspace/rustup-home" "/workspace/cargo-home/bin/cargo" "+1.99.0-beta.8" "generate-lockfile" "--manifest-path" "Cargo.toml", kill_on_drop: false }`
[INFO] [stderr]     Updating crates.io index
[INFO] [stderr]      Locking 99 packages to highest compatible versions
[INFO] [stderr]       Adding thiserror v1.0.69 (available: v2.0.21)
[INFO] [stderr]       Adding ureq v1.5.5 (available: v3.4.2)
[INFO] running `Command { std: CARGO_HOME="/workspace/cargo-home" RUSTUP_HOME="/workspace/rustup-home" "/workspace/cargo-home/bin/cargo" "+1.99.0-beta.8" "fetch" "--manifest-path" "Cargo.toml", kill_on_drop: false }`
[INFO] [stderr]  Downloading crates ...
[INFO] [stderr]   Downloaded webpki-roots v0.21.1
[INFO] [stderr]   Downloaded ureq v1.5.5
[INFO] [stderr]   Downloaded cookie_store v0.12.0
[INFO] running `Command { std: "docker" "create" "-v" "/var/lib/crater-agent-workspace/builds/worker-6-tc1/source:/opt/rustwide/workdir:ro,Z" "-v" "/var/lib/crater-agent-workspace/builds/worker-6-tc1/target:/opt/rustwide/target:rw,Z" "-v" "/var/lib/crater-agent-workspace/cargo-home:/opt/rustwide/cargo-home:ro,Z" "-v" "/var/lib/crater-agent-workspace/rustup-home:/opt/rustwide/rustup-home:ro,Z" "-m" "1610612736" "--network" "none" "ghcr.io/rust-lang/crates-build-env/linux@sha256:77db811e55d90add9212f6832c23229e3de5f1c1f9905e8cb07319ea15df73ac" "sleep" "infinity", kill_on_drop: false }`
[INFO] [stdout] 07ae4aae0079d28d752c17bd95fb2c03c90d228d64a4205f914319b80898005e
[INFO] running `Command { std: "docker" "start" "07ae4aae0079d28d752c17bd95fb2c03c90d228d64a4205f914319b80898005e", kill_on_drop: false }`
[INFO] running `Command { std: "docker" "inspect" "07ae4aae0079d28d752c17bd95fb2c03c90d228d64a4205f914319b80898005e", kill_on_drop: false }`
[INFO] running `Command { std: "docker" "exec" "-e" "SOURCE_DIR=/opt/rustwide/workdir" "-e" "CARGO_HOME=/opt/rustwide/cargo-home" "-e" "RUSTUP_HOME=/opt/rustwide/rustup-home" "-e" "CARGO_TARGET_DIR=/opt/rustwide/target" "-w" "/opt/rustwide/workdir" "--user" "0:0" "07ae4aae0079d28d752c17bd95fb2c03c90d228d64a4205f914319b80898005e" "/opt/rustwide/cargo-home/bin/cargo" "+1.99.0-beta.8" "metadata" "--no-deps" "--format-version=1", kill_on_drop: false }`
[INFO] running `Command { std: "docker" "inspect" "07ae4aae0079d28d752c17bd95fb2c03c90d228d64a4205f914319b80898005e", kill_on_drop: false }`
[INFO] running `Command { std: "docker" "exec" "-e" "SOURCE_DIR=/opt/rustwide/workdir" "-e" "CARGO_HOME=/opt/rustwide/cargo-home" "-e" "RUSTUP_HOME=/opt/rustwide/rustup-home" "-e" "CARGO_TARGET_DIR=/opt/rustwide/target" "-e" "CARGO_INCREMENTAL=0" "-e" "RUST_BACKTRACE=full" "-e" "RUSTFLAGS=--cap-lints=warn" "-e" "RUSTDOCFLAGS=--cap-lints=warn" "-w" "/opt/rustwide/workdir" "--user" "0:0" "07ae4aae0079d28d752c17bd95fb2c03c90d228d64a4205f914319b80898005e" "/opt/rustwide/cargo-home/bin/cargo" "+1.99.0-beta.8" "build" "--frozen" "--message-format=json" "--release", kill_on_drop: false }`
[INFO] [stderr]    Compiling proc-macro-hack v0.5.20+deprecated
[INFO] [stderr]    Compiling syn v1.0.109
[INFO] [stderr]    Compiling standback v0.2.17
[INFO] [stderr]    Compiling const_fn v0.4.12
[INFO] [stderr]    Compiling time v0.2.27
[INFO] [stderr]    Compiling ring v0.16.20
[INFO] [stderr]    Compiling cookie v0.14.4
[INFO] [stderr]    Compiling unicode-normalization v0.1.26
[INFO] [stderr]    Compiling unicode-bidi v0.3.18
[INFO] [stderr]    Compiling matches v0.1.10
[INFO] [stderr]    Compiling serde v1.0.229
[INFO] [stderr]    Compiling zerofrom v0.1.8
[INFO] [stderr]    Compiling qstring v0.7.2
[INFO] [stderr]    Compiling chunked_transfer v1.5.0
[INFO] [stderr]    Compiling yoke v0.8.3
[INFO] [stderr]    Compiling zerovec v0.11.8
[INFO] [stderr]    Compiling zerotrie v0.2.5
[INFO] [stderr]    Compiling idna v0.2.3
[INFO] [stderr]    Compiling tinystr v0.8.4
[INFO] [stderr]    Compiling potential_utf v0.1.6
[INFO] [stderr]    Compiling icu_collections v2.3.0
[INFO] [stderr]    Compiling icu_locale_core v2.3.0
[INFO] [stderr]    Compiling icu_provider v2.3.1
[INFO] [stderr]    Compiling icu_properties v2.3.0
[INFO] [stderr]    Compiling icu_normalizer v2.3.0
[INFO] [stderr]    Compiling time-macros-impl v0.1.2
[INFO] [stderr]    Compiling time-macros v0.1.1
[INFO] [stderr]    Compiling idna_adapter v1.2.2
[INFO] [stderr]    Compiling idna v1.1.0
[INFO] [stderr]    Compiling url v2.5.8
[INFO] [stderr]    Compiling publicsuffix v1.5.6
[INFO] [stderr]    Compiling cookie_store v0.12.0
[INFO] [stderr]    Compiling webpki v0.21.4
[INFO] [stderr]    Compiling sct v0.6.1
[INFO] [stderr]    Compiling rustls v0.19.1
[INFO] [stderr]    Compiling webpki-roots v0.21.1
[INFO] [stderr]    Compiling ureq v1.5.5
[INFO] [stderr]    Compiling mailgun-sdk v0.1.1 (/opt/rustwide/workdir)
[INFO] [stderr]     Finished `release` profile [optimized] target(s) in 32.47s
[INFO] running `Command { std: "docker" "inspect" "07ae4aae0079d28d752c17bd95fb2c03c90d228d64a4205f914319b80898005e", kill_on_drop: false }`
[INFO] running `Command { std: "docker" "exec" "-e" "SOURCE_DIR=/opt/rustwide/workdir" "-e" "CARGO_HOME=/opt/rustwide/cargo-home" "-e" "RUSTUP_HOME=/opt/rustwide/rustup-home" "-e" "CARGO_TARGET_DIR=/opt/rustwide/target" "-e" "CARGO_INCREMENTAL=0" "-e" "RUST_BACKTRACE=full" "-e" "RUSTFLAGS=--cap-lints=warn" "-e" "RUSTDOCFLAGS=--cap-lints=warn" "-w" "/opt/rustwide/workdir" "--user" "0:0" "07ae4aae0079d28d752c17bd95fb2c03c90d228d64a4205f914319b80898005e" "/opt/rustwide/cargo-home/bin/cargo" "+1.99.0-beta.8" "test" "--frozen" "--no-run" "--message-format=json" "--release", kill_on_drop: false }`
[INFO] [stderr]    Compiling dotenv v0.15.0
[INFO] [stderr]    Compiling mailgun-sdk v0.1.1 (/opt/rustwide/workdir)
[INFO] [stderr]     Finished `release` profile [optimized] target(s) in 7.15s
[INFO] running `Command { std: "docker" "inspect" "07ae4aae0079d28d752c17bd95fb2c03c90d228d64a4205f914319b80898005e", kill_on_drop: false }`
[INFO] running `Command { std: "docker" "exec" "-e" "SOURCE_DIR=/opt/rustwide/workdir" "-e" "CARGO_HOME=/opt/rustwide/cargo-home" "-e" "RUSTUP_HOME=/opt/rustwide/rustup-home" "-e" "CARGO_TARGET_DIR=/opt/rustwide/target" "-e" "CARGO_INCREMENTAL=0" "-e" "RUST_BACKTRACE=full" "-e" "RUSTFLAGS=--cap-lints=warn" "-e" "RUSTDOCFLAGS=--cap-lints=warn" "-w" "/opt/rustwide/workdir" "--user" "0:0" "07ae4aae0079d28d752c17bd95fb2c03c90d228d64a4205f914319b80898005e" "/opt/rustwide/cargo-home/bin/cargo" "+1.99.0-beta.8" "test" "--frozen" "--release", kill_on_drop: false }`
[INFO] [stderr]     Finished `release` profile [optimized] target(s) in 0.15s
[INFO] [stderr]      Running unittests src/lib.rs (/opt/rustwide/target/release/deps/mailgun_sdk-2eeaf7825156395b)
[INFO] [stdout] 
[INFO] [stdout] running 8 tests
[INFO] [stdout] test client::tests::call ... FAILED
[INFO] [stdout] test client::tests::get_bounces ... FAILED
[INFO] [stdout] test client::tests::get_stats ... FAILED
[INFO] [stdout] test client::tests::get_complains ... FAILED
[INFO] [stdout] test client::tests::send_message ... FAILED
[INFO] [stdout] test client::tests::get_whitelists ... FAILED
[INFO] [stdout] test client::tests::get_events ... FAILED
[INFO] [stdout] test client::tests::get_unsubscribes ... FAILED
[INFO] [stdout] 
[INFO] [stdout] failures:
[INFO] [stdout] 
[INFO] [stdout] ---- client::tests::call stdout ----
[INFO] [stdout] 
[INFO] [stdout] thread 'client::tests::call' (1138) panicked at src/lib.rs:121:61:
[INFO] [stdout] called `Result::unwrap()` on an `Err` value: EnvVar(NotPresent)
[INFO] [stdout] stack backtrace:
[INFO] [stdout]    0:     0x5f96b75c8741 - <<std[70759c8f55707aa4]::sys::backtrace::BacktraceLock>::print::DisplayBacktrace as core[df12db4294e9bfd3]::fmt::Display>::fmt
[INFO] [stdout]    1:     0x5f96b75dfb2a - core[df12db4294e9bfd3]::fmt::write
[INFO] [stdout]    2:     0x5f96b75cd12c - <alloc[2182bb758b4b3781]::vec::Vec<u8> as core[df12db4294e9bfd3]::io::write::Write>::write_fmt
[INFO] [stdout]    3:     0x5f96b75a3696 - std[70759c8f55707aa4]::panicking::default_hook::{closure#0}
[INFO] [stdout]    4:     0x5f96b75c06f9 - std[70759c8f55707aa4]::panicking::default_hook
[INFO] [stdout]    5:     0x5f96b755b3f0 - test[9d35eded1c95d3be]::test_main_inner::<test[9d35eded1c95d3be]::test_main_static::{closure#0}>::{closure#0}
[INFO] [stdout]    6:     0x5f96b75c08b2 - std[70759c8f55707aa4]::panicking::panic_with_hook
[INFO] [stdout]    7:     0x5f96b75a3742 - std[70759c8f55707aa4]::panicking::panic_handler::{closure#0}
[INFO] [stdout]    8:     0x5f96b759c1a9 - std[70759c8f55707aa4]::sys::backtrace::__rust_end_short_backtrace::<std[70759c8f55707aa4]::panicking::panic_handler::{closure#0}, !>
[INFO] [stdout]    9:     0x5f96b75a45cd - __rustc[8fa7c3cbc660c2b3]::rust_begin_unwind
[INFO] [stdout]   10:     0x5f96b75e025c - core[df12db4294e9bfd3]::panicking::panic_fmt
[INFO] [stdout]   11:     0x5f96b75e0032 - core[df12db4294e9bfd3]::result::unwrap_failed
[INFO] [stdout]   12:     0x5f96b745ec0f - mailgun_sdk[d524b5e800c9339a]::test_util::load_config
[INFO] [stdout]   13:     0x5f96b7454fde - mailgun_sdk[d524b5e800c9339a]::client::tests::call
[INFO] [stdout]   14:     0x5f96b745f729 - <mailgun_sdk[d524b5e800c9339a]::client::tests::call::{closure#0} as core[df12db4294e9bfd3]::ops::function::FnOnce<()>>::call_once
[INFO] [stdout]   15:     0x5f96b754e6db - test[9d35eded1c95d3be]::__rust_begin_short_backtrace::<core[df12db4294e9bfd3]::result::Result<(), alloc[2182bb758b4b3781]::string::String>, fn() -> core[df12db4294e9bfd3]::result::Result<(), alloc[2182bb758b4b3781]::string::String>>
[INFO] [stdout]   16:     0x5f96b755bd45 - test[9d35eded1c95d3be]::run_test::{closure#0}
[INFO] [stdout]   17:     0x5f96b7555604 - std[70759c8f55707aa4]::sys::backtrace::__rust_begin_short_backtrace::<test[9d35eded1c95d3be]::run_test::{closure#1}, ()>
[INFO] [stdout]   18:     0x5f96b755eea2 - <std[70759c8f55707aa4]::thread::lifecycle::spawn_unchecked<test[9d35eded1c95d3be]::run_test::{closure#1}, ()>::{closure#1} as core[df12db4294e9bfd3]::ops::function::FnOnce<()>>::call_once::{shim:vtable#0}
[INFO] [stdout]   19:     0x5f96b75c7ac9 - <std[70759c8f55707aa4]::sys::thread::unix::Thread>::new::thread_start
[INFO] [stdout]   20:     0x79505ac20dfa - <unknown>
[INFO] [stdout]   21:     0x79505acb43d4 - clone
[INFO] [stdout]   22:                0x0 - <unknown>
[INFO] [stdout] 
[INFO] [stdout] ---- client::tests::get_bounces stdout ----
[INFO] [stdout] 
[INFO] [stdout] thread 'client::tests::get_bounces' (1139) panicked at src/lib.rs:121:61:
[INFO] [stdout] called `Result::unwrap()` on an `Err` value: EnvVar(NotPresent)
[INFO] [stdout] stack backtrace:
[INFO] [stdout]    0:     0x5f96b75c8741 - <<std[70759c8f55707aa4]::sys::backtrace::BacktraceLock>::print::DisplayBacktrace as core[df12db4294e9bfd3]::fmt::Display>::fmt
[INFO] [stdout]    1:     0x5f96b75dfb2a - core[df12db4294e9bfd3]::fmt::write
[INFO] [stdout]    2:     0x5f96b75cd12c - <alloc[2182bb758b4b3781]::vec::Vec<u8> as core[df12db4294e9bfd3]::io::write::Write>::write_fmt
[INFO] [stdout]    3:     0x5f96b75a3696 - std[70759c8f55707aa4]::panicking::default_hook::{closure#0}
[INFO] [stdout]    4:     0x5f96b75c06f9 - std[70759c8f55707aa4]::panicking::default_hook
[INFO] [stdout]    5:     0x5f96b755b3f0 - test[9d35eded1c95d3be]::test_main_inner::<test[9d35eded1c95d3be]::test_main_static::{closure#0}>::{closure#0}
[INFO] [stdout]    6:     0x5f96b75c08b2 - std[70759c8f55707aa4]::panicking::panic_with_hook
[INFO] [stdout]    7:     0x5f96b75a3742 - std[70759c8f55707aa4]::panicking::panic_handler::{closure#0}
[INFO] [stdout]    8:     0x5f96b759c1a9 - std[70759c8f55707aa4]::sys::backtrace::__rust_end_short_backtrace::<std[70759c8f55707aa4]::panicking::panic_handler::{closure#0}, !>
[INFO] [stdout]    9:     0x5f96b75a45cd - __rustc[8fa7c3cbc660c2b3]::rust_begin_unwind
[INFO] [stdout]   10:     0x5f96b75e025c - core[df12db4294e9bfd3]::panicking::panic_fmt
[INFO] [stdout]   11:     0x5f96b75e0032 - core[df12db4294e9bfd3]::result::unwrap_failed
[INFO] [stdout]   12:     0x5f96b745ec0f - mailgun_sdk[d524b5e800c9339a]::test_util::load_config
[INFO] [stdout]   13:     0x5f96b7453539 - mailgun_sdk[d524b5e800c9339a]::client::tests::get_bounces
[INFO] [stdout]   14:     0x5f96b745f689 - <mailgun_sdk[d524b5e800c9339a]::client::tests::get_bounces::{closure#0} as core[df12db4294e9bfd3]::ops::function::FnOnce<()>>::call_once
[INFO] [stdout]   15:     0x5f96b754e6db - test[9d35eded1c95d3be]::__rust_begin_short_backtrace::<core[df12db4294e9bfd3]::result::Result<(), alloc[2182bb758b4b3781]::string::String>, fn() -> core[df12db4294e9bfd3]::result::Result<(), alloc[2182bb758b4b3781]::string::String>>
[INFO] [stdout]   16:     0x5f96b755bd45 - test[9d35eded1c95d3be]::run_test::{closure#0}
[INFO] [stdout]   17:     0x5f96b7555604 - std[70759c8f55707aa4]::sys::backtrace::__rust_begin_short_backtrace::<test[9d35eded1c95d3be]::run_test::{closure#1}, ()>
[INFO] [stdout]   18:     0x5f96b755eea2 - <std[70759c8f55707aa4]::thread::lifecycle::spawn_unchecked<test[9d35eded1c95d3be]::run_test::{closure#1}, ()>::{closure#1} as core[df12db4294e9bfd3]::ops::function::FnOnce<()>>::call_once::{shim:vtable#0}
[INFO] [stdout]   19:     0x5f96b75c7ac9 - <std[70759c8f55707aa4]::sys::thread::unix::Thread>::new::thread_start
[INFO] [stdout]   20:     0x79505ac20dfa - <unknown>
[INFO] [stdout]   21:     0x79505acb43d4 - clone
[INFO] [stdout]   22:                0x0 - <unknown>
[INFO] [stdout] 
[INFO] [stdout] ---- client::tests::get_stats stdout ----
[INFO] [stdout] 
[INFO] [stdout] thread 'client::tests::get_stats' (1142) panicked at src/lib.rs:121:61:
[INFO] [stdout] called `Result::unwrap()` on an `Err` value: EnvVar(NotPresent)
[INFO] [stdout] stack backtrace:
[INFO] [stdout]    0:     0x5f96b75c8741 - <<std[70759c8f55707aa4]::sys::backtrace::BacktraceLock>::print::DisplayBacktrace as core[df12db4294e9bfd3]::fmt::Display>::fmt
[INFO] [stdout]    1:     0x5f96b75dfb2a - core[df12db4294e9bfd3]::fmt::write
[INFO] [stdout]    2:     0x5f96b75cd12c - <alloc[2182bb758b4b3781]::vec::Vec<u8> as core[df12db4294e9bfd3]::io::write::Write>::write_fmt
[INFO] [stdout]    3:     0x5f96b75a3696 - std[70759c8f55707aa4]::panicking::default_hook::{closure#0}
[INFO] [stdout]    4:     0x5f96b75c06f9 - std[70759c8f55707aa4]::panicking::default_hook
[INFO] [stdout]    5:     0x5f96b755b3f0 - test[9d35eded1c95d3be]::test_main_inner::<test[9d35eded1c95d3be]::test_main_static::{closure#0}>::{closure#0}
[INFO] [stdout]    6:     0x5f96b75c08b2 - std[70759c8f55707aa4]::panicking::panic_with_hook
[INFO] [stderr] error: test failed, to rerun pass `--lib`
[INFO] [stdout]    7:     0x5f96b75a3742 - std[70759c8f55707aa4]::panicking::panic_handler::{closure#0}
[INFO] [stdout]    8:     0x5f96b759c1a9 - std[70759c8f55707aa4]::sys::backtrace::__rust_end_short_backtrace::<std[70759c8f55707aa4]::panicking::panic_handler::{closure#0}, !>
[INFO] [stdout]    9:     0x5f96b75a45cd - __rustc[8fa7c3cbc660c2b3]::rust_begin_unwind
[INFO] [stdout]   10:     0x5f96b75e025c - core[df12db4294e9bfd3]::panicking::panic_fmt
[INFO] [stdout]   11:     0x5f96b75e0032 - core[df12db4294e9bfd3]::result::unwrap_failed
[INFO] [stdout]   12:     0x5f96b745ec0f - mailgun_sdk[d524b5e800c9339a]::test_util::load_config
[INFO] [stdout]   13:     0x5f96b74555bb - mailgun_sdk[d524b5e800c9339a]::client::tests::get_stats
[INFO] [stdout]   14:     0x5f96b745f749 - <mailgun_sdk[d524b5e800c9339a]::client::tests::get_stats::{closure#0} as core[df12db4294e9bfd3]::ops::function::FnOnce<()>>::call_once
[INFO] [stdout]   15:     0x5f96b754e6db - test[9d35eded1c95d3be]::__rust_begin_short_backtrace::<core[df12db4294e9bfd3]::result::Result<(), alloc[2182bb758b4b3781]::string::String>, fn() -> core[df12db4294e9bfd3]::result::Result<(), alloc[2182bb758b4b3781]::string::String>>
[INFO] [stdout]   16:     0x5f96b755bd45 - test[9d35eded1c95d3be]::run_test::{closure#0}
[INFO] [stdout]   17:     0x5f96b7555604 - std[70759c8f55707aa4]::sys::backtrace::__rust_begin_short_backtrace::<test[9d35eded1c95d3be]::run_test::{closure#1}, ()>
[INFO] [stdout]   18:     0x5f96b755eea2 - <std[70759c8f55707aa4]::thread::lifecycle::spawn_unchecked<test[9d35eded1c95d3be]::run_test::{closure#1}, ()>::{closure#1} as core[df12db4294e9bfd3]::ops::function::FnOnce<()>>::call_once::{shim:vtable#0}
[INFO] [stdout]   19:     0x5f96b75c7ac9 - <std[70759c8f55707aa4]::sys::thread::unix::Thread>::new::thread_start
[INFO] [stdout]   20:     0x79505ac20dfa - <unknown>
[INFO] [stdout]   21:     0x79505acb43d4 - clone
[INFO] [stdout]   22:                0x0 - <unknown>
[INFO] [stdout] 
[INFO] [stdout] ---- client::tests::get_complains stdout ----
[INFO] [stdout] 
[INFO] [stdout] thread 'client::tests::get_complains' (1140) panicked at src/lib.rs:121:61:
[INFO] [stdout] called `Result::unwrap()` on an `Err` value: EnvVar(NotPresent)
[INFO] [stdout] stack backtrace:
[INFO] [stdout]    0:     0x5f96b75c8741 - <<std[70759c8f55707aa4]::sys::backtrace::BacktraceLock>::print::DisplayBacktrace as core[df12db4294e9bfd3]::fmt::Display>::fmt
[INFO] [stdout]    1:     0x5f96b75dfb2a - core[df12db4294e9bfd3]::fmt::write
[INFO] [stdout]    2:     0x5f96b75cd12c - <alloc[2182bb758b4b3781]::vec::Vec<u8> as core[df12db4294e9bfd3]::io::write::Write>::write_fmt
[INFO] [stdout]    3:     0x5f96b75a3696 - std[70759c8f55707aa4]::panicking::default_hook::{closure#0}
[INFO] [stdout]    4:     0x5f96b75c06f9 - std[70759c8f55707aa4]::panicking::default_hook
[INFO] [stdout]    5:     0x5f96b755b3f0 - test[9d35eded1c95d3be]::test_main_inner::<test[9d35eded1c95d3be]::test_main_static::{closure#0}>::{closure#0}
[INFO] [stdout]    6:     0x5f96b75c08b2 - std[70759c8f55707aa4]::panicking::panic_with_hook
[INFO] [stdout]    7:     0x5f96b75a3742 - std[70759c8f55707aa4]::panicking::panic_handler::{closure#0}
[INFO] [stdout]    8:     0x5f96b759c1a9 - std[70759c8f55707aa4]::sys::backtrace::__rust_end_short_backtrace::<std[70759c8f55707aa4]::panicking::panic_handler::{closure#0}, !>
[INFO] [stdout]    9:     0x5f96b75a45cd - __rustc[8fa7c3cbc660c2b3]::rust_begin_unwind
[INFO] [stdout]   10:     0x5f96b75e025c - core[df12db4294e9bfd3]::panicking::panic_fmt
[INFO] [stdout]   11:     0x5f96b75e0032 - core[df12db4294e9bfd3]::result::unwrap_failed
[INFO] [stdout]   12:     0x5f96b745ec0f - mailgun_sdk[d524b5e800c9339a]::test_util::load_config
[INFO] [stdout]   13:     0x5f96b7453e5e - mailgun_sdk[d524b5e800c9339a]::client::tests::get_complains
[INFO] [stdout]   14:     0x5f96b745f6c9 - <mailgun_sdk[d524b5e800c9339a]::client::tests::get_complains::{closure#0} as core[df12db4294e9bfd3]::ops::function::FnOnce<()>>::call_once
[INFO] [stdout]   15:     0x5f96b754e6db - test[9d35eded1c95d3be]::__rust_begin_short_backtrace::<core[df12db4294e9bfd3]::result::Result<(), alloc[2182bb758b4b3781]::string::String>, fn() -> core[df12db4294e9bfd3]::result::Result<(), alloc[2182bb758b4b3781]::string::String>>
[INFO] [stdout]   16:     0x5f96b755bd45 - test[9d35eded1c95d3be]::run_test::{closure#0}
[INFO] [stdout]   17:     0x5f96b7555604 - std[70759c8f55707aa4]::sys::backtrace::__rust_begin_short_backtrace::<test[9d35eded1c95d3be]::run_test::{closure#1}, ()>
[INFO] [stdout]   18:     0x5f96b755eea2 - <std[70759c8f55707aa4]::thread::lifecycle::spawn_unchecked<test[9d35eded1c95d3be]::run_test::{closure#1}, ()>::{closure#1} as core[df12db4294e9bfd3]::ops::function::FnOnce<()>>::call_once::{shim:vtable#0}
[INFO] [stdout]   19:     0x5f96b75c7ac9 - <std[70759c8f55707aa4]::sys::thread::unix::Thread>::new::thread_start
[INFO] [stdout]   20:     0x79505ac20dfa - <unknown>
[INFO] [stdout]   21:     0x79505acb43d4 - clone
[INFO] [stdout]   22:                0x0 - <unknown>
[INFO] [stdout] 
[INFO] [stdout] ---- client::tests::send_message stdout ----
[INFO] [stdout] 
[INFO] [stdout] thread 'client::tests::send_message' (1145) panicked at src/lib.rs:121:61:
[INFO] [stdout] called `Result::unwrap()` on an `Err` value: EnvVar(NotPresent)
[INFO] [stdout] stack backtrace:
[INFO] [stdout]    0:     0x5f96b75c8741 - <<std[70759c8f55707aa4]::sys::backtrace::BacktraceLock>::print::DisplayBacktrace as core[df12db4294e9bfd3]::fmt::Display>::fmt
[INFO] [stdout]    1:     0x5f96b75dfb2a - core[df12db4294e9bfd3]::fmt::write
[INFO] [stdout]    2:     0x5f96b75cd12c - <alloc[2182bb758b4b3781]::vec::Vec<u8> as core[df12db4294e9bfd3]::io::write::Write>::write_fmt
[INFO] [stdout]    3:     0x5f96b75a3696 - std[70759c8f55707aa4]::panicking::default_hook::{closure#0}
[INFO] [stdout]    4:     0x5f96b75c06f9 - std[70759c8f55707aa4]::panicking::default_hook
[INFO] [stdout]    5:     0x5f96b755b3f0 - test[9d35eded1c95d3be]::test_main_inner::<test[9d35eded1c95d3be]::test_main_static::{closure#0}>::{closure#0}
[INFO] [stdout]    6:     0x5f96b75c08b2 - std[70759c8f55707aa4]::panicking::panic_with_hook
[INFO] [stdout]    7:     0x5f96b75a3742 - std[70759c8f55707aa4]::panicking::panic_handler::{closure#0}
[INFO] [stdout]    8:     0x5f96b759c1a9 - std[70759c8f55707aa4]::sys::backtrace::__rust_end_short_backtrace::<std[70759c8f55707aa4]::panicking::panic_handler::{closure#0}, !>
[INFO] [stdout]    9:     0x5f96b75a45cd - __rustc[8fa7c3cbc660c2b3]::rust_begin_unwind
[INFO] [stdout]   10:     0x5f96b75e025c - core[df12db4294e9bfd3]::panicking::panic_fmt
[INFO] [stdout]   11:     0x5f96b75e0032 - core[df12db4294e9bfd3]::result::unwrap_failed
[INFO] [stdout]   12:     0x5f96b745ec0f - mailgun_sdk[d524b5e800c9339a]::test_util::load_config
[INFO] [stdout]   13:     0x5f96b7453ae8 - mailgun_sdk[d524b5e800c9339a]::client::tests::send_message
[INFO] [stdout]   14:     0x5f96b745f6a9 - <mailgun_sdk[d524b5e800c9339a]::client::tests::send_message::{closure#0} as core[df12db4294e9bfd3]::ops::function::FnOnce<()>>::call_once
[INFO] [stdout]   15:     0x5f96b754e6db - test[9d35eded1c95d3be]::__rust_begin_short_backtrace::<core[df12db4294e9bfd3]::result::Result<(), alloc[2182bb758b4b3781]::string::String>, fn() -> core[df12db4294e9bfd3]::result::Result<(), alloc[2182bb758b4b3781]::string::String>>
[INFO] [stdout]   16:     0x5f96b755bd45 - test[9d35eded1c95d3be]::run_test::{closure#0}
[INFO] [stdout]   17:     0x5f96b7555604 - std[70759c8f55707aa4]::sys::backtrace::__rust_begin_short_backtrace::<test[9d35eded1c95d3be]::run_test::{closure#1}, ()>
[INFO] [stdout]   18:     0x5f96b755eea2 - <std[70759c8f55707aa4]::thread::lifecycle::spawn_unchecked<test[9d35eded1c95d3be]::run_test::{closure#1}, ()>::{closure#1} as core[df12db4294e9bfd3]::ops::function::FnOnce<()>>::call_once::{shim:vtable#0}
[INFO] [stdout]   19:     0x5f96b75c7ac9 - <std[70759c8f55707aa4]::sys::thread::unix::Thread>::new::thread_start
[INFO] [stdout]   20:     0x79505ac20dfa - <unknown>
[INFO] [stdout]   21:     0x79505acb43d4 - clone
[INFO] [stdout]   22:                0x0 - <unknown>
[INFO] [stdout] 
[INFO] [stdout] ---- client::tests::get_whitelists stdout ----
[INFO] [stdout] 
[INFO] [stdout] thread 'client::tests::get_whitelists' (1144) panicked at src/lib.rs:121:61:
[INFO] [stdout] called `Result::unwrap()` on an `Err` value: EnvVar(NotPresent)
[INFO] [stdout] stack backtrace:
[INFO] [stdout]    0:     0x5f96b75c8741 - <<std[70759c8f55707aa4]::sys::backtrace::BacktraceLock>::print::DisplayBacktrace as core[df12db4294e9bfd3]::fmt::Display>::fmt
[INFO] [stdout]    1:     0x5f96b75dfb2a - core[df12db4294e9bfd3]::fmt::write
[INFO] [stdout]    2:     0x5f96b75cd12c - <alloc[2182bb758b4b3781]::vec::Vec<u8> as core[df12db4294e9bfd3]::io::write::Write>::write_fmt
[INFO] [stdout]    3:     0x5f96b75a3696 - std[70759c8f55707aa4]::panicking::default_hook::{closure#0}
[INFO] [stdout]    4:     0x5f96b75c06f9 - std[70759c8f55707aa4]::panicking::default_hook
[INFO] [stdout]    5:     0x5f96b755b3f0 - test[9d35eded1c95d3be]::test_main_inner::<test[9d35eded1c95d3be]::test_main_static::{closure#0}>::{closure#0}
[INFO] [stdout]    6:     0x5f96b75c08b2 - std[70759c8f55707aa4]::panicking::panic_with_hook
[INFO] [stdout]    7:     0x5f96b75a3742 - std[70759c8f55707aa4]::panicking::panic_handler::{closure#0}
[INFO] [stdout]    8:     0x5f96b759c1a9 - std[70759c8f55707aa4]::sys::backtrace::__rust_end_short_backtrace::<std[70759c8f55707aa4]::panicking::panic_handler::{closure#0}, !>
[INFO] [stdout]    9:     0x5f96b75a45cd - __rustc[8fa7c3cbc660c2b3]::rust_begin_unwind
[INFO] [stdout]   10:     0x5f96b75e025c - core[df12db4294e9bfd3]::panicking::panic_fmt
[INFO] [stdout]   11:     0x5f96b75e0032 - core[df12db4294e9bfd3]::result::unwrap_failed
[INFO] [stdout]   12:     0x5f96b745ec0f - mailgun_sdk[d524b5e800c9339a]::test_util::load_config
[INFO] [stdout]   13:     0x5f96b7454447 - mailgun_sdk[d524b5e800c9339a]::client::tests::get_whitelists
[INFO] [stdout]   14:     0x5f96b745f6e9 - <mailgun_sdk[d524b5e800c9339a]::client::tests::get_whitelists::{closure#0} as core[df12db4294e9bfd3]::ops::function::FnOnce<()>>::call_once
[INFO] [stdout]   15:     0x5f96b754e6db - test[9d35eded1c95d3be]::__rust_begin_short_backtrace::<core[df12db4294e9bfd3]::result::Result<(), alloc[2182bb758b4b3781]::string::String>, fn() -> core[df12db4294e9bfd3]::result::Result<(), alloc[2182bb758b4b3781]::string::String>>
[INFO] [stdout]   16:     0x5f96b755bd45 - test[9d35eded1c95d3be]::run_test::{closure#0}
[INFO] [stdout]   17:     0x5f96b7555604 - std[70759c8f55707aa4]::sys::backtrace::__rust_begin_short_backtrace::<test[9d35eded1c95d3be]::run_test::{closure#1}, ()>
[INFO] [stdout]   18:     0x5f96b755eea2 - <std[70759c8f55707aa4]::thread::lifecycle::spawn_unchecked<test[9d35eded1c95d3be]::run_test::{closure#1}, ()>::{closure#1} as core[df12db4294e9bfd3]::ops::function::FnOnce<()>>::call_once::{shim:vtable#0}
[INFO] [stdout]   19:     0x5f96b75c7ac9 - <std[70759c8f55707aa4]::sys::thread::unix::Thread>::new::thread_start
[INFO] [stdout]   20:     0x79505ac20dfa - <unknown>
[INFO] [stdout]   21:     0x79505acb43d4 - clone
[INFO] [stdout]   22:                0x0 - <unknown>
[INFO] [stdout] 
[INFO] [stdout] ---- client::tests::get_events stdout ----
[INFO] [stdout] 
[INFO] [stdout] thread 'client::tests::get_events' (1141) panicked at src/lib.rs:121:61:
[INFO] [stdout] called `Result::unwrap()` on an `Err` value: EnvVar(NotPresent)
[INFO] [stdout] stack backtrace:
[INFO] [stdout]    0:     0x5f96b75c8741 - <<std[70759c8f55707aa4]::sys::backtrace::BacktraceLock>::print::DisplayBacktrace as core[df12db4294e9bfd3]::fmt::Display>::fmt
[INFO] [stdout]    1:     0x5f96b75dfb2a - core[df12db4294e9bfd3]::fmt::write
[INFO] [stdout]    2:     0x5f96b75cd12c - <alloc[2182bb758b4b3781]::vec::Vec<u8> as core[df12db4294e9bfd3]::io::write::Write>::write_fmt
[INFO] [stdout]    3:     0x5f96b75a3696 - std[70759c8f55707aa4]::panicking::default_hook::{closure#0}
[INFO] [stdout]    4:     0x5f96b75c06f9 - std[70759c8f55707aa4]::panicking::default_hook
[INFO] [stdout]    5:     0x5f96b755b3f0 - test[9d35eded1c95d3be]::test_main_inner::<test[9d35eded1c95d3be]::test_main_static::{closure#0}>::{closure#0}
[INFO] [stdout]    6:     0x5f96b75c08b2 - std[70759c8f55707aa4]::panicking::panic_with_hook
[INFO] [stdout]    7:     0x5f96b75a3742 - std[70759c8f55707aa4]::panicking::panic_handler::{closure#0}
[INFO] [stdout]    8:     0x5f96b759c1a9 - std[70759c8f55707aa4]::sys::backtrace::__rust_end_short_backtrace::<std[70759c8f55707aa4]::panicking::panic_handler::{closure#0}, !>
[INFO] [stdout]    9:     0x5f96b75a45cd - __rustc[8fa7c3cbc660c2b3]::rust_begin_unwind
[INFO] [stdout]   10:     0x5f96b75e025c - core[df12db4294e9bfd3]::panicking::panic_fmt
[INFO] [stdout]   11:     0x5f96b75e0032 - core[df12db4294e9bfd3]::result::unwrap_failed
[INFO] [stdout]   12:     0x5f96b745ec0f - mailgun_sdk[d524b5e800c9339a]::test_util::load_config
[INFO] [stdout]   13:     0x5f96b7452ead - mailgun_sdk[d524b5e800c9339a]::client::tests::get_events
[INFO] [stdout]   14:     0x5f96b745f669 - <mailgun_sdk[d524b5e800c9339a]::client::tests::get_events::{closure#0} as core[df12db4294e9bfd3]::ops::function::FnOnce<()>>::call_once
[INFO] [stdout]   15:     0x5f96b754e6db - test[9d35eded1c95d3be]::__rust_begin_short_backtrace::<core[df12db4294e9bfd3]::result::Result<(), alloc[2182bb758b4b3781]::string::String>, fn() -> core[df12db4294e9bfd3]::result::Result<(), alloc[2182bb758b4b3781]::string::String>>
[INFO] [stdout]   16:     0x5f96b755bd45 - test[9d35eded1c95d3be]::run_test::{closure#0}
[INFO] [stdout]   17:     0x5f96b7555604 - std[70759c8f55707aa4]::sys::backtrace::__rust_begin_short_backtrace::<test[9d35eded1c95d3be]::run_test::{closure#1}, ()>
[INFO] [stdout]   18:     0x5f96b755eea2 - <std[70759c8f55707aa4]::thread::lifecycle::spawn_unchecked<test[9d35eded1c95d3be]::run_test::{closure#1}, ()>::{closure#1} as core[df12db4294e9bfd3]::ops::function::FnOnce<()>>::call_once::{shim:vtable#0}
[INFO] [stdout]   19:     0x5f96b75c7ac9 - <std[70759c8f55707aa4]::sys::thread::unix::Thread>::new::thread_start
[INFO] [stdout]   20:     0x79505ac20dfa - <unknown>
[INFO] [stdout]   21:     0x79505acb43d4 - clone
[INFO] [stdout]   22:                0x0 - <unknown>
[INFO] [stdout] 
[INFO] [stdout] ---- client::tests::get_unsubscribes stdout ----
[INFO] [stdout] 
[INFO] [stdout] thread 'client::tests::get_unsubscribes' (1143) panicked at src/lib.rs:121:61:
[INFO] [stdout] called `Result::unwrap()` on an `Err` value: EnvVar(NotPresent)
[INFO] [stdout] stack backtrace:
[INFO] [stdout]    0:     0x5f96b75c8741 - <<std[70759c8f55707aa4]::sys::backtrace::BacktraceLock>::print::DisplayBacktrace as core[df12db4294e9bfd3]::fmt::Display>::fmt
[INFO] [stdout]    1:     0x5f96b75dfb2a - core[df12db4294e9bfd3]::fmt::write
[INFO] [stdout]    2:     0x5f96b75cd12c - <alloc[2182bb758b4b3781]::vec::Vec<u8> as core[df12db4294e9bfd3]::io::write::Write>::write_fmt
[INFO] [stdout]    3:     0x5f96b75a3696 - std[70759c8f55707aa4]::panicking::default_hook::{closure#0}
[INFO] [stdout]    4:     0x5f96b75c06f9 - std[70759c8f55707aa4]::panicking::default_hook
[INFO] [stdout]    5:     0x5f96b755b3f0 - test[9d35eded1c95d3be]::test_main_inner::<test[9d35eded1c95d3be]::test_main_static::{closure#0}>::{closure#0}
[INFO] [stdout]    6:     0x5f96b75c08b2 - std[70759c8f55707aa4]::panicking::panic_with_hook
[INFO] [stdout]    7:     0x5f96b75a3742 - std[70759c8f55707aa4]::panicking::panic_handler::{closure#0}
[INFO] [stdout]    8:     0x5f96b759c1a9 - std[70759c8f55707aa4]::sys::backtrace::__rust_end_short_backtrace::<std[70759c8f55707aa4]::panicking::panic_handler::{closure#0}, !>
[INFO] [stdout]    9:     0x5f96b75a45cd - __rustc[8fa7c3cbc660c2b3]::rust_begin_unwind
[INFO] [stdout]   10:     0x5f96b75e025c - core[df12db4294e9bfd3]::panicking::panic_fmt
[INFO] [stdout]   11:     0x5f96b75e0032 - core[df12db4294e9bfd3]::result::unwrap_failed
[INFO] [stdout]   12:     0x5f96b745ec0f - mailgun_sdk[d524b5e800c9339a]::test_util::load_config
[INFO] [stdout]   13:     0x5f96b74549ee - mailgun_sdk[d524b5e800c9339a]::client::tests::get_unsubscribes
[INFO] [stdout]   14:     0x5f96b745f709 - <mailgun_sdk[d524b5e800c9339a]::client::tests::get_unsubscribes::{closure#0} as core[df12db4294e9bfd3]::ops::function::FnOnce<()>>::call_once
[INFO] [stdout]   15:     0x5f96b754e6db - test[9d35eded1c95d3be]::__rust_begin_short_backtrace::<core[df12db4294e9bfd3]::result::Result<(), alloc[2182bb758b4b3781]::string::String>, fn() -> core[df12db4294e9bfd3]::result::Result<(), alloc[2182bb758b4b3781]::string::String>>
[INFO] [stdout]   16:     0x5f96b755bd45 - test[9d35eded1c95d3be]::run_test::{closure#0}
[INFO] [stdout]   17:     0x5f96b7555604 - std[70759c8f55707aa4]::sys::backtrace::__rust_begin_short_backtrace::<test[9d35eded1c95d3be]::run_test::{closure#1}, ()>
[INFO] [stdout]   18:     0x5f96b755eea2 - <std[70759c8f55707aa4]::thread::lifecycle::spawn_unchecked<test[9d35eded1c95d3be]::run_test::{closure#1}, ()>::{closure#1} as core[df12db4294e9bfd3]::ops::function::FnOnce<()>>::call_once::{shim:vtable#0}
[INFO] [stdout]   19:     0x5f96b75c7ac9 - <std[70759c8f55707aa4]::sys::thread::unix::Thread>::new::thread_start
[INFO] [stdout]   20:     0x79505ac20dfa - <unknown>
[INFO] [stdout]   21:     0x79505acb43d4 - clone
[INFO] [stdout]   22:                0x0 - <unknown>
[INFO] [stdout] 
[INFO] [stdout] 
[INFO] [stdout] failures:
[INFO] [stdout]     client::tests::call
[INFO] [stdout]     client::tests::get_bounces
[INFO] [stdout]     client::tests::get_complains
[INFO] [stdout]     client::tests::get_events
[INFO] [stdout]     client::tests::get_stats
[INFO] [stdout]     client::tests::get_unsubscribes
[INFO] [stdout]     client::tests::get_whitelists
[INFO] [stdout]     client::tests::send_message
[INFO] [stdout] 
[INFO] [stdout] test result: FAILED. 0 passed; 8 failed; 0 ignored; 0 measured; 0 filtered out; finished in 0.00s
[INFO] [stdout] 
[INFO] running `Command { std: "docker" "inspect" "07ae4aae0079d28d752c17bd95fb2c03c90d228d64a4205f914319b80898005e", kill_on_drop: false }`
[INFO] running `Command { std: "docker" "rm" "-f" "07ae4aae0079d28d752c17bd95fb2c03c90d228d64a4205f914319b80898005e", kill_on_drop: false }`
[INFO] [stdout] 07ae4aae0079d28d752c17bd95fb2c03c90d228d64a4205f914319b80898005e
