[INFO] fetching crate magnumdb 0.4.8...
[INFO] testing magnumdb-0.4.8 against 1.99.0-beta.8+cargoflags=--release for beta-release-1.100-2
[INFO] extracting crate magnumdb 0.4.8 into /workspace/builds/worker-1-tc1/source
[INFO] started tweaking crates.io crate magnumdb 0.4.8
[INFO] removed 0 missing examples
[INFO] removed 0 missing tests
[INFO] finished tweaking crates.io crate magnumdb 0.4.8
[INFO] tweaked toml for crates.io crate magnumdb 0.4.8 written to /workspace/builds/worker-1-tc1/source/Cargo.toml
[INFO] validating manifest of crates.io crate magnumdb 0.4.8 on toolchain 1.99.0-beta.8
[INFO] running `Command { std: CARGO_HOME="/workspace/cargo-home" RUSTUP_HOME="/workspace/rustup-home" "/workspace/cargo-home/bin/cargo" "+1.99.0-beta.8" "metadata" "--manifest-path" "Cargo.toml" "--no-deps", kill_on_drop: false }`
[INFO] crate crates.io crate magnumdb 0.4.8 already has a lockfile, it will not be regenerated
[INFO] running `Command { std: CARGO_HOME="/workspace/cargo-home" RUSTUP_HOME="/workspace/rustup-home" "/workspace/cargo-home/bin/cargo" "+1.99.0-beta.8" "fetch" "--manifest-path" "Cargo.toml", kill_on_drop: false }`
[INFO] [stderr]  Downloading crates ...
[INFO] [stderr]   Downloaded clap v4.6.2
[INFO] [stderr]   Downloaded jiff-static v0.2.32
[INFO] [stderr]   Downloaded jiff v0.2.32
[INFO] running `Command { std: "docker" "create" "-v" "/var/lib/crater-agent-workspace/builds/worker-1-tc1/source:/opt/rustwide/workdir:ro,Z" "-v" "/var/lib/crater-agent-workspace/builds/worker-1-tc1/target:/opt/rustwide/target:rw,Z" "-v" "/var/lib/crater-agent-workspace/cargo-home:/opt/rustwide/cargo-home:ro,Z" "-v" "/var/lib/crater-agent-workspace/rustup-home:/opt/rustwide/rustup-home:ro,Z" "-m" "1610612736" "--network" "none" "ghcr.io/rust-lang/crates-build-env/linux@sha256:77db811e55d90add9212f6832c23229e3de5f1c1f9905e8cb07319ea15df73ac" "sleep" "infinity", kill_on_drop: false }`
[INFO] [stdout] a6f454d2a7391eb0f44b85843f028e9efef26a59ef6d877a624ef54e9d7ccb2d
[INFO] running `Command { std: "docker" "start" "a6f454d2a7391eb0f44b85843f028e9efef26a59ef6d877a624ef54e9d7ccb2d", kill_on_drop: false }`
[INFO] running `Command { std: "docker" "inspect" "a6f454d2a7391eb0f44b85843f028e9efef26a59ef6d877a624ef54e9d7ccb2d", kill_on_drop: false }`
[INFO] running `Command { std: "docker" "exec" "-e" "SOURCE_DIR=/opt/rustwide/workdir" "-e" "CARGO_HOME=/opt/rustwide/cargo-home" "-e" "RUSTUP_HOME=/opt/rustwide/rustup-home" "-e" "CARGO_TARGET_DIR=/opt/rustwide/target" "-w" "/opt/rustwide/workdir" "--user" "0:0" "a6f454d2a7391eb0f44b85843f028e9efef26a59ef6d877a624ef54e9d7ccb2d" "/opt/rustwide/cargo-home/bin/cargo" "+1.99.0-beta.8" "metadata" "--no-deps" "--format-version=1", kill_on_drop: false }`
[INFO] running `Command { std: "docker" "inspect" "a6f454d2a7391eb0f44b85843f028e9efef26a59ef6d877a624ef54e9d7ccb2d", kill_on_drop: false }`
[INFO] running `Command { std: "docker" "exec" "-e" "SOURCE_DIR=/opt/rustwide/workdir" "-e" "CARGO_HOME=/opt/rustwide/cargo-home" "-e" "RUSTUP_HOME=/opt/rustwide/rustup-home" "-e" "CARGO_TARGET_DIR=/opt/rustwide/target" "-e" "CARGO_INCREMENTAL=0" "-e" "RUST_BACKTRACE=full" "-e" "RUSTFLAGS=--cap-lints=warn" "-e" "RUSTDOCFLAGS=--cap-lints=warn" "-w" "/opt/rustwide/workdir" "--user" "0:0" "a6f454d2a7391eb0f44b85843f028e9efef26a59ef6d877a624ef54e9d7ccb2d" "/opt/rustwide/cargo-home/bin/cargo" "+1.99.0-beta.8" "build" "--frozen" "--message-format=json" "--release", kill_on_drop: false }`
[INFO] [stderr]    Compiling aho-corasick v1.1.4
[INFO] [stderr]    Compiling hashbrown v0.17.1
[INFO] [stderr]    Compiling crossbeam-utils v0.8.22
[INFO] [stderr]    Compiling syn v2.0.119
[INFO] [stderr]    Compiling getrandom v0.2.17
[INFO] [stderr]    Compiling ppv-lite86 v0.2.21
[INFO] [stderr]    Compiling anyhow v1.0.103
[INFO] [stderr]    Compiling winnow v0.7.15
[INFO] [stderr]    Compiling clap_builder v4.6.2
[INFO] [stderr]    Compiling mio v1.2.2
[INFO] [stderr]    Compiling socket2 v0.6.5
[INFO] [stderr]    Compiling once_cell v1.21.4
[INFO] [stderr]    Compiling jiff v0.2.32
[INFO] [stderr]    Compiling serde_json v1.0.150
[INFO] [stderr]    Compiling md5 v0.8.1
[INFO] [stderr]    Compiling ahash v0.8.12
[INFO] [stderr]    Compiling rand_core v0.6.4
[INFO] [stderr]    Compiling rand_chacha v0.3.1
[INFO] [stderr]    Compiling rand v0.8.7
[INFO] [stderr]    Compiling regex-automata v0.4.16
[INFO] [stderr]    Compiling indexmap v2.14.0
[INFO] [stderr]    Compiling lru v0.18.1
[INFO] [stderr]    Compiling serde_derive v1.0.228
[INFO] [stderr]    Compiling clap_derive v4.6.1
[INFO] [stderr]    Compiling tokio-macros v2.7.1
[INFO] [stderr]    Compiling thiserror-impl v1.0.69
[INFO] [stderr]    Compiling tokio v1.53.1
[INFO] [stderr]    Compiling thiserror v1.0.69
[INFO] [stderr]    Compiling regex v1.13.1
[INFO] [stderr]    Compiling clap v4.6.2
[INFO] [stderr]    Compiling env_filter v2.0.0
[INFO] [stderr]    Compiling env_logger v0.11.11
[INFO] [stderr]    Compiling serde v1.0.228
[INFO] [stderr]    Compiling toml_datetime v0.6.11
[INFO] [stderr]    Compiling serde_spanned v0.6.9
[INFO] [stderr]    Compiling toml_edit v0.22.27
[INFO] [stderr]    Compiling toml v0.8.23
[INFO] [stderr]    Compiling magnumdb v0.4.8 (/opt/rustwide/workdir)
[INFO] [stdout] warning: unused import: `RwLock`
[INFO] [stdout]  --> src/network/server.rs:9:19
[INFO] [stdout]   |
[INFO] [stdout] 9 | use tokio::sync::{RwLock, Semaphore};
[INFO] [stdout]   |                   ^^^^^^
[INFO] [stdout]   |
[INFO] [stdout]   = note: `#[warn(unused_imports)]` (part of `#[warn(unused)]`) on by default
[INFO] [stdout] 
[INFO] [stdout] 
[INFO] [stdout] warning: value assigned to `exists` is never read
[INFO] [stdout]    --> src/sql/executor.rs:316:38
[INFO] [stdout]     |
[INFO] [stdout] 316 |                     let mut exists = false;
[INFO] [stdout]     |                                      ^^^^^ this value is reassigned later and never used
[INFO] [stdout] ...
[INFO] [stdout] 324 |                         exists = self.db.get(&internal_key)?.is_some();
[INFO] [stdout]     |                         ---------------------------------------------- `exists` is overwritten here before the previous value is read
[INFO] [stdout]     |
[INFO] [stdout]     = note: `#[warn(unused_assignments)]` (part of `#[warn(unused)]`) on by default
[INFO] [stdout] 
[INFO] [stdout] 
[INFO] [stdout] warning: variable does not need to be mutable
[INFO] [stdout]    --> src/storage/btree.rs:227:16
[INFO] [stdout]     |
[INFO] [stdout] 227 |     pub fn new(mut buffer_pool: BufferPool) -> anyhow::Result<Self> {
[INFO] [stdout]     |                ----^^^^^^^^^^^
[INFO] [stdout]     |                |
[INFO] [stdout]     |                help: remove this `mut`
[INFO] [stdout]     |
[INFO] [stdout]     = note: `#[warn(unused_mut)]` (part of `#[warn(unused)]`) on by default
[INFO] [stdout] 
[INFO] [stdout] 
[INFO] [stdout] warning: variable does not need to be mutable
[INFO] [stdout]   --> src/storage/mod.rs:42:13
[INFO] [stdout]    |
[INFO] [stdout] 42 |         let mut index = BTree::new(buffer_pool)?;
[INFO] [stdout]    |             ----^^^^^
[INFO] [stdout]    |             |
[INFO] [stdout]    |             help: remove this `mut`
[INFO] [stdout] 
[INFO] [stdout] 
[INFO] [stdout] warning: variable does not need to be mutable
[INFO] [stdout]    --> src/storage/mod.rs:165:18
[INFO] [stdout]     |
[INFO] [stdout] 165 |     pub fn close(mut self) -> anyhow::Result<()> {
[INFO] [stdout]     |                  ----^^^^
[INFO] [stdout]     |                  |
[INFO] [stdout]     |                  help: remove this `mut`
[INFO] [stdout] 
[INFO] [stdout] 
[INFO] [stdout] warning: variable does not need to be mutable
[INFO] [stdout]    --> src/main.rs:130:17
[INFO] [stdout]     |
[INFO] [stdout] 130 |             let mut db = Database::open(config)?;
[INFO] [stdout]     |                 ----^^
[INFO] [stdout]     |                 |
[INFO] [stdout]     |                 help: remove this `mut`
[INFO] [stdout]     |
[INFO] [stdout]     = note: `#[warn(unused_mut)]` (part of `#[warn(unused)]`) on by default
[INFO] [stdout] 
[INFO] [stdout] 
[INFO] [stderr]     Finished `release` profile [optimized] target(s) in 1m 01s
[INFO] running `Command { std: "docker" "inspect" "a6f454d2a7391eb0f44b85843f028e9efef26a59ef6d877a624ef54e9d7ccb2d", kill_on_drop: false }`
[INFO] running `Command { std: "docker" "exec" "-e" "SOURCE_DIR=/opt/rustwide/workdir" "-e" "CARGO_HOME=/opt/rustwide/cargo-home" "-e" "RUSTUP_HOME=/opt/rustwide/rustup-home" "-e" "CARGO_TARGET_DIR=/opt/rustwide/target" "-e" "CARGO_INCREMENTAL=0" "-e" "RUST_BACKTRACE=full" "-e" "RUSTFLAGS=--cap-lints=warn" "-e" "RUSTDOCFLAGS=--cap-lints=warn" "-w" "/opt/rustwide/workdir" "--user" "0:0" "a6f454d2a7391eb0f44b85843f028e9efef26a59ef6d877a624ef54e9d7ccb2d" "/opt/rustwide/cargo-home/bin/cargo" "+1.99.0-beta.8" "test" "--frozen" "--no-run" "--message-format=json" "--release", kill_on_drop: false }`
[INFO] [stderr]    Compiling zerocopy v0.8.54
[INFO] [stderr]    Compiling crossbeam-deque v0.8.7
[INFO] [stderr]    Compiling zerocopy-derive v0.8.54
[INFO] [stderr]    Compiling crossbeam-epoch v0.9.20
[INFO] [stderr]    Compiling serde v1.0.228
[INFO] [stderr]    Compiling serde_json v1.0.150
[INFO] [stderr]    Compiling itertools v0.10.5
[INFO] [stderr]    Compiling is-terminal v0.4.17
[INFO] [stderr]    Compiling rustix v1.1.4
[INFO] [stderr]    Compiling rayon-core v1.13.0
[INFO] [stderr]    Compiling toml_datetime v0.6.11
[INFO] [stderr]    Compiling serde_spanned v0.6.9
[INFO] [stderr]    Compiling toml_edit v0.22.27
[INFO] [stderr]    Compiling tinytemplate v1.2.1
[INFO] [stderr]    Compiling rayon v1.12.0
[INFO] [stderr]    Compiling criterion-plot v0.5.0
[INFO] [stderr]    Compiling tempfile v3.27.0
[INFO] [stderr]    Compiling toml v0.8.23
[INFO] [stderr]    Compiling ppv-lite86 v0.2.21
[INFO] [stderr]    Compiling half v2.7.1
[INFO] [stderr]    Compiling ahash v0.8.12
[INFO] [stderr]    Compiling rand_chacha v0.3.1
[INFO] [stderr]    Compiling ciborium-ll v0.2.2
[INFO] [stderr]    Compiling ciborium v0.2.2
[INFO] [stderr]    Compiling rand v0.8.7
[INFO] [stderr]    Compiling magnumdb v0.4.8 (/opt/rustwide/workdir)
[INFO] [stderr]    Compiling criterion v0.5.1
[INFO] [stdout] warning: unused import: `RwLock`
[INFO] [stdout]  --> src/network/server.rs:9:19
[INFO] [stdout]   |
[INFO] [stdout] 9 | use tokio::sync::{RwLock, Semaphore};
[INFO] [stdout]   |                   ^^^^^^
[INFO] [stdout]   |
[INFO] [stdout]   = note: `#[warn(unused_imports)]` (part of `#[warn(unused)]`) on by default
[INFO] [stdout] 
[INFO] [stdout] 
[INFO] [stdout] warning: value assigned to `exists` is never read
[INFO] [stdout]    --> src/sql/executor.rs:316:38
[INFO] [stdout]     |
[INFO] [stdout] 316 |                     let mut exists = false;
[INFO] [stdout]     |                                      ^^^^^ this value is reassigned later and never used
[INFO] [stdout] ...
[INFO] [stdout] 324 |                         exists = self.db.get(&internal_key)?.is_some();
[INFO] [stdout]     |                         ---------------------------------------------- `exists` is overwritten here before the previous value is read
[INFO] [stdout]     |
[INFO] [stdout]     = note: `#[warn(unused_assignments)]` (part of `#[warn(unused)]`) on by default
[INFO] [stdout] 
[INFO] [stdout] 
[INFO] [stdout] warning: variable does not need to be mutable
[INFO] [stdout]    --> src/storage/btree.rs:227:16
[INFO] [stdout]     |
[INFO] [stdout] 227 |     pub fn new(mut buffer_pool: BufferPool) -> anyhow::Result<Self> {
[INFO] [stdout]     |                ----^^^^^^^^^^^
[INFO] [stdout]     |                |
[INFO] [stdout]     |                help: remove this `mut`
[INFO] [stdout]     |
[INFO] [stdout]     = note: `#[warn(unused_mut)]` (part of `#[warn(unused)]`) on by default
[INFO] [stdout] 
[INFO] [stdout] 
[INFO] [stdout] warning: variable does not need to be mutable
[INFO] [stdout]   --> src/storage/mod.rs:42:13
[INFO] [stdout]    |
[INFO] [stdout] 42 |         let mut index = BTree::new(buffer_pool)?;
[INFO] [stdout]    |             ----^^^^^
[INFO] [stdout]    |             |
[INFO] [stdout]    |             help: remove this `mut`
[INFO] [stdout] 
[INFO] [stdout] 
[INFO] [stdout] warning: variable does not need to be mutable
[INFO] [stdout]    --> src/storage/mod.rs:165:18
[INFO] [stdout]     |
[INFO] [stdout] 165 |     pub fn close(mut self) -> anyhow::Result<()> {
[INFO] [stdout]     |                  ----^^^^
[INFO] [stdout]     |                  |
[INFO] [stdout]     |                  help: remove this `mut`
[INFO] [stdout] 
[INFO] [stdout] 
[INFO] [stdout] warning: variable does not need to be mutable
[INFO] [stdout]    --> src/main.rs:130:17
[INFO] [stdout]     |
[INFO] [stdout] 130 |             let mut db = Database::open(config)?;
[INFO] [stdout]     |                 ----^^
[INFO] [stdout]     |                 |
[INFO] [stdout]     |                 help: remove this `mut`
[INFO] [stdout]     |
[INFO] [stdout]     = note: `#[warn(unused_mut)]` (part of `#[warn(unused)]`) on by default
[INFO] [stdout] 
[INFO] [stdout] 
[INFO] [stdout] warning: variable does not need to be mutable
[INFO] [stdout]   --> tests/crash_recovery.rs:16:13
[INFO] [stdout]    |
[INFO] [stdout] 16 |         let mut db = Database::open(config.clone()).expect("Failed to open db");
[INFO] [stdout]    |             ----^^
[INFO] [stdout]    |             |
[INFO] [stdout]    |             help: remove this `mut`
[INFO] [stdout]    |
[INFO] [stdout]    = note: `#[warn(unused_mut)]` (part of `#[warn(unused)]`) on by default
[INFO] [stdout] 
[INFO] [stdout] 
[INFO] [stdout] warning: variable does not need to be mutable
[INFO] [stdout]   --> tests/crash_recovery.rs:26:13
[INFO] [stdout]    |
[INFO] [stdout] 26 |         let mut db = Database::open(config.clone()).expect("Failed to recover db");
[INFO] [stdout]    |             ----^^
[INFO] [stdout]    |             |
[INFO] [stdout]    |             help: remove this `mut`
[INFO] [stdout] 
[INFO] [stdout] 
[INFO] [stdout] warning: variable does not need to be mutable
[INFO] [stdout]  --> examples/basic_usage.rs:5:9
[INFO] [stdout]   |
[INFO] [stdout] 5 |     let mut db = Database::open(config)?;
[INFO] [stdout]   |         ----^^
[INFO] [stdout]   |         |
[INFO] [stdout]   |         help: remove this `mut`
[INFO] [stdout]   |
[INFO] [stdout]   = note: `#[warn(unused_mut)]` (part of `#[warn(unused)]`) on by default
[INFO] [stdout] 
[INFO] [stdout] 
[INFO] [stdout] warning: variable does not need to be mutable
[INFO] [stdout]    --> src/main.rs:130:17
[INFO] [stdout]     |
[INFO] [stdout] 130 |             let mut db = Database::open(config)?;
[INFO] [stdout]     |                 ----^^
[INFO] [stdout]     |                 |
[INFO] [stdout]     |                 help: remove this `mut`
[INFO] [stdout]     |
[INFO] [stdout]     = note: `#[warn(unused_mut)]` (part of `#[warn(unused)]`) on by default
[INFO] [stdout] 
[INFO] [stdout] 
[INFO] [stdout] warning: unused import: `RwLock`
[INFO] [stdout]  --> src/network/server.rs:9:19
[INFO] [stdout]   |
[INFO] [stdout] 9 | use tokio::sync::{RwLock, Semaphore};
[INFO] [stdout]   |                   ^^^^^^
[INFO] [stdout]   |
[INFO] [stdout]   = note: `#[warn(unused_imports)]` (part of `#[warn(unused)]`) on by default
[INFO] [stdout] 
[INFO] [stdout] 
[INFO] [stdout] warning: value assigned to `exists` is never read
[INFO] [stdout]    --> src/sql/executor.rs:316:38
[INFO] [stdout]     |
[INFO] [stdout] 316 |                     let mut exists = false;
[INFO] [stdout]     |                                      ^^^^^ this value is reassigned later and never used
[INFO] [stdout] ...
[INFO] [stdout] 324 |                         exists = self.db.get(&internal_key)?.is_some();
[INFO] [stdout]     |                         ---------------------------------------------- `exists` is overwritten here before the previous value is read
[INFO] [stdout]     |
[INFO] [stdout]     = note: `#[warn(unused_assignments)]` (part of `#[warn(unused)]`) on by default
[INFO] [stdout] 
[INFO] [stdout] 
[INFO] [stdout] warning: variable does not need to be mutable
[INFO] [stdout]    --> src/storage/btree.rs:227:16
[INFO] [stdout]     |
[INFO] [stdout] 227 |     pub fn new(mut buffer_pool: BufferPool) -> anyhow::Result<Self> {
[INFO] [stdout]     |                ----^^^^^^^^^^^
[INFO] [stdout]     |                |
[INFO] [stdout]     |                help: remove this `mut`
[INFO] [stdout]     |
[INFO] [stdout]     = note: `#[warn(unused_mut)]` (part of `#[warn(unused)]`) on by default
[INFO] [stdout] 
[INFO] [stdout] 
[INFO] [stdout] warning: variable does not need to be mutable
[INFO] [stdout]    --> src/storage/btree.rs:743:13
[INFO] [stdout]     |
[INFO] [stdout] 743 |         let mut btree = setup_btree();
[INFO] [stdout]     |             ----^^^^^
[INFO] [stdout]     |             |
[INFO] [stdout]     |             help: remove this `mut`
[INFO] [stdout] 
[INFO] [stdout] 
[INFO] [stdout] warning: variable does not need to be mutable
[INFO] [stdout]    --> src/storage/btree.rs:759:13
[INFO] [stdout]     |
[INFO] [stdout] 759 |         let mut btree = setup_btree();
[INFO] [stdout]     |             ----^^^^^
[INFO] [stdout]     |             |
[INFO] [stdout]     |             help: remove this `mut`
[INFO] [stdout] 
[INFO] [stdout] 
[INFO] [stdout] warning: variable does not need to be mutable
[INFO] [stdout]    --> src/storage/btree.rs:773:13
[INFO] [stdout]     |
[INFO] [stdout] 773 |         let mut btree = setup_btree();
[INFO] [stdout]     |             ----^^^^^
[INFO] [stdout]     |             |
[INFO] [stdout]     |             help: remove this `mut`
[INFO] [stdout] 
[INFO] [stdout] 
[INFO] [stdout] warning: variable does not need to be mutable
[INFO] [stdout]    --> src/storage/btree.rs:781:13
[INFO] [stdout]     |
[INFO] [stdout] 781 |         let mut btree = setup_btree();
[INFO] [stdout]     |             ----^^^^^
[INFO] [stdout]     |             |
[INFO] [stdout]     |             help: remove this `mut`
[INFO] [stdout] 
[INFO] [stdout] 
[INFO] [stdout] warning: variable does not need to be mutable
[INFO] [stdout]    --> src/storage/btree.rs:798:13
[INFO] [stdout]     |
[INFO] [stdout] 798 |         let mut btree = setup_btree();
[INFO] [stdout]     |             ----^^^^^
[INFO] [stdout]     |             |
[INFO] [stdout]     |             help: remove this `mut`
[INFO] [stdout] 
[INFO] [stdout] 
[INFO] [stdout] warning: variable does not need to be mutable
[INFO] [stdout]    --> src/storage/btree.rs:822:13
[INFO] [stdout]     |
[INFO] [stdout] 822 |         let mut btree = setup_btree();
[INFO] [stdout]     |             ----^^^^^
[INFO] [stdout]     |             |
[INFO] [stdout]     |             help: remove this `mut`
[INFO] [stdout] 
[INFO] [stdout] 
[INFO] [stdout] warning: variable does not need to be mutable
[INFO] [stdout]   --> src/storage/mod.rs:42:13
[INFO] [stdout]    |
[INFO] [stdout] 42 |         let mut index = BTree::new(buffer_pool)?;
[INFO] [stdout]    |             ----^^^^^
[INFO] [stdout]    |             |
[INFO] [stdout]    |             help: remove this `mut`
[INFO] [stdout] 
[INFO] [stdout] 
[INFO] [stdout] warning: variable does not need to be mutable
[INFO] [stdout]    --> src/storage/mod.rs:165:18
[INFO] [stdout]     |
[INFO] [stdout] 165 |     pub fn close(mut self) -> anyhow::Result<()> {
[INFO] [stdout]     |                  ----^^^^
[INFO] [stdout]     |                  |
[INFO] [stdout]     |                  help: remove this `mut`
[INFO] [stdout] 
[INFO] [stdout] 
[INFO] [stdout] warning: variable does not need to be mutable
[INFO] [stdout]    --> src/storage/mod.rs:208:17
[INFO] [stdout]     |
[INFO] [stdout] 208 |             let mut db = Database::open(config.clone()).unwrap();
[INFO] [stdout]     |                 ----^^
[INFO] [stdout]     |                 |
[INFO] [stdout]     |                 help: remove this `mut`
[INFO] [stdout] 
[INFO] [stdout] 
[INFO] [stdout] warning: variable does not need to be mutable
[INFO] [stdout]    --> src/storage/mod.rs:214:17
[INFO] [stdout]     |
[INFO] [stdout] 214 |             let mut db = Database::open(config).unwrap();
[INFO] [stdout]     |                 ----^^
[INFO] [stdout]     |                 |
[INFO] [stdout]     |                 help: remove this `mut`
[INFO] [stdout] 
[INFO] [stdout] 
[INFO] [stdout] warning: variable does not need to be mutable
[INFO] [stdout]    --> src/storage/mod.rs:227:17
[INFO] [stdout]     |
[INFO] [stdout] 227 |             let mut db = Database::open(config.clone()).unwrap();
[INFO] [stdout]     |                 ----^^
[INFO] [stdout]     |                 |
[INFO] [stdout]     |                 help: remove this `mut`
[INFO] [stdout] 
[INFO] [stdout] 
[INFO] [stdout] warning: variable does not need to be mutable
[INFO] [stdout]    --> src/storage/mod.rs:240:17
[INFO] [stdout]     |
[INFO] [stdout] 240 |             let mut db = Database::open(config).unwrap();
[INFO] [stdout]     |                 ----^^
[INFO] [stdout]     |                 |
[INFO] [stdout]     |                 help: remove this `mut`
[INFO] [stdout] 
[INFO] [stdout] 
[INFO] [stdout] warning: variable does not need to be mutable
[INFO] [stdout]    --> src/storage/mod.rs:256:17
[INFO] [stdout]     |
[INFO] [stdout] 256 |             let mut db = Database::open(config.clone()).unwrap();
[INFO] [stdout]     |                 ----^^
[INFO] [stdout]     |                 |
[INFO] [stdout]     |                 help: remove this `mut`
[INFO] [stdout] 
[INFO] [stdout] 
[INFO] [stdout] warning: variable does not need to be mutable
[INFO] [stdout]    --> src/storage/mod.rs:264:17
[INFO] [stdout]     |
[INFO] [stdout] 264 |             let mut db = Database::open(config).unwrap();
[INFO] [stdout]     |                 ----^^
[INFO] [stdout]     |                 |
[INFO] [stdout]     |                 help: remove this `mut`
[INFO] [stdout] 
[INFO] [stdout] 
[INFO] [stderr]     Finished `release` profile [optimized] target(s) in 51.24s
[INFO] running `Command { std: "docker" "inspect" "a6f454d2a7391eb0f44b85843f028e9efef26a59ef6d877a624ef54e9d7ccb2d", kill_on_drop: false }`
[INFO] running `Command { std: "docker" "exec" "-e" "SOURCE_DIR=/opt/rustwide/workdir" "-e" "CARGO_HOME=/opt/rustwide/cargo-home" "-e" "RUSTUP_HOME=/opt/rustwide/rustup-home" "-e" "CARGO_TARGET_DIR=/opt/rustwide/target" "-e" "CARGO_INCREMENTAL=0" "-e" "RUST_BACKTRACE=full" "-e" "RUSTFLAGS=--cap-lints=warn" "-e" "RUSTDOCFLAGS=--cap-lints=warn" "-w" "/opt/rustwide/workdir" "--user" "0:0" "a6f454d2a7391eb0f44b85843f028e9efef26a59ef6d877a624ef54e9d7ccb2d" "/opt/rustwide/cargo-home/bin/cargo" "+1.99.0-beta.8" "test" "--frozen" "--release", kill_on_drop: false }`
[INFO] [stderr] warning: unused import: `RwLock`
[INFO] [stderr]  --> src/network/server.rs:9:19
[INFO] [stderr]   |
[INFO] [stderr] 9 | use tokio::sync::{RwLock, Semaphore};
[INFO] [stderr]   |                   ^^^^^^
[INFO] [stderr]   |
[INFO] [stderr]   = note: `#[warn(unused_imports)]` (part of `#[warn(unused)]`) on by default
[INFO] [stderr] 
[INFO] [stderr] warning: value assigned to `exists` is never read
[INFO] [stderr]    --> src/sql/executor.rs:316:38
[INFO] [stderr]     |
[INFO] [stderr] 316 |                     let mut exists = false;
[INFO] [stderr]     |                                      ^^^^^ this value is reassigned later and never used
[INFO] [stderr] ...
[INFO] [stderr] 324 |                         exists = self.db.get(&internal_key)?.is_some();
[INFO] [stderr]     |                         ---------------------------------------------- `exists` is overwritten here before the previous value is read
[INFO] [stderr]     |
[INFO] [stderr]     = note: `#[warn(unused_assignments)]` (part of `#[warn(unused)]`) on by default
[INFO] [stderr] 
[INFO] [stderr] warning: variable does not need to be mutable
[INFO] [stderr]    --> src/storage/btree.rs:227:16
[INFO] [stderr]     |
[INFO] [stderr] 227 |     pub fn new(mut buffer_pool: BufferPool) -> anyhow::Result<Self> {
[INFO] [stderr]     |                ----^^^^^^^^^^^
[INFO] [stderr]     |                |
[INFO] [stderr]     |                help: remove this `mut`
[INFO] [stderr]     |
[INFO] [stderr]     = note: `#[warn(unused_mut)]` (part of `#[warn(unused)]`) on by default
[INFO] [stderr] 
[INFO] [stderr] warning: variable does not need to be mutable
[INFO] [stderr]   --> src/storage/mod.rs:42:13
[INFO] [stderr]    |
[INFO] [stderr] 42 |         let mut index = BTree::new(buffer_pool)?;
[INFO] [stderr]    |             ----^^^^^
[INFO] [stderr]    |             |
[INFO] [stderr]    |             help: remove this `mut`
[INFO] [stderr] 
[INFO] [stderr] warning: variable does not need to be mutable
[INFO] [stderr]    --> src/storage/mod.rs:165:18
[INFO] [stderr]     |
[INFO] [stderr] 165 |     pub fn close(mut self) -> anyhow::Result<()> {
[INFO] [stderr]     |                  ----^^^^
[INFO] [stderr]     |                  |
[INFO] [stderr]     |                  help: remove this `mut`
[INFO] [stderr] 
[INFO] [stderr] warning: `magnumdb` (lib) generated 5 warnings (run `cargo fix --lib -p magnumdb` to apply 4 suggestions)
[INFO] [stderr] warning: variable does not need to be mutable
[INFO] [stderr]  --> examples/basic_usage.rs:5:9
[INFO] [stderr]   |
[INFO] [stderr] 5 |     let mut db = Database::open(config)?;
[INFO] [stderr]   |         ----^^
[INFO] [stderr]   |         |
[INFO] [stderr]   |         help: remove this `mut`
[INFO] [stderr]   |
[INFO] [stderr]   = note: `#[warn(unused_mut)]` (part of `#[warn(unused)]`) on by default
[INFO] [stderr] 
[INFO] [stderr] warning: variable does not need to be mutable
[INFO] [stderr]    --> src/main.rs:130:17
[INFO] [stderr]     |
[INFO] [stderr] 130 |             let mut db = Database::open(config)?;
[INFO] [stderr]     |                 ----^^
[INFO] [stderr]     |                 |
[INFO] [stderr]     |                 help: remove this `mut`
[INFO] [stderr]     |
[INFO] [stderr]     = note: `#[warn(unused_mut)]` (part of `#[warn(unused)]`) on by default
[INFO] [stderr] 
[INFO] [stderr] warning: variable does not need to be mutable
[INFO] [stderr]    --> src/storage/btree.rs:743:13
[INFO] [stderr]     |
[INFO] [stderr] 743 |         let mut btree = setup_btree();
[INFO] [stderr]     |             ----^^^^^
[INFO] [stderr]     |             |
[INFO] [stderr]     |             help: remove this `mut`
[INFO] [stderr] 
[INFO] [stderr] warning: variable does not need to be mutable
[INFO] [stderr]    --> src/storage/btree.rs:759:13
[INFO] [stderr]     |
[INFO] [stderr] 759 |         let mut btree = setup_btree();
[INFO] [stderr]     |             ----^^^^^
[INFO] [stderr]     |             |
[INFO] [stderr]     |             help: remove this `mut`
[INFO] [stderr] 
[INFO] [stderr] warning: variable does not need to be mutable
[INFO] [stderr]    --> src/storage/btree.rs:773:13
[INFO] [stderr]     |
[INFO] [stderr] 773 |         let mut btree = setup_btree();
[INFO] [stderr]     |             ----^^^^^
[INFO] [stderr]     |             |
[INFO] [stderr]     |             help: remove this `mut`
[INFO] [stderr] 
[INFO] [stderr] warning: variable does not need to be mutable
[INFO] [stderr]    --> src/storage/btree.rs:781:13
[INFO] [stderr]     |
[INFO] [stderr] 781 |         let mut btree = setup_btree();
[INFO] [stderr]     |             ----^^^^^
[INFO] [stderr]     |             |
[INFO] [stderr]     |             help: remove this `mut`
[INFO] [stderr] 
[INFO] [stderr] warning: variable does not need to be mutable
[INFO] [stderr]    --> src/storage/btree.rs:798:13
[INFO] [stderr]     |
[INFO] [stderr] 798 |         let mut btree = setup_btree();
[INFO] [stderr]     |             ----^^^^^
[INFO] [stderr]     |             |
[INFO] [stderr]     |             help: remove this `mut`
[INFO] [stderr] 
[INFO] [stderr] warning: variable does not need to be mutable
[INFO] [stderr]    --> src/storage/btree.rs:822:13
[INFO] [stderr]     |
[INFO] [stderr] 822 |         let mut btree = setup_btree();
[INFO] [stderr]     |             ----^^^^^
[INFO] [stderr]     |             |
[INFO] [stderr]     |             help: remove this `mut`
[INFO] [stderr] 
[INFO] [stderr] warning: variable does not need to be mutable
[INFO] [stderr]    --> src/storage/mod.rs:208:17
[INFO] [stderr]     |
[INFO] [stderr] 208 |             let mut db = Database::open(config.clone()).unwrap();
[INFO] [stderr]     |                 ----^^
[INFO] [stderr]     |                 |
[INFO] [stderr]     |                 help: remove this `mut`
[INFO] [stderr] 
[INFO] [stderr] warning: variable does not need to be mutable
[INFO] [stderr]    --> src/storage/mod.rs:214:17
[INFO] [stderr]     |
[INFO] [stderr] 214 |             let mut db = Database::open(config).unwrap();
[INFO] [stderr]     |                 ----^^
[INFO] [stderr]     |                 |
[INFO] [stderr]     |                 help: remove this `mut`
[INFO] [stderr] 
[INFO] [stderr] warning: variable does not need to be mutable
[INFO] [stderr]    --> src/storage/mod.rs:227:17
[INFO] [stderr]     |
[INFO] [stderr] 227 |             let mut db = Database::open(config.clone()).unwrap();
[INFO] [stderr]     |                 ----^^
[INFO] [stderr]     |                 |
[INFO] [stderr]     |                 help: remove this `mut`
[INFO] [stderr] 
[INFO] [stderr] warning: variable does not need to be mutable
[INFO] [stderr]    --> src/storage/mod.rs:240:17
[INFO] [stderr]     |
[INFO] [stderr] 240 |             let mut db = Database::open(config).unwrap();
[INFO] [stderr]     |                 ----^^
[INFO] [stderr]     |                 |
[INFO] [stderr]     |                 help: remove this `mut`
[INFO] [stderr] 
[INFO] [stderr] warning: variable does not need to be mutable
[INFO] [stderr]    --> src/storage/mod.rs:256:17
[INFO] [stderr]     |
[INFO] [stderr] 256 |             let mut db = Database::open(config.clone()).unwrap();
[INFO] [stderr]     |                 ----^^
[INFO] [stderr]     |                 |
[INFO] [stderr]     |                 help: remove this `mut`
[INFO] [stderr] 
[INFO] [stderr] warning: variable does not need to be mutable
[INFO] [stderr]    --> src/storage/mod.rs:264:17
[INFO] [stderr]     |
[INFO] [stderr] 264 |             let mut db = Database::open(config).unwrap();
[INFO] [stderr]     |                 ----^^
[INFO] [stderr]     |                 |
[INFO] [stderr]     |                 help: remove this `mut`
[INFO] [stderr] 
[INFO] [stderr] warning: variable does not need to be mutable
[INFO] [stderr]   --> tests/crash_recovery.rs:16:13
[INFO] [stderr]    |
[INFO] [stderr] 16 |         let mut db = Database::open(config.clone()).expect("Failed to open db");
[INFO] [stderr]    |             ----^^
[INFO] [stderr]    |             |
[INFO] [stderr]    |             help: remove this `mut`
[INFO] [stderr]    |
[INFO] [stderr]    = note: `#[warn(unused_mut)]` (part of `#[warn(unused)]`) on by default
[INFO] [stderr] 
[INFO] [stderr] warning: variable does not need to be mutable
[INFO] [stderr]   --> tests/crash_recovery.rs:26:13
[INFO] [stderr]    |
[INFO] [stderr] 26 |         let mut db = Database::open(config.clone()).expect("Failed to recover db");
[INFO] [stderr]    |             ----^^
[INFO] [stderr]    |             |
[INFO] [stderr]    |             help: remove this `mut`
[INFO] [stderr] 
[INFO] [stderr] warning: `magnumdb` (example "basic_usage") generated 1 warning (run `cargo fix --example "basic_usage" -p magnumdb` to apply 1 suggestion)
[INFO] [stderr] warning: `magnumdb` (bin "magnumdb") generated 1 warning (run `cargo fix --bin "magnumdb" -p magnumdb` to apply 1 suggestion)
[INFO] [stderr] warning: `magnumdb` (bin "magnumdb" test) generated 1 warning (1 duplicate)
[INFO] [stderr] warning: `magnumdb` (lib test) generated 17 warnings (5 duplicates) (run `cargo fix --lib -p magnumdb --tests` to apply 12 suggestions)
[INFO] [stderr] warning: `magnumdb` (test "crash_recovery") generated 2 warnings (run `cargo fix --test "crash_recovery" -p magnumdb` to apply 2 suggestions)
[INFO] [stderr]     Finished `release` profile [optimized] target(s) in 0.18s
[INFO] [stderr]      Running unittests src/lib.rs (/opt/rustwide/target/release/deps/magnumdb-9b021a795124d4a9)
[INFO] [stdout] 
[INFO] [stdout] running 20 tests
[INFO] [stdout] test network::pgwire::tests::test_substitute_params ... ok
[INFO] [stdout] test storage::btree::tests::test_btree_insert_get_delete ... ok
[INFO] [stdout] test sql::executor::tests::test_executor_order_by_limit_offset ... ok
[INFO] [stdout] test storage::btree::tests::test_btree_overflow_large_record ... ok
[INFO] [stdout] test storage::pager::tests::test_pager_magic_bytes_validation ... ok
[INFO] [stdout] test storage::pager::tests::test_pager_checkpoint_lsn ... ok
[INFO] [stdout] test sql::parser::tests::test_parse_create_schema ... ok
[INFO] [stdout] test sql::parser::tests::test_parse_create_user ... ok
[INFO] [stdout] test sql::parser::tests::test_parse_order_by_limit_offset ... ok
[INFO] [stdout] test storage::buffer_pool::tests::test_buffer_pool_eviction ... ok
[INFO] [stdout] test storage::tests::test_database_close_wal_disabled ... ok
[INFO] [stdout] test storage::pager::tests::test_pager_round_trip ... ok
[INFO] [stdout] test storage::btree::tests::test_btree_rejects_oversized_key ... ok
[INFO] [stdout] test storage::pager::tests::test_pager_free_list_recycling ... ok
[INFO] [stdout] test storage::buffer_pool::tests::test_buffer_pool_flush_and_sync ... ok
[INFO] [stdout] test storage::btree::tests::test_btree_prefix_scan ... ok
[INFO] [stdout] test storage::tests::test_database_wal_checkpoint ... ok
[INFO] [stdout] test storage::tests::test_database_tx_commit_durable ... ok
[INFO] [stdout] test storage::btree::tests::test_btree_split_behavior ... ok
[INFO] [stdout] test storage::btree::tests::test_btree_randomized_sequence ... ok
[INFO] [stdout] 
[INFO] [stdout] test result: ok. 20 passed; 0 failed; 0 ignored; 0 measured; 0 filtered out; finished in 0.07s
[INFO] [stdout] 
[INFO] [stderr]      Running unittests src/main.rs (/opt/rustwide/target/release/deps/magnumdb-c96a81831039419d)
[INFO] [stdout] 
[INFO] [stdout] running 0 tests
[INFO] [stdout] 
[INFO] [stdout] test result: ok. 0 passed; 0 failed; 0 ignored; 0 measured; 0 filtered out; finished in 0.00s
[INFO] [stdout] 
[INFO] [stderr]      Running tests/crash_recovery.rs (/opt/rustwide/target/release/deps/crash_recovery-7cf7af326fc5f5f8)
[INFO] [stdout] 
[INFO] [stdout] running 1 test
[INFO] [stdout] test test_wal_crash_recovery ... ok
[INFO] [stdout] 
[INFO] [stdout] test result: ok. 1 passed; 0 failed; 0 ignored; 0 measured; 0 filtered out; finished in 0.02s
[INFO] [stdout] 
[INFO] [stderr]      Running tests/network_test.rs (/opt/rustwide/target/release/deps/network_test-6969df7a9d21e9e8)
[INFO] [stdout] 
[INFO] [stdout] running 1 test
[INFO] [stderr]      Running tests/sql_tests.rs (/opt/rustwide/target/release/deps/sql_tests-3ba89ca94cac1d07)
[INFO] [stdout] test test_tcp_server_query_roundtrip ... ok
[INFO] [stdout] 
[INFO] [stdout] test result: ok. 1 passed; 0 failed; 0 ignored; 0 measured; 0 filtered out; finished in 0.11s
[INFO] [stdout] 
[INFO] [stdout] 
[INFO] [stdout] running 15 tests
[INFO] [stdout] test test_alter_table_add_column ... ok
[INFO] [stdout] test test_create_table_and_insert ... ok
[INFO] [stdout] test test_advanced_sql_more_subqueries ... ok
[INFO] [stdout] test test_advanced_sql ... ok
[INFO] [stdout] test test_schemas_and_namespaces ... ok
[INFO] [stdout] test test_update_and_delete ... ok
[INFO] [stdout] test test_advanced_sql_more_unions ... ok
[INFO] [stdout] test test_information_schema ... ok
[INFO] [stdout] test test_transactions ... ok
[INFO] [stdout] test test_insert_with_commas_in_values ... ok
[INFO] [stdout] test test_advanced_sql_more_ctes ... FAILED
[INFO] [stdout] test test_advanced_sql_more_window_functions ... FAILED
[INFO] [stdout] test test_drop_table ... ok
[INFO] [stdout] test test_data_type_validation_and_not_null ... ok
[INFO] [stdout] test test_unique_and_default ... ok
[INFO] [stdout] 
[INFO] [stdout] failures:
[INFO] [stdout] 
[INFO] [stdout] ---- test_advanced_sql_more_ctes stdout ----
[INFO] [stdout] 
[INFO] [stdout] thread 'test_advanced_sql_more_ctes' (1756) panicked at tests/sql_tests.rs:338:5:
[INFO] [stdout] assertion failed: !res.contains("1")
[INFO] [stdout] stack backtrace:
[INFO] [stdout]    0:     0x5d4cad9dacb1 - <<std[70759c8f55707aa4]::sys::backtrace::BacktraceLock>::print::DisplayBacktrace as core[df12db4294e9bfd3]::fmt::Display>::fmt
[INFO] [stdout]    1:     0x5d4cad9f1bca - core[df12db4294e9bfd3]::fmt::write
[INFO] [stdout]    2:     0x5d4cad9df92c - <alloc[2182bb758b4b3781]::vec::Vec<u8> as core[df12db4294e9bfd3]::io::write::Write>::write_fmt
[INFO] [stdout]    3:     0x5d4cad9b5706 - std[70759c8f55707aa4]::panicking::default_hook::{closure#0}
[INFO] [stdout]    4:     0x5d4cad9d2ce9 - std[70759c8f55707aa4]::panicking::default_hook
[INFO] [stdout]    5:     0x5d4cad90c610 - test[9d35eded1c95d3be]::test_main_inner::<test[9d35eded1c95d3be]::test_main_static::{closure#0}>::{closure#0}
[INFO] [stdout]    6:     0x5d4cad9d2ea2 - std[70759c8f55707aa4]::panicking::panic_with_hook
[INFO] [stdout]    7:     0x5d4cad9b57e4 - std[70759c8f55707aa4]::panicking::panic_handler::{closure#0}
[INFO] [stdout]    8:     0x5d4cad9ade89 - std[70759c8f55707aa4]::sys::backtrace::__rust_end_short_backtrace::<std[70759c8f55707aa4]::panicking::panic_handler::{closure#0}, !>
[INFO] [stdout]    9:     0x5d4cad9b64bd - __rustc[8fa7c3cbc660c2b3]::rust_begin_unwind
[INFO] [stdout]   10:     0x5d4cad9f22fc - core[df12db4294e9bfd3]::panicking::panic_fmt
[INFO] [stdout]   11:     0x5d4cad9f22c2 - core[df12db4294e9bfd3]::panicking::panic
[INFO] [stdout]   12:     0x5d4cad8fa5e6 - <sql_tests[9648523ba8ef613a]::test_advanced_sql_more_ctes::{closure#0} as core[df12db4294e9bfd3]::ops::function::FnOnce<()>>::call_once
[INFO] [stdout]   13:     0x5d4cad8ff8fb - test[9d35eded1c95d3be]::__rust_begin_short_backtrace::<core[df12db4294e9bfd3]::result::Result<(), alloc[2182bb758b4b3781]::string::String>, fn() -> core[df12db4294e9bfd3]::result::Result<(), alloc[2182bb758b4b3781]::string::String>>
[INFO] [stdout]   14:     0x5d4cad90cf65 - test[9d35eded1c95d3be]::run_test::{closure#0}
[INFO] [stdout]   15:     0x5d4cad906824 - std[70759c8f55707aa4]::sys::backtrace::__rust_begin_short_backtrace::<test[9d35eded1c95d3be]::run_test::{closure#1}, ()>
[INFO] [stdout]   16:     0x5d4cad9100c2 - <std[70759c8f55707aa4]::thread::lifecycle::spawn_unchecked<test[9d35eded1c95d3be]::run_test::{closure#1}, ()>::{closure#1} as core[df12db4294e9bfd3]::ops::function::FnOnce<()>>::call_once::{shim:vtable#0}
[INFO] [stdout]   17:     0x5d4cad9da589 - <std[70759c8f55707aa4]::sys::thread::unix::Thread>::new::thread_start
[INFO] [stdout]   18:     0x769450182dfa - <unknown>
[INFO] [stdout]   19:     0x7694502163d4 - clone
[INFO] [stdout]   20:                0x0 - <unknown>
[INFO] [stdout] 
[INFO] [stdout] ---- test_advanced_sql_more_window_functions stdout ----
[INFO] [stdout] 
[INFO] [stdout] thread 'test_advanced_sql_more_window_functions' (1759) panicked at tests/sql_tests.rs:350:82:
[INFO] [stdout] called `Result::unwrap()` on an `Err` value: UNIQUE constraint violation: Primary key 'P1' already exists
[INFO] [stdout] 
[INFO] [stdout] Stack backtrace:
[INFO] [stdout]    0: <anyhow::Error>::msg::<alloc::string::String>
[INFO] [stdout]    1: <magnumdb::sql::executor::Executor>::execute
[INFO] [stdout]    2: <sql_tests::test_advanced_sql_more_window_functions::{closure#0} as core::ops::function::FnOnce<()>>::call_once
[INFO] [stdout]    3: test::__rust_begin_short_backtrace::<core::result::Result<(), alloc::string::String>, fn() -> core::result::Result<(), alloc::string::String>>
[INFO] [stdout]    4: test::run_test::{closure#0}
[INFO] [stdout]    5: std::sys::backtrace::__rust_begin_short_backtrace::<test::run_test::{closure#1}, ()>
[INFO] [stdout]    6: <std::thread::lifecycle::spawn_unchecked<test::run_test::{closure#1}, ()>::{closure#1} as core::ops::function::FnOnce<()>>::call_once::{shim:vtable#0}
[INFO] [stdout]    7: <std::sys::thread::unix::Thread>::new::thread_start
[INFO] [stdout]    8: <unknown>
[INFO] [stdout]    9: clone
[INFO] [stdout] stack backtrace:
[INFO] [stdout]    0:     0x5d4cad9dacb1 - <<std[70759c8f55707aa4]::sys::backtrace::BacktraceLock>::print::DisplayBacktrace as core[df12db4294e9bfd3]::fmt::Display>::fmt
[INFO] [stdout]    1:     0x5d4cad9f1bca - core[df12db4294e9bfd3]::fmt::write
[INFO] [stdout]    2:     0x5d4cad9df92c - <alloc[2182bb758b4b3781]::vec::Vec<u8> as core[df12db4294e9bfd3]::io::write::Write>::write_fmt
[INFO] [stdout]    3:     0x5d4cad9b5706 - std[70759c8f55707aa4]::panicking::default_hook::{closure#0}
[INFO] [stdout]    4:     0x5d4cad9d2ce9 - std[70759c8f55707aa4]::panicking::default_hook
[INFO] [stdout]    5:     0x5d4cad90c610 - test[9d35eded1c95d3be]::test_main_inner::<test[9d35eded1c95d3be]::test_main_static::{closure#0}>::{closure#0}
[INFO] [stdout]    6:     0x5d4cad9d2ea2 - std[70759c8f55707aa4]::panicking::panic_with_hook
[INFO] [stdout]    7:     0x5d4cad9b57b2 - std[70759c8f55707aa4]::panicking::panic_handler::{closure#0}
[INFO] [stdout]    8:     0x5d4cad9ade89 - std[70759c8f55707aa4]::sys::backtrace::__rust_end_short_backtrace::<std[70759c8f55707aa4]::panicking::panic_handler::{closure#0}, !>
[INFO] [stdout]    9:     0x5d4cad9b64bd - __rustc[8fa7c3cbc660c2b3]::rust_begin_unwind
[INFO] [stdout]   10:     0x5d4cad9f22fc - core[df12db4294e9bfd3]::panicking::panic_fmt
[INFO] [stdout]   11:     0x5d4cad9f20d2 - core[df12db4294e9bfd3]::result::unwrap_failed
[INFO] [stdout]   12:     0x5d4cad8ff4a2 - <sql_tests[9648523ba8ef613a]::test_advanced_sql_more_window_functions::{closure#0} as core[df12db4294e9bfd3]::ops::function::FnOnce<()>>::call_once
[INFO] [stdout]   13:     0x5d4cad8ff8fb - test[9d35eded1c95d3be]::__rust_begin_short_backtrace::<core[df12db4294e9bfd3]::result::Result<(), alloc[2182bb758b4b3781]::string::String>, fn() -> core[df12db4294e9bfd3]::result::Result<(), alloc[2182bb758b4b3781]::string::String>>
[INFO] [stdout]   14:     0x5d4cad90cf65 - test[9d35eded1c95d3be]::run_test::{closure#0}
[INFO] [stdout]   15:     0x5d4cad906824 - std[70759c8f55707aa4]::sys::backtrace::__rust_begin_short_backtrace::<test[9d35eded1c95d3be]::run_test::{closure#1}, ()>
[INFO] [stdout]   16:     0x5d4cad9100c2 - <std[70759c8f55707aa4]::thread::lifecycle::spawn_unchecked<test[9d35eded1c95d3be]::run_test::{closure#1}, ()>::{closure#1} as core[df12db4294e9bfd3]::ops::function::FnOnce<()>>::call_once::{shim:vtable#0}
[INFO] [stdout]   17:     0x5d4cad9da589 - <std[70759c8f55707aa4]::sys::thread::unix::Thread>::new::thread_start
[INFO] [stdout]   18:     0x769450182dfa - <unknown>
[INFO] [stdout]   19:     0x7694502163d4 - clone
[INFO] [stdout]   20:                0x0 - <unknown>
[INFO] [stdout] 
[INFO] [stdout] 
[INFO] [stdout] failures:
[INFO] [stdout]     test_advanced_sql_more_ctes
[INFO] [stdout]     test_advanced_sql_more_window_functions
[INFO] [stdout] 
[INFO] [stdout] test result: FAILED. 13 passed; 2 failed; 0 ignored; 0 measured; 0 filtered out; finished in 0.03s
[INFO] [stdout] 
[INFO] [stderr] error: test failed, to rerun pass `--test sql_tests`
[INFO] running `Command { std: "docker" "inspect" "a6f454d2a7391eb0f44b85843f028e9efef26a59ef6d877a624ef54e9d7ccb2d", kill_on_drop: false }`
[INFO] running `Command { std: "docker" "rm" "-f" "a6f454d2a7391eb0f44b85843f028e9efef26a59ef6d877a624ef54e9d7ccb2d", kill_on_drop: false }`
[INFO] [stdout] a6f454d2a7391eb0f44b85843f028e9efef26a59ef6d877a624ef54e9d7ccb2d
