[INFO] fetching crate maglev 0.2.1...
[INFO] testing maglev-0.2.1 against 1.99.0-beta.8+cargoflags=--release for beta-release-1.100-2
[INFO] extracting crate maglev 0.2.1 into /workspace/builds/worker-4-tc1/source
[INFO] started tweaking crates.io crate maglev 0.2.1
[INFO] finished tweaking crates.io crate maglev 0.2.1
[INFO] tweaked toml for crates.io crate maglev 0.2.1 written to /workspace/builds/worker-4-tc1/source/Cargo.toml
[INFO] validating manifest of crates.io crate maglev 0.2.1 on toolchain 1.99.0-beta.8
[INFO] running `Command { std: CARGO_HOME="/workspace/cargo-home" RUSTUP_HOME="/workspace/rustup-home" "/workspace/cargo-home/bin/cargo" "+1.99.0-beta.8" "metadata" "--manifest-path" "Cargo.toml" "--no-deps", kill_on_drop: false }`
[INFO] running `Command { std: CARGO_HOME="/workspace/cargo-home" RUSTUP_HOME="/workspace/rustup-home" "/workspace/cargo-home/bin/cargo" "+1.99.0-beta.8" "generate-lockfile" "--manifest-path" "Cargo.toml", kill_on_drop: false }`
[INFO] [stderr]     Updating crates.io index
[INFO] [stderr]      Locking 62 packages to highest compatible versions
[INFO] [stderr]       Adding skeptic v0.13.7 (available: v0.14.1)
[INFO] running `Command { std: CARGO_HOME="/workspace/cargo-home" RUSTUP_HOME="/workspace/rustup-home" "/workspace/cargo-home/bin/cargo" "+1.99.0-beta.8" "fetch" "--manifest-path" "Cargo.toml", kill_on_drop: false }`
[INFO] [stderr]  Downloading crates ...
[INFO] [stderr]   Downloaded camino v1.2.6
[INFO] [stderr]   Downloaded primal-sieve v0.3.7
[INFO] [stderr]   Downloaded primal-estimate v0.3.3
[INFO] [stderr]   Downloaded primal-bit v0.3.2
[INFO] [stderr]   Downloaded primal v0.3.3
[INFO] [stderr]   Downloaded fuchsia-cprng v0.1.1
[INFO] [stderr]   Downloaded primal-check v0.3.4
[INFO] [stderr]   Downloaded hamming v0.1.3
[INFO] [stderr]   Downloaded xoroshiro128 v0.3.0
[INFO] [stderr]   Downloaded rand_core v0.3.2
[INFO] [stderr]   Downloaded rdrand v0.4.0
[INFO] [stderr]   Downloaded rand_core v0.4.3
[INFO] [stderr]   Downloaded seahash v3.0.7
[INFO] [stderr]   Downloaded fasthash v0.4.0
[INFO] [stderr]   Downloaded gcc v0.3.55
[INFO] [stderr]   Downloaded rand v0.4.6
[INFO] [stderr]   Downloaded fasthash-sys v0.3.2
[INFO] running `Command { std: "docker" "create" "-v" "/var/lib/crater-agent-workspace/builds/worker-4-tc1/source:/opt/rustwide/workdir:ro,Z" "-v" "/var/lib/crater-agent-workspace/builds/worker-4-tc1/target:/opt/rustwide/target:rw,Z" "-v" "/var/lib/crater-agent-workspace/cargo-home:/opt/rustwide/cargo-home:ro,Z" "-v" "/var/lib/crater-agent-workspace/rustup-home:/opt/rustwide/rustup-home:ro,Z" "-m" "1610612736" "--network" "none" "ghcr.io/rust-lang/crates-build-env/linux@sha256:77db811e55d90add9212f6832c23229e3de5f1c1f9905e8cb07319ea15df73ac" "sleep" "infinity", kill_on_drop: false }`
[INFO] [stdout] 04c6d1735325fa8d51fbef96cca24b5f890284fd473bbed435d2b1cb806d3f70
[INFO] running `Command { std: "docker" "start" "04c6d1735325fa8d51fbef96cca24b5f890284fd473bbed435d2b1cb806d3f70", kill_on_drop: false }`
[INFO] running `Command { std: "docker" "inspect" "04c6d1735325fa8d51fbef96cca24b5f890284fd473bbed435d2b1cb806d3f70", kill_on_drop: false }`
[INFO] running `Command { std: "docker" "exec" "-e" "SOURCE_DIR=/opt/rustwide/workdir" "-e" "CARGO_HOME=/opt/rustwide/cargo-home" "-e" "RUSTUP_HOME=/opt/rustwide/rustup-home" "-e" "CARGO_TARGET_DIR=/opt/rustwide/target" "-w" "/opt/rustwide/workdir" "--user" "0:0" "04c6d1735325fa8d51fbef96cca24b5f890284fd473bbed435d2b1cb806d3f70" "/opt/rustwide/cargo-home/bin/cargo" "+1.99.0-beta.8" "metadata" "--no-deps" "--format-version=1", kill_on_drop: false }`
[INFO] running `Command { std: "docker" "inspect" "04c6d1735325fa8d51fbef96cca24b5f890284fd473bbed435d2b1cb806d3f70", kill_on_drop: false }`
[INFO] running `Command { std: "docker" "exec" "-e" "SOURCE_DIR=/opt/rustwide/workdir" "-e" "CARGO_HOME=/opt/rustwide/cargo-home" "-e" "RUSTUP_HOME=/opt/rustwide/rustup-home" "-e" "CARGO_TARGET_DIR=/opt/rustwide/target" "-e" "CARGO_INCREMENTAL=0" "-e" "RUST_BACKTRACE=full" "-e" "RUSTFLAGS=--cap-lints=warn" "-e" "RUSTDOCFLAGS=--cap-lints=warn" "-w" "/opt/rustwide/workdir" "--user" "0:0" "04c6d1735325fa8d51fbef96cca24b5f890284fd473bbed435d2b1cb806d3f70" "/opt/rustwide/cargo-home/bin/cargo" "+1.99.0-beta.8" "build" "--frozen" "--message-format=json" "--release", kill_on_drop: false }`
[INFO] [stderr]    Compiling proc-macro2 v1.0.107
[INFO] [stderr]    Compiling serde_core v1.0.229
[INFO] [stderr]    Compiling quote v1.0.47
[INFO] [stderr]    Compiling libc v0.2.191
[INFO] [stderr]    Compiling camino v1.2.6
[INFO] [stderr]    Compiling serde_json v1.0.154
[INFO] [stderr]    Compiling memchr v2.8.3
[INFO] [stderr]    Compiling rustix v1.1.5
[INFO] [stderr]    Compiling bitflags v2.13.2
[INFO] [stderr]    Compiling getrandom v0.4.3
[INFO] [stderr]    Compiling serde v1.0.229
[INFO] [stderr]    Compiling error-chain v0.12.4
[INFO] [stderr]    Compiling num-traits v0.2.19
[INFO] [stderr]    Compiling pulldown-cmark v0.9.6
[INFO] [stderr]    Compiling linux-raw-sys v0.12.1
[INFO] [stderr]    Compiling cfg-if v1.0.5
[INFO] [stderr]    Compiling unicase v2.10.0
[INFO] [stderr]    Compiling once_cell v1.21.4
[INFO] [stderr]    Compiling fastrand v2.5.0
[INFO] [stderr]    Compiling same-file v1.0.6
[INFO] [stderr]    Compiling bytecount v0.6.9
[INFO] [stderr]    Compiling hamming v0.1.3
[INFO] [stderr]    Compiling glob v0.3.4
[INFO] [stderr]    Compiling smallvec v1.16.3
[INFO] [stderr]    Compiling primal-estimate v0.3.3
[INFO] [stderr]    Compiling primal-bit v0.3.2
[INFO] [stderr]    Compiling walkdir v2.5.0
[INFO] [stderr]    Compiling primal-sieve v0.3.7
[INFO] [stderr]    Compiling syn v3.0.9
[INFO] [stderr]    Compiling num-integer v0.1.47
[INFO] [stderr]    Compiling primal-check v0.3.4
[INFO] [stderr]    Compiling primal v0.3.3
[INFO] [stderr]    Compiling tempfile v3.27.0
[INFO] [stderr]    Compiling semver v1.0.28
[INFO] [stderr]    Compiling serde_derive v1.0.229
[INFO] [stderr]    Compiling cargo-platform v0.1.9
[INFO] [stderr]    Compiling cargo_metadata v0.14.2
[INFO] [stderr]    Compiling skeptic v0.13.7
[INFO] [stderr]    Compiling maglev v0.2.1 (/opt/rustwide/workdir)
[INFO] [stderr]     Finished `release` profile [optimized] target(s) in 16.19s
[INFO] running `Command { std: "docker" "inspect" "04c6d1735325fa8d51fbef96cca24b5f890284fd473bbed435d2b1cb806d3f70", kill_on_drop: false }`
[INFO] running `Command { std: "docker" "exec" "-e" "SOURCE_DIR=/opt/rustwide/workdir" "-e" "CARGO_HOME=/opt/rustwide/cargo-home" "-e" "RUSTUP_HOME=/opt/rustwide/rustup-home" "-e" "CARGO_TARGET_DIR=/opt/rustwide/target" "-e" "CARGO_INCREMENTAL=0" "-e" "RUST_BACKTRACE=full" "-e" "RUSTFLAGS=--cap-lints=warn" "-e" "RUSTDOCFLAGS=--cap-lints=warn" "-w" "/opt/rustwide/workdir" "--user" "0:0" "04c6d1735325fa8d51fbef96cca24b5f890284fd473bbed435d2b1cb806d3f70" "/opt/rustwide/cargo-home/bin/cargo" "+1.99.0-beta.8" "test" "--frozen" "--no-run" "--message-format=json" "--release", kill_on_drop: false }`
[INFO] [stderr]    Compiling serde_core v1.0.229
[INFO] [stderr]    Compiling libc v0.2.191
[INFO] [stderr]    Compiling memchr v2.8.3
[INFO] [stderr]    Compiling gcc v0.3.55
[INFO] [stderr]    Compiling bitflags v2.13.2
[INFO] [stderr]    Compiling rustix v1.1.5
[INFO] [stderr]    Compiling camino v1.2.6
[INFO] [stderr]    Compiling serde_json v1.0.154
[INFO] [stderr]    Compiling getrandom v0.4.3
[INFO] [stderr]    Compiling linux-raw-sys v0.12.1
[INFO] [stderr]    Compiling error-chain v0.12.4
[INFO] [stderr]    Compiling pulldown-cmark v0.9.6
[INFO] [stderr]    Compiling fastrand v2.5.0
[INFO] [stderr]    Compiling unicase v2.10.0
[INFO] [stderr]    Compiling same-file v1.0.6
[INFO] [stderr]    Compiling once_cell v1.21.4
[INFO] [stderr]    Compiling bytecount v0.6.9
[INFO] [stderr]    Compiling seahash v3.0.7
[INFO] [stderr]    Compiling glob v0.3.4
[INFO] [stderr]    Compiling walkdir v2.5.0
[INFO] [stderr]    Compiling fasthash-sys v0.3.2
[INFO] [stderr]    Compiling rand v0.4.6
[INFO] [stderr]    Compiling xoroshiro128 v0.3.0
[INFO] [stderr]    Compiling tempfile v3.27.0
[INFO] [stderr]    Compiling serde v1.0.229
[INFO] [stderr]    Compiling semver v1.0.28
[INFO] [stderr]    Compiling cargo-platform v0.1.9
[INFO] [stderr]    Compiling cargo_metadata v0.14.2
[INFO] [stderr]    Compiling skeptic v0.13.7
[INFO] [stderr]    Compiling fasthash v0.4.0
[INFO] [stderr]    Compiling maglev v0.2.1 (/opt/rustwide/workdir)
[INFO] [stderr]     Finished `release` profile [optimized] target(s) in 21.90s
[INFO] running `Command { std: "docker" "inspect" "04c6d1735325fa8d51fbef96cca24b5f890284fd473bbed435d2b1cb806d3f70", kill_on_drop: false }`
[INFO] running `Command { std: "docker" "exec" "-e" "SOURCE_DIR=/opt/rustwide/workdir" "-e" "CARGO_HOME=/opt/rustwide/cargo-home" "-e" "RUSTUP_HOME=/opt/rustwide/rustup-home" "-e" "CARGO_TARGET_DIR=/opt/rustwide/target" "-e" "CARGO_INCREMENTAL=0" "-e" "RUST_BACKTRACE=full" "-e" "RUSTFLAGS=--cap-lints=warn" "-e" "RUSTDOCFLAGS=--cap-lints=warn" "-w" "/opt/rustwide/workdir" "--user" "0:0" "04c6d1735325fa8d51fbef96cca24b5f890284fd473bbed435d2b1cb806d3f70" "/opt/rustwide/cargo-home/bin/cargo" "+1.99.0-beta.8" "test" "--frozen" "--release", kill_on_drop: false }`
[INFO] [stderr]     Finished `release` profile [optimized] target(s) in 0.08s
[INFO] [stderr]      Running unittests src/lib.rs (/opt/rustwide/target/release/deps/maglev-b5ca0cb4af62875f)
[INFO] [stdout] 
[INFO] [stdout] running 5 tests
[INFO] [stdout] test maglev::tests::test_maglev ... ok
[INFO] [stdout] test maglev::tests::test_maglev_with_custom_hasher ... ok
[INFO] [stdout] test maglev::tests::test_maglev_with_empty_list ... ok
[INFO] [stdout] test maglev::tests::readme_sect_usage_line_15 ... FAILED
[INFO] [stderr] error: test failed, to rerun pass `--lib`
[INFO] [stdout] test maglev::tests::readme_sect_usage_line_48 ... FAILED
[INFO] [stdout] 
[INFO] [stdout] failures:
[INFO] [stdout] 
[INFO] [stdout] ---- maglev::tests::readme_sect_usage_line_15 stdout ----
[INFO] [stdout] error[E0432]: unresolved import `maglev`
[INFO] [stdout]  --> /tmp/rust-skepticYdJakz/test.rs:2:5
[INFO] [stdout]   |
[INFO] [stdout] 2 | use maglev::{ConsistentHasher, Maglev};
[INFO] [stdout]   |     ^^^^^^ use of unresolved module or unlinked crate `maglev`
[INFO] [stdout]   |
[INFO] [stdout]   = help: you might be missing a crate named `maglev`
[INFO] [stdout] 
[INFO] [stdout] error: aborting due to 1 previous error
[INFO] [stdout] 
[INFO] [stdout] For more information about this error, try `rustc --explain E0432`.
[INFO] [stdout] 
[INFO] [stdout] thread 'maglev::tests::readme_sect_usage_line_15' (1394) panicked at /opt/rustwide/cargo-home/registry/src/index.crates.io-1949cf8c6b5b557f/skeptic-0.13.7/src/rt.rs:127:9:
[INFO] [stdout] Command failed:
[INFO] [stdout] "rustc" "/tmp/rust-skepticYdJakz/test.rs" "--verbose" "--crate-type=bin" "--edition=2024" "-L" "/opt/rustwide/target/release" "-L" "/opt/rustwide/target/release/deps" "--target" "x86_64-unknown-linux-gnu" "-o" "/tmp/rust-skepticYdJakz/out.exe"
[INFO] [stdout] stack backtrace:
[INFO] [stdout]    0:     0x59b0f44aca91 - <<std[70759c8f55707aa4]::sys::backtrace::BacktraceLock>::print::DisplayBacktrace as core[df12db4294e9bfd3]::fmt::Display>::fmt
[INFO] [stdout]    1:     0x59b0f44c2e9a - core[df12db4294e9bfd3]::fmt::write
[INFO] [stdout]    2:     0x59b0f44b255c - <alloc[2182bb758b4b3781]::vec::Vec<u8> as core[df12db4294e9bfd3]::io::write::Write>::write_fmt
[INFO] [stdout]    3:     0x59b0f4486f26 - std[70759c8f55707aa4]::panicking::default_hook::{closure#0}
[INFO] [stdout]    4:     0x59b0f44a44e9 - std[70759c8f55707aa4]::panicking::default_hook
[INFO] [stdout]    5:     0x59b0f43f7ad0 - test[9d35eded1c95d3be]::test_main_inner::<test[9d35eded1c95d3be]::test_main_static::{closure#0}>::{closure#0}
[INFO] [stdout]    6:     0x59b0f44a46a2 - std[70759c8f55707aa4]::panicking::panic_with_hook
[INFO] [stdout]    7:     0x59b0f4486fd2 - std[70759c8f55707aa4]::panicking::panic_handler::{closure#0}
[INFO] [stdout]    8:     0x59b0f447fb69 - std[70759c8f55707aa4]::sys::backtrace::__rust_end_short_backtrace::<std[70759c8f55707aa4]::panicking::panic_handler::{closure#0}, !>
[INFO] [stdout]    9:     0x59b0f4487bcd - __rustc[8fa7c3cbc660c2b3]::rust_begin_unwind
[INFO] [stdout]   10:     0x59b0f44c35cc - core[df12db4294e9bfd3]::panicking::panic_fmt
[INFO] [stdout]   11:     0x59b0f44306fa - skeptic[f32884cd0e626a1e]::rt::interpret_output
[INFO] [stdout]   12:     0x59b0f442fa2b - skeptic[f32884cd0e626a1e]::rt::handle_test
[INFO] [stdout]   13:     0x59b0f443083a - skeptic[f32884cd0e626a1e]::rt::run_test
[INFO] [stdout]   14:     0x59b0f43e905c - <maglev[3b529472c0df1d90]::maglev::tests::readme_sect_usage_line_15::{closure#0} as core[df12db4294e9bfd3]::ops::function::FnOnce<()>>::call_once
[INFO] [stdout]   15:     0x59b0f43eadbb - test[9d35eded1c95d3be]::__rust_begin_short_backtrace::<core[df12db4294e9bfd3]::result::Result<(), alloc[2182bb758b4b3781]::string::String>, fn() -> core[df12db4294e9bfd3]::result::Result<(), alloc[2182bb758b4b3781]::string::String>>
[INFO] [stdout]   16:     0x59b0f43f8425 - test[9d35eded1c95d3be]::run_test::{closure#0}
[INFO] [stdout]   17:     0x59b0f43f1ce4 - std[70759c8f55707aa4]::sys::backtrace::__rust_begin_short_backtrace::<test[9d35eded1c95d3be]::run_test::{closure#1}, ()>
[INFO] [stdout]   18:     0x59b0f43fb582 - <std[70759c8f55707aa4]::thread::lifecycle::spawn_unchecked<test[9d35eded1c95d3be]::run_test::{closure#1}, ()>::{closure#1} as core[df12db4294e9bfd3]::ops::function::FnOnce<()>>::call_once::{shim:vtable#0}
[INFO] [stdout]   19:     0x59b0f44ac0f9 - <std[70759c8f55707aa4]::sys::thread::unix::Thread>::new::thread_start
[INFO] [stdout]   20:     0x7737db71edfa - <unknown>
[INFO] [stdout]   21:     0x7737db7b23d4 - clone
[INFO] [stdout]   22:                0x0 - <unknown>
[INFO] [stdout] 
[INFO] [stdout] ---- maglev::tests::readme_sect_usage_line_48 stdout ----
[INFO] [stdout] error[E0433]: cannot find module or crate `fasthash` in this scope
[INFO] [stdout]  --> /tmp/rust-skeptic59t8pA/test.rs:2:5
[INFO] [stdout]   |
[INFO] [stdout] 2 | use fasthash::spooky::Hash128;
[INFO] [stdout]   |     ^^^^^^^^ use of unresolved module or unlinked crate `fasthash`
[INFO] [stdout]   |
[INFO] [stdout]   = help: you might be missing a crate named `fasthash`
[INFO] [stdout] 
[INFO] [stdout] error[E0432]: unresolved import `maglev`
[INFO] [stdout]  --> /tmp/rust-skeptic59t8pA/test.rs:3:5
[INFO] [stdout]   |
[INFO] [stdout] 3 | use maglev::Maglev;
[INFO] [stdout]   |     ^^^^^^ use of unresolved module or unlinked crate `maglev`
[INFO] [stdout]   |
[INFO] [stdout]   = help: you might be missing a crate named `maglev`
[INFO] [stdout] 
[INFO] [stdout] error: aborting due to 2 previous errors
[INFO] [stdout] 
[INFO] [stdout] Some errors have detailed explanations: E0432, E0433.
[INFO] [stdout] For more information about an error, try `rustc --explain E0432`.
[INFO] [stdout] 
[INFO] [stdout] thread 'maglev::tests::readme_sect_usage_line_48' (1395) panicked at /opt/rustwide/cargo-home/registry/src/index.crates.io-1949cf8c6b5b557f/skeptic-0.13.7/src/rt.rs:127:9:
[INFO] [stdout] Command failed:
[INFO] [stdout] "rustc" "/tmp/rust-skeptic59t8pA/test.rs" "--verbose" "--crate-type=bin" "--edition=2024" "-L" "/opt/rustwide/target/release" "-L" "/opt/rustwide/target/release/deps" "--target" "x86_64-unknown-linux-gnu" "-o" "/tmp/rust-skeptic59t8pA/out.exe"
[INFO] [stdout] stack backtrace:
[INFO] [stdout]    0:     0x59b0f44aca91 - <<std[70759c8f55707aa4]::sys::backtrace::BacktraceLock>::print::DisplayBacktrace as core[df12db4294e9bfd3]::fmt::Display>::fmt
[INFO] [stdout]    1:     0x59b0f44c2e9a - core[df12db4294e9bfd3]::fmt::write
[INFO] [stdout]    2:     0x59b0f44b255c - <alloc[2182bb758b4b3781]::vec::Vec<u8> as core[df12db4294e9bfd3]::io::write::Write>::write_fmt
[INFO] [stdout]    3:     0x59b0f4486f26 - std[70759c8f55707aa4]::panicking::default_hook::{closure#0}
[INFO] [stdout]    4:     0x59b0f44a44e9 - std[70759c8f55707aa4]::panicking::default_hook
[INFO] [stdout]    5:     0x59b0f43f7ad0 - test[9d35eded1c95d3be]::test_main_inner::<test[9d35eded1c95d3be]::test_main_static::{closure#0}>::{closure#0}
[INFO] [stdout]    6:     0x59b0f44a46a2 - std[70759c8f55707aa4]::panicking::panic_with_hook
[INFO] [stdout]    7:     0x59b0f4486fd2 - std[70759c8f55707aa4]::panicking::panic_handler::{closure#0}
[INFO] [stdout]    8:     0x59b0f447fb69 - std[70759c8f55707aa4]::sys::backtrace::__rust_end_short_backtrace::<std[70759c8f55707aa4]::panicking::panic_handler::{closure#0}, !>
[INFO] [stdout]    9:     0x59b0f4487bcd - __rustc[8fa7c3cbc660c2b3]::rust_begin_unwind
[INFO] [stdout]   10:     0x59b0f44c35cc - core[df12db4294e9bfd3]::panicking::panic_fmt
[INFO] [stdout]   11:     0x59b0f44306fa - skeptic[f32884cd0e626a1e]::rt::interpret_output
[INFO] [stdout]   12:     0x59b0f442fa2b - skeptic[f32884cd0e626a1e]::rt::handle_test
[INFO] [stdout]   13:     0x59b0f443083a - skeptic[f32884cd0e626a1e]::rt::run_test
[INFO] [stdout]   14:     0x59b0f43e912c - <maglev[3b529472c0df1d90]::maglev::tests::readme_sect_usage_line_48::{closure#0} as core[df12db4294e9bfd3]::ops::function::FnOnce<()>>::call_once
[INFO] [stdout]   15:     0x59b0f43eadbb - test[9d35eded1c95d3be]::__rust_begin_short_backtrace::<core[df12db4294e9bfd3]::result::Result<(), alloc[2182bb758b4b3781]::string::String>, fn() -> core[df12db4294e9bfd3]::result::Result<(), alloc[2182bb758b4b3781]::string::String>>
[INFO] [stdout]   16:     0x59b0f43f8425 - test[9d35eded1c95d3be]::run_test::{closure#0}
[INFO] [stdout]   17:     0x59b0f43f1ce4 - std[70759c8f55707aa4]::sys::backtrace::__rust_begin_short_backtrace::<test[9d35eded1c95d3be]::run_test::{closure#1}, ()>
[INFO] [stdout]   18:     0x59b0f43fb582 - <std[70759c8f55707aa4]::thread::lifecycle::spawn_unchecked<test[9d35eded1c95d3be]::run_test::{closure#1}, ()>::{closure#1} as core[df12db4294e9bfd3]::ops::function::FnOnce<()>>::call_once::{shim:vtable#0}
[INFO] [stdout]   19:     0x59b0f44ac0f9 - <std[70759c8f55707aa4]::sys::thread::unix::Thread>::new::thread_start
[INFO] [stdout]   20:     0x7737db71edfa - <unknown>
[INFO] [stdout]   21:     0x7737db7b23d4 - clone
[INFO] [stdout]   22:                0x0 - <unknown>
[INFO] [stdout] 
[INFO] [stdout] 
[INFO] [stdout] failures:
[INFO] [stdout]     maglev::tests::readme_sect_usage_line_15
[INFO] [stdout]     maglev::tests::readme_sect_usage_line_48
[INFO] [stdout] 
[INFO] [stdout] test result: FAILED. 3 passed; 2 failed; 0 ignored; 0 measured; 0 filtered out; finished in 0.52s
[INFO] [stdout] 
[INFO] running `Command { std: "docker" "inspect" "04c6d1735325fa8d51fbef96cca24b5f890284fd473bbed435d2b1cb806d3f70", kill_on_drop: false }`
[INFO] running `Command { std: "docker" "rm" "-f" "04c6d1735325fa8d51fbef96cca24b5f890284fd473bbed435d2b1cb806d3f70", kill_on_drop: false }`
[INFO] [stdout] 04c6d1735325fa8d51fbef96cca24b5f890284fd473bbed435d2b1cb806d3f70
