[INFO] fetching crate magic_cap 0.2.0...
[INFO] testing magic_cap-0.2.0 against 1.100.0-beta.1+cargoflags=--release for beta-release-1.100-2
[INFO] extracting crate magic_cap 0.2.0 into /workspace/builds/worker-7-tc2/source
[INFO] started tweaking crates.io crate magic_cap 0.2.0
[INFO] removed 0 missing examples
[INFO] finished tweaking crates.io crate magic_cap 0.2.0
[INFO] tweaked toml for crates.io crate magic_cap 0.2.0 written to /workspace/builds/worker-7-tc2/source/Cargo.toml
[INFO] validating manifest of crates.io crate magic_cap 0.2.0 on toolchain 1.100.0-beta.1
[INFO] running `Command { std: CARGO_HOME="/workspace/cargo-home" RUSTUP_HOME="/workspace/rustup-home" "/workspace/cargo-home/bin/cargo" "+1.100.0-beta.1" "metadata" "--manifest-path" "Cargo.toml" "--no-deps", kill_on_drop: false }`
[INFO] crate crates.io crate magic_cap 0.2.0 already has a lockfile, it will not be regenerated
[INFO] running `Command { std: CARGO_HOME="/workspace/cargo-home" RUSTUP_HOME="/workspace/rustup-home" "/workspace/cargo-home/bin/cargo" "+1.100.0-beta.1" "fetch" "--manifest-path" "Cargo.toml", kill_on_drop: false }`
[INFO] running `Command { std: "docker" "create" "-v" "/var/lib/crater-agent-workspace/builds/worker-7-tc2/source:/opt/rustwide/workdir:ro,Z" "-v" "/var/lib/crater-agent-workspace/builds/worker-7-tc2/target:/opt/rustwide/target:rw,Z" "-v" "/var/lib/crater-agent-workspace/cargo-home:/opt/rustwide/cargo-home:ro,Z" "-v" "/var/lib/crater-agent-workspace/rustup-home:/opt/rustwide/rustup-home:ro,Z" "-m" "1610612736" "--network" "none" "ghcr.io/rust-lang/crates-build-env/linux@sha256:77db811e55d90add9212f6832c23229e3de5f1c1f9905e8cb07319ea15df73ac" "sleep" "infinity", kill_on_drop: false }`
[INFO] [stdout] 245e0eceba7f3e78ac97716a316696f5d690d3319df17c1799beca2dd846a334
[INFO] running `Command { std: "docker" "start" "245e0eceba7f3e78ac97716a316696f5d690d3319df17c1799beca2dd846a334", kill_on_drop: false }`
[INFO] running `Command { std: "docker" "inspect" "245e0eceba7f3e78ac97716a316696f5d690d3319df17c1799beca2dd846a334", kill_on_drop: false }`
[INFO] running `Command { std: "docker" "exec" "-e" "SOURCE_DIR=/opt/rustwide/workdir" "-e" "CARGO_HOME=/opt/rustwide/cargo-home" "-e" "RUSTUP_HOME=/opt/rustwide/rustup-home" "-e" "CARGO_TARGET_DIR=/opt/rustwide/target" "-w" "/opt/rustwide/workdir" "--user" "0:0" "245e0eceba7f3e78ac97716a316696f5d690d3319df17c1799beca2dd846a334" "/opt/rustwide/cargo-home/bin/cargo" "+1.100.0-beta.1" "metadata" "--no-deps" "--format-version=1", kill_on_drop: false }`
[INFO] running `Command { std: "docker" "inspect" "245e0eceba7f3e78ac97716a316696f5d690d3319df17c1799beca2dd846a334", kill_on_drop: false }`
[INFO] running `Command { std: "docker" "exec" "-e" "SOURCE_DIR=/opt/rustwide/workdir" "-e" "CARGO_HOME=/opt/rustwide/cargo-home" "-e" "RUSTUP_HOME=/opt/rustwide/rustup-home" "-e" "CARGO_TARGET_DIR=/opt/rustwide/target" "-e" "CARGO_INCREMENTAL=0" "-e" "RUST_BACKTRACE=full" "-e" "RUSTFLAGS=--cap-lints=warn" "-e" "RUSTDOCFLAGS=--cap-lints=warn" "-w" "/opt/rustwide/workdir" "--user" "0:0" "245e0eceba7f3e78ac97716a316696f5d690d3319df17c1799beca2dd846a334" "/opt/rustwide/cargo-home/bin/cargo" "+1.100.0-beta.1" "build" "--frozen" "--message-format=json" "--release", kill_on_drop: false }`
[INFO] [stderr]    Compiling bytes v1.12.0
[INFO] [stderr]    Compiling futures-sink v0.3.32
[INFO] [stderr]    Compiling aws-lc-rs v1.17.1
[INFO] [stderr]    Compiling syn v2.0.118
[INFO] [stderr]    Compiling jobserver v0.1.34
[INFO] [stderr]    Compiling mio v1.2.1
[INFO] [stderr]    Compiling socket2 v0.6.4
[INFO] [stderr]    Compiling parking_lot_core v0.9.12
[INFO] [stderr]    Compiling smallvec v1.15.2
[INFO] [stderr]    Compiling scopeguard v1.2.0
[INFO] [stderr]    Compiling crypto-common v0.2.2
[INFO] [stderr]    Compiling block-buffer v0.12.1
[INFO] [stderr]    Compiling unic-common v0.9.0
[INFO] [stderr]    Compiling hashbrown v0.14.5
[INFO] [stderr]    Compiling unic-char-range v0.9.0
[INFO] [stderr]    Compiling crossbeam-utils v0.8.21
[INFO] [stderr]    Compiling once_cell v1.21.4
[INFO] [stderr]    Compiling unic-ucd-version v0.9.0
[INFO] [stderr]    Compiling unic-char-property v0.9.0
[INFO] [stderr]    Compiling lock_api v0.4.14
[INFO] [stderr]    Compiling memoffset v0.9.1
[INFO] [stderr]    Compiling rustc-hash v1.1.0
[INFO] [stderr]    Compiling futures-io v0.3.32
[INFO] [stderr]    Compiling rustls v0.23.41
[INFO] [stderr]    Compiling cc v1.2.65
[INFO] [stderr]    Compiling futures-task v0.3.32
[INFO] [stderr]    Compiling either v1.16.0
[INFO] [stderr]    Compiling indexmap v2.14.0
[INFO] [stderr]    Compiling unic-emoji-char v0.9.0
[INFO] [stderr]    Compiling perf-event-open-sys v1.0.1
[INFO] [stderr]    Compiling futures-util v0.3.32
[INFO] [stderr]    Compiling text-size v1.1.1
[INFO] [stderr]    Compiling always-assert v0.1.3
[INFO] [stderr]    Compiling futures-channel v0.3.32
[INFO] [stderr]    Compiling ra-ap-rustc_lexer v0.1.0
[INFO] [stderr]    Compiling num-traits v0.2.19
[INFO] [stderr]    Compiling la-arena v0.3.1
[INFO] [stderr]    Compiling bitflags v2.13.0
[INFO] [stderr]    Compiling drop_bomb v0.1.5
[INFO] [stderr]    Compiling perf-event v0.4.7
[INFO] [stderr]    Compiling jod-thread v0.1.2
[INFO] [stderr]    Compiling ra_ap_limit v0.0.164
[INFO] [stderr]    Compiling itertools v0.10.5
[INFO] [stderr]    Compiling ra_ap_parser v0.0.164
[INFO] [stderr]    Compiling form_urlencoded v1.2.2
[INFO] [stderr]    Compiling dashmap v5.5.3
[INFO] [stderr]    Compiling inout v0.2.2
[INFO] [stderr]    Compiling triomphe v0.1.16
[INFO] [stderr]    Compiling crossbeam-channel v0.5.15
[INFO] [stderr]    Compiling cov-mark v2.2.0
[INFO] [stderr]    Compiling smol_str v0.2.2
[INFO] [stderr]    Compiling getrandom v0.4.3
[INFO] [stderr]    Compiling rustls-native-certs v0.8.4
[INFO] [stderr]    Compiling digest v0.10.7
[INFO] [stderr]    Compiling itertools v0.11.0
[INFO] [stderr]    Compiling cpufeatures v0.2.17
[INFO] [stderr]    Compiling tokio v1.52.3
[INFO] [stderr]    Compiling cmake v0.1.58
[INFO] [stderr]    Compiling http v1.4.2
[INFO] [stderr]    Compiling countme v3.0.1
[INFO] [stderr]    Compiling rowan v0.15.19
[INFO] [stderr]    Compiling ra_ap_profile v0.0.164
[INFO] [stderr]    Compiling ra_ap_stdx v0.0.164
[INFO] [stderr]    Compiling digest v0.11.3
[INFO] [stderr]    Compiling cipher v0.5.2
[INFO] [stderr]    Compiling rustix v1.1.4
[INFO] [stderr]    Compiling sha2 v0.10.9
[INFO] [stderr]    Compiling rmp v0.8.15
[INFO] [stderr]    Compiling hmac v0.13.0
[INFO] [stderr]    Compiling encoding_rs v0.8.35
[INFO] [stderr]    Compiling mime v0.3.17
[INFO] [stderr]    Compiling cpubits v0.1.1
[INFO] [stderr]    Compiling aws-lc-sys v0.42.0
[INFO] [stderr]    Compiling aes v0.9.1
[INFO] [stderr]    Compiling rs_merkle v1.5.0
[INFO] [stderr]    Compiling serde_json v1.0.150
[INFO] [stderr]    Compiling hkdf v0.13.0
[INFO] [stderr]    Compiling http-body v1.0.1
[INFO] [stderr]    Compiling http-body-util v0.1.3
[INFO] [stderr]    Compiling ctr v0.10.1
[INFO] [stderr]    Compiling sha2 v0.11.0
[INFO] [stderr]    Compiling data-encoding v2.11.0
[INFO] [stderr]    Compiling ra_ap_text_edit v0.0.164
[INFO] [stderr]    Compiling ra_ap_syntax v0.0.164
[INFO] [stderr]    Compiling synstructure v0.13.2
[INFO] [stderr]    Compiling tempfile v3.27.0
[INFO] [stderr]    Compiling zerofrom-derive v0.1.7
[INFO] [stderr]    Compiling yoke-derive v0.8.2
[INFO] [stderr]    Compiling zerovec-derive v0.11.3
[INFO] [stderr]    Compiling displaydoc v0.2.6
[INFO] [stderr]    Compiling tracing-attributes v0.1.31
[INFO] [stderr]    Compiling serde_derive v1.0.228
[INFO] [stderr]    Compiling thiserror-impl v2.0.18
[INFO] [stderr]    Compiling zerofrom v0.1.8
[INFO] [stderr]    Compiling yoke v0.8.3
[INFO] [stderr]    Compiling zerotrie v0.2.4
[INFO] [stderr]    Compiling include-doc-macro v0.2.2
[INFO] [stderr]    Compiling tracing v0.1.44
[INFO] [stderr]    Compiling zerovec v0.11.6
[INFO] [stderr]    Compiling thiserror v2.0.18
[INFO] [stderr]    Compiling tokio-util v0.7.18
[INFO] [stderr]    Compiling tower v0.5.3
[INFO] [stderr]    Compiling include-doc v0.2.2
[INFO] [stderr]    Compiling h2 v0.4.15
[INFO] [stderr]    Compiling tinystr v0.8.3
[INFO] [stderr]    Compiling potential_utf v0.1.5
[INFO] [stderr]    Compiling icu_collections v2.2.0
[INFO] [stderr]    Compiling icu_locale_core v2.2.0
[INFO] [stderr]    Compiling serde v1.0.228
[INFO] [stderr]    Compiling icu_provider v2.2.0
[INFO] [stderr]    Compiling icu_properties v2.2.0
[INFO] [stderr]    Compiling icu_normalizer v2.2.0
[INFO] [stderr]    Compiling rmp-serde v1.3.1
[INFO] [stderr]    Compiling idna_adapter v1.2.2
[INFO] [stderr]    Compiling idna v1.1.0
[INFO] [stderr]    Compiling url v2.5.8
[INFO] [stderr]    Compiling tower-http v0.6.11
[INFO] [stderr]    Compiling hyper v1.10.1
[INFO] [stderr]    Compiling hyper-util v0.1.20
[INFO] [stderr]    Compiling rustls-webpki v0.103.13
[INFO] [stderr]    Compiling tokio-rustls v0.26.4
[INFO] [stderr]    Compiling rustls-platform-verifier v0.7.0
[INFO] [stderr]    Compiling hyper-rustls v0.27.9
[INFO] [stderr]    Compiling reqwest v0.13.4
[INFO] [stderr]    Compiling magic_cap v0.2.0 (/opt/rustwide/workdir)
[INFO] [stderr] warning: unused dependency `tempfile`
[INFO] [stderr]   --> Cargo.toml:48:15
[INFO] [stderr]    |
[INFO] [stderr] 48 | [dependencies.tempfile]
[INFO] [stderr]    |               ^^^^^^^^^
[INFO] [stderr]    |
[INFO] [stderr]    = note: `cargo::unused_dependencies` is set to `warn` by default
[INFO] [stderr] help: consider removing the dependency on `tempfile`
[INFO] [stderr] warning: `magic_cap` (manifest) generated 1 warning
[INFO] [stderr]     Finished `release` profile [optimized] target(s) in 2m 09s
[INFO] running `Command { std: "docker" "inspect" "245e0eceba7f3e78ac97716a316696f5d690d3319df17c1799beca2dd846a334", kill_on_drop: false }`
[INFO] running `Command { std: "docker" "exec" "-e" "SOURCE_DIR=/opt/rustwide/workdir" "-e" "CARGO_HOME=/opt/rustwide/cargo-home" "-e" "RUSTUP_HOME=/opt/rustwide/rustup-home" "-e" "CARGO_TARGET_DIR=/opt/rustwide/target" "-e" "CARGO_INCREMENTAL=0" "-e" "RUST_BACKTRACE=full" "-e" "RUSTFLAGS=--cap-lints=warn" "-e" "RUSTDOCFLAGS=--cap-lints=warn" "-w" "/opt/rustwide/workdir" "--user" "0:0" "245e0eceba7f3e78ac97716a316696f5d690d3319df17c1799beca2dd846a334" "/opt/rustwide/cargo-home/bin/cargo" "+1.100.0-beta.1" "test" "--frozen" "--no-run" "--message-format=json" "--release", kill_on_drop: false }`
[INFO] [stderr]    Compiling getrandom v0.3.4
[INFO] [stderr]    Compiling zerocopy v0.8.52
[INFO] [stderr]    Compiling wait-timeout v0.2.1
[INFO] [stderr]    Compiling bit-vec v0.8.0
[INFO] [stderr]    Compiling quick-error v1.2.3
[INFO] [stderr]    Compiling unarray v0.1.4
[INFO] [stderr]    Compiling rusty-fork v0.3.1
[INFO] [stderr]    Compiling bit-set v0.8.0
[INFO] [stderr]    Compiling rand_core v0.9.5
[INFO] [stderr]    Compiling rand v0.9.4
[INFO] [stderr]    Compiling rand_xorshift v0.4.0
[INFO] [stderr]    Compiling ppv-lite86 v0.2.21
[INFO] [stderr]    Compiling rand_chacha v0.9.0
[INFO] [stderr]    Compiling proptest v1.11.0
[INFO] [stderr]    Compiling magic_cap v0.2.0 (/opt/rustwide/workdir)
[INFO] [stderr] warning: unused dependency `tempfile`
[INFO] [stderr]   --> Cargo.toml:48:15
[INFO] [stderr]    |
[INFO] [stderr] 48 | [dependencies.tempfile]
[INFO] [stderr]    |               ^^^^^^^^^
[INFO] [stderr]    |
[INFO] [stderr]    = note: `cargo::unused_dependencies` is set to `warn` by default
[INFO] [stderr] help: consider removing the dependency on `tempfile`
[INFO] [stderr] help: to still use for development builds, move to `dev-dependencies`
[INFO] [stderr] warning: unused dependency `tempfile`
[INFO] [stderr]   --> Cargo.toml:63:19
[INFO] [stderr]    |
[INFO] [stderr] 63 | [dev-dependencies.tempfile]
[INFO] [stderr]    |                   ^^^^^^^^^
[INFO] [stderr]    |
[INFO] [stderr] help: consider removing the dependency on `tempfile`
[INFO] [stderr] help: to still use for development builds, move to `dev-dependencies`
[INFO] [stderr] warning: `magic_cap` (manifest) generated 2 warnings
[INFO] [stderr]     Finished `release` profile [optimized] target(s) in 29.11s
[INFO] running `Command { std: "docker" "inspect" "245e0eceba7f3e78ac97716a316696f5d690d3319df17c1799beca2dd846a334", kill_on_drop: false }`
[INFO] running `Command { std: "docker" "exec" "-e" "SOURCE_DIR=/opt/rustwide/workdir" "-e" "CARGO_HOME=/opt/rustwide/cargo-home" "-e" "RUSTUP_HOME=/opt/rustwide/rustup-home" "-e" "CARGO_TARGET_DIR=/opt/rustwide/target" "-e" "CARGO_INCREMENTAL=0" "-e" "RUST_BACKTRACE=full" "-e" "RUSTFLAGS=--cap-lints=warn" "-e" "RUSTDOCFLAGS=--cap-lints=warn" "-w" "/opt/rustwide/workdir" "--user" "0:0" "245e0eceba7f3e78ac97716a316696f5d690d3319df17c1799beca2dd846a334" "/opt/rustwide/cargo-home/bin/cargo" "+1.100.0-beta.1" "test" "--frozen" "--release", kill_on_drop: false }`
[INFO] [stderr] warning: unused dependency `tempfile`
[INFO] [stderr]   --> Cargo.toml:48:15
[INFO] [stderr]    |
[INFO] [stderr] 48 | [dependencies.tempfile]
[INFO] [stderr]    |               ^^^^^^^^^
[INFO] [stderr]    |
[INFO] [stderr]    = note: `cargo::unused_dependencies` is set to `warn` by default
[INFO] [stderr] help: consider removing the dependency on `tempfile`
[INFO] [stderr] help: to still use for development builds, move to `dev-dependencies`
[INFO] [stderr] warning: unused dependency `tempfile`
[INFO] [stderr]   --> Cargo.toml:63:19
[INFO] [stderr]    |
[INFO] [stderr] 63 | [dev-dependencies.tempfile]
[INFO] [stderr]    |                   ^^^^^^^^^
[INFO] [stderr]    |
[INFO] [stderr] help: consider removing the dependency on `tempfile`
[INFO] [stderr] help: to still use for development builds, move to `dev-dependencies`
[INFO] [stderr] warning: `magic_cap` (manifest) generated 2 warnings
[INFO] [stderr]     Finished `release` profile [optimized] target(s) in 0.25s
[INFO] [stderr]      Running unittests src/lib.rs (/opt/rustwide/target/release/build/magic_cap/965e8e6d5a4b5018/out/magic_cap-965e8e6d5a4b5018)
[INFO] [stdout] 
[INFO] [stdout] running 30 tests
[INFO] [stdout] test test::find_catalog_basic ... ok
[INFO] [stdout] test test::decrypt_with_iv ... ok
[INFO] [stdout] test test::filesystem_round_trip ... ok
[INFO] [stdout] test test::capability_round_trip ... ok
[INFO] [stdout] test test::doc_example_verifycap ... ok
[INFO] [stdout] test test::golden_tahoe_tagged_hash ... ok
[INFO] [stdout] test test::doc_example_capstrings ... ok
[INFO] [stdout] test test::handcrafted_filesystem_round_trip ... ok
[INFO] [stdout] test test::handcrafted_filesystem_round_trip_stream ... ok
[INFO] [stdout] test test::handcrafted_illegal_cap_tag ... ok
[INFO] [stdout] test test::handcrafted_illegal_cap_version ... ok
[INFO] [stdout] test test::invalid_caps ... ok
[INFO] [stdout] test test::round_trip_encrypted_metadata ... ok
[INFO] [stdout] test test::read_and_verify_same_identifier ... ok
[INFO] [stdout] test test::merkle_behavior ... ok
[INFO] [stdout] test test::base64_round_trip ... ok
[INFO] [stdout] test test::encrypt_doesnt_crash ... ok
[INFO] [stdout] test test::negative_test ... ok
[INFO] [stdout] test test::test_verify_fail_ciphertext ... ok
[INFO] [stdout] test test::doc_example_in_memory ... ok
[INFO] [stdout] test test::big_round_trip ... ok
[INFO] [stdout] test test::doc_example_verify ... FAILED
[INFO] [stdout] test test::power_of_two ... ok
[INFO] [stdout] test test::random_block_size_round_trip ... ok
[INFO] [stdout] test test::leaf_round_trip ... ok
[INFO] [stdout] test test::test_verify_fail_metadata ... ok
[INFO] [stdout] test test::verify_fails_corrupted_ciphertext ... ok
[INFO] [stdout] test test::round_trip ... ok
[INFO] [stdout] test test::wrong_mcap ... ok
[INFO] [stdout] test test::test_verify ... ok
[INFO] [stdout] 
[INFO] [stdout] failures:
[INFO] [stdout] 
[INFO] [stdout] ---- test::doc_example_verify stdout ----
[INFO] [stdout] 
[INFO] [stdout] thread 'test::doc_example_verify' (3540) panicked at src/test.rs:53:71:
[INFO] [stdout] called `Result::unwrap()` on an `Err` value: Os { code: 2, kind: NotFound, message: "No such file or directory" }
[INFO] [stdout] stack backtrace:
[INFO] [stdout]    0:     0x567ed3171741 - <<std[617be2ca0a6fd877]::sys::backtrace::BacktraceLock>::print::DisplayBacktrace as core[a373ad73a504971]::fmt::Display>::fmt
[INFO] [stdout]    1:     0x567ed318701a - core[a373ad73a504971]::fmt::write
[INFO] [stdout]    2:     0x567ed317601c - <alloc[2e1b2a31b91974c5]::vec::Vec<u8> as core[a373ad73a504971]::io::write::Write>::write_fmt
[INFO] [stdout]    3:     0x567ed314bac6 - std[617be2ca0a6fd877]::panicking::default_hook::{closure#0}
[INFO] [stdout]    4:     0x567ed3169299 - std[617be2ca0a6fd877]::panicking::default_hook
[INFO] [stdout]    5:     0x567ed3099b40 - test[aada8e7e76ba119b]::test_main_inner::{closure#0}
[INFO] [stdout]    6:     0x567ed3169452 - std[617be2ca0a6fd877]::panicking::panic_with_hook
[INFO] [stdout]    7:     0x567ed314bb72 - std[617be2ca0a6fd877]::panicking::panic_handler::{closure#0}
[INFO] [stdout]    8:     0x567ed31446d9 - std[617be2ca0a6fd877]::sys::backtrace::__rust_end_short_backtrace::<std[617be2ca0a6fd877]::panicking::panic_handler::{closure#0}, !>
[INFO] [stdout]    9:     0x567ed314c86d - __rustc[ea4f61d10b84890b]::rust_begin_unwind
[INFO] [stdout]   10:     0x567ed31877fc - core[a373ad73a504971]::panicking::panic_fmt
[INFO] [stdout]   11:     0x567ed31875d2 - core[a373ad73a504971]::result::unwrap_failed
[INFO] [stdout]   12:     0x567ed3066988 - <magic_cap[df363fe951cc28c0]::test::doc_example_verify::{closure#0} as core[a373ad73a504971]::ops::function::FnOnce<()>>::call_once
[INFO] [stdout]   13:     0x567ed308cf8b - test[aada8e7e76ba119b]::__rust_begin_short_backtrace::<core[a373ad73a504971]::result::Result<(), alloc[2e1b2a31b91974c5]::string::String>, fn() -> core[a373ad73a504971]::result::Result<(), alloc[2e1b2a31b91974c5]::string::String>>
[INFO] [stdout]   14:     0x567ed309a165 - test[aada8e7e76ba119b]::run_test::{closure#0}
[INFO] [stdout]   15:     0x567ed3093a54 - std[617be2ca0a6fd877]::sys::backtrace::__rust_begin_short_backtrace::<test[aada8e7e76ba119b]::run_test::{closure#1}, ()>
[INFO] [stdout]   16:     0x567ed309d1f2 - <std[617be2ca0a6fd877]::thread::lifecycle::spawn_unchecked<test[aada8e7e76ba119b]::run_test::{closure#1}, ()>::{closure#1} as core[a373ad73a504971]::ops::function::FnOnce<()>>::call_once::{shim:vtable#0}
[INFO] [stdout]   17:     0x567ed3170f6f - <std[617be2ca0a6fd877]::sys::thread::unix::Thread>::new::thread_start
[INFO] [stdout]   18:     0x716778516dfa - <unknown>
[INFO] [stdout]   19:     0x7167785aa3d4 - clone
[INFO] [stdout]   20:                0x0 - <unknown>
[INFO] [stdout] 
[INFO] [stdout] 
[INFO] [stdout] failures:
[INFO] [stdout]     test::doc_example_verify
[INFO] [stdout] 
[INFO] [stdout] test result: FAILED. 29 passed; 1 failed; 0 ignored; 0 measured; 0 filtered out; finished in 0.05s
[INFO] [stdout] 
[INFO] [stderr] error: test failed, to rerun pass `--lib`
[INFO] running `Command { std: "docker" "inspect" "245e0eceba7f3e78ac97716a316696f5d690d3319df17c1799beca2dd846a334", kill_on_drop: false }`
[INFO] running `Command { std: "docker" "rm" "-f" "245e0eceba7f3e78ac97716a316696f5d690d3319df17c1799beca2dd846a334", kill_on_drop: false }`
[INFO] [stdout] 245e0eceba7f3e78ac97716a316696f5d690d3319df17c1799beca2dd846a334
