[INFO] fetching crate magic 0.16.7...
[INFO] testing magic-0.16.7 against 1.99.0-beta.8+cargoflags=--release for beta-release-1.100-2
[INFO] extracting crate magic 0.16.7 into /workspace/builds/worker-1-tc1/source
[INFO] started tweaking crates.io crate magic 0.16.7
[INFO] finished tweaking crates.io crate magic 0.16.7
[INFO] tweaked toml for crates.io crate magic 0.16.7 written to /workspace/builds/worker-1-tc1/source/Cargo.toml
[INFO] validating manifest of crates.io crate magic 0.16.7 on toolchain 1.99.0-beta.8
[INFO] running `Command { std: CARGO_HOME="/workspace/cargo-home" RUSTUP_HOME="/workspace/rustup-home" "/workspace/cargo-home/bin/cargo" "+1.99.0-beta.8" "metadata" "--manifest-path" "Cargo.toml" "--no-deps", kill_on_drop: false }`
[INFO] crate crates.io crate magic 0.16.7 already has a lockfile, it will not be regenerated
[INFO] running `Command { std: CARGO_HOME="/workspace/cargo-home" RUSTUP_HOME="/workspace/rustup-home" "/workspace/cargo-home/bin/cargo" "+1.99.0-beta.8" "fetch" "--manifest-path" "Cargo.toml", kill_on_drop: false }`
[INFO] [stderr]     Updating crates.io index
[INFO] [stderr]  Downloading crates ...
[INFO] [stderr]   Downloaded magic-sys v0.3.0
[INFO] running `Command { std: "docker" "create" "-v" "/var/lib/crater-agent-workspace/builds/worker-1-tc1/source:/opt/rustwide/workdir:ro,Z" "-v" "/var/lib/crater-agent-workspace/builds/worker-1-tc1/target:/opt/rustwide/target:rw,Z" "-v" "/var/lib/crater-agent-workspace/cargo-home:/opt/rustwide/cargo-home:ro,Z" "-v" "/var/lib/crater-agent-workspace/rustup-home:/opt/rustwide/rustup-home:ro,Z" "-m" "1610612736" "--network" "none" "ghcr.io/rust-lang/crates-build-env/linux@sha256:77db811e55d90add9212f6832c23229e3de5f1c1f9905e8cb07319ea15df73ac" "sleep" "infinity", kill_on_drop: false }`
[INFO] [stdout] 618d63a90e08d4ed562f45c57bc8da511855e0c51ea902d3b6f186ae3b8d14a4
[INFO] running `Command { std: "docker" "start" "618d63a90e08d4ed562f45c57bc8da511855e0c51ea902d3b6f186ae3b8d14a4", kill_on_drop: false }`
[INFO] running `Command { std: "docker" "inspect" "618d63a90e08d4ed562f45c57bc8da511855e0c51ea902d3b6f186ae3b8d14a4", kill_on_drop: false }`
[INFO] running `Command { std: "docker" "exec" "-e" "SOURCE_DIR=/opt/rustwide/workdir" "-e" "CARGO_HOME=/opt/rustwide/cargo-home" "-e" "RUSTUP_HOME=/opt/rustwide/rustup-home" "-e" "CARGO_TARGET_DIR=/opt/rustwide/target" "-w" "/opt/rustwide/workdir" "--user" "0:0" "618d63a90e08d4ed562f45c57bc8da511855e0c51ea902d3b6f186ae3b8d14a4" "/opt/rustwide/cargo-home/bin/cargo" "+1.99.0-beta.8" "metadata" "--no-deps" "--format-version=1", kill_on_drop: false }`
[INFO] running `Command { std: "docker" "inspect" "618d63a90e08d4ed562f45c57bc8da511855e0c51ea902d3b6f186ae3b8d14a4", kill_on_drop: false }`
[INFO] running `Command { std: "docker" "exec" "-e" "SOURCE_DIR=/opt/rustwide/workdir" "-e" "CARGO_HOME=/opt/rustwide/cargo-home" "-e" "RUSTUP_HOME=/opt/rustwide/rustup-home" "-e" "CARGO_TARGET_DIR=/opt/rustwide/target" "-e" "CARGO_INCREMENTAL=0" "-e" "RUST_BACKTRACE=full" "-e" "RUSTFLAGS=--cap-lints=warn" "-e" "RUSTDOCFLAGS=--cap-lints=warn" "-w" "/opt/rustwide/workdir" "--user" "0:0" "618d63a90e08d4ed562f45c57bc8da511855e0c51ea902d3b6f186ae3b8d14a4" "/opt/rustwide/cargo-home/bin/cargo" "+1.99.0-beta.8" "build" "--frozen" "--message-format=json" "--release", kill_on_drop: false }`
[INFO] [stderr]    Compiling libc v0.2.155
[INFO] [stderr]    Compiling vcpkg v0.2.15
[INFO] [stderr]    Compiling bitflags v2.9.4
[INFO] [stderr]    Compiling magic-sys v0.3.0
[INFO] [stderr]    Compiling magic v0.16.7 (/opt/rustwide/workdir)
[INFO] [stderr]     Finished `release` profile [optimized] target(s) in 2.62s
[INFO] running `Command { std: "docker" "inspect" "618d63a90e08d4ed562f45c57bc8da511855e0c51ea902d3b6f186ae3b8d14a4", kill_on_drop: false }`
[INFO] running `Command { std: "docker" "exec" "-e" "SOURCE_DIR=/opt/rustwide/workdir" "-e" "CARGO_HOME=/opt/rustwide/cargo-home" "-e" "RUSTUP_HOME=/opt/rustwide/rustup-home" "-e" "CARGO_TARGET_DIR=/opt/rustwide/target" "-e" "CARGO_INCREMENTAL=0" "-e" "RUST_BACKTRACE=full" "-e" "RUSTFLAGS=--cap-lints=warn" "-e" "RUSTDOCFLAGS=--cap-lints=warn" "-w" "/opt/rustwide/workdir" "--user" "0:0" "618d63a90e08d4ed562f45c57bc8da511855e0c51ea902d3b6f186ae3b8d14a4" "/opt/rustwide/cargo-home/bin/cargo" "+1.99.0-beta.8" "test" "--frozen" "--no-run" "--message-format=json" "--release", kill_on_drop: false }`
[INFO] [stderr]    Compiling magic v0.16.7 (/opt/rustwide/workdir)
[INFO] [stderr]     Finished `release` profile [optimized] target(s) in 0.80s
[INFO] running `Command { std: "docker" "inspect" "618d63a90e08d4ed562f45c57bc8da511855e0c51ea902d3b6f186ae3b8d14a4", kill_on_drop: false }`
[INFO] running `Command { std: "docker" "exec" "-e" "SOURCE_DIR=/opt/rustwide/workdir" "-e" "CARGO_HOME=/opt/rustwide/cargo-home" "-e" "RUSTUP_HOME=/opt/rustwide/rustup-home" "-e" "CARGO_TARGET_DIR=/opt/rustwide/target" "-e" "CARGO_INCREMENTAL=0" "-e" "RUST_BACKTRACE=full" "-e" "RUSTFLAGS=--cap-lints=warn" "-e" "RUSTDOCFLAGS=--cap-lints=warn" "-w" "/opt/rustwide/workdir" "--user" "0:0" "618d63a90e08d4ed562f45c57bc8da511855e0c51ea902d3b6f186ae3b8d14a4" "/opt/rustwide/cargo-home/bin/cargo" "+1.99.0-beta.8" "test" "--frozen" "--release", kill_on_drop: false }`
[INFO] [stderr]     Finished `release` profile [optimized] target(s) in 0.04s
[INFO] [stderr]      Running unittests src/lib.rs (/opt/rustwide/target/release/deps/magic-1e294d4b474640a4)
[INFO] [stdout] 
[INFO] [stdout] running 19 tests
[INFO] [stdout] test ffi::tests::setflagserror_impls ... ok
[INFO] [stderr] data/tests/db-images-png, 0: Warning: using regular magic file `data/tests/db-python'
[INFO] [stdout] test ffi::tests::cookieerror_impls ... ok
[INFO] [stdout] test tests::error_impls ... ok
[INFO] [stdout] test tests::buffer ... FAILED
[INFO] [stdout] test tests::invaliddatabasepatherror_impls ... ok
[INFO] [stdout] test tests::libmagic_version ... ok
[INFO] [stdout] test tests::load_buffers_file ... ignored
[INFO] [stdout] test ffi::tests::error_impls ... ok
[INFO] [stdout] test ffi::tests::apiviolation_impls ... ok
[INFO] [stdout] test tests::load_multiple ... FAILED
[INFO] [stdout] test tests::cookie_impl_debug ... ok
[INFO] [stdout] test tests::load_one ... FAILED
[INFO] [stdout] test tests::loaderror_impls ... ok
[INFO] [stdout] test tests::file ... FAILED
[INFO] [stdout] test ffi::tests::openerror_impls ... ok
[INFO] [stdout] test tests::openerror_impls ... ok
[INFO] [stdout] test tests::setflagserror_impls ... ok
[INFO] [stdout] test tests::load_default ... ok
[INFO] [stderr] error: test failed, to rerun pass `--lib`
[INFO] [stdout] test tests::file_error ... ok
[INFO] [stdout] 
[INFO] [stdout] failures:
[INFO] [stdout] 
[INFO] [stdout] ---- tests::buffer stdout ----
[INFO] [stdout] 
[INFO] [stdout] thread 'tests::buffer' (235) panicked at src/lib.rs:1268:45:
[INFO] [stdout] called `Result::unwrap()` on an `Err` value: LoadError { function: "magic_load", source: Error(Error { explanation: "could not find any valid magic files!", errno: None }), cookie: Cookie { cookie: Cookie(0x7e16b4000cc0), marker: PhantomData<magic::cookie::Open> } }
[INFO] [stdout] stack backtrace:
[INFO] [stdout]    0:     0x60538227b091 - <<std[70759c8f55707aa4]::sys::backtrace::BacktraceLock>::print::DisplayBacktrace as core[df12db4294e9bfd3]::fmt::Display>::fmt
[INFO] [stdout]    1:     0x60538228f44a - core[df12db4294e9bfd3]::fmt::write
[INFO] [stdout]    2:     0x60538227f52c - <alloc[2182bb758b4b3781]::vec::Vec<u8> as core[df12db4294e9bfd3]::io::write::Write>::write_fmt
[INFO] [stdout]    3:     0x6053822572b6 - std[70759c8f55707aa4]::panicking::default_hook::{closure#0}
[INFO] [stdout]    4:     0x605382273429 - std[70759c8f55707aa4]::panicking::default_hook
[INFO] [stdout]    5:     0x60538220f360 - test[9d35eded1c95d3be]::test_main_inner::<test[9d35eded1c95d3be]::test_main_static::{closure#0}>::{closure#0}
[INFO] [stdout]    6:     0x6053822735e2 - std[70759c8f55707aa4]::panicking::panic_with_hook
[INFO] [stdout]    7:     0x605382257362 - std[70759c8f55707aa4]::panicking::panic_handler::{closure#0}
[INFO] [stdout]    8:     0x60538224ff59 - std[70759c8f55707aa4]::sys::backtrace::__rust_end_short_backtrace::<std[70759c8f55707aa4]::panicking::panic_handler::{closure#0}, !>
[INFO] [stdout]    9:     0x605382257f5d - __rustc[8fa7c3cbc660c2b3]::rust_begin_unwind
[INFO] [stdout]   10:     0x60538228fb7c - core[df12db4294e9bfd3]::panicking::panic_fmt
[INFO] [stdout]   11:     0x60538228f952 - core[df12db4294e9bfd3]::result::unwrap_failed
[INFO] [stdout]   12:     0x605382202270 - <magic[9c21f8a23753f861]::tests::buffer::{closure#0} as core[df12db4294e9bfd3]::ops::function::FnOnce<()>>::call_once
[INFO] [stdout]   13:     0x60538220264b - test[9d35eded1c95d3be]::__rust_begin_short_backtrace::<core[df12db4294e9bfd3]::result::Result<(), alloc[2182bb758b4b3781]::string::String>, fn() -> core[df12db4294e9bfd3]::result::Result<(), alloc[2182bb758b4b3781]::string::String>>
[INFO] [stdout]   14:     0x60538220fcb5 - test[9d35eded1c95d3be]::run_test::{closure#0}
[INFO] [stdout]   15:     0x605382209574 - std[70759c8f55707aa4]::sys::backtrace::__rust_begin_short_backtrace::<test[9d35eded1c95d3be]::run_test::{closure#1}, ()>
[INFO] [stdout]   16:     0x605382212e12 - <std[70759c8f55707aa4]::thread::lifecycle::spawn_unchecked<test[9d35eded1c95d3be]::run_test::{closure#1}, ()>::{closure#1} as core[df12db4294e9bfd3]::ops::function::FnOnce<()>>::call_once::{shim:vtable#0}
[INFO] [stdout]   17:     0x60538227a649 - <std[70759c8f55707aa4]::sys::thread::unix::Thread>::new::thread_start
[INFO] [stdout]   18:     0x7e16c9b63dfa - <unknown>
[INFO] [stdout]   19:     0x7e16c9bf73d4 - clone
[INFO] [stdout]   20:                0x0 - <unknown>
[INFO] [stdout] 
[INFO] [stdout] ---- tests::load_multiple stdout ----
[INFO] [stdout] 
[INFO] [stdout] thread 'tests::load_multiple' (243) panicked at src/lib.rs:1308:9:
[INFO] [stdout] assertion failed: cookie.load(databases).is_ok()
[INFO] [stdout] stack backtrace:
[INFO] [stdout]    0:     0x60538227b091 - <<std[70759c8f55707aa4]::sys::backtrace::BacktraceLock>::print::DisplayBacktrace as core[df12db4294e9bfd3]::fmt::Display>::fmt
[INFO] [stdout]    1:     0x60538228f44a - core[df12db4294e9bfd3]::fmt::write
[INFO] [stdout]    2:     0x60538227f52c - <alloc[2182bb758b4b3781]::vec::Vec<u8> as core[df12db4294e9bfd3]::io::write::Write>::write_fmt
[INFO] [stdout]    3:     0x6053822572b6 - std[70759c8f55707aa4]::panicking::default_hook::{closure#0}
[INFO] [stdout]    4:     0x605382273429 - std[70759c8f55707aa4]::panicking::default_hook
[INFO] [stdout]    5:     0x60538220f360 - test[9d35eded1c95d3be]::test_main_inner::<test[9d35eded1c95d3be]::test_main_static::{closure#0}>::{closure#0}
[INFO] [stdout]    6:     0x6053822735e2 - std[70759c8f55707aa4]::panicking::panic_with_hook
[INFO] [stdout]    7:     0x605382257394 - std[70759c8f55707aa4]::panicking::panic_handler::{closure#0}
[INFO] [stdout]    8:     0x60538224ff59 - std[70759c8f55707aa4]::sys::backtrace::__rust_end_short_backtrace::<std[70759c8f55707aa4]::panicking::panic_handler::{closure#0}, !>
[INFO] [stdout]    9:     0x605382257f5d - __rustc[8fa7c3cbc660c2b3]::rust_begin_unwind
[INFO] [stdout]   10:     0x60538228fb7c - core[df12db4294e9bfd3]::panicking::panic_fmt
[INFO] [stdout]   11:     0x60538228fb42 - core[df12db4294e9bfd3]::panicking::panic
[INFO] [stdout]   12:     0x6053822013d5 - <magic[9c21f8a23753f861]::tests::load_multiple::{closure#0} as core[df12db4294e9bfd3]::ops::function::FnOnce<()>>::call_once
[INFO] [stdout]   13:     0x60538220264b - test[9d35eded1c95d3be]::__rust_begin_short_backtrace::<core[df12db4294e9bfd3]::result::Result<(), alloc[2182bb758b4b3781]::string::String>, fn() -> core[df12db4294e9bfd3]::result::Result<(), alloc[2182bb758b4b3781]::string::String>>
[INFO] [stdout]   14:     0x60538220fcb5 - test[9d35eded1c95d3be]::run_test::{closure#0}
[INFO] [stdout]   15:     0x605382209574 - std[70759c8f55707aa4]::sys::backtrace::__rust_begin_short_backtrace::<test[9d35eded1c95d3be]::run_test::{closure#1}, ()>
[INFO] [stdout]   16:     0x605382212e12 - <std[70759c8f55707aa4]::thread::lifecycle::spawn_unchecked<test[9d35eded1c95d3be]::run_test::{closure#1}, ()>::{closure#1} as core[df12db4294e9bfd3]::ops::function::FnOnce<()>>::call_once::{shim:vtable#0}
[INFO] [stdout]   17:     0x60538227a649 - <std[70759c8f55707aa4]::sys::thread::unix::Thread>::new::thread_start
[INFO] [stdout]   18:     0x7e16c9b63dfa - <unknown>
[INFO] [stdout]   19:     0x7e16c9bf73d4 - clone
[INFO] [stdout]   20:                0x0 - <unknown>
[INFO] [stdout] 
[INFO] [stdout] ---- tests::load_one stdout ----
[INFO] [stdout] 
[INFO] [stdout] thread 'tests::load_one' (244) panicked at src/lib.rs:1299:9:
[INFO] [stdout] assertion failed: cookie.load(databases).is_ok()
[INFO] [stdout] stack backtrace:
[INFO] [stdout]    0:     0x60538227b091 - <<std[70759c8f55707aa4]::sys::backtrace::BacktraceLock>::print::DisplayBacktrace as core[df12db4294e9bfd3]::fmt::Display>::fmt
[INFO] [stdout]    1:     0x60538228f44a - core[df12db4294e9bfd3]::fmt::write
[INFO] [stdout]    2:     0x60538227f52c - <alloc[2182bb758b4b3781]::vec::Vec<u8> as core[df12db4294e9bfd3]::io::write::Write>::write_fmt
[INFO] [stdout]    3:     0x6053822572b6 - std[70759c8f55707aa4]::panicking::default_hook::{closure#0}
[INFO] [stdout]    4:     0x605382273429 - std[70759c8f55707aa4]::panicking::default_hook
[INFO] [stdout]    5:     0x60538220f360 - test[9d35eded1c95d3be]::test_main_inner::<test[9d35eded1c95d3be]::test_main_static::{closure#0}>::{closure#0}
[INFO] [stdout]    6:     0x6053822735e2 - std[70759c8f55707aa4]::panicking::panic_with_hook
[INFO] [stdout]    7:     0x605382257394 - std[70759c8f55707aa4]::panicking::panic_handler::{closure#0}
[INFO] [stdout]    8:     0x60538224ff59 - std[70759c8f55707aa4]::sys::backtrace::__rust_end_short_backtrace::<std[70759c8f55707aa4]::panicking::panic_handler::{closure#0}, !>
[INFO] [stdout]    9:     0x605382257f5d - __rustc[8fa7c3cbc660c2b3]::rust_begin_unwind
[INFO] [stdout]   10:     0x60538228fb7c - core[df12db4294e9bfd3]::panicking::panic_fmt
[INFO] [stdout]   11:     0x60538228fb42 - core[df12db4294e9bfd3]::panicking::panic
[INFO] [stdout]   12:     0x605382202560 - <magic[9c21f8a23753f861]::tests::load_one::{closure#0} as core[df12db4294e9bfd3]::ops::function::FnOnce<()>>::call_once
[INFO] [stdout]   13:     0x60538220264b - test[9d35eded1c95d3be]::__rust_begin_short_backtrace::<core[df12db4294e9bfd3]::result::Result<(), alloc[2182bb758b4b3781]::string::String>, fn() -> core[df12db4294e9bfd3]::result::Result<(), alloc[2182bb758b4b3781]::string::String>>
[INFO] [stdout]   14:     0x60538220fcb5 - test[9d35eded1c95d3be]::run_test::{closure#0}
[INFO] [stdout]   15:     0x605382209574 - std[70759c8f55707aa4]::sys::backtrace::__rust_begin_short_backtrace::<test[9d35eded1c95d3be]::run_test::{closure#1}, ()>
[INFO] [stdout]   16:     0x605382212e12 - <std[70759c8f55707aa4]::thread::lifecycle::spawn_unchecked<test[9d35eded1c95d3be]::run_test::{closure#1}, ()>::{closure#1} as core[df12db4294e9bfd3]::ops::function::FnOnce<()>>::call_once::{shim:vtable#0}
[INFO] [stdout]   17:     0x60538227a649 - <std[70759c8f55707aa4]::sys::thread::unix::Thread>::new::thread_start
[INFO] [stdout]   18:     0x7e16c9b63dfa - <unknown>
[INFO] [stdout]   19:     0x7e16c9bf73d4 - clone
[INFO] [stdout]   20:                0x0 - <unknown>
[INFO] [stdout] 
[INFO] [stdout] ---- tests::file stdout ----
[INFO] [stdout] 
[INFO] [stdout] thread 'tests::file' (238) panicked at src/lib.rs:1246:45:
[INFO] [stdout] called `Result::unwrap()` on an `Err` value: LoadError { function: "magic_load", source: Error(Error { explanation: "could not find any valid magic files!", errno: None }), cookie: Cookie { cookie: Cookie(0x7e16b4000950), marker: PhantomData<magic::cookie::Open> } }
[INFO] [stdout] stack backtrace:
[INFO] [stdout]    0:     0x60538227b091 - <<std[70759c8f55707aa4]::sys::backtrace::BacktraceLock>::print::DisplayBacktrace as core[df12db4294e9bfd3]::fmt::Display>::fmt
[INFO] [stdout]    1:     0x60538228f44a - core[df12db4294e9bfd3]::fmt::write
[INFO] [stdout]    2:     0x60538227f52c - <alloc[2182bb758b4b3781]::vec::Vec<u8> as core[df12db4294e9bfd3]::io::write::Write>::write_fmt
[INFO] [stdout]    3:     0x6053822572b6 - std[70759c8f55707aa4]::panicking::default_hook::{closure#0}
[INFO] [stdout]    4:     0x605382273429 - std[70759c8f55707aa4]::panicking::default_hook
[INFO] [stdout]    5:     0x60538220f360 - test[9d35eded1c95d3be]::test_main_inner::<test[9d35eded1c95d3be]::test_main_static::{closure#0}>::{closure#0}
[INFO] [stdout]    6:     0x6053822735e2 - std[70759c8f55707aa4]::panicking::panic_with_hook
[INFO] [stdout]    7:     0x605382257362 - std[70759c8f55707aa4]::panicking::panic_handler::{closure#0}
[INFO] [stdout]    8:     0x60538224ff59 - std[70759c8f55707aa4]::sys::backtrace::__rust_end_short_backtrace::<std[70759c8f55707aa4]::panicking::panic_handler::{closure#0}, !>
[INFO] [stdout]    9:     0x605382257f5d - __rustc[8fa7c3cbc660c2b3]::rust_begin_unwind
[INFO] [stdout]   10:     0x60538228fb7c - core[df12db4294e9bfd3]::panicking::panic_fmt
[INFO] [stdout]   11:     0x60538228f952 - core[df12db4294e9bfd3]::result::unwrap_failed
[INFO] [stdout]   12:     0x605382201d90 - <magic[9c21f8a23753f861]::tests::file::{closure#0} as core[df12db4294e9bfd3]::ops::function::FnOnce<()>>::call_once
[INFO] [stdout]   13:     0x60538220264b - test[9d35eded1c95d3be]::__rust_begin_short_backtrace::<core[df12db4294e9bfd3]::result::Result<(), alloc[2182bb758b4b3781]::string::String>, fn() -> core[df12db4294e9bfd3]::result::Result<(), alloc[2182bb758b4b3781]::string::String>>
[INFO] [stdout]   14:     0x60538220fcb5 - test[9d35eded1c95d3be]::run_test::{closure#0}
[INFO] [stdout]   15:     0x605382209574 - std[70759c8f55707aa4]::sys::backtrace::__rust_begin_short_backtrace::<test[9d35eded1c95d3be]::run_test::{closure#1}, ()>
[INFO] [stdout]   16:     0x605382212e12 - <std[70759c8f55707aa4]::thread::lifecycle::spawn_unchecked<test[9d35eded1c95d3be]::run_test::{closure#1}, ()>::{closure#1} as core[df12db4294e9bfd3]::ops::function::FnOnce<()>>::call_once::{shim:vtable#0}
[INFO] [stdout]   17:     0x60538227a649 - <std[70759c8f55707aa4]::sys::thread::unix::Thread>::new::thread_start
[INFO] [stdout]   18:     0x7e16c9b63dfa - <unknown>
[INFO] [stdout]   19:     0x7e16c9bf73d4 - clone
[INFO] [stdout]   20:                0x0 - <unknown>
[INFO] [stdout] 
[INFO] [stdout] 
[INFO] [stdout] failures:
[INFO] [stdout]     tests::buffer
[INFO] [stdout]     tests::file
[INFO] [stdout]     tests::load_multiple
[INFO] [stdout]     tests::load_one
[INFO] [stdout] 
[INFO] [stdout] test result: FAILED. 14 passed; 4 failed; 1 ignored; 0 measured; 0 filtered out; finished in 0.02s
[INFO] [stdout] 
[INFO] running `Command { std: "docker" "inspect" "618d63a90e08d4ed562f45c57bc8da511855e0c51ea902d3b6f186ae3b8d14a4", kill_on_drop: false }`
[INFO] running `Command { std: "docker" "rm" "-f" "618d63a90e08d4ed562f45c57bc8da511855e0c51ea902d3b6f186ae3b8d14a4", kill_on_drop: false }`
[INFO] [stdout] 618d63a90e08d4ed562f45c57bc8da511855e0c51ea902d3b6f186ae3b8d14a4
