[INFO] fetching crate magic-pack 0.12.0...
[INFO] testing magic-pack-0.12.0 against 1.99.0-beta.8+cargoflags=--release for beta-release-1.100-2
[INFO] extracting crate magic-pack 0.12.0 into /workspace/builds/worker-7-tc1/source
[INFO] started tweaking crates.io crate magic-pack 0.12.0
[INFO] removed 0 missing tests
[INFO] finished tweaking crates.io crate magic-pack 0.12.0
[INFO] tweaked toml for crates.io crate magic-pack 0.12.0 written to /workspace/builds/worker-7-tc1/source/Cargo.toml
[INFO] validating manifest of crates.io crate magic-pack 0.12.0 on toolchain 1.99.0-beta.8
[INFO] running `Command { std: CARGO_HOME="/workspace/cargo-home" RUSTUP_HOME="/workspace/rustup-home" "/workspace/cargo-home/bin/cargo" "+1.99.0-beta.8" "metadata" "--manifest-path" "Cargo.toml" "--no-deps", kill_on_drop: false }`
[INFO] crate crates.io crate magic-pack 0.12.0 already has a lockfile, it will not be regenerated
[INFO] running `Command { std: CARGO_HOME="/workspace/cargo-home" RUSTUP_HOME="/workspace/rustup-home" "/workspace/cargo-home/bin/cargo" "+1.99.0-beta.8" "fetch" "--manifest-path" "Cargo.toml", kill_on_drop: false }`
[INFO] [stderr]     Updating crates.io index
[INFO] [stderr]  Downloading crates ...
[INFO] [stderr]   Downloaded zip v0.6.6
[INFO] [stderr]   Downloaded zstd v0.11.2+zstd.1.5.2
[INFO] [stderr]   Downloaded bit-set v0.6.0
[INFO] [stderr]   Downloaded zmij v1.0.17
[INFO] [stderr]   Downloaded zstd-safe v5.0.2+zstd.1.5.2
[INFO] [stderr]   Downloaded wasm-bindgen-shared v0.2.117
[INFO] [stderr]   Downloaded constant_time_eq v0.1.5
[INFO] [stderr]   Downloaded wasm-bindgen-macro v0.2.117
[INFO] [stderr]   Downloaded filetime_creation v0.2.0
[INFO] [stderr]   Downloaded rtoolbox v0.0.5
[INFO] [stderr]   Downloaded cbc v0.1.2
[INFO] [stderr]   Downloaded bit-vec v0.7.0
[INFO] [stderr]   Downloaded lzma-rust v0.1.7
[INFO] [stderr]   Downloaded xz2 v0.1.7
[INFO] [stderr]   Downloaded rpassword v7.5.4
[INFO] [stderr]   Downloaded lz4_flex v0.11.6
[INFO] [stderr]   Downloaded nt-time v0.8.1
[INFO] [stderr]   Downloaded bzip2 v0.4.4
[INFO] [stderr]   Downloaded wasm-bindgen-macro-support v0.2.117
[INFO] [stderr]   Downloaded wasm-bindgen v0.2.117
[INFO] [stderr]   Downloaded zerocopy-derive v0.8.52
[INFO] [stderr]   Downloaded js-sys v0.3.94
[INFO] [stderr]   Downloaded zerocopy v0.8.52
[INFO] [stderr]   Downloaded sevenz-rust v0.6.1
[INFO] [stderr]   Downloaded bzip2-sys v0.1.13+1.0.8
[INFO] [stderr]   Downloaded lzma-sys v0.1.20
[INFO] [stderr]   Downloaded libc v0.2.184
[INFO] running `Command { std: "docker" "create" "-v" "/var/lib/crater-agent-workspace/builds/worker-7-tc1/source:/opt/rustwide/workdir:ro,Z" "-v" "/var/lib/crater-agent-workspace/builds/worker-7-tc1/target:/opt/rustwide/target:rw,Z" "-v" "/var/lib/crater-agent-workspace/cargo-home:/opt/rustwide/cargo-home:ro,Z" "-v" "/var/lib/crater-agent-workspace/rustup-home:/opt/rustwide/rustup-home:ro,Z" "-m" "1610612736" "--network" "none" "ghcr.io/rust-lang/crates-build-env/linux@sha256:77db811e55d90add9212f6832c23229e3de5f1c1f9905e8cb07319ea15df73ac" "sleep" "infinity", kill_on_drop: false }`
[INFO] [stdout] 4aea304f49c24dc6fa5d77a2eac6a21019b22a648d0c3cba39e57ed6c9d84eac
[INFO] running `Command { std: "docker" "start" "4aea304f49c24dc6fa5d77a2eac6a21019b22a648d0c3cba39e57ed6c9d84eac", kill_on_drop: false }`
[INFO] running `Command { std: "docker" "inspect" "4aea304f49c24dc6fa5d77a2eac6a21019b22a648d0c3cba39e57ed6c9d84eac", kill_on_drop: false }`
[INFO] running `Command { std: "docker" "exec" "-e" "SOURCE_DIR=/opt/rustwide/workdir" "-e" "CARGO_HOME=/opt/rustwide/cargo-home" "-e" "RUSTUP_HOME=/opt/rustwide/rustup-home" "-e" "CARGO_TARGET_DIR=/opt/rustwide/target" "-w" "/opt/rustwide/workdir" "--user" "0:0" "4aea304f49c24dc6fa5d77a2eac6a21019b22a648d0c3cba39e57ed6c9d84eac" "/opt/rustwide/cargo-home/bin/cargo" "+1.99.0-beta.8" "metadata" "--no-deps" "--format-version=1", kill_on_drop: false }`
[INFO] running `Command { std: "docker" "inspect" "4aea304f49c24dc6fa5d77a2eac6a21019b22a648d0c3cba39e57ed6c9d84eac", kill_on_drop: false }`
[INFO] running `Command { std: "docker" "exec" "-e" "SOURCE_DIR=/opt/rustwide/workdir" "-e" "CARGO_HOME=/opt/rustwide/cargo-home" "-e" "RUSTUP_HOME=/opt/rustwide/rustup-home" "-e" "CARGO_TARGET_DIR=/opt/rustwide/target" "-e" "CARGO_INCREMENTAL=0" "-e" "RUST_BACKTRACE=full" "-e" "RUSTFLAGS=--cap-lints=warn" "-e" "RUSTDOCFLAGS=--cap-lints=warn" "-w" "/opt/rustwide/workdir" "--user" "0:0" "4aea304f49c24dc6fa5d77a2eac6a21019b22a648d0c3cba39e57ed6c9d84eac" "/opt/rustwide/cargo-home/bin/cargo" "+1.99.0-beta.8" "build" "--frozen" "--message-format=json" "--release", kill_on_drop: false }`
[INFO] [stderr]    Compiling libc v0.2.184
[INFO] [stderr]    Compiling pkg-config v0.3.32
[INFO] [stderr]    Compiling powerfmt v0.2.0
[INFO] [stderr]    Compiling num-conv v0.2.1
[INFO] [stderr]    Compiling time-core v0.1.8
[INFO] [stderr]    Compiling rustix v1.1.4
[INFO] [stderr]    Compiling crc32fast v1.5.0
[INFO] [stderr]    Compiling zstd-safe v5.0.2+zstd.1.5.2
[INFO] [stderr]    Compiling bitflags v2.11.0
[INFO] [stderr]    Compiling byteorder v1.5.0
[INFO] [stderr]    Compiling zstd-safe v7.2.4
[INFO] [stderr]    Compiling inout v0.1.4
[INFO] [stderr]    Compiling linux-raw-sys v0.12.1
[INFO] [stderr]    Compiling rand_core v0.6.4
[INFO] [stderr]    Compiling base64ct v1.8.3
[INFO] [stderr]    Compiling simd-adler32 v0.3.9
[INFO] [stderr]    Compiling adler2 v2.0.1
[INFO] [stderr]    Compiling cipher v0.4.4
[INFO] [stderr]    Compiling hmac v0.12.1
[INFO] [stderr]    Compiling crc-catalog v2.4.0
[INFO] [stderr]    Compiling time-macros v0.2.27
[INFO] [stderr]    Compiling deranged v0.5.8
[INFO] [stderr]    Compiling bit-vec v0.7.0
[INFO] [stderr]    Compiling crc v3.4.0
[INFO] [stderr]    Compiling miniz_oxide v0.8.9
[INFO] [stderr]    Compiling password-hash v0.4.2
[INFO] [stderr]    Compiling lzma-rust v0.1.7
[INFO] [stderr]    Compiling aes v0.8.4
[INFO] [stderr]    Compiling clap_derive v4.6.0
[INFO] [stderr]    Compiling sha1 v0.10.6
[INFO] [stderr]    Compiling twox-hash v2.1.2
[INFO] [stderr]    Compiling constant_time_eq v0.1.5
[INFO] [stderr]    Compiling magic-pack v0.12.0 (/opt/rustwide/workdir)
[INFO] [stderr]    Compiling lz4_flex v0.11.6
[INFO] [stderr]    Compiling bit-set v0.6.0
[INFO] [stderr]    Compiling pbkdf2 v0.11.0
[INFO] [stderr]    Compiling flate2 v1.1.9
[INFO] [stderr]    Compiling filetime v0.2.27
[INFO] [stderr]    Compiling jobserver v0.1.34
[INFO] [stderr]    Compiling filetime_creation v0.2.0
[INFO] [stderr]    Compiling cc v1.2.60
[INFO] [stderr]    Compiling time v0.3.47
[INFO] [stderr]    Compiling clap v4.6.0
[INFO] [stderr]    Compiling nt-time v0.8.1
[INFO] [stderr]    Compiling sevenz-rust v0.6.1
[INFO] [stderr]    Compiling xattr v1.6.1
[INFO] [stderr]    Compiling tar v0.4.45
[INFO] [stderr]    Compiling zstd-sys v2.0.16+zstd.1.5.7
[INFO] [stderr]    Compiling bzip2-sys v0.1.13+1.0.8
[INFO] [stderr]    Compiling lzma-sys v0.1.20
[INFO] [stderr]    Compiling bzip2 v0.4.4
[INFO] [stderr]    Compiling xz2 v0.1.7
[INFO] [stderr]    Compiling zstd v0.13.3
[INFO] [stderr]    Compiling zstd v0.11.2+zstd.1.5.2
[INFO] [stderr]    Compiling zip v0.6.6
[INFO] [stderr]     Finished `release` profile [optimized] target(s) in 1m 02s
[INFO] running `Command { std: "docker" "inspect" "4aea304f49c24dc6fa5d77a2eac6a21019b22a648d0c3cba39e57ed6c9d84eac", kill_on_drop: false }`
[INFO] running `Command { std: "docker" "exec" "-e" "SOURCE_DIR=/opt/rustwide/workdir" "-e" "CARGO_HOME=/opt/rustwide/cargo-home" "-e" "RUSTUP_HOME=/opt/rustwide/rustup-home" "-e" "CARGO_TARGET_DIR=/opt/rustwide/target" "-e" "CARGO_INCREMENTAL=0" "-e" "RUST_BACKTRACE=full" "-e" "RUSTFLAGS=--cap-lints=warn" "-e" "RUSTDOCFLAGS=--cap-lints=warn" "-w" "/opt/rustwide/workdir" "--user" "0:0" "4aea304f49c24dc6fa5d77a2eac6a21019b22a648d0c3cba39e57ed6c9d84eac" "/opt/rustwide/cargo-home/bin/cargo" "+1.99.0-beta.8" "test" "--frozen" "--no-run" "--message-format=json" "--release", kill_on_drop: false }`
[INFO] [stderr]    Compiling magic-pack v0.12.0 (/opt/rustwide/workdir)
[INFO] [stderr]     Finished `release` profile [optimized] target(s) in 2.83s
[INFO] running `Command { std: "docker" "inspect" "4aea304f49c24dc6fa5d77a2eac6a21019b22a648d0c3cba39e57ed6c9d84eac", kill_on_drop: false }`
[INFO] running `Command { std: "docker" "exec" "-e" "SOURCE_DIR=/opt/rustwide/workdir" "-e" "CARGO_HOME=/opt/rustwide/cargo-home" "-e" "RUSTUP_HOME=/opt/rustwide/rustup-home" "-e" "CARGO_TARGET_DIR=/opt/rustwide/target" "-e" "CARGO_INCREMENTAL=0" "-e" "RUST_BACKTRACE=full" "-e" "RUSTFLAGS=--cap-lints=warn" "-e" "RUSTDOCFLAGS=--cap-lints=warn" "-w" "/opt/rustwide/workdir" "--user" "0:0" "4aea304f49c24dc6fa5d77a2eac6a21019b22a648d0c3cba39e57ed6c9d84eac" "/opt/rustwide/cargo-home/bin/cargo" "+1.99.0-beta.8" "test" "--frozen" "--release", kill_on_drop: false }`
[INFO] [stderr]     Finished `release` profile [optimized] target(s) in 0.13s
[INFO] [stderr]      Running unittests src/lib.rs (/opt/rustwide/target/release/deps/magic_pack-2c4d0db5bb291af8)
[INFO] [stdout] 
[INFO] [stdout] running 19 tests
[INFO] [stdout] test modules::compression::upx::tests::detect_truncated_buffer_returns_false_no_panic ... ok
[INFO] [stdout] test modules::compression::upx::tests::missing_binary_message_lists_install_hints ... ok
[INFO] [stdout] test modules::compression::upx::tests::build_args_path_with_leading_dash_passes_after_separator ... ok
[INFO] [stdout] test modules::compression::upx::tests::detect_macho_with_single_marker_returns_true ... ok
[INFO] [stdout] test modules::compression::upx::tests::detect_pe_with_two_markers_returns_true ... ok
[INFO] [stdout] test modules::compression::upx::tests::detect_marker_count_caps_at_scan_limit ... ok
[INFO] [stdout] test modules::compression::upx::tests::detect_macho_with_zero_markers_returns_false ... ok
[INFO] [stdout] test modules::compression::upx::tests::build_args_decompress_emits_dash_dash_separator ... ok
[INFO] [stdout] test modules::compression::upx::tests::detect_macho_fat_returns_true ... ok
[INFO] [stdout] test modules::compression::upx::tests::detect_elf_with_two_markers_returns_true ... ok
[INFO] [stdout] test modules::compression::upx::tests::detect_text_with_marker_returns_false ... ok
[INFO] [stdout] test service::packer_filename_tests::decompress_strips_upx_infix_or_adds_unpacked ... ok
[INFO] [stdout] test modules::compression::upx::tests::detect_macho_thin_64_le_with_two_markers_returns_true ... ok
[INFO] [stdout] test modules::compression::upx::tests::build_args_compress_emits_dash_dash_separator ... ok
[INFO] [stdout] test service::packer_filename_tests::is_executable_packer_predicate_table ... ok
[INFO] [stdout] test modules::compression::upx::tests::detect_pe_with_invalid_e_lfanew_returns_false ... ok
[INFO] [stdout] test modules::compression::upx::tests::detect_plain_pe_without_markers_returns_false ... ok
[INFO] [stdout] test service::packer_filename_tests::compress_default_preserves_extension ... ok
[INFO] [stdout] test modules::compression::upx::tests::detect_pe_with_single_marker_returns_true ... ok
[INFO] [stdout] 
[INFO] [stdout] test result: ok. 19 passed; 0 failed; 0 ignored; 0 measured; 0 filtered out; finished in 0.02s
[INFO] [stdout] 
[INFO] [stderr]      Running unittests src/main.rs (/opt/rustwide/target/release/deps/magic_pack-53ded2e3c85b51a0)
[INFO] [stdout] 
[INFO] [stdout] running 0 tests
[INFO] [stdout] 
[INFO] [stdout] test result: ok. 0 passed; 0 failed; 0 ignored; 0 measured; 0 filtered out; finished in 0.00s
[INFO] [stdout] 
[INFO] [stderr]      Running tests/contents.rs (/opt/rustwide/target/release/deps/contents-2186856b86286464)
[INFO] [stdout] 
[INFO] [stdout] running 13 tests
[INFO] [stdout] test test_get_file_type_string::sevenz ... ok
[INFO] [stdout] test test_get_file_type_string::tar ... ok
[INFO] [stdout] test test_get_file_type_string::gz ... ok
[INFO] [stdout] test test_get_file_type_string::tarbz2 ... ok
[INFO] [stdout] test test_get_file_type_string::targz ... ok
[INFO] [stdout] test test_get_file_type_string::bz2 ... ok
[INFO] [stdout] test test_get_file_type_string::lz4 ... ok
[INFO] [stdout] test test_get_file_type_string::tarxz ... ok
[INFO] [stdout] test test_get_file_type_string::tarlz4 ... ok
[INFO] [stdout] test test_get_file_type_string::zip ... ok
[INFO] [stdout] test test_get_file_type_string::tarzst ... ok
[INFO] [stdout] test test_get_file_type_string::xz ... ok
[INFO] [stdout] test test_get_file_type_string::zst ... ok
[INFO] [stdout] 
[INFO] [stdout] test result: ok. 13 passed; 0 failed; 0 ignored; 0 measured; 0 filtered out; finished in 0.01s
[INFO] [stdout] 
[INFO] [stderr]      Running tests/encryption.rs (/opt/rustwide/target/release/deps/encryption-55933e1c285d6dec)
[INFO] [stdout] 
[INFO] [stdout] running 0 tests
[INFO] [stdout] 
[INFO] [stdout] test result: ok. 0 passed; 0 failed; 0 ignored; 0 measured; 0 filtered out; finished in 0.00s
[INFO] [stdout] 
[INFO] [stderr]      Running tests/interop.rs (/opt/rustwide/target/release/deps/interop-65b887ac9048b42a)
[INFO] [stdout] 
[INFO] [stdout] running 12 tests
[INFO] [stdout] test tool_compress_tar_command_decompress ... FAILED
[INFO] [stdout] test tool_compress_tarbz2_command_list ... FAILED
[INFO] [stdout] test gzip_command_compress_tool_decompress ... FAILED
[INFO] [stdout] test tool_compress_gzip_command_decompress ... FAILED
[INFO] [stdout] test tar_gz_command_compress_tool_decompress ... FAILED
[INFO] [stdout] test tar_bz2_command_compress_tool_decompress ... FAILED
[INFO] [stdout] test tar_command_compress_tool_decompress ... FAILED
[INFO] [stdout] test tool_compress_targz_command_list ... FAILED
[INFO] [stdout] test tool_compress_bzip2_command_decompress ... FAILED
[INFO] [stdout] test bzip2_command_compress_tool_decompress ... FAILED
[INFO] [stderr] error: test failed, to rerun pass `--test interop`
[INFO] [stdout] test zip_command_compress_tool_decompress ... FAILED
[INFO] [stdout] test tool_compress_zip_command_list ... FAILED
[INFO] [stdout] 
[INFO] [stdout] failures:
[INFO] [stdout] 
[INFO] [stdout] ---- tool_compress_tar_command_decompress stdout ----
[INFO] [stdout] 
[INFO] [stdout] thread 'tool_compress_tar_command_decompress' (1533) panicked at tests/interop.rs:13:31:
[INFO] [stdout] create base test dir: Os { code: 30, kind: ReadOnlyFilesystem, message: "Read-only file system" }
[INFO] [stdout] stack backtrace:
[INFO] [stdout]    0:     0x57a3383dd3a1 - <<std[70759c8f55707aa4]::sys::backtrace::BacktraceLock>::print::DisplayBacktrace as core[df12db4294e9bfd3]::fmt::Display>::fmt
[INFO] [stdout]    1:     0x57a3383f2d8a - core[df12db4294e9bfd3]::fmt::write
[INFO] [stdout]    2:     0x57a3383e1dcc - <alloc[2182bb758b4b3781]::vec::Vec<u8> as core[df12db4294e9bfd3]::io::write::Write>::write_fmt
[INFO] [stdout]    3:     0x57a3383b6a36 - std[70759c8f55707aa4]::panicking::default_hook::{closure#0}
[INFO] [stdout]    4:     0x57a3383d4459 - std[70759c8f55707aa4]::panicking::default_hook
[INFO] [stdout]    5:     0x57a338205610 - test[9d35eded1c95d3be]::test_main_inner::<test[9d35eded1c95d3be]::test_main_static::{closure#0}>::{closure#0}
[INFO] [stdout]    6:     0x57a3383d4612 - std[70759c8f55707aa4]::panicking::panic_with_hook
[INFO] [stdout]    7:     0x57a3383b6ae2 - std[70759c8f55707aa4]::panicking::panic_handler::{closure#0}
[INFO] [stdout]    8:     0x57a3383af449 - std[70759c8f55707aa4]::sys::backtrace::__rust_end_short_backtrace::<std[70759c8f55707aa4]::panicking::panic_handler::{closure#0}, !>
[INFO] [stdout]    9:     0x57a3383b797d - __rustc[8fa7c3cbc660c2b3]::rust_begin_unwind
[INFO] [stdout]   10:     0x57a3383f34bc - core[df12db4294e9bfd3]::panicking::panic_fmt
[INFO] [stdout]   11:     0x57a3383f3292 - core[df12db4294e9bfd3]::result::unwrap_failed
[INFO] [stdout]   12:     0x57a3381f32c3 - interop[aa7dc3ff60aff74e]::make_unique_dir
[INFO] [stdout]   13:     0x57a3381f5a3a - <interop[aa7dc3ff60aff74e]::tool_compress_tar_command_decompress::{closure#0} as core[df12db4294e9bfd3]::ops::function::FnOnce<()>>::call_once
[INFO] [stdout]   14:     0x57a3381f88fb - test[9d35eded1c95d3be]::__rust_begin_short_backtrace::<core[df12db4294e9bfd3]::result::Result<(), alloc[2182bb758b4b3781]::string::String>, fn() -> core[df12db4294e9bfd3]::result::Result<(), alloc[2182bb758b4b3781]::string::String>>
[INFO] [stdout]   15:     0x57a338205f65 - test[9d35eded1c95d3be]::run_test::{closure#0}
[INFO] [stdout]   16:     0x57a3381ff824 - std[70759c8f55707aa4]::sys::backtrace::__rust_begin_short_backtrace::<test[9d35eded1c95d3be]::run_test::{closure#1}, ()>
[INFO] [stdout]   17:     0x57a3382090c2 - <std[70759c8f55707aa4]::thread::lifecycle::spawn_unchecked<test[9d35eded1c95d3be]::run_test::{closure#1}, ()>::{closure#1} as core[df12db4294e9bfd3]::ops::function::FnOnce<()>>::call_once::{shim:vtable#0}
[INFO] [stdout]   18:     0x57a3383dc719 - <std[70759c8f55707aa4]::sys::thread::unix::Thread>::new::thread_start
[INFO] [stdout]   19:     0x7579bf351dfa - <unknown>
[INFO] [stdout]   20:     0x7579bf3e53d4 - clone
[INFO] [stdout]   21:                0x0 - <unknown>
[INFO] [stdout] 
[INFO] [stdout] ---- tool_compress_tarbz2_command_list stdout ----
[INFO] [stdout] 
[INFO] [stdout] thread 'tool_compress_tarbz2_command_list' (1534) panicked at tests/interop.rs:13:31:
[INFO] [stdout] create base test dir: Os { code: 30, kind: ReadOnlyFilesystem, message: "Read-only file system" }
[INFO] [stdout] stack backtrace:
[INFO] [stdout]    0:     0x57a3383dd3a1 - <<std[70759c8f55707aa4]::sys::backtrace::BacktraceLock>::print::DisplayBacktrace as core[df12db4294e9bfd3]::fmt::Display>::fmt
[INFO] [stdout]    1:     0x57a3383f2d8a - core[df12db4294e9bfd3]::fmt::write
[INFO] [stdout]    2:     0x57a3383e1dcc - <alloc[2182bb758b4b3781]::vec::Vec<u8> as core[df12db4294e9bfd3]::io::write::Write>::write_fmt
[INFO] [stdout]    3:     0x57a3383b6a36 - std[70759c8f55707aa4]::panicking::default_hook::{closure#0}
[INFO] [stdout]    4:     0x57a3383d4459 - std[70759c8f55707aa4]::panicking::default_hook
[INFO] [stdout]    5:     0x57a338205610 - test[9d35eded1c95d3be]::test_main_inner::<test[9d35eded1c95d3be]::test_main_static::{closure#0}>::{closure#0}
[INFO] [stdout]    6:     0x57a3383d4612 - std[70759c8f55707aa4]::panicking::panic_with_hook
[INFO] [stdout]    7:     0x57a3383b6ae2 - std[70759c8f55707aa4]::panicking::panic_handler::{closure#0}
[INFO] [stdout]    8:     0x57a3383af449 - std[70759c8f55707aa4]::sys::backtrace::__rust_end_short_backtrace::<std[70759c8f55707aa4]::panicking::panic_handler::{closure#0}, !>
[INFO] [stdout]    9:     0x57a3383b797d - __rustc[8fa7c3cbc660c2b3]::rust_begin_unwind
[INFO] [stdout]   10:     0x57a3383f34bc - core[df12db4294e9bfd3]::panicking::panic_fmt
[INFO] [stdout]   11:     0x57a3383f3292 - core[df12db4294e9bfd3]::result::unwrap_failed
[INFO] [stdout]   12:     0x57a3381f32c3 - interop[aa7dc3ff60aff74e]::make_unique_dir
[INFO] [stdout]   13:     0x57a3381f4e0a - <interop[aa7dc3ff60aff74e]::tool_compress_tarbz2_command_list::{closure#0} as core[df12db4294e9bfd3]::ops::function::FnOnce<()>>::call_once
[INFO] [stdout]   14:     0x57a3381f88fb - test[9d35eded1c95d3be]::__rust_begin_short_backtrace::<core[df12db4294e9bfd3]::result::Result<(), alloc[2182bb758b4b3781]::string::String>, fn() -> core[df12db4294e9bfd3]::result::Result<(), alloc[2182bb758b4b3781]::string::String>>
[INFO] [stdout]   15:     0x57a338205f65 - test[9d35eded1c95d3be]::run_test::{closure#0}
[INFO] [stdout]   16:     0x57a3381ff824 - std[70759c8f55707aa4]::sys::backtrace::__rust_begin_short_backtrace::<test[9d35eded1c95d3be]::run_test::{closure#1}, ()>
[INFO] [stdout]   17:     0x57a3382090c2 - <std[70759c8f55707aa4]::thread::lifecycle::spawn_unchecked<test[9d35eded1c95d3be]::run_test::{closure#1}, ()>::{closure#1} as core[df12db4294e9bfd3]::ops::function::FnOnce<()>>::call_once::{shim:vtable#0}
[INFO] [stdout]   18:     0x57a3383dc719 - <std[70759c8f55707aa4]::sys::thread::unix::Thread>::new::thread_start
[INFO] [stdout]   19:     0x7579bf351dfa - <unknown>
[INFO] [stdout]   20:     0x7579bf3e53d4 - clone
[INFO] [stdout]   21:                0x0 - <unknown>
[INFO] [stdout] 
[INFO] [stdout] ---- gzip_command_compress_tool_decompress stdout ----
[INFO] [stdout] 
[INFO] [stdout] thread 'gzip_command_compress_tool_decompress' (1527) panicked at tests/interop.rs:13:31:
[INFO] [stdout] create base test dir: Os { code: 30, kind: ReadOnlyFilesystem, message: "Read-only file system" }
[INFO] [stdout] stack backtrace:
[INFO] [stdout]    0:     0x57a3383dd3a1 - <<std[70759c8f55707aa4]::sys::backtrace::BacktraceLock>::print::DisplayBacktrace as core[df12db4294e9bfd3]::fmt::Display>::fmt
[INFO] [stdout]    1:     0x57a3383f2d8a - core[df12db4294e9bfd3]::fmt::write
[INFO] [stdout]    2:     0x57a3383e1dcc - <alloc[2182bb758b4b3781]::vec::Vec<u8> as core[df12db4294e9bfd3]::io::write::Write>::write_fmt
[INFO] [stdout]    3:     0x57a3383b6a36 - std[70759c8f55707aa4]::panicking::default_hook::{closure#0}
[INFO] [stdout]    4:     0x57a3383d4459 - std[70759c8f55707aa4]::panicking::default_hook
[INFO] [stdout]    5:     0x57a338205610 - test[9d35eded1c95d3be]::test_main_inner::<test[9d35eded1c95d3be]::test_main_static::{closure#0}>::{closure#0}
[INFO] [stdout]    6:     0x57a3383d4612 - std[70759c8f55707aa4]::panicking::panic_with_hook
[INFO] [stdout]    7:     0x57a3383b6ae2 - std[70759c8f55707aa4]::panicking::panic_handler::{closure#0}
[INFO] [stdout]    8:     0x57a3383af449 - std[70759c8f55707aa4]::sys::backtrace::__rust_end_short_backtrace::<std[70759c8f55707aa4]::panicking::panic_handler::{closure#0}, !>
[INFO] [stdout]    9:     0x57a3383b797d - __rustc[8fa7c3cbc660c2b3]::rust_begin_unwind
[INFO] [stdout]   10:     0x57a3383f34bc - core[df12db4294e9bfd3]::panicking::panic_fmt
[INFO] [stdout]   11:     0x57a3383f3292 - core[df12db4294e9bfd3]::result::unwrap_failed
[INFO] [stdout]   12:     0x57a3381f32c3 - interop[aa7dc3ff60aff74e]::make_unique_dir
[INFO] [stdout]   13:     0x57a3381f65ba - <interop[aa7dc3ff60aff74e]::gzip_command_compress_tool_decompress::{closure#0} as core[df12db4294e9bfd3]::ops::function::FnOnce<()>>::call_once
[INFO] [stdout]   14:     0x57a3381f88fb - test[9d35eded1c95d3be]::__rust_begin_short_backtrace::<core[df12db4294e9bfd3]::result::Result<(), alloc[2182bb758b4b3781]::string::String>, fn() -> core[df12db4294e9bfd3]::result::Result<(), alloc[2182bb758b4b3781]::string::String>>
[INFO] [stdout]   15:     0x57a338205f65 - test[9d35eded1c95d3be]::run_test::{closure#0}
[INFO] [stdout]   16:     0x57a3381ff824 - std[70759c8f55707aa4]::sys::backtrace::__rust_begin_short_backtrace::<test[9d35eded1c95d3be]::run_test::{closure#1}, ()>
[INFO] [stdout]   17:     0x57a3382090c2 - <std[70759c8f55707aa4]::thread::lifecycle::spawn_unchecked<test[9d35eded1c95d3be]::run_test::{closure#1}, ()>::{closure#1} as core[df12db4294e9bfd3]::ops::function::FnOnce<()>>::call_once::{shim:vtable#0}
[INFO] [stdout]   18:     0x57a3383dc719 - <std[70759c8f55707aa4]::sys::thread::unix::Thread>::new::thread_start
[INFO] [stdout]   19:     0x7579bf351dfa - <unknown>
[INFO] [stdout]   20:     0x7579bf3e53d4 - clone
[INFO] [stdout]   21:                0x0 - <unknown>
[INFO] [stdout] 
[INFO] [stdout] ---- tool_compress_gzip_command_decompress stdout ----
[INFO] [stdout] 
[INFO] [stdout] thread 'tool_compress_gzip_command_decompress' (1532) panicked at tests/interop.rs:13:31:
[INFO] [stdout] create base test dir: Os { code: 30, kind: ReadOnlyFilesystem, message: "Read-only file system" }
[INFO] [stdout] stack backtrace:
[INFO] [stdout]    0:     0x57a3383dd3a1 - <<std[70759c8f55707aa4]::sys::backtrace::BacktraceLock>::print::DisplayBacktrace as core[df12db4294e9bfd3]::fmt::Display>::fmt
[INFO] [stdout]    1:     0x57a3383f2d8a - core[df12db4294e9bfd3]::fmt::write
[INFO] [stdout]    2:     0x57a3383e1dcc - <alloc[2182bb758b4b3781]::vec::Vec<u8> as core[df12db4294e9bfd3]::io::write::Write>::write_fmt
[INFO] [stdout]    3:     0x57a3383b6a36 - std[70759c8f55707aa4]::panicking::default_hook::{closure#0}
[INFO] [stdout]    4:     0x57a3383d4459 - std[70759c8f55707aa4]::panicking::default_hook
[INFO] [stdout]    5:     0x57a338205610 - test[9d35eded1c95d3be]::test_main_inner::<test[9d35eded1c95d3be]::test_main_static::{closure#0}>::{closure#0}
[INFO] [stdout]    6:     0x57a3383d4612 - std[70759c8f55707aa4]::panicking::panic_with_hook
[INFO] [stdout]    7:     0x57a3383b6ae2 - std[70759c8f55707aa4]::panicking::panic_handler::{closure#0}
[INFO] [stdout]    8:     0x57a3383af449 - std[70759c8f55707aa4]::sys::backtrace::__rust_end_short_backtrace::<std[70759c8f55707aa4]::panicking::panic_handler::{closure#0}, !>
[INFO] [stdout]    9:     0x57a3383b797d - __rustc[8fa7c3cbc660c2b3]::rust_begin_unwind
[INFO] [stdout]   10:     0x57a3383f34bc - core[df12db4294e9bfd3]::panicking::panic_fmt
[INFO] [stdout]   11:     0x57a3383f3292 - core[df12db4294e9bfd3]::result::unwrap_failed
[INFO] [stdout]   12:     0x57a3381f32c3 - interop[aa7dc3ff60aff74e]::make_unique_dir
[INFO] [stdout]   13:     0x57a3381f6b8a - <interop[aa7dc3ff60aff74e]::tool_compress_gzip_command_decompress::{closure#0} as core[df12db4294e9bfd3]::ops::function::FnOnce<()>>::call_once
[INFO] [stdout]   14:     0x57a3381f88fb - test[9d35eded1c95d3be]::__rust_begin_short_backtrace::<core[df12db4294e9bfd3]::result::Result<(), alloc[2182bb758b4b3781]::string::String>, fn() -> core[df12db4294e9bfd3]::result::Result<(), alloc[2182bb758b4b3781]::string::String>>
[INFO] [stdout]   15:     0x57a338205f65 - test[9d35eded1c95d3be]::run_test::{closure#0}
[INFO] [stdout]   16:     0x57a3381ff824 - std[70759c8f55707aa4]::sys::backtrace::__rust_begin_short_backtrace::<test[9d35eded1c95d3be]::run_test::{closure#1}, ()>
[INFO] [stdout]   17:     0x57a3382090c2 - <std[70759c8f55707aa4]::thread::lifecycle::spawn_unchecked<test[9d35eded1c95d3be]::run_test::{closure#1}, ()>::{closure#1} as core[df12db4294e9bfd3]::ops::function::FnOnce<()>>::call_once::{shim:vtable#0}
[INFO] [stdout]   18:     0x57a3383dc719 - <std[70759c8f55707aa4]::sys::thread::unix::Thread>::new::thread_start
[INFO] [stdout]   19:     0x7579bf351dfa - <unknown>
[INFO] [stdout]   20:     0x7579bf3e53d4 - clone
[INFO] [stdout]   21:                0x0 - <unknown>
[INFO] [stdout] 
[INFO] [stdout] ---- tar_gz_command_compress_tool_decompress stdout ----
[INFO] [stdout] 
[INFO] [stdout] thread 'tar_gz_command_compress_tool_decompress' (1530) panicked at tests/interop.rs:13:31:
[INFO] [stdout] create base test dir: Os { code: 30, kind: ReadOnlyFilesystem, message: "Read-only file system" }
[INFO] [stdout] stack backtrace:
[INFO] [stdout]    0:     0x57a3383dd3a1 - <<std[70759c8f55707aa4]::sys::backtrace::BacktraceLock>::print::DisplayBacktrace as core[df12db4294e9bfd3]::fmt::Display>::fmt
[INFO] [stdout]    1:     0x57a3383f2d8a - core[df12db4294e9bfd3]::fmt::write
[INFO] [stdout]    2:     0x57a3383e1dcc - <alloc[2182bb758b4b3781]::vec::Vec<u8> as core[df12db4294e9bfd3]::io::write::Write>::write_fmt
[INFO] [stdout]    3:     0x57a3383b6a36 - std[70759c8f55707aa4]::panicking::default_hook::{closure#0}
[INFO] [stdout]    4:     0x57a3383d4459 - std[70759c8f55707aa4]::panicking::default_hook
[INFO] [stdout]    5:     0x57a338205610 - test[9d35eded1c95d3be]::test_main_inner::<test[9d35eded1c95d3be]::test_main_static::{closure#0}>::{closure#0}
[INFO] [stdout]    6:     0x57a3383d4612 - std[70759c8f55707aa4]::panicking::panic_with_hook
[INFO] [stdout]    7:     0x57a3383b6ae2 - std[70759c8f55707aa4]::panicking::panic_handler::{closure#0}
[INFO] [stdout]    8:     0x57a3383af449 - std[70759c8f55707aa4]::sys::backtrace::__rust_end_short_backtrace::<std[70759c8f55707aa4]::panicking::panic_handler::{closure#0}, !>
[INFO] [stdout]    9:     0x57a3383b797d - __rustc[8fa7c3cbc660c2b3]::rust_begin_unwind
[INFO] [stdout]   10:     0x57a3383f34bc - core[df12db4294e9bfd3]::panicking::panic_fmt
[INFO] [stdout]   11:     0x57a3383f3292 - core[df12db4294e9bfd3]::result::unwrap_failed
[INFO] [stdout]   12:     0x57a3381f32c3 - interop[aa7dc3ff60aff74e]::make_unique_dir
[INFO] [stdout]   13:     0x57a3381f79f7 - <interop[aa7dc3ff60aff74e]::tar_gz_command_compress_tool_decompress::{closure#0} as core[df12db4294e9bfd3]::ops::function::FnOnce<()>>::call_once
[INFO] [stdout]   14:     0x57a3381f88fb - test[9d35eded1c95d3be]::__rust_begin_short_backtrace::<core[df12db4294e9bfd3]::result::Result<(), alloc[2182bb758b4b3781]::string::String>, fn() -> core[df12db4294e9bfd3]::result::Result<(), alloc[2182bb758b4b3781]::string::String>>
[INFO] [stdout]   15:     0x57a338205f65 - test[9d35eded1c95d3be]::run_test::{closure#0}
[INFO] [stdout]   16:     0x57a3381ff824 - std[70759c8f55707aa4]::sys::backtrace::__rust_begin_short_backtrace::<test[9d35eded1c95d3be]::run_test::{closure#1}, ()>
[INFO] [stdout]   17:     0x57a3382090c2 - <std[70759c8f55707aa4]::thread::lifecycle::spawn_unchecked<test[9d35eded1c95d3be]::run_test::{closure#1}, ()>::{closure#1} as core[df12db4294e9bfd3]::ops::function::FnOnce<()>>::call_once::{shim:vtable#0}
[INFO] [stdout]   18:     0x57a3383dc719 - <std[70759c8f55707aa4]::sys::thread::unix::Thread>::new::thread_start
[INFO] [stdout]   19:     0x7579bf351dfa - <unknown>
[INFO] [stdout]   20:     0x7579bf3e53d4 - clone
[INFO] [stdout]   21:                0x0 - <unknown>
[INFO] [stdout] 
[INFO] [stdout] ---- tar_bz2_command_compress_tool_decompress stdout ----
[INFO] [stdout] 
[INFO] [stdout] thread 'tar_bz2_command_compress_tool_decompress' (1528) panicked at tests/interop.rs:13:31:
[INFO] [stdout] create base test dir: Os { code: 30, kind: ReadOnlyFilesystem, message: "Read-only file system" }
[INFO] [stdout] stack backtrace:
[INFO] [stdout]    0:     0x57a3383dd3a1 - <<std[70759c8f55707aa4]::sys::backtrace::BacktraceLock>::print::DisplayBacktrace as core[df12db4294e9bfd3]::fmt::Display>::fmt
[INFO] [stdout]    1:     0x57a3383f2d8a - core[df12db4294e9bfd3]::fmt::write
[INFO] [stdout]    2:     0x57a3383e1dcc - <alloc[2182bb758b4b3781]::vec::Vec<u8> as core[df12db4294e9bfd3]::io::write::Write>::write_fmt
[INFO] [stdout]    3:     0x57a3383b6a36 - std[70759c8f55707aa4]::panicking::default_hook::{closure#0}
[INFO] [stdout]    4:     0x57a3383d4459 - std[70759c8f55707aa4]::panicking::default_hook
[INFO] [stdout]    5:     0x57a338205610 - test[9d35eded1c95d3be]::test_main_inner::<test[9d35eded1c95d3be]::test_main_static::{closure#0}>::{closure#0}
[INFO] [stdout]    6:     0x57a3383d4612 - std[70759c8f55707aa4]::panicking::panic_with_hook
[INFO] [stdout]    7:     0x57a3383b6ae2 - std[70759c8f55707aa4]::panicking::panic_handler::{closure#0}
[INFO] [stdout]    8:     0x57a3383af449 - std[70759c8f55707aa4]::sys::backtrace::__rust_end_short_backtrace::<std[70759c8f55707aa4]::panicking::panic_handler::{closure#0}, !>
[INFO] [stdout]    9:     0x57a3383b797d - __rustc[8fa7c3cbc660c2b3]::rust_begin_unwind
[INFO] [stdout]   10:     0x57a3383f34bc - core[df12db4294e9bfd3]::panicking::panic_fmt
[INFO] [stdout]   11:     0x57a3383f3292 - core[df12db4294e9bfd3]::result::unwrap_failed
[INFO] [stdout]   12:     0x57a3381f32c3 - interop[aa7dc3ff60aff74e]::make_unique_dir
[INFO] [stdout]   13:     0x57a3381f8167 - <interop[aa7dc3ff60aff74e]::tar_bz2_command_compress_tool_decompress::{closure#0} as core[df12db4294e9bfd3]::ops::function::FnOnce<()>>::call_once
[INFO] [stdout]   14:     0x57a3381f88fb - test[9d35eded1c95d3be]::__rust_begin_short_backtrace::<core[df12db4294e9bfd3]::result::Result<(), alloc[2182bb758b4b3781]::string::String>, fn() -> core[df12db4294e9bfd3]::result::Result<(), alloc[2182bb758b4b3781]::string::String>>
[INFO] [stdout]   15:     0x57a338205f65 - test[9d35eded1c95d3be]::run_test::{closure#0}
[INFO] [stdout]   16:     0x57a3381ff824 - std[70759c8f55707aa4]::sys::backtrace::__rust_begin_short_backtrace::<test[9d35eded1c95d3be]::run_test::{closure#1}, ()>
[INFO] [stdout]   17:     0x57a3382090c2 - <std[70759c8f55707aa4]::thread::lifecycle::spawn_unchecked<test[9d35eded1c95d3be]::run_test::{closure#1}, ()>::{closure#1} as core[df12db4294e9bfd3]::ops::function::FnOnce<()>>::call_once::{shim:vtable#0}
[INFO] [stdout]   18:     0x57a3383dc719 - <std[70759c8f55707aa4]::sys::thread::unix::Thread>::new::thread_start
[INFO] [stdout]   19:     0x7579bf351dfa - <unknown>
[INFO] [stdout]   20:     0x7579bf3e53d4 - clone
[INFO] [stdout]   21:                0x0 - <unknown>
[INFO] [stdout] 
[INFO] [stdout] ---- tar_command_compress_tool_decompress stdout ----
[INFO] [stdout] 
[INFO] [stdout] thread 'tar_command_compress_tool_decompress' (1529) panicked at tests/interop.rs:13:31:
[INFO] [stdout] create base test dir: Os { code: 30, kind: ReadOnlyFilesystem, message: "Read-only file system" }
[INFO] [stdout] stack backtrace:
[INFO] [stdout]    0:     0x57a3383dd3a1 - <<std[70759c8f55707aa4]::sys::backtrace::BacktraceLock>::print::DisplayBacktrace as core[df12db4294e9bfd3]::fmt::Display>::fmt
[INFO] [stdout]    1:     0x57a3383f2d8a - core[df12db4294e9bfd3]::fmt::write
[INFO] [stdout]    2:     0x57a3383e1dcc - <alloc[2182bb758b4b3781]::vec::Vec<u8> as core[df12db4294e9bfd3]::io::write::Write>::write_fmt
[INFO] [stdout]    3:     0x57a3383b6a36 - std[70759c8f55707aa4]::panicking::default_hook::{closure#0}
[INFO] [stdout]    4:     0x57a3383d4459 - std[70759c8f55707aa4]::panicking::default_hook
[INFO] [stdout]    5:     0x57a338205610 - test[9d35eded1c95d3be]::test_main_inner::<test[9d35eded1c95d3be]::test_main_static::{closure#0}>::{closure#0}
[INFO] [stdout]    6:     0x57a3383d4612 - std[70759c8f55707aa4]::panicking::panic_with_hook
[INFO] [stdout]    7:     0x57a3383b6ae2 - std[70759c8f55707aa4]::panicking::panic_handler::{closure#0}
[INFO] [stdout]    8:     0x57a3383af449 - std[70759c8f55707aa4]::sys::backtrace::__rust_end_short_backtrace::<std[70759c8f55707aa4]::panicking::panic_handler::{closure#0}, !>
[INFO] [stdout]    9:     0x57a3383b797d - __rustc[8fa7c3cbc660c2b3]::rust_begin_unwind
[INFO] [stdout]   10:     0x57a3383f34bc - core[df12db4294e9bfd3]::panicking::panic_fmt
[INFO] [stdout]   11:     0x57a3383f3292 - core[df12db4294e9bfd3]::result::unwrap_failed
[INFO] [stdout]   12:     0x57a3381f32c3 - interop[aa7dc3ff60aff74e]::make_unique_dir
[INFO] [stdout]   13:     0x57a3381f52c7 - <interop[aa7dc3ff60aff74e]::tar_command_compress_tool_decompress::{closure#0} as core[df12db4294e9bfd3]::ops::function::FnOnce<()>>::call_once
[INFO] [stdout]   14:     0x57a3381f88fb - test[9d35eded1c95d3be]::__rust_begin_short_backtrace::<core[df12db4294e9bfd3]::result::Result<(), alloc[2182bb758b4b3781]::string::String>, fn() -> core[df12db4294e9bfd3]::result::Result<(), alloc[2182bb758b4b3781]::string::String>>
[INFO] [stdout]   15:     0x57a338205f65 - test[9d35eded1c95d3be]::run_test::{closure#0}
[INFO] [stdout]   16:     0x57a3381ff824 - std[70759c8f55707aa4]::sys::backtrace::__rust_begin_short_backtrace::<test[9d35eded1c95d3be]::run_test::{closure#1}, ()>
[INFO] [stdout]   17:     0x57a3382090c2 - <std[70759c8f55707aa4]::thread::lifecycle::spawn_unchecked<test[9d35eded1c95d3be]::run_test::{closure#1}, ()>::{closure#1} as core[df12db4294e9bfd3]::ops::function::FnOnce<()>>::call_once::{shim:vtable#0}
[INFO] [stdout]   18:     0x57a3383dc719 - <std[70759c8f55707aa4]::sys::thread::unix::Thread>::new::thread_start
[INFO] [stdout]   19:     0x7579bf351dfa - <unknown>
[INFO] [stdout]   20:     0x7579bf3e53d4 - clone
[INFO] [stdout]   21:                0x0 - <unknown>
[INFO] [stdout] 
[INFO] [stdout] ---- tool_compress_targz_command_list stdout ----
[INFO] [stdout] 
[INFO] [stdout] thread 'tool_compress_targz_command_list' (1535) panicked at tests/interop.rs:13:31:
[INFO] [stdout] create base test dir: Os { code: 30, kind: ReadOnlyFilesystem, message: "Read-only file system" }
[INFO] [stdout] stack backtrace:
[INFO] [stdout]    0:     0x57a3383dd3a1 - <<std[70759c8f55707aa4]::sys::backtrace::BacktraceLock>::print::DisplayBacktrace as core[df12db4294e9bfd3]::fmt::Display>::fmt
[INFO] [stdout]    1:     0x57a3383f2d8a - core[df12db4294e9bfd3]::fmt::write
[INFO] [stdout]    2:     0x57a3383e1dcc - <alloc[2182bb758b4b3781]::vec::Vec<u8> as core[df12db4294e9bfd3]::io::write::Write>::write_fmt
[INFO] [stdout]    3:     0x57a3383b6a36 - std[70759c8f55707aa4]::panicking::default_hook::{closure#0}
[INFO] [stdout]    4:     0x57a3383d4459 - std[70759c8f55707aa4]::panicking::default_hook
[INFO] [stdout]    5:     0x57a338205610 - test[9d35eded1c95d3be]::test_main_inner::<test[9d35eded1c95d3be]::test_main_static::{closure#0}>::{closure#0}
[INFO] [stdout]    6:     0x57a3383d4612 - std[70759c8f55707aa4]::panicking::panic_with_hook
[INFO] [stdout]    7:     0x57a3383b6ae2 - std[70759c8f55707aa4]::panicking::panic_handler::{closure#0}
[INFO] [stdout]    8:     0x57a3383af449 - std[70759c8f55707aa4]::sys::backtrace::__rust_end_short_backtrace::<std[70759c8f55707aa4]::panicking::panic_handler::{closure#0}, !>
[INFO] [stdout]    9:     0x57a3383b797d - __rustc[8fa7c3cbc660c2b3]::rust_begin_unwind
[INFO] [stdout]   10:     0x57a3383f34bc - core[df12db4294e9bfd3]::panicking::panic_fmt
[INFO] [stdout]   11:     0x57a3383f3292 - core[df12db4294e9bfd3]::result::unwrap_failed
[INFO] [stdout]   12:     0x57a3381f32c3 - interop[aa7dc3ff60aff74e]::make_unique_dir
[INFO] [stdout]   13:     0x57a3381f494a - <interop[aa7dc3ff60aff74e]::tool_compress_targz_command_list::{closure#0} as core[df12db4294e9bfd3]::ops::function::FnOnce<()>>::call_once
[INFO] [stdout]   14:     0x57a3381f88fb - test[9d35eded1c95d3be]::__rust_begin_short_backtrace::<core[df12db4294e9bfd3]::result::Result<(), alloc[2182bb758b4b3781]::string::String>, fn() -> core[df12db4294e9bfd3]::result::Result<(), alloc[2182bb758b4b3781]::string::String>>
[INFO] [stdout]   15:     0x57a338205f65 - test[9d35eded1c95d3be]::run_test::{closure#0}
[INFO] [stdout]   16:     0x57a3381ff824 - std[70759c8f55707aa4]::sys::backtrace::__rust_begin_short_backtrace::<test[9d35eded1c95d3be]::run_test::{closure#1}, ()>
[INFO] [stdout]   17:     0x57a3382090c2 - <std[70759c8f55707aa4]::thread::lifecycle::spawn_unchecked<test[9d35eded1c95d3be]::run_test::{closure#1}, ()>::{closure#1} as core[df12db4294e9bfd3]::ops::function::FnOnce<()>>::call_once::{shim:vtable#0}
[INFO] [stdout]   18:     0x57a3383dc719 - <std[70759c8f55707aa4]::sys::thread::unix::Thread>::new::thread_start
[INFO] [stdout]   19:     0x7579bf351dfa - <unknown>
[INFO] [stdout]   20:     0x7579bf3e53d4 - clone
[INFO] [stdout]   21:                0x0 - <unknown>
[INFO] [stdout] 
[INFO] [stdout] ---- tool_compress_bzip2_command_decompress stdout ----
[INFO] [stdout] 
[INFO] [stdout] thread 'tool_compress_bzip2_command_decompress' (1531) panicked at tests/interop.rs:13:31:
[INFO] [stdout] create base test dir: Os { code: 30, kind: ReadOnlyFilesystem, message: "Read-only file system" }
[INFO] [stdout] stack backtrace:
[INFO] [stdout]    0:     0x57a3383dd3a1 - <<std[70759c8f55707aa4]::sys::backtrace::BacktraceLock>::print::DisplayBacktrace as core[df12db4294e9bfd3]::fmt::Display>::fmt
[INFO] [stdout]    1:     0x57a3383f2d8a - core[df12db4294e9bfd3]::fmt::write
[INFO] [stdout]    2:     0x57a3383e1dcc - <alloc[2182bb758b4b3781]::vec::Vec<u8> as core[df12db4294e9bfd3]::io::write::Write>::write_fmt
[INFO] [stdout]    3:     0x57a3383b6a36 - std[70759c8f55707aa4]::panicking::default_hook::{closure#0}
[INFO] [stdout]    4:     0x57a3383d4459 - std[70759c8f55707aa4]::panicking::default_hook
[INFO] [stdout]    5:     0x57a338205610 - test[9d35eded1c95d3be]::test_main_inner::<test[9d35eded1c95d3be]::test_main_static::{closure#0}>::{closure#0}
[INFO] [stdout]    6:     0x57a3383d4612 - std[70759c8f55707aa4]::panicking::panic_with_hook
[INFO] [stdout]    7:     0x57a3383b6ae2 - std[70759c8f55707aa4]::panicking::panic_handler::{closure#0}
[INFO] [stdout]    8:     0x57a3383af449 - std[70759c8f55707aa4]::sys::backtrace::__rust_end_short_backtrace::<std[70759c8f55707aa4]::panicking::panic_handler::{closure#0}, !>
[INFO] [stdout]    9:     0x57a3383b797d - __rustc[8fa7c3cbc660c2b3]::rust_begin_unwind
[INFO] [stdout]   10:     0x57a3383f34bc - core[df12db4294e9bfd3]::panicking::panic_fmt
[INFO] [stdout]   11:     0x57a3383f3292 - core[df12db4294e9bfd3]::result::unwrap_failed
[INFO] [stdout]   12:     0x57a3381f32c3 - interop[aa7dc3ff60aff74e]::make_unique_dir
[INFO] [stdout]   13:     0x57a3381f75aa - <interop[aa7dc3ff60aff74e]::tool_compress_bzip2_command_decompress::{closure#0} as core[df12db4294e9bfd3]::ops::function::FnOnce<()>>::call_once
[INFO] [stdout]   14:     0x57a3381f88fb - test[9d35eded1c95d3be]::__rust_begin_short_backtrace::<core[df12db4294e9bfd3]::result::Result<(), alloc[2182bb758b4b3781]::string::String>, fn() -> core[df12db4294e9bfd3]::result::Result<(), alloc[2182bb758b4b3781]::string::String>>
[INFO] [stdout]   15:     0x57a338205f65 - test[9d35eded1c95d3be]::run_test::{closure#0}
[INFO] [stdout]   16:     0x57a3381ff824 - std[70759c8f55707aa4]::sys::backtrace::__rust_begin_short_backtrace::<test[9d35eded1c95d3be]::run_test::{closure#1}, ()>
[INFO] [stdout]   17:     0x57a3382090c2 - <std[70759c8f55707aa4]::thread::lifecycle::spawn_unchecked<test[9d35eded1c95d3be]::run_test::{closure#1}, ()>::{closure#1} as core[df12db4294e9bfd3]::ops::function::FnOnce<()>>::call_once::{shim:vtable#0}
[INFO] [stdout]   18:     0x57a3383dc719 - <std[70759c8f55707aa4]::sys::thread::unix::Thread>::new::thread_start
[INFO] [stdout]   19:     0x7579bf351dfa - <unknown>
[INFO] [stdout]   20:     0x7579bf3e53d4 - clone
[INFO] [stdout]   21:                0x0 - <unknown>
[INFO] [stdout] 
[INFO] [stdout] ---- bzip2_command_compress_tool_decompress stdout ----
[INFO] [stdout] 
[INFO] [stdout] thread 'bzip2_command_compress_tool_decompress' (1526) panicked at tests/interop.rs:13:31:
[INFO] [stdout] create base test dir: Os { code: 30, kind: ReadOnlyFilesystem, message: "Read-only file system" }
[INFO] [stdout] stack backtrace:
[INFO] [stdout]    0:     0x57a3383dd3a1 - <<std[70759c8f55707aa4]::sys::backtrace::BacktraceLock>::print::DisplayBacktrace as core[df12db4294e9bfd3]::fmt::Display>::fmt
[INFO] [stdout]    1:     0x57a3383f2d8a - core[df12db4294e9bfd3]::fmt::write
[INFO] [stdout]    2:     0x57a3383e1dcc - <alloc[2182bb758b4b3781]::vec::Vec<u8> as core[df12db4294e9bfd3]::io::write::Write>::write_fmt
[INFO] [stdout]    3:     0x57a3383b6a36 - std[70759c8f55707aa4]::panicking::default_hook::{closure#0}
[INFO] [stdout]    4:     0x57a3383d4459 - std[70759c8f55707aa4]::panicking::default_hook
[INFO] [stdout]    5:     0x57a338205610 - test[9d35eded1c95d3be]::test_main_inner::<test[9d35eded1c95d3be]::test_main_static::{closure#0}>::{closure#0}
[INFO] [stdout]    6:     0x57a3383d4612 - std[70759c8f55707aa4]::panicking::panic_with_hook
[INFO] [stdout]    7:     0x57a3383b6ae2 - std[70759c8f55707aa4]::panicking::panic_handler::{closure#0}
[INFO] [stdout]    8:     0x57a3383af449 - std[70759c8f55707aa4]::sys::backtrace::__rust_end_short_backtrace::<std[70759c8f55707aa4]::panicking::panic_handler::{closure#0}, !>
[INFO] [stdout]    9:     0x57a3383b797d - __rustc[8fa7c3cbc660c2b3]::rust_begin_unwind
[INFO] [stdout]   10:     0x57a3383f34bc - core[df12db4294e9bfd3]::panicking::panic_fmt
[INFO] [stdout]   11:     0x57a3383f3292 - core[df12db4294e9bfd3]::result::unwrap_failed
[INFO] [stdout]   12:     0x57a3381f32c3 - interop[aa7dc3ff60aff74e]::make_unique_dir
[INFO] [stdout]   13:     0x57a3381f6fda - <interop[aa7dc3ff60aff74e]::bzip2_command_compress_tool_decompress::{closure#0} as core[df12db4294e9bfd3]::ops::function::FnOnce<()>>::call_once
[INFO] [stdout]   14:     0x57a3381f88fb - test[9d35eded1c95d3be]::__rust_begin_short_backtrace::<core[df12db4294e9bfd3]::result::Result<(), alloc[2182bb758b4b3781]::string::String>, fn() -> core[df12db4294e9bfd3]::result::Result<(), alloc[2182bb758b4b3781]::string::String>>
[INFO] [stdout]   15:     0x57a338205f65 - test[9d35eded1c95d3be]::run_test::{closure#0}
[INFO] [stdout]   16:     0x57a3381ff824 - std[70759c8f55707aa4]::sys::backtrace::__rust_begin_short_backtrace::<test[9d35eded1c95d3be]::run_test::{closure#1}, ()>
[INFO] [stdout]   17:     0x57a3382090c2 - <std[70759c8f55707aa4]::thread::lifecycle::spawn_unchecked<test[9d35eded1c95d3be]::run_test::{closure#1}, ()>::{closure#1} as core[df12db4294e9bfd3]::ops::function::FnOnce<()>>::call_once::{shim:vtable#0}
[INFO] [stdout]   18:     0x57a3383dc719 - <std[70759c8f55707aa4]::sys::thread::unix::Thread>::new::thread_start
[INFO] [stdout]   19:     0x7579bf351dfa - <unknown>
[INFO] [stdout]   20:     0x7579bf3e53d4 - clone
[INFO] [stdout]   21:                0x0 - <unknown>
[INFO] [stdout] 
[INFO] [stdout] ---- zip_command_compress_tool_decompress stdout ----
[INFO] [stdout] 
[INFO] [stdout] thread 'zip_command_compress_tool_decompress' (1537) panicked at tests/interop.rs:13:31:
[INFO] [stdout] create base test dir: Os { code: 30, kind: ReadOnlyFilesystem, message: "Read-only file system" }
[INFO] [stdout] stack backtrace:
[INFO] [stdout]    0:     0x57a3383dd3a1 - <<std[70759c8f55707aa4]::sys::backtrace::BacktraceLock>::print::DisplayBacktrace as core[df12db4294e9bfd3]::fmt::Display>::fmt
[INFO] [stdout]    1:     0x57a3383f2d8a - core[df12db4294e9bfd3]::fmt::write
[INFO] [stdout]    2:     0x57a3383e1dcc - <alloc[2182bb758b4b3781]::vec::Vec<u8> as core[df12db4294e9bfd3]::io::write::Write>::write_fmt
[INFO] [stdout]    3:     0x57a3383b6a36 - std[70759c8f55707aa4]::panicking::default_hook::{closure#0}
[INFO] [stdout]    4:     0x57a3383d4459 - std[70759c8f55707aa4]::panicking::default_hook
[INFO] [stdout]    5:     0x57a338205610 - test[9d35eded1c95d3be]::test_main_inner::<test[9d35eded1c95d3be]::test_main_static::{closure#0}>::{closure#0}
[INFO] [stdout]    6:     0x57a3383d4612 - std[70759c8f55707aa4]::panicking::panic_with_hook
[INFO] [stdout]    7:     0x57a3383b6ae2 - std[70759c8f55707aa4]::panicking::panic_handler::{closure#0}
[INFO] [stdout]    8:     0x57a3383af449 - std[70759c8f55707aa4]::sys::backtrace::__rust_end_short_backtrace::<std[70759c8f55707aa4]::panicking::panic_handler::{closure#0}, !>
[INFO] [stdout]    9:     0x57a3383b797d - __rustc[8fa7c3cbc660c2b3]::rust_begin_unwind
[INFO] [stdout]   10:     0x57a3383f34bc - core[df12db4294e9bfd3]::panicking::panic_fmt
[INFO] [stdout]   11:     0x57a3383f3292 - core[df12db4294e9bfd3]::result::unwrap_failed
[INFO] [stdout]   12:     0x57a3381f32c3 - interop[aa7dc3ff60aff74e]::make_unique_dir
[INFO] [stdout]   13:     0x57a3381f5eb7 - <interop[aa7dc3ff60aff74e]::zip_command_compress_tool_decompress::{closure#0} as core[df12db4294e9bfd3]::ops::function::FnOnce<()>>::call_once
[INFO] [stdout]   14:     0x57a3381f88fb - test[9d35eded1c95d3be]::__rust_begin_short_backtrace::<core[df12db4294e9bfd3]::result::Result<(), alloc[2182bb758b4b3781]::string::String>, fn() -> core[df12db4294e9bfd3]::result::Result<(), alloc[2182bb758b4b3781]::string::String>>
[INFO] [stdout]   15:     0x57a338205f65 - test[9d35eded1c95d3be]::run_test::{closure#0}
[INFO] [stdout]   16:     0x57a3381ff824 - std[70759c8f55707aa4]::sys::backtrace::__rust_begin_short_backtrace::<test[9d35eded1c95d3be]::run_test::{closure#1}, ()>
[INFO] [stdout]   17:     0x57a3382090c2 - <std[70759c8f55707aa4]::thread::lifecycle::spawn_unchecked<test[9d35eded1c95d3be]::run_test::{closure#1}, ()>::{closure#1} as core[df12db4294e9bfd3]::ops::function::FnOnce<()>>::call_once::{shim:vtable#0}
[INFO] [stdout]   18:     0x57a3383dc719 - <std[70759c8f55707aa4]::sys::thread::unix::Thread>::new::thread_start
[INFO] [stdout]   19:     0x7579bf351dfa - <unknown>
[INFO] [stdout]   20:     0x7579bf3e53d4 - clone
[INFO] [stdout]   21:                0x0 - <unknown>
[INFO] [stdout] 
[INFO] [stdout] ---- tool_compress_zip_command_list stdout ----
[INFO] [stdout] 
[INFO] [stdout] thread 'tool_compress_zip_command_list' (1536) panicked at tests/interop.rs:13:31:
[INFO] [stdout] create base test dir: Os { code: 30, kind: ReadOnlyFilesystem, message: "Read-only file system" }
[INFO] [stdout] stack backtrace:
[INFO] [stdout]    0:     0x57a3383dd3a1 - <<std[70759c8f55707aa4]::sys::backtrace::BacktraceLock>::print::DisplayBacktrace as core[df12db4294e9bfd3]::fmt::Display>::fmt
[INFO] [stdout]    1:     0x57a3383f2d8a - core[df12db4294e9bfd3]::fmt::write
[INFO] [stdout]    2:     0x57a3383e1dcc - <alloc[2182bb758b4b3781]::vec::Vec<u8> as core[df12db4294e9bfd3]::io::write::Write>::write_fmt
[INFO] [stdout]    3:     0x57a3383b6a36 - std[70759c8f55707aa4]::panicking::default_hook::{closure#0}
[INFO] [stdout]    4:     0x57a3383d4459 - std[70759c8f55707aa4]::panicking::default_hook
[INFO] [stdout]    5:     0x57a338205610 - test[9d35eded1c95d3be]::test_main_inner::<test[9d35eded1c95d3be]::test_main_static::{closure#0}>::{closure#0}
[INFO] [stdout]    6:     0x57a3383d4612 - std[70759c8f55707aa4]::panicking::panic_with_hook
[INFO] [stdout]    7:     0x57a3383b6ae2 - std[70759c8f55707aa4]::panicking::panic_handler::{closure#0}
[INFO] [stdout]    8:     0x57a3383af449 - std[70759c8f55707aa4]::sys::backtrace::__rust_end_short_backtrace::<std[70759c8f55707aa4]::panicking::panic_handler::{closure#0}, !>
[INFO] [stdout]    9:     0x57a3383b797d - __rustc[8fa7c3cbc660c2b3]::rust_begin_unwind
[INFO] [stdout]   10:     0x57a3383f34bc - core[df12db4294e9bfd3]::panicking::panic_fmt
[INFO] [stdout]   11:     0x57a3383f3292 - core[df12db4294e9bfd3]::result::unwrap_failed
[INFO] [stdout]   12:     0x57a3381f32c3 - interop[aa7dc3ff60aff74e]::make_unique_dir
[INFO] [stdout]   13:     0x57a3381f448a - <interop[aa7dc3ff60aff74e]::tool_compress_zip_command_list::{closure#0} as core[df12db4294e9bfd3]::ops::function::FnOnce<()>>::call_once
[INFO] [stdout]   14:     0x57a3381f88fb - test[9d35eded1c95d3be]::__rust_begin_short_backtrace::<core[df12db4294e9bfd3]::result::Result<(), alloc[2182bb758b4b3781]::string::String>, fn() -> core[df12db4294e9bfd3]::result::Result<(), alloc[2182bb758b4b3781]::string::String>>
[INFO] [stdout]   15:     0x57a338205f65 - test[9d35eded1c95d3be]::run_test::{closure#0}
[INFO] [stdout]   16:     0x57a3381ff824 - std[70759c8f55707aa4]::sys::backtrace::__rust_begin_short_backtrace::<test[9d35eded1c95d3be]::run_test::{closure#1}, ()>
[INFO] [stdout]   17:     0x57a3382090c2 - <std[70759c8f55707aa4]::thread::lifecycle::spawn_unchecked<test[9d35eded1c95d3be]::run_test::{closure#1}, ()>::{closure#1} as core[df12db4294e9bfd3]::ops::function::FnOnce<()>>::call_once::{shim:vtable#0}
[INFO] [stdout]   18:     0x57a3383dc719 - <std[70759c8f55707aa4]::sys::thread::unix::Thread>::new::thread_start
[INFO] [stdout]   19:     0x7579bf351dfa - <unknown>
[INFO] [stdout]   20:     0x7579bf3e53d4 - clone
[INFO] [stdout]   21:                0x0 - <unknown>
[INFO] [stdout] 
[INFO] [stdout] 
[INFO] [stdout] failures:
[INFO] [stdout]     bzip2_command_compress_tool_decompress
[INFO] [stdout]     gzip_command_compress_tool_decompress
[INFO] [stdout]     tar_bz2_command_compress_tool_decompress
[INFO] [stdout]     tar_command_compress_tool_decompress
[INFO] [stdout]     tar_gz_command_compress_tool_decompress
[INFO] [stdout]     tool_compress_bzip2_command_decompress
[INFO] [stdout]     tool_compress_gzip_command_decompress
[INFO] [stdout]     tool_compress_tar_command_decompress
[INFO] [stdout]     tool_compress_tarbz2_command_list
[INFO] [stdout]     tool_compress_targz_command_list
[INFO] [stdout]     tool_compress_zip_command_list
[INFO] [stdout]     zip_command_compress_tool_decompress
[INFO] [stdout] 
[INFO] [stdout] test result: FAILED. 0 passed; 12 failed; 0 ignored; 0 measured; 0 filtered out; finished in 0.02s
[INFO] [stdout] 
[INFO] running `Command { std: "docker" "inspect" "4aea304f49c24dc6fa5d77a2eac6a21019b22a648d0c3cba39e57ed6c9d84eac", kill_on_drop: false }`
[INFO] running `Command { std: "docker" "rm" "-f" "4aea304f49c24dc6fa5d77a2eac6a21019b22a648d0c3cba39e57ed6c9d84eac", kill_on_drop: false }`
[INFO] [stdout] 4aea304f49c24dc6fa5d77a2eac6a21019b22a648d0c3cba39e57ed6c9d84eac
