[INFO] fetching crate mads 0.9.2...
[INFO] testing mads-0.9.2 against 1.99.0-beta.8+cargoflags=--release for beta-release-1.100-2
[INFO] extracting crate mads 0.9.2 into /workspace/builds/worker-0-tc1/source
[INFO] started tweaking crates.io crate mads 0.9.2
[INFO] removed 0 missing tests
[INFO] finished tweaking crates.io crate mads 0.9.2
[INFO] tweaked toml for crates.io crate mads 0.9.2 written to /workspace/builds/worker-0-tc1/source/Cargo.toml
[INFO] validating manifest of crates.io crate mads 0.9.2 on toolchain 1.99.0-beta.8
[INFO] running `Command { std: CARGO_HOME="/workspace/cargo-home" RUSTUP_HOME="/workspace/rustup-home" "/workspace/cargo-home/bin/cargo" "+1.99.0-beta.8" "metadata" "--manifest-path" "Cargo.toml" "--no-deps", kill_on_drop: false }`
[INFO] crate crates.io crate mads 0.9.2 already has a lockfile, it will not be regenerated
[INFO] running `Command { std: CARGO_HOME="/workspace/cargo-home" RUSTUP_HOME="/workspace/rustup-home" "/workspace/cargo-home/bin/cargo" "+1.99.0-beta.8" "fetch" "--manifest-path" "Cargo.toml", kill_on_drop: false }`
[INFO] [stderr]     Updating crates.io index
[INFO] [stderr]  Downloading crates ...
[INFO] [stderr]   Downloaded mads-testing v0.9.2
[INFO] [stderr]   Downloaded trybuild v1.0.119
[INFO] [stderr]   Downloaded derive-where v1.7.0
[INFO] [stderr]   Downloaded mads-core v0.9.2
[INFO] [stderr]   Downloaded mads-common v0.9.2
[INFO] [stderr]   Downloaded mads-core-macros v0.9.2
[INFO] [stderr]   Downloaded jsonwebtoken v10.3.0
[INFO] [stderr]   Downloaded mads-common-macros v0.9.2
[INFO] [stderr]   Downloaded axum-extra v0.12.6
[INFO] [stderr]   Downloaded mads-extra v0.9.2
[INFO] running `Command { std: "docker" "create" "-v" "/var/lib/crater-agent-workspace/builds/worker-0-tc1/source:/opt/rustwide/workdir:ro,Z" "-v" "/var/lib/crater-agent-workspace/builds/worker-0-tc1/target:/opt/rustwide/target:rw,Z" "-v" "/var/lib/crater-agent-workspace/cargo-home:/opt/rustwide/cargo-home:ro,Z" "-v" "/var/lib/crater-agent-workspace/rustup-home:/opt/rustwide/rustup-home:ro,Z" "-m" "1610612736" "--network" "none" "ghcr.io/rust-lang/crates-build-env/linux@sha256:77db811e55d90add9212f6832c23229e3de5f1c1f9905e8cb07319ea15df73ac" "sleep" "infinity", kill_on_drop: false }`
[INFO] [stdout] dd1bd35e3b4aff2fa9c56bb02d0c5adcaaba167fa30a72981cad5dd086176ebe
[INFO] running `Command { std: "docker" "start" "dd1bd35e3b4aff2fa9c56bb02d0c5adcaaba167fa30a72981cad5dd086176ebe", kill_on_drop: false }`
[INFO] running `Command { std: "docker" "inspect" "dd1bd35e3b4aff2fa9c56bb02d0c5adcaaba167fa30a72981cad5dd086176ebe", kill_on_drop: false }`
[INFO] running `Command { std: "docker" "exec" "-e" "SOURCE_DIR=/opt/rustwide/workdir" "-e" "CARGO_HOME=/opt/rustwide/cargo-home" "-e" "RUSTUP_HOME=/opt/rustwide/rustup-home" "-e" "CARGO_TARGET_DIR=/opt/rustwide/target" "-w" "/opt/rustwide/workdir" "--user" "0:0" "dd1bd35e3b4aff2fa9c56bb02d0c5adcaaba167fa30a72981cad5dd086176ebe" "/opt/rustwide/cargo-home/bin/cargo" "+1.99.0-beta.8" "metadata" "--no-deps" "--format-version=1", kill_on_drop: false }`
[INFO] running `Command { std: "docker" "inspect" "dd1bd35e3b4aff2fa9c56bb02d0c5adcaaba167fa30a72981cad5dd086176ebe", kill_on_drop: false }`
[INFO] running `Command { std: "docker" "exec" "-e" "SOURCE_DIR=/opt/rustwide/workdir" "-e" "CARGO_HOME=/opt/rustwide/cargo-home" "-e" "RUSTUP_HOME=/opt/rustwide/rustup-home" "-e" "CARGO_TARGET_DIR=/opt/rustwide/target" "-e" "CARGO_INCREMENTAL=0" "-e" "RUST_BACKTRACE=full" "-e" "RUSTFLAGS=--cap-lints=warn" "-e" "RUSTDOCFLAGS=--cap-lints=warn" "-w" "/opt/rustwide/workdir" "--user" "0:0" "dd1bd35e3b4aff2fa9c56bb02d0c5adcaaba167fa30a72981cad5dd086176ebe" "/opt/rustwide/cargo-home/bin/cargo" "+1.99.0-beta.8" "build" "--frozen" "--message-format=json" "--release", kill_on_drop: false }`
[INFO] [stderr]    Compiling serde_core v1.0.229
[INFO] [stderr]    Compiling serde_derive v1.0.229
[INFO] [stderr]    Compiling tokio-macros v2.7.2
[INFO] [stderr]    Compiling winnow v1.0.4
[INFO] [stderr]    Compiling hashbrown v0.17.1
[INFO] [stderr]    Compiling toml_datetime v1.1.1+spec-1.1.0
[INFO] [stderr]    Compiling tracing v0.1.44
[INFO] [stderr]    Compiling sync_wrapper v1.0.2
[INFO] [stderr]    Compiling futures-task v0.3.34
[INFO] [stderr]    Compiling slab v0.4.12
[INFO] [stderr]    Compiling syn v2.0.119
[INFO] [stderr]    Compiling smallvec v1.15.2
[INFO] [stderr]    Compiling serde_json v1.0.151
[INFO] [stderr]    Compiling sha1 v0.10.7
[INFO] [stderr]    Compiling headers-core v0.3.0
[INFO] [stderr]    Compiling rustix v1.1.4
[INFO] [stderr]    Compiling inventory v0.3.24
[INFO] [stderr]    Compiling dotenvy v0.15.7
[INFO] [stderr]    Compiling matchit v0.8.4
[INFO] [stderr]    Compiling chrono v0.4.45
[INFO] [stderr]    Compiling headers v0.4.1
[INFO] [stderr]    Compiling futures-util v0.3.34
[INFO] [stderr]    Compiling tower-http v0.6.11
[INFO] [stderr]    Compiling axum-core v0.5.6
[INFO] [stderr]    Compiling tokio v1.53.1
[INFO] [stderr]    Compiling indexmap v2.14.0
[INFO] [stderr]    Compiling toml_parser v1.1.3+spec-1.1.0
[INFO] [stderr]    Compiling toml_edit v0.25.13+spec-1.1.0
[INFO] [stderr]    Compiling proc-macro-crate v3.5.0
[INFO] [stderr]    Compiling axum-extra v0.12.6
[INFO] [stderr]    Compiling serde v1.0.229
[INFO] [stderr]    Compiling serde_path_to_error v0.1.20
[INFO] [stderr]    Compiling toml_datetime v0.6.11
[INFO] [stderr]    Compiling serde_spanned v0.6.9
[INFO] [stderr]    Compiling serde_urlencoded v0.7.1
[INFO] [stderr]    Compiling toml_edit v0.22.27
[INFO] [stderr]    Compiling mads-core-macros v0.9.2
[INFO] [stderr]    Compiling mads-common-macros v0.9.2
[INFO] [stderr]    Compiling hyper v1.11.0
[INFO] [stderr]    Compiling tower v0.5.3
[INFO] [stderr]    Compiling hyper-util v0.1.20
[INFO] [stderr]    Compiling axum v0.8.9
[INFO] [stderr]    Compiling toml v0.8.23
[INFO] [stderr]    Compiling mads-core v0.9.2
[INFO] [stderr]    Compiling mads-common v0.9.2
[INFO] [stderr]    Compiling mads v0.9.2 (/opt/rustwide/workdir)
[INFO] [stderr]     Finished `release` profile [optimized] target(s) in 57.13s
[INFO] running `Command { std: "docker" "inspect" "dd1bd35e3b4aff2fa9c56bb02d0c5adcaaba167fa30a72981cad5dd086176ebe", kill_on_drop: false }`
[INFO] running `Command { std: "docker" "exec" "-e" "SOURCE_DIR=/opt/rustwide/workdir" "-e" "CARGO_HOME=/opt/rustwide/cargo-home" "-e" "RUSTUP_HOME=/opt/rustwide/rustup-home" "-e" "CARGO_TARGET_DIR=/opt/rustwide/target" "-e" "CARGO_INCREMENTAL=0" "-e" "RUST_BACKTRACE=full" "-e" "RUSTFLAGS=--cap-lints=warn" "-e" "RUSTDOCFLAGS=--cap-lints=warn" "-w" "/opt/rustwide/workdir" "--user" "0:0" "dd1bd35e3b4aff2fa9c56bb02d0c5adcaaba167fa30a72981cad5dd086176ebe" "/opt/rustwide/cargo-home/bin/cargo" "+1.99.0-beta.8" "test" "--frozen" "--no-run" "--message-format=json" "--release", kill_on_drop: false }`
[INFO] [stderr]    Compiling syn v3.0.3
[INFO] [stderr]    Compiling tracing-attributes v0.1.31
[INFO] [stderr]    Compiling thiserror v2.0.20
[INFO] [stderr]    Compiling darling_core v0.20.11
[INFO] [stderr]    Compiling heck v0.4.1
[INFO] [stderr]    Compiling either v1.18.0
[INFO] [stderr]    Compiling once_cell v1.21.4
[INFO] [stderr]    Compiling derive_more-impl v2.1.1
[INFO] [stderr]    Compiling ordered-float v4.6.0
[INFO] [stderr]    Compiling async-stream-impl v0.3.6
[INFO] [stderr]    Compiling target-triple v1.0.1
[INFO] [stderr]    Compiling toml_parser v1.1.3+spec-1.1.0
[INFO] [stderr]    Compiling serde_spanned v1.1.1
[INFO] [stderr]    Compiling toml_datetime v1.1.1+spec-1.1.0
[INFO] [stderr]    Compiling strum v0.28.0
[INFO] [stderr]    Compiling pluralizer v0.5.0
[INFO] [stderr]    Compiling itertools v0.14.0
[INFO] [stderr]    Compiling toml_writer v1.1.2+spec-1.1.0
[INFO] [stderr]    Compiling toml v1.1.4+spec-1.1.0
[INFO] [stderr]    Compiling async-stream v0.3.6
[INFO] [stderr]    Compiling tracing v0.1.44
[INFO] [stderr]    Compiling derive_more v2.1.1
[INFO] [stderr]    Compiling axum-core v0.5.6
[INFO] [stderr]    Compiling sea-orm-macros v2.0.3
[INFO] [stderr]    Compiling darling_macro v0.20.11
[INFO] [stderr]    Compiling darling v0.20.11
[INFO] [stderr]    Compiling synstructure v0.14.0
[INFO] [stderr]    Compiling zerofrom-derive v0.1.8
[INFO] [stderr]    Compiling yoke-derive v0.8.3
[INFO] [stderr]    Compiling zerovec-derive v0.11.6
[INFO] [stderr]    Compiling serde_derive v1.0.229
[INFO] [stderr]    Compiling displaydoc v0.2.7
[INFO] [stderr]    Compiling tokio-macros v2.7.2
[INFO] [stderr]    Compiling futures-macro v0.3.34
[INFO] [stderr]    Compiling thiserror-impl v2.0.20
[INFO] [stderr]    Compiling derive-where v1.7.0
[INFO] [stderr]    Compiling async-trait v0.1.92
[INFO] [stderr]    Compiling tokio v1.53.1
[INFO] [stderr]    Compiling futures-util v0.3.34
[INFO] [stderr]    Compiling zerofrom v0.1.8
[INFO] [stderr]    Compiling yoke v0.8.3
[INFO] [stderr]    Compiling zerovec v0.11.8
[INFO] [stderr]    Compiling zerotrie v0.2.5
[INFO] [stderr]    Compiling sea-query-derive v1.0.0
[INFO] [stderr]    Compiling tinystr v0.8.4
[INFO] [stderr]    Compiling potential_utf v0.1.6
[INFO] [stderr]    Compiling serde v1.0.229
[INFO] [stderr]    Compiling icu_collections v2.3.0
[INFO] [stderr]    Compiling icu_locale_core v2.3.0
[INFO] [stderr]    Compiling sea-query v1.0.2
[INFO] [stderr]    Compiling toml_datetime v0.6.11
[INFO] [stderr]    Compiling serde_spanned v0.6.9
[INFO] [stderr]    Compiling serde_urlencoded v0.7.1
[INFO] [stderr]    Compiling trybuild v1.0.119
[INFO] [stderr]    Compiling toml_edit v0.22.27
[INFO] [stderr]    Compiling icu_provider v2.3.1
[INFO] [stderr]    Compiling icu_normalizer v2.3.0
[INFO] [stderr]    Compiling icu_properties v2.3.0
[INFO] [stderr]    Compiling axum-extra v0.12.6
[INFO] [stderr]    Compiling idna_adapter v1.2.2
[INFO] [stderr]    Compiling idna v1.1.0
[INFO] [stderr]    Compiling toml v0.8.23
[INFO] [stderr]    Compiling url v2.5.8
[INFO] [stderr]    Compiling sea-orm v2.0.3
[INFO] [stderr]    Compiling hyper v1.11.0
[INFO] [stderr]    Compiling tower v0.5.3
[INFO] [stderr]    Compiling mads-core v0.9.2
[INFO] [stderr]    Compiling hyper-util v0.1.20
[INFO] [stderr]    Compiling axum v0.8.9
[INFO] [stderr]    Compiling mads-common v0.9.2
[INFO] [stderr]    Compiling mads-testing v0.9.2
[INFO] [stderr]    Compiling mads v0.9.2 (/opt/rustwide/workdir)
[INFO] [stderr]     Finished `release` profile [optimized] target(s) in 1m 46s
[INFO] running `Command { std: "docker" "inspect" "dd1bd35e3b4aff2fa9c56bb02d0c5adcaaba167fa30a72981cad5dd086176ebe", kill_on_drop: false }`
[INFO] running `Command { std: "docker" "exec" "-e" "SOURCE_DIR=/opt/rustwide/workdir" "-e" "CARGO_HOME=/opt/rustwide/cargo-home" "-e" "RUSTUP_HOME=/opt/rustwide/rustup-home" "-e" "CARGO_TARGET_DIR=/opt/rustwide/target" "-e" "CARGO_INCREMENTAL=0" "-e" "RUST_BACKTRACE=full" "-e" "RUSTFLAGS=--cap-lints=warn" "-e" "RUSTDOCFLAGS=--cap-lints=warn" "-w" "/opt/rustwide/workdir" "--user" "0:0" "dd1bd35e3b4aff2fa9c56bb02d0c5adcaaba167fa30a72981cad5dd086176ebe" "/opt/rustwide/cargo-home/bin/cargo" "+1.99.0-beta.8" "test" "--frozen" "--release", kill_on_drop: false }`
[INFO] [stderr]     Finished `release` profile [optimized] target(s) in 0.22s
[INFO] [stderr]      Running unittests src/lib.rs (/opt/rustwide/target/release/deps/mads-e29c42a818ce9f52)
[INFO] [stderr]      Running tests/complete_catalog.rs (/opt/rustwide/target/release/deps/complete_catalog-d9b1b2360d4556d5)
[INFO] [stdout] 
[INFO] [stdout] running 0 tests
[INFO] [stdout] 
[INFO] [stdout] test result: ok. 0 passed; 0 failed; 0 ignored; 0 measured; 0 filtered out; finished in 0.00s
[INFO] [stdout] 
[INFO] [stdout] 
[INFO] [stderr]      Running tests/configuration_facade.rs (/opt/rustwide/target/release/deps/configuration_facade-1a0acbf7532148b9)
[INFO] [stdout] running 1 test
[INFO] [stdout] test automatic_build_constructs_an_unreferenced_catalog_provider ... ok
[INFO] [stdout] 
[INFO] [stdout] test result: ok. 1 passed; 0 failed; 0 ignored; 0 measured; 0 filtered out; finished in 0.00s
[INFO] [stdout] 
[INFO] [stdout] 
[INFO] [stdout] running 3 tests
[INFO] [stdout] test unused_derive_does_not_register_a_startup_requirement ... ok
[INFO] [stderr]      Running tests/configuration_ui.rs (/opt/rustwide/target/release/deps/configuration_ui-9bdb5ee657bd5eef)
[INFO] [stdout] test facade_and_prelude_expose_the_same_configuration_contract ... ok
[INFO] [stdout] test selected_provider_failure_prevents_dependent_construction ... ok
[INFO] [stdout] 
[INFO] [stdout] test result: ok. 3 passed; 0 failed; 0 ignored; 0 measured; 0 filtered out; finished in 0.00s
[INFO] [stdout] 
[INFO] [stdout] 
[INFO] [stdout] running 2 tests
[INFO] [stderr]    Compiling unicode-ident v1.0.24
[INFO] [stderr]    Compiling itoa v1.0.18
[INFO] [stderr]    Compiling pin-project-lite v0.2.17
[INFO] [stderr]    Compiling bytes v1.12.1
[INFO] [stderr]    Compiling stable_deref_trait v1.2.1
[INFO] [stderr]    Compiling serde_core v1.0.229
[INFO] [stderr]    Compiling libc v0.2.189
[INFO] [stderr]    Compiling futures-core v0.3.34
[INFO] [stderr]    Compiling version_check v0.9.5
[INFO] [stderr]    Compiling serde v1.0.229
[INFO] [stderr]    Compiling smallvec v1.15.2
[INFO] [stderr]    Compiling autocfg v1.5.1
[INFO] [stderr]    Compiling typenum v1.20.1
[INFO] [stderr]    Compiling once_cell v1.21.4
[INFO] [stderr]    Compiling tower-service v0.3.3
[INFO] [stderr]    Compiling writeable v0.6.4
[INFO] [stderr]    Compiling hashbrown v0.17.1
[INFO] [stderr]    Compiling winnow v1.0.4
[INFO] [stderr]    Compiling equivalent v1.0.2
[INFO] [stderr]    Compiling proc-macro2 v1.0.107
[INFO] [stderr]    Compiling log v0.4.33
[INFO] [stderr]    Compiling tracing-core v0.1.36
[INFO] [stderr]    Compiling litemap v0.8.3
[INFO] [stderr]    Compiling thiserror v2.0.20
[INFO] [stderr]    Compiling slab v0.4.12
[INFO] [stderr]    Compiling httparse v1.10.1
[INFO] [stderr]    Compiling toml_datetime v1.1.1+spec-1.1.0
[INFO] [stderr]    Compiling futures-task v0.3.34
[INFO] [stderr]    Compiling utf8_iter v1.0.4
[INFO] [stderr]    Compiling generic-array v0.14.7
[INFO] [stderr]    Compiling tower-layer v0.3.3
[INFO] [stderr]    Compiling httpdate v1.0.3
[INFO] [stderr]    Compiling percent-encoding v2.3.2
[INFO] [stderr]    Compiling icu_properties_data v2.3.0
[INFO] [stderr]    Compiling icu_normalizer_data v2.3.0
[INFO] [stderr]    Compiling quote v1.0.47
[INFO] [stderr]    Compiling num-traits v0.2.19
[INFO] [stderr]    Compiling form_urlencoded v1.2.2
[INFO] [stderr]    Compiling zmij v1.0.23
[INFO] [stderr]    Compiling sync_wrapper v1.0.2
[INFO] [stderr]    Compiling syn v3.0.3
[INFO] [stderr]    Compiling syn v2.0.119
[INFO] [stderr]    Compiling ident_case v1.0.1
[INFO] [stderr]    Compiling indexmap v2.14.0
[INFO] [stderr]    Compiling fnv v1.0.7
[INFO] [stderr]    Compiling mime v0.3.17
[INFO] [stderr]    Compiling memchr v2.8.3
[INFO] [stderr]    Compiling http v1.5.0
[INFO] [stderr]    Compiling futures-channel v0.3.34
[INFO] [stderr]    Compiling winnow v0.7.15
[INFO] [stderr]    Compiling regex-syntax v0.8.11
[INFO] [stderr]    Compiling toml_write v0.1.2
[INFO] [stderr]    Compiling atomic-waker v1.1.2
[INFO] [stderr]    Compiling cpufeatures v0.2.17
[INFO] [stderr]    Compiling serde_json v1.0.151
[INFO] [stderr]    Compiling cfg-if v1.0.4
[INFO] [stderr]    Compiling block-buffer v0.10.4
[INFO] [stderr]    Compiling crypto-common v0.1.7
[INFO] [stderr]    Compiling toml_parser v1.1.3+spec-1.1.0
[INFO] [stderr]    Compiling ryu v1.0.23
[INFO] [stderr]    Compiling bitflags v2.13.1
[INFO] [stderr]    Compiling digest v0.10.7
[INFO] [stderr]    Compiling base64 v0.22.1
[INFO] [stderr]    Compiling sha1 v0.10.7
[INFO] [stderr]    Compiling rustix v1.1.4
[INFO] [stderr]    Compiling either v1.18.0
[INFO] [stderr]    Compiling aho-corasick v1.1.5
[INFO] [stderr]    Compiling matchit v0.8.4
[INFO] [stderr]    Compiling inventory v0.3.24
[INFO] [stderr]    Compiling toml_edit v0.25.13+spec-1.1.0
[INFO] [stderr]    Compiling dotenvy v0.15.7
[INFO] [stderr]    Compiling errno v0.3.14
[INFO] [stderr]    Compiling http-body v1.1.0
[INFO] [stderr]    Compiling mio v1.2.2
[INFO] [stderr]    Compiling signal-hook-registry v1.4.8
[INFO] [stderr]    Compiling socket2 v0.6.5
[INFO] [stderr]    Compiling http-body-util v0.1.5
[INFO] [stderr]    Compiling headers-core v0.3.0
[INFO] [stderr]    Compiling headers v0.4.1
[INFO] [stderr]    Compiling heck v0.4.1
[INFO] [stderr]    Compiling iana-time-zone v0.1.65
[INFO] [stderr]    Compiling unicode-xid v0.2.6
[INFO] [stderr]    Compiling linux-raw-sys v0.12.1
[INFO] [stderr]    Compiling chrono v0.4.45
[INFO] [stderr]    Compiling tower-http v0.6.11
[INFO] [stderr]    Compiling itertools v0.14.0
[INFO] [stderr]    Compiling ordered-float v4.6.0
[INFO] [stderr]    Compiling heck v0.5.0
[INFO] [stderr]    Compiling strum v0.28.0
[INFO] [stderr]    Compiling proc-macro-crate v3.5.0
[INFO] [stderr]    Compiling regex-automata v0.4.18
[INFO] [stderr]    Compiling serde_path_to_error v0.1.20
[INFO] [stderr]    Compiling synstructure v0.14.0
[INFO] [stderr]    Compiling darling_core v0.20.11
[INFO] [stderr]    Compiling regex v1.13.1
[INFO] [stderr]    Compiling pluralizer v0.5.0
[INFO] [stderr]    Compiling zerofrom-derive v0.1.8
[INFO] [stderr]    Compiling yoke-derive v0.8.3
[INFO] [stderr]    Compiling zerovec-derive v0.11.6
[INFO] [stderr]    Compiling displaydoc v0.2.7
[INFO] [stderr]    Compiling serde_derive v1.0.229
[INFO] [stderr]    Compiling tokio-macros v2.7.2
[INFO] [stderr]    Compiling futures-macro v0.3.34
[INFO] [stderr]    Compiling thiserror-impl v2.0.20
[INFO] [stderr]    Compiling derive-where v1.7.0
[INFO] [stderr]    Compiling async-trait v0.1.92
[INFO] [stderr]    Compiling tracing-attributes v0.1.31
[INFO] [stderr]    Compiling mads-core-macros v0.9.2
[INFO] [stderr]    Compiling async-stream-impl v0.3.6
[INFO] [stderr]    Compiling mads-common-macros v0.9.2
[INFO] [stderr]    Compiling derive_more-impl v2.1.1
[INFO] [stderr]    Compiling tokio v1.53.1
[INFO] [stderr]    Compiling async-stream v0.3.6
[INFO] [stderr]    Compiling sea-orm-macros v2.0.3
[INFO] [stderr]    Compiling futures-util v0.3.34
[INFO] [stderr]    Compiling derive_more v2.1.1
[INFO] [stderr]    Compiling zerofrom v0.1.8
[INFO] [stderr]    Compiling tracing v0.1.44
[INFO] [stderr]    Compiling yoke v0.8.3
[INFO] [stderr]    Compiling axum-core v0.5.6
[INFO] [stderr]    Compiling zerovec v0.11.8
[INFO] [stderr]    Compiling zerotrie v0.2.5
[INFO] [stderr]    Compiling darling_macro v0.20.11
[INFO] [stderr]    Compiling darling v0.20.11
[INFO] [stderr]    Compiling sea-query-derive v1.0.0
[INFO] [stderr]    Compiling tinystr v0.8.4
[INFO] [stderr]    Compiling potential_utf v0.1.6
[INFO] [stderr]    Compiling icu_collections v2.3.0
[INFO] [stderr]    Compiling icu_locale_core v2.3.0
[INFO] [stderr]    Compiling sea-query v1.0.2
[INFO] [stderr]    Compiling axum-extra v0.12.6
[INFO] [stderr]    Compiling icu_provider v2.3.1
[INFO] [stderr]    Compiling toml_datetime v0.6.11
[INFO] [stderr]    Compiling serde_spanned v0.6.9
[INFO] [stderr]    Compiling serde_urlencoded v0.7.1
[INFO] [stderr]    Compiling icu_normalizer v2.3.0
[INFO] [stderr]    Compiling icu_properties v2.3.0
[INFO] [stderr]    Compiling toml_edit v0.22.27
[INFO] [stdout] test configuration_accepts_supported_shapes_and_minimal_generic_bounds has been running for over 60 seconds
[INFO] [stdout] test configuration_rejects_helper_grammar_keys_shapes_and_parser_contracts has been running for over 60 seconds
[INFO] [stderr]    Compiling idna_adapter v1.2.2
[INFO] [stderr]    Compiling idna v1.1.0
[INFO] [stderr]    Compiling url v2.5.8
[INFO] [stderr]    Compiling sea-orm v2.0.3
[INFO] [stderr]    Compiling hyper v1.11.0
[INFO] [stderr]    Compiling tower v0.5.3
[INFO] [stderr]    Compiling toml v0.8.23
[INFO] [stderr]    Compiling mads-core v0.9.2
[INFO] [stderr]    Compiling hyper-util v0.1.20
[INFO] [stderr]    Compiling axum v0.8.9
[INFO] [stderr]    Compiling mads-common v0.9.2
[INFO] [stderr]    Compiling mads v0.9.2 (/opt/rustwide/workdir)
[INFO] [stderr]    Compiling mads-testing v0.9.2
[INFO] [stderr]    Compiling mads-tests v0.0.0 (/opt/rustwide/target/tests/trybuild/mads)
[INFO] [stderr]     Finished `dev` profile [unoptimized + debuginfo] target(s) in 1m 22s
[INFO] [stderr] 
[INFO] [stderr] 
[INFO] [stderr] test tests/ui-configuration/pass/basic.rs ... ok
[INFO] [stderr] test tests/ui-configuration/pass/generic.rs ... ok
[INFO] [stderr] test tests/ui-configuration/pass/parse-with.rs ... ok
[INFO] [stdout] test configuration_accepts_supported_shapes_and_minimal_generic_bounds ... ok
[INFO] [stderr] 
[INFO] [stderr] 
[INFO] [stderr]     Checking bytes v1.12.1
[INFO] [stderr]     Checking pin-project-lite v0.2.17
[INFO] [stderr]     Checking itoa v1.0.18
[INFO] [stderr]     Checking stable_deref_trait v1.2.1
[INFO] [stderr]     Checking futures-core v0.3.34
[INFO] [stderr]     Checking smallvec v1.15.2
[INFO] [stderr]     Checking zerofrom v0.1.8
[INFO] [stderr]     Checking typenum v1.20.1
[INFO] [stderr]     Checking once_cell v1.21.4
[INFO] [stderr]     Checking libc v0.2.189
[INFO] [stderr]     Checking serde_core v1.0.229
[INFO] [stderr]     Checking writeable v0.6.4
[INFO] [stderr]     Checking log v0.4.33
[INFO] [stderr]     Checking litemap v0.8.3
[INFO] [stderr]     Checking tower-service v0.3.3
[INFO] [stderr]     Checking futures-task v0.3.34
[INFO] [stderr]     Checking utf8_iter v1.0.4
[INFO] [stderr]     Checking tower-layer v0.3.3
[INFO] [stderr]     Checking yoke v0.8.3
[INFO] [stderr]     Checking httpdate v1.0.3
[INFO] [stderr]     Checking slab v0.4.12
[INFO] [stderr]     Checking percent-encoding v2.3.2
[INFO] [stderr]     Checking num-traits v0.2.19
[INFO] [stderr]     Checking mime v0.3.17
[INFO] [stderr]     Checking hashbrown v0.17.1
[INFO] [stderr]     Checking tracing-core v0.1.36
[INFO] [stderr]     Checking equivalent v1.0.2
[INFO] [stderr]     Checking sync_wrapper v1.0.2
[INFO] [stderr]     Checking form_urlencoded v1.2.2
[INFO] [stderr]     Checking futures-channel v0.3.34
[INFO] [stderr]     Checking zerovec v0.11.8
[INFO] [stderr]     Checking zerotrie v0.2.5
[INFO] [stderr]     Checking httparse v1.10.1
[INFO] [stderr]     Checking icu_properties_data v2.3.0
[INFO] [stderr]     Checking futures-util v0.3.34
[INFO] [stderr]     Checking icu_normalizer_data v2.3.0
[INFO] [stderr]     Checking toml_write v0.1.2
[INFO] [stderr]     Checking atomic-waker v1.1.2
[INFO] [stderr]     Checking cpufeatures v0.2.17
[INFO] [stderr]     Checking cfg-if v1.0.4
[INFO] [stderr]     Checking winnow v0.7.15
[INFO] [stderr]     Checking zmij v1.0.23
[INFO] [stderr]     Checking bitflags v2.13.1
[INFO] [stderr]     Checking memchr v2.8.3
[INFO] [stderr]     Checking base64 v0.22.1
[INFO] [stderr]     Checking ryu v1.0.23
[INFO] [stderr]     Checking matchit v0.8.4
[INFO] [stderr]     Checking inventory v0.3.24
[INFO] [stderr]     Checking dotenvy v0.15.7
[INFO] [stderr]     Checking iana-time-zone v0.1.65
[INFO] [stderr]     Checking linux-raw-sys v0.12.1
[INFO] [stderr]     Checking either v1.18.0
[INFO] [stderr]     Checking tracing v0.1.44
[INFO] [stderr]     Checking http v1.5.0
[INFO] [stderr]     Checking async-stream v0.3.6
[INFO] [stderr]     Checking thiserror v2.0.20
[INFO] [stderr]     Checking derive_more v2.1.1
[INFO] [stderr]     Checking ordered-float v4.6.0
[INFO] [stderr]     Checking chrono v0.4.45
[INFO] [stderr]     Checking strum v0.28.0
[INFO] [stderr]     Checking itertools v0.14.0
[INFO] [stderr]     Checking rustix v1.1.4
[INFO] [stderr]     Checking generic-array v0.14.7
[INFO] [stderr]     Checking tinystr v0.8.4
[INFO] [stderr]     Checking potential_utf v0.1.6
[INFO] [stderr]     Checking icu_locale_core v2.3.0
[INFO] [stderr]     Checking indexmap v2.14.0
[INFO] [stderr]     Checking icu_collections v2.3.0
[INFO] [stderr]     Checking sea-query v1.0.2
[INFO] [stderr]     Checking icu_provider v2.3.1
[INFO] [stderr]     Checking http-body v1.1.0
[INFO] [stderr]     Checking headers-core v0.3.0
[INFO] [stderr]     Checking tower-http v0.6.11
[INFO] [stderr]     Checking http-body-util v0.1.5
[INFO] [stderr]     Checking errno v0.3.14
[INFO] [stderr]     Checking mio v1.2.2
[INFO] [stderr]     Checking socket2 v0.6.5
[INFO] [stderr]     Checking block-buffer v0.10.4
[INFO] [stderr]     Checking crypto-common v0.1.7
[INFO] [stderr]     Checking signal-hook-registry v1.4.8
[INFO] [stderr]     Checking icu_normalizer v2.3.0
[INFO] [stderr]     Checking icu_properties v2.3.0
[INFO] [stderr]     Checking digest v0.10.7
[INFO] [stderr]     Checking sha1 v0.10.7
[INFO] [stderr]     Checking tokio v1.53.1
[INFO] [stderr]     Checking axum-core v0.5.6
[INFO] [stderr]     Checking headers v0.4.1
[INFO] [stderr]     Checking axum-extra v0.12.6
[INFO] [stderr]     Checking idna_adapter v1.2.2
[INFO] [stderr]     Checking idna v1.1.0
[INFO] [stderr]     Checking serde v1.0.229
[INFO] [stderr]     Checking serde_path_to_error v0.1.20
[INFO] [stderr]     Checking serde_json v1.0.151
[INFO] [stderr]     Checking url v2.5.8
[INFO] [stderr]     Checking sea-orm v2.0.3
[INFO] [stderr]     Checking serde_spanned v0.6.9
[INFO] [stderr]     Checking toml_datetime v0.6.11
[INFO] [stderr]     Checking serde_urlencoded v0.7.1
[INFO] [stderr]     Checking toml_edit v0.22.27
[INFO] [stderr]     Checking toml v0.8.23
[INFO] [stderr]     Checking hyper v1.11.0
[INFO] [stderr]     Checking tower v0.5.3
[INFO] [stderr]     Checking mads-core v0.9.2
[INFO] [stderr]     Checking hyper-util v0.1.20
[INFO] [stderr]     Checking axum v0.8.9
[INFO] [stderr]     Checking mads-common v0.9.2
[INFO] [stderr]     Checking mads-testing v0.9.2
[INFO] [stderr]     Checking mads v0.9.2 (/opt/rustwide/workdir)
[INFO] [stderr]     Checking mads-tests v0.0.0 (/opt/rustwide/target/tests/trybuild/mads)
[INFO] [stderr]     Finished `dev` profile [unoptimized + debuginfo] target(s) in 26.92s
[INFO] [stderr] 
[INFO] [stderr] 
[INFO] [stderr] test tests/ui-configuration/fail/contradictory-length.rs ... ok
[INFO] [stderr] test tests/ui-configuration/fail/float-overflow.rs ... ok
[INFO] [stderr] test tests/ui-configuration/fail/integer-overflow.rs ... ok
[INFO] [stderr] test tests/ui-configuration/fail/invalid-default.rs ... ok
[INFO] [stderr] test tests/ui-configuration/fail/invalid-keys.rs ... ok
[INFO] [stderr] test tests/ui-configuration/fail/invalid-validator.rs ... ok
[INFO] [stderr] test tests/ui-configuration/fail/malformed-suppresses-bounds.rs ... ok
[INFO] [stderr] test tests/ui-configuration/fail/unsupported-shape.rs ... ok
[INFO] [stderr] test tests/ui-configuration/fail/stable/invalid-parser.rs ... ok
[INFO] [stderr] test tests/ui-configuration/fail/stable/nested-bound.rs ... ok
[INFO] [stderr] test tests/ui-configuration/fail/stable/secret-access.rs ... ok
[INFO] [stderr] 
[INFO] [stderr] 
[INFO] [stdout] test configuration_rejects_helper_grammar_keys_shapes_and_parser_contracts ... ok
[INFO] [stdout] 
[INFO] [stdout] test result: ok. 2 passed; 0 failed; 0 ignored; 0 measured; 0 filtered out; finished in 185.32s
[INFO] [stdout] 
[INFO] [stderr]      Running tests/controller_conflicts.rs (/opt/rustwide/target/release/deps/controller_conflicts-0307c4e333d25ca3)
[INFO] [stdout] 
[INFO] [stdout] running 3 tests
[INFO] [stdout] test cross_controller_dynamic_conflicts_report_both_declarations ... ok
[INFO] [stdout] test router_validation_rejects_conflicts_before_any_registration ... ok
[INFO] [stdout] test controller_construction_remains_independent_of_http_validation ... ok
[INFO] [stdout] 
[INFO] [stdout] test result: ok. 3 passed; 0 failed; 0 ignored; 0 measured; 0 filtered out; finished in 0.02s
[INFO] [stdout] 
[INFO] [stderr]      Running tests/controller_missing.rs (/opt/rustwide/target/release/deps/controller_missing-196e047f3fd5b72d)
[INFO] [stdout] 
[INFO] [stdout] running 1 test
[INFO] [stdout] test missing_controller_resolution_returns_core_diagnostic ... ok
[INFO] [stdout] 
[INFO] [stdout] test result: ok. 1 passed; 0 failed; 0 ignored; 0 measured; 0 filtered out; finished in 0.01s
[INFO] [stdout] 
[INFO] [stderr]      Running tests/facade.rs (/opt/rustwide/target/release/deps/facade-4e245bf80337bece)
[INFO] [stdout] 
[INFO] [stdout] running 10 tests
[INFO] [stdout] test controller_keeps_deterministic_route_metadata ... ok
[INFO] [stdout] test prelude_exposes_the_http_runtime_surface ... ok
[INFO] [stdout] test root_prefix_does_not_create_an_ambiguous_double_slash_path ... ok
[INFO] [stdout] test facade_attributes_register_stable_descriptors ... ok
[INFO] [stdout] test controller_constructs_after_multiple_usecases ... ok
[INFO] [stdout] test grouped_mads_results_register_their_success_type ... ok
[INFO] [stdout] test cloned_service_handles_share_the_inner_allocation ... ok
[INFO] [stdout] test prelude_exposes_core_types_and_bare_attributes ... ok
[INFO] [stdout] test controller_dependencies_follow_source_field_order ... ok
[INFO] [stdout] test service_dependencies_follow_source_field_order ... ok
[INFO] [stdout] 
[INFO] [stdout] test result: ok. 10 passed; 0 failed; 0 ignored; 0 measured; 0 filtered out; finished in 0.00s
[INFO] [stdout] 
[INFO] [stderr]      Running tests/feature_matrix.rs (/opt/rustwide/target/release/deps/feature_matrix-3ec3edff8d5d3ab7)
[INFO] [stdout] 
[INFO] [stdout] running 5 tests
[INFO] [stdout] test generated_minimal_project_selects_only_http_and_tokio ... FAILED
[INFO] [stdout] test cookies_include_http_but_not_jwt_or_database ... FAILED
[INFO] [stdout] test default_and_core_only_facades_exclude_diesel ... FAILED
[INFO] [stdout] test http_includes_validation_and_rest_without_database_or_jwt ... FAILED
[INFO] [stdout] test jwt_only_excludes_http_and_database_dependencies ... FAILED
[INFO] [stdout] 
[INFO] [stdout] failures:
[INFO] [stdout] 
[INFO] [stdout] ---- generated_minimal_project_selects_only_http_and_tokio stdout ----
[INFO] [stdout] 
[INFO] [stdout] thread 'generated_minimal_project_selects_only_http_and_tokio' (7644) panicked at tests/feature_matrix.rs:125:6:
[INFO] [stdout] generated project manifest template should exist: Os { code: 2, kind: NotFound, message: "No such file or directory" }
[INFO] [stdout] stack backtrace:
[INFO] [stdout]    0:     0x62d6b7d2b6f1 - <<std[70759c8f55707aa4]::sys::backtrace::BacktraceLock>::print::DisplayBacktrace as core[df12db4294e9bfd3]::fmt::Display>::fmt
[INFO] [stdout]    1:     0x62d6b7d3fa0a - core[df12db4294e9bfd3]::fmt::write
[INFO] [stdout]    2:     0x62d6b7d2fb8c - <alloc[2182bb758b4b3781]::vec::Vec<u8> as core[df12db4294e9bfd3]::io::write::Write>::write_fmt
[INFO] [stdout]    3:     0x62d6b7d07606 - std[70759c8f55707aa4]::panicking::default_hook::{closure#0}
[INFO] [stdout]    4:     0x62d6b7d23ae9 - std[70759c8f55707aa4]::panicking::default_hook
[INFO] [stdout]    5:     0x62d6b7cbf6b0 - test[9d35eded1c95d3be]::test_main_inner::<test[9d35eded1c95d3be]::test_main_static::{closure#0}>::{closure#0}
[INFO] [stdout]    6:     0x62d6b7d23ca2 - std[70759c8f55707aa4]::panicking::panic_with_hook
[INFO] [stdout]    7:     0x62d6b7d076b2 - std[70759c8f55707aa4]::panicking::panic_handler::{closure#0}
[INFO] [stdout]    8:     0x62d6b7d002a9 - std[70759c8f55707aa4]::sys::backtrace::__rust_end_short_backtrace::<std[70759c8f55707aa4]::panicking::panic_handler::{closure#0}, !>
[INFO] [stdout]    9:     0x62d6b7d082ad - __rustc[8fa7c3cbc660c2b3]::rust_begin_unwind
[INFO] [stdout]   10:     0x62d6b7d4013c - core[df12db4294e9bfd3]::panicking::panic_fmt
[INFO] [stdout]   11:     0x62d6b7d3ff12 - core[df12db4294e9bfd3]::result::unwrap_failed
[INFO] [stdout]   12:     0x62d6b7cb25f2 - <feature_matrix[84574b66b60efcc3]::generated_minimal_project_selects_only_http_and_tokio::{closure#0} as core[df12db4294e9bfd3]::ops::function::FnOnce<()>>::call_once
[INFO] [stdout]   13:     0x62d6b7cb299b - test[9d35eded1c95d3be]::__rust_begin_short_backtrace::<core[df12db4294e9bfd3]::result::Result<(), alloc[2182bb758b4b3781]::string::String>, fn() -> core[df12db4294e9bfd3]::result::Result<(), alloc[2182bb758b4b3781]::string::String>>
[INFO] [stdout]   14:     0x62d6b7cc0005 - test[9d35eded1c95d3be]::run_test::{closure#0}
[INFO] [stdout]   15:     0x62d6b7cb98c4 - std[70759c8f55707aa4]::sys::backtrace::__rust_begin_short_backtrace::<test[9d35eded1c95d3be]::run_test::{closure#1}, ()>
[INFO] [stdout]   16:     0x62d6b7cc3162 - <std[70759c8f55707aa4]::thread::lifecycle::spawn_unchecked<test[9d35eded1c95d3be]::run_test::{closure#1}, ()>::{closure#1} as core[df12db4294e9bfd3]::ops::function::FnOnce<()>>::call_once::{shim:vtable#0}
[INFO] [stdout]   17:     0x62d6b7d2ac59 - <std[70759c8f55707aa4]::sys::thread::unix::Thread>::new::thread_start
[INFO] [stdout]   18:     0x7d8b17e25dfa - <unknown>
[INFO] [stdout]   19:     0x7d8b17eb93d4 - clone
[INFO] [stdout]   20:                0x0 - <unknown>
[INFO] [stdout] 
[INFO] [stdout] ---- cookies_include_http_but_not_jwt_or_database stdout ----
[INFO] [stdout] 
[INFO] [stdout] thread 'cookies_include_http_but_not_jwt_or_database' (7642) panicked at tests/feature_matrix.rs:26:5:
[INFO] [stdout] cargo tree failed: error: could not find `Cargo.toml` in `/opt` or any parent directory
[INFO] [stdout] 
[INFO] [stdout] stack backtrace:
[INFO] [stdout]    0:     0x62d6b7d2b6f1 - <<std[70759c8f55707aa4]::sys::backtrace::BacktraceLock>::print::DisplayBacktrace as core[df12db4294e9bfd3]::fmt::Display>::fmt
[INFO] [stdout]    1:     0x62d6b7d3fa0a - core[df12db4294e9bfd3]::fmt::write
[INFO] [stdout]    2:     0x62d6b7d2fb8c - <alloc[2182bb758b4b3781]::vec::Vec<u8> as core[df12db4294e9bfd3]::io::write::Write>::write_fmt
[INFO] [stdout]    3:     0x62d6b7d07606 - std[70759c8f55707aa4]::panicking::default_hook::{closure#0}
[INFO] [stdout]    4:     0x62d6b7d23ae9 - std[70759c8f55707aa4]::panicking::default_hook
[INFO] [stdout]    5:     0x62d6b7cbf6b0 - test[9d35eded1c95d3be]::test_main_inner::<test[9d35eded1c95d3be]::test_main_static::{closure#0}>::{closure#0}
[INFO] [stdout]    6:     0x62d6b7d23ca2 - std[70759c8f55707aa4]::panicking::panic_with_hook
[INFO] [stdout]    7:     0x62d6b7d076b2 - std[70759c8f55707aa4]::panicking::panic_handler::{closure#0}
[INFO] [stdout]    8:     0x62d6b7d002a9 - std[70759c8f55707aa4]::sys::backtrace::__rust_end_short_backtrace::<std[70759c8f55707aa4]::panicking::panic_handler::{closure#0}, !>
[INFO] [stdout]    9:     0x62d6b7d082ad - __rustc[8fa7c3cbc660c2b3]::rust_begin_unwind
[INFO] [stdout]   10:     0x62d6b7d4013c - core[df12db4294e9bfd3]::panicking::panic_fmt
[INFO] [stdout]   11:     0x62d6b7cb0775 - feature_matrix[84574b66b60efcc3]::dependency_tree
[INFO] [stdout]   12:     0x62d6b7cb17b2 - <feature_matrix[84574b66b60efcc3]::cookies_include_http_but_not_jwt_or_database::{closure#0} as core[df12db4294e9bfd3]::ops::function::FnOnce<()>>::call_once
[INFO] [stdout]   13:     0x62d6b7cb299b - test[9d35eded1c95d3be]::__rust_begin_short_backtrace::<core[df12db4294e9bfd3]::result::Result<(), alloc[2182bb758b4b3781]::string::String>, fn() -> core[df12db4294e9bfd3]::result::Result<(), alloc[2182bb758b4b3781]::string::String>>
[INFO] [stdout]   14:     0x62d6b7cc0005 - test[9d35eded1c95d3be]::run_test::{closure#0}
[INFO] [stdout]   15:     0x62d6b7cb98c4 - std[70759c8f55707aa4]::sys::backtrace::__rust_begin_short_backtrace::<test[9d35eded1c95d3be]::run_test::{closure#1}, ()>
[INFO] [stdout]   16:     0x62d6b7cc3162 - <std[70759c8f55707aa4]::thread::lifecycle::spawn_unchecked<test[9d35eded1c95d3be]::run_test::{closure#1}, ()>::{closure#1} as core[df12db4294e9bfd3]::ops::function::FnOnce<()>>::call_once::{shim:vtable#0}
[INFO] [stdout]   17:     0x62d6b7d2ac59 - <std[70759c8f55707aa4]::sys::thread::unix::Thread>::new::thread_start
[INFO] [stdout]   18:     0x7d8b17e25dfa - <unknown>
[INFO] [stdout]   19:     0x7d8b17eb93d4 - clone
[INFO] [stdout]   20:                0x0 - <unknown>
[INFO] [stdout] 
[INFO] [stdout] ---- default_and_core_only_facades_exclude_diesel stdout ----
[INFO] [stdout] 
[INFO] [stdout] thread 'default_and_core_only_facades_exclude_diesel' (7643) panicked at tests/feature_matrix.rs:40:5:
[INFO] [stdout] error: could not find `Cargo.toml` in `/opt` or any parent directory
[INFO] [stdout] 
[INFO] [stdout] stack backtrace:
[INFO] [stdout]    0:     0x62d6b7d2b6f1 - <<std[70759c8f55707aa4]::sys::backtrace::BacktraceLock>::print::DisplayBacktrace as core[df12db4294e9bfd3]::fmt::Display>::fmt
[INFO] [stdout]    1:     0x62d6b7d3fa0a - core[df12db4294e9bfd3]::fmt::write
[INFO] [stdout]    2:     0x62d6b7d2fb8c - <alloc[2182bb758b4b3781]::vec::Vec<u8> as core[df12db4294e9bfd3]::io::write::Write>::write_fmt
[INFO] [stdout]    3:     0x62d6b7d07606 - std[70759c8f55707aa4]::panicking::default_hook::{closure#0}
[INFO] [stdout]    4:     0x62d6b7d23ae9 - std[70759c8f55707aa4]::panicking::default_hook
[INFO] [stdout]    5:     0x62d6b7cbf6b0 - test[9d35eded1c95d3be]::test_main_inner::<test[9d35eded1c95d3be]::test_main_static::{closure#0}>::{closure#0}
[INFO] [stdout]    6:     0x62d6b7d23ca2 - std[70759c8f55707aa4]::panicking::panic_with_hook
[INFO] [stdout]    7:     0x62d6b7d076b2 - std[70759c8f55707aa4]::panicking::panic_handler::{closure#0}
[INFO] [stdout]    8:     0x62d6b7d002a9 - std[70759c8f55707aa4]::sys::backtrace::__rust_end_short_backtrace::<std[70759c8f55707aa4]::panicking::panic_handler::{closure#0}, !>
[INFO] [stdout]    9:     0x62d6b7d082ad - __rustc[8fa7c3cbc660c2b3]::rust_begin_unwind
[INFO] [stdout]   10:     0x62d6b7d4013c - core[df12db4294e9bfd3]::panicking::panic_fmt
[INFO] [stdout]   11:     0x62d6b7cb1f4d - <feature_matrix[84574b66b60efcc3]::default_and_core_only_facades_exclude_diesel::{closure#0} as core[df12db4294e9bfd3]::ops::function::FnOnce<()>>::call_once
[INFO] [stdout]   12:     0x62d6b7cb299b - test[9d35eded1c95d3be]::__rust_begin_short_backtrace::<core[df12db4294e9bfd3]::result::Result<(), alloc[2182bb758b4b3781]::string::String>, fn() -> core[df12db4294e9bfd3]::result::Result<(), alloc[2182bb758b4b3781]::string::String>>
[INFO] [stdout]   13:     0x62d6b7cc0005 - test[9d35eded1c95d3be]::run_test::{closure#0}
[INFO] [stdout]   14:     0x62d6b7cb98c4 - std[70759c8f55707aa4]::sys::backtrace::__rust_begin_short_backtrace::<test[9d35eded1c95d3be]::run_test::{closure#1}, ()>
[INFO] [stdout]   15:     0x62d6b7cc3162 - <std[70759c8f55707aa4]::thread::lifecycle::spawn_unchecked<test[9d35eded1c95d3be]::run_test::{closure#1}, ()>::{closure#1} as core[df12db4294e9bfd3]::ops::function::FnOnce<()>>::call_once::{shim:vtable#0}
[INFO] [stdout]   16:     0x62d6b7d2ac59 - <std[70759c8f55707aa4]::sys::thread::unix::Thread>::new::thread_start
[INFO] [stdout]   17:     0x7d8b17e25dfa - <unknown>
[INFO] [stdout]   18:     0x7d8b17eb93d4 - clone
[INFO] [stdout]   19:                0x0 - <unknown>
[INFO] [stdout] 
[INFO] [stdout] ---- http_includes_validation_and_rest_without_database_or_jwt stdout ----
[INFO] [stdout] 
[INFO] [stdout] thread 'http_includes_validation_and_rest_without_database_or_jwt' (7645) panicked at tests/feature_matrix.rs:26:5:
[INFO] [stdout] cargo tree failed: error: could not find `Cargo.toml` in `/opt` or any parent directory
[INFO] [stdout] 
[INFO] [stdout] stack backtrace:
[INFO] [stdout]    0:     0x62d6b7d2b6f1 - <<std[70759c8f55707aa4]::sys::backtrace::BacktraceLock>::print::DisplayBacktrace as core[df12db4294e9bfd3]::fmt::Display>::fmt
[INFO] [stdout]    1:     0x62d6b7d3fa0a - core[df12db4294e9bfd3]::fmt::write
[INFO] [stdout]    2:     0x62d6b7d2fb8c - <alloc[2182bb758b4b3781]::vec::Vec<u8> as core[df12db4294e9bfd3]::io::write::Write>::write_fmt
[INFO] [stdout]    3:     0x62d6b7d07606 - std[70759c8f55707aa4]::panicking::default_hook::{closure#0}
[INFO] [stdout]    4:     0x62d6b7d23ae9 - std[70759c8f55707aa4]::panicking::default_hook
[INFO] [stdout]    5:     0x62d6b7cbf6b0 - test[9d35eded1c95d3be]::test_main_inner::<test[9d35eded1c95d3be]::test_main_static::{closure#0}>::{closure#0}
[INFO] [stdout]    6:     0x62d6b7d23ca2 - std[70759c8f55707aa4]::panicking::panic_with_hook
[INFO] [stdout]    7:     0x62d6b7d076b2 - std[70759c8f55707aa4]::panicking::panic_handler::{closure#0}
[INFO] [stdout]    8:     0x62d6b7d002a9 - std[70759c8f55707aa4]::sys::backtrace::__rust_end_short_backtrace::<std[70759c8f55707aa4]::panicking::panic_handler::{closure#0}, !>
[INFO] [stdout]    9:     0x62d6b7d082ad - __rustc[8fa7c3cbc660c2b3]::rust_begin_unwind
[INFO] [stdout]   10:     0x62d6b7d4013c - core[df12db4294e9bfd3]::panicking::panic_fmt
[INFO] [stdout]   11:     0x62d6b7cb0775 - feature_matrix[84574b66b60efcc3]::dependency_tree
[INFO] [stdout]   12:     0x62d6b7cb26b7 - <feature_matrix[84574b66b60efcc3]::http_includes_validation_and_rest_without_database_or_jwt::{closure#0} as core[df12db4294e9bfd3]::ops::function::FnOnce<()>>::call_once
[INFO] [stdout]   13:     0x62d6b7cb299b - test[9d35eded1c95d3be]::__rust_begin_short_backtrace::<core[df12db4294e9bfd3]::result::Result<(), alloc[2182bb758b4b3781]::string::String>, fn() -> core[df12db4294e9bfd3]::result::Result<(), alloc[2182bb758b4b3781]::string::String>>
[INFO] [stdout]   14:     0x62d6b7cc0005 - test[9d35eded1c95d3be]::run_test::{closure#0}
[INFO] [stdout]   15:     0x62d6b7cb98c4 - std[70759c8f55707aa4]::sys::backtrace::__rust_begin_short_backtrace::<test[9d35eded1c95d3be]::run_test::{closure#1}, ()>
[INFO] [stdout]   16:     0x62d6b7cc3162 - <std[70759c8f55707aa4]::thread::lifecycle::spawn_unchecked<test[9d35eded1c95d3be]::run_test::{closure#1}, ()>::{closure#1} as core[df12db4294e9bfd3]::ops::function::FnOnce<()>>::call_once::{shim:vtable#0}
[INFO] [stdout]   17:     0x62d6b7d2ac59 - <std[70759c8f55707aa4]::sys::thread::unix::Thread>::new::thread_start
[INFO] [stdout]   18:     0x7d8b17e25dfa - <unknown>
[INFO] [stdout]   19:     0x7d8b17eb93d4 - clone
[INFO] [stdout]   20:                0x0 - <unknown>
[INFO] [stdout] 
[INFO] [stdout] ---- jwt_only_excludes_http_and_database_dependencies stdout ----
[INFO] [stdout] 
[INFO] [stdout] thread 'jwt_only_excludes_http_and_database_dependencies' (7646) panicked at tests/feature_matrix.rs:26:5:
[INFO] [stdout] cargo tree failed: error: could not find `Cargo.toml` in `/opt` or any parent directory
[INFO] [stdout] 
[INFO] [stdout] stack backtrace:
[INFO] [stdout]    0:     0x62d6b7d2b6f1 - <<std[70759c8f55707aa4]::sys::backtrace::BacktraceLock>::print::DisplayBacktrace as core[df12db4294e9bfd3]::fmt::Display>::fmt
[INFO] [stdout]    1:     0x62d6b7d3fa0a - core[df12db4294e9bfd3]::fmt::write
[INFO] [stdout]    2:     0x62d6b7d2fb8c - <alloc[2182bb758b4b3781]::vec::Vec<u8> as core[df12db4294e9bfd3]::io::write::Write>::write_fmt
[INFO] [stdout]    3:     0x62d6b7d07606 - std[70759c8f55707aa4]::panicking::default_hook::{closure#0}
[INFO] [stdout]    4:     0x62d6b7d23ae9 - std[70759c8f55707aa4]::panicking::default_hook
[INFO] [stdout]    5:     0x62d6b7cbf6b0 - test[9d35eded1c95d3be]::test_main_inner::<test[9d35eded1c95d3be]::test_main_static::{closure#0}>::{closure#0}
[INFO] [stdout]    6:     0x62d6b7d23ca2 - std[70759c8f55707aa4]::panicking::panic_with_hook
[INFO] [stdout]    7:     0x62d6b7d076b2 - std[70759c8f55707aa4]::panicking::panic_handler::{closure#0}
[INFO] [stdout]    8:     0x62d6b7d002a9 - std[70759c8f55707aa4]::sys::backtrace::__rust_end_short_backtrace::<std[70759c8f55707aa4]::panicking::panic_handler::{closure#0}, !>
[INFO] [stdout]    9:     0x62d6b7d082ad - __rustc[8fa7c3cbc660c2b3]::rust_begin_unwind
[INFO] [stdout]   10:     0x62d6b7d4013c - core[df12db4294e9bfd3]::panicking::panic_fmt
[INFO] [stdout]   11:     0x62d6b7cb0775 - feature_matrix[84574b66b60efcc3]::dependency_tree
[INFO] [stdout]   12:     0x62d6b7cb2167 - <feature_matrix[84574b66b60efcc3]::jwt_only_excludes_http_and_database_dependencies::{closure#0} as core[df12db4294e9bfd3]::ops::function::FnOnce<()>>::call_once
[INFO] [stdout]   13:     0x62d6b7cb299b - test[9d35eded1c95d3be]::__rust_begin_short_backtrace::<core[df12db4294e9bfd3]::result::Result<(), alloc[2182bb758b4b3781]::string::String>, fn() -> core[df12db4294e9bfd3]::result::Result<(), alloc[2182bb758b4b3781]::string::String>>
[INFO] [stdout]   14:     0x62d6b7cc0005 - test[9d35eded1c95d3be]::run_test::{closure#0}
[INFO] [stdout]   15:     0x62d6b7cb98c4 - std[70759c8f55707aa4]::sys::backtrace::__rust_begin_short_backtrace::<test[9d35eded1c95d3be]::run_test::{closure#1}, ()>
[INFO] [stdout]   16:     0x62d6b7cc3162 - <std[70759c8f55707aa4]::thread::lifecycle::spawn_unchecked<test[9d35eded1c95d3be]::run_test::{closure#1}, ()>::{closure#1} as core[df12db4294e9bfd3]::ops::function::FnOnce<()>>::call_once::{shim:vtable#0}
[INFO] [stdout]   17:     0x62d6b7d2ac59 - <std[70759c8f55707aa4]::sys::thread::unix::Thread>::new::thread_start
[INFO] [stdout]   18:     0x7d8b17e25dfa - <unknown>
[INFO] [stdout]   19:     0x7d8b17eb93d4 - clone
[INFO] [stdout]   20:                0x0 - <unknown>
[INFO] [stdout] 
[INFO] [stdout] 
[INFO] [stdout] failures:
[INFO] [stdout]     cookies_include_http_but_not_jwt_or_database
[INFO] [stdout]     default_and_core_only_facades_exclude_diesel
[INFO] [stdout]     generated_minimal_project_selects_only_http_and_tokio
[INFO] [stdout]     http_includes_validation_and_rest_without_database_or_jwt
[INFO] [stdout]     jwt_only_excludes_http_and_database_dependencies
[INFO] [stdout] 
[INFO] [stdout] test result: FAILED. 0 passed; 5 failed; 0 ignored; 0 measured; 0 filtered out; finished in 0.06s
[INFO] [stdout] 
[INFO] [stderr] error: test failed, to rerun pass `--test feature_matrix`
[INFO] running `Command { std: "docker" "inspect" "dd1bd35e3b4aff2fa9c56bb02d0c5adcaaba167fa30a72981cad5dd086176ebe", kill_on_drop: false }`
[INFO] running `Command { std: "docker" "rm" "-f" "dd1bd35e3b4aff2fa9c56bb02d0c5adcaaba167fa30a72981cad5dd086176ebe", kill_on_drop: false }`
[INFO] [stdout] dd1bd35e3b4aff2fa9c56bb02d0c5adcaaba167fa30a72981cad5dd086176ebe
