[INFO] fetching crate mads-core 0.9.2...
[INFO] testing mads-core-0.9.2 against 1.99.0-beta.8+cargoflags=--release for beta-release-1.100-2
[INFO] extracting crate mads-core 0.9.2 into /workspace/builds/worker-4-tc1/source
[INFO] started tweaking crates.io crate mads-core 0.9.2
[INFO] removed 0 missing tests
[INFO] finished tweaking crates.io crate mads-core 0.9.2
[INFO] tweaked toml for crates.io crate mads-core 0.9.2 written to /workspace/builds/worker-4-tc1/source/Cargo.toml
[INFO] validating manifest of crates.io crate mads-core 0.9.2 on toolchain 1.99.0-beta.8
[INFO] running `Command { std: CARGO_HOME="/workspace/cargo-home" RUSTUP_HOME="/workspace/rustup-home" "/workspace/cargo-home/bin/cargo" "+1.99.0-beta.8" "metadata" "--manifest-path" "Cargo.toml" "--no-deps", kill_on_drop: false }`
[INFO] crate crates.io crate mads-core 0.9.2 already has a lockfile, it will not be regenerated
[INFO] running `Command { std: CARGO_HOME="/workspace/cargo-home" RUSTUP_HOME="/workspace/rustup-home" "/workspace/cargo-home/bin/cargo" "+1.99.0-beta.8" "fetch" "--manifest-path" "Cargo.toml", kill_on_drop: false }`
[INFO] [stderr]     Updating crates.io index
[INFO] [stderr]  Downloading crates ...
[INFO] [stderr]   Downloaded camino v1.2.5
[INFO] [stderr]   Downloaded cargo-platform v0.1.9
[INFO] [stderr]   Downloaded mads-core-macros v0.9.2
[INFO] [stderr]   Downloaded cargo_metadata v0.19.2
[INFO] running `Command { std: "docker" "create" "-v" "/var/lib/crater-agent-workspace/builds/worker-4-tc1/source:/opt/rustwide/workdir:ro,Z" "-v" "/var/lib/crater-agent-workspace/builds/worker-4-tc1/target:/opt/rustwide/target:rw,Z" "-v" "/var/lib/crater-agent-workspace/cargo-home:/opt/rustwide/cargo-home:ro,Z" "-v" "/var/lib/crater-agent-workspace/rustup-home:/opt/rustwide/rustup-home:ro,Z" "-m" "1610612736" "--network" "none" "ghcr.io/rust-lang/crates-build-env/linux@sha256:77db811e55d90add9212f6832c23229e3de5f1c1f9905e8cb07319ea15df73ac" "sleep" "infinity", kill_on_drop: false }`
[INFO] [stdout] 8fff8c0b258ff9c206f0f2ca589f8329171767562154c34fa44407b039ae14ef
[INFO] running `Command { std: "docker" "start" "8fff8c0b258ff9c206f0f2ca589f8329171767562154c34fa44407b039ae14ef", kill_on_drop: false }`
[INFO] running `Command { std: "docker" "inspect" "8fff8c0b258ff9c206f0f2ca589f8329171767562154c34fa44407b039ae14ef", kill_on_drop: false }`
[INFO] running `Command { std: "docker" "exec" "-e" "SOURCE_DIR=/opt/rustwide/workdir" "-e" "CARGO_HOME=/opt/rustwide/cargo-home" "-e" "RUSTUP_HOME=/opt/rustwide/rustup-home" "-e" "CARGO_TARGET_DIR=/opt/rustwide/target" "-w" "/opt/rustwide/workdir" "--user" "0:0" "8fff8c0b258ff9c206f0f2ca589f8329171767562154c34fa44407b039ae14ef" "/opt/rustwide/cargo-home/bin/cargo" "+1.99.0-beta.8" "metadata" "--no-deps" "--format-version=1", kill_on_drop: false }`
[INFO] running `Command { std: "docker" "inspect" "8fff8c0b258ff9c206f0f2ca589f8329171767562154c34fa44407b039ae14ef", kill_on_drop: false }`
[INFO] running `Command { std: "docker" "exec" "-e" "SOURCE_DIR=/opt/rustwide/workdir" "-e" "CARGO_HOME=/opt/rustwide/cargo-home" "-e" "RUSTUP_HOME=/opt/rustwide/rustup-home" "-e" "CARGO_TARGET_DIR=/opt/rustwide/target" "-e" "CARGO_INCREMENTAL=0" "-e" "RUST_BACKTRACE=full" "-e" "RUSTFLAGS=--cap-lints=warn" "-e" "RUSTDOCFLAGS=--cap-lints=warn" "-w" "/opt/rustwide/workdir" "--user" "0:0" "8fff8c0b258ff9c206f0f2ca589f8329171767562154c34fa44407b039ae14ef" "/opt/rustwide/cargo-home/bin/cargo" "+1.99.0-beta.8" "build" "--frozen" "--message-format=json" "--release", kill_on_drop: false }`
[INFO] [stderr]    Compiling serde v1.0.229
[INFO] [stderr]    Compiling winnow v1.0.4
[INFO] [stderr]    Compiling toml_datetime v1.1.1+spec-1.1.0
[INFO] [stderr]    Compiling toml_write v0.1.2
[INFO] [stderr]    Compiling winnow v0.7.15
[INFO] [stderr]    Compiling inventory v0.3.24
[INFO] [stderr]    Compiling syn v2.0.119
[INFO] [stderr]    Compiling serde_spanned v0.6.9
[INFO] [stderr]    Compiling toml_datetime v0.6.11
[INFO] [stderr]    Compiling toml_parser v1.1.3+spec-1.1.0
[INFO] [stderr]    Compiling toml_edit v0.25.13+spec-1.1.0
[INFO] [stderr]    Compiling toml_edit v0.22.27
[INFO] [stderr]    Compiling proc-macro-crate v3.5.0
[INFO] [stderr]    Compiling toml v0.8.23
[INFO] [stderr]    Compiling mads-core-macros v0.9.2
[INFO] [stderr]    Compiling mads-core v0.9.2 (/opt/rustwide/workdir)
[INFO] [stderr]     Finished `release` profile [optimized] target(s) in 39.02s
[INFO] running `Command { std: "docker" "inspect" "8fff8c0b258ff9c206f0f2ca589f8329171767562154c34fa44407b039ae14ef", kill_on_drop: false }`
[INFO] running `Command { std: "docker" "exec" "-e" "SOURCE_DIR=/opt/rustwide/workdir" "-e" "CARGO_HOME=/opt/rustwide/cargo-home" "-e" "RUSTUP_HOME=/opt/rustwide/rustup-home" "-e" "CARGO_TARGET_DIR=/opt/rustwide/target" "-e" "CARGO_INCREMENTAL=0" "-e" "RUST_BACKTRACE=full" "-e" "RUSTFLAGS=--cap-lints=warn" "-e" "RUSTDOCFLAGS=--cap-lints=warn" "-w" "/opt/rustwide/workdir" "--user" "0:0" "8fff8c0b258ff9c206f0f2ca589f8329171767562154c34fa44407b039ae14ef" "/opt/rustwide/cargo-home/bin/cargo" "+1.99.0-beta.8" "test" "--frozen" "--no-run" "--message-format=json" "--release", kill_on_drop: false }`
[INFO] [stderr]    Compiling serde_core v1.0.229
[INFO] [stderr]    Compiling serde_json v1.0.151
[INFO] [stderr]    Compiling camino v1.2.5
[INFO] [stderr]    Compiling thiserror v2.0.20
[INFO] [stderr]    Compiling thiserror-impl v2.0.20
[INFO] [stderr]    Compiling tokio v1.53.1
[INFO] [stderr]    Compiling tempfile v3.27.0
[INFO] [stderr]    Compiling serde v1.0.229
[INFO] [stderr]    Compiling semver v1.0.28
[INFO] [stderr]    Compiling toml_datetime v0.6.11
[INFO] [stderr]    Compiling serde_spanned v0.6.9
[INFO] [stderr]    Compiling cargo-platform v0.1.9
[INFO] [stderr]    Compiling toml_edit v0.22.27
[INFO] [stderr]    Compiling cargo_metadata v0.19.2
[INFO] [stderr]    Compiling toml v0.8.23
[INFO] [stderr]    Compiling mads-core v0.9.2 (/opt/rustwide/workdir)
[INFO] [stderr]     Finished `release` profile [optimized] target(s) in 1m 33s
[INFO] running `Command { std: "docker" "inspect" "8fff8c0b258ff9c206f0f2ca589f8329171767562154c34fa44407b039ae14ef", kill_on_drop: false }`
[INFO] running `Command { std: "docker" "exec" "-e" "SOURCE_DIR=/opt/rustwide/workdir" "-e" "CARGO_HOME=/opt/rustwide/cargo-home" "-e" "RUSTUP_HOME=/opt/rustwide/rustup-home" "-e" "CARGO_TARGET_DIR=/opt/rustwide/target" "-e" "CARGO_INCREMENTAL=0" "-e" "RUST_BACKTRACE=full" "-e" "RUSTFLAGS=--cap-lints=warn" "-e" "RUSTDOCFLAGS=--cap-lints=warn" "-w" "/opt/rustwide/workdir" "--user" "0:0" "8fff8c0b258ff9c206f0f2ca589f8329171767562154c34fa44407b039ae14ef" "/opt/rustwide/cargo-home/bin/cargo" "+1.99.0-beta.8" "test" "--frozen" "--release", kill_on_drop: false }`
[INFO] [stderr]     Finished `release` profile [optimized] target(s) in 0.11s
[INFO] [stderr]      Running unittests src/lib.rs (/opt/rustwide/target/release/deps/mads_core-80c11c13c60b7fcc)
[INFO] [stdout] 
[INFO] [stdout] running 23 tests
[INFO] [stdout] test auto_configuration::analysis::tests::override_precedes_absent_requirement_and_configuration_access ... ok
[INFO] [stdout] test auto_configuration::analysis::tests::failed_condition_covers_the_missing_output_and_retains_all_consumers ... ok
[INFO] [stdout] test auto_configuration::analysis::tests::conflicting_active_defaults_fail_instead_of_using_priority ... ok
[INFO] [stdout] test config::tests::optional_dotenv_resolves_exact_placeholders_without_becoming_config ... ok
[INFO] [stdout] test graph::analysis::tests::different_providers_for_one_type_are_ambiguous_even_when_provided ... ok
[INFO] [stdout] test config::tests::non_unicode_process_environment_is_ignored_for_interpolation ... ok
[INFO] [stdout] test auto_configuration::analysis::tests::absent_requirement_skips_without_configuration_access ... ok
[INFO] [stdout] test config::tests::unicode_process_environment_overrides_dotenv_variables ... ok
[INFO] [stdout] test graph::analysis::tests::independent_nodes_use_stable_topological_tie_breaking ... ok
[INFO] [stdout] test graph::analysis::tests::multi_node_cycle_is_canonical_regardless_of_input_order ... ok
[INFO] [stdout] test graph::analysis::tests::provided_values_override_one_descriptor_and_remain_public ... ok
[INFO] [stdout] test graph::analysis::tests::repeated_exact_identity_is_duplicate_not_ambiguous ... ok
[INFO] [stdout] test graph::analysis::tests::covered_missing_dependencies_suppress_only_their_own_diagnostic ... ok
[INFO] [stdout] test auto_configuration::analysis::tests::descriptors_are_evaluated_in_identifier_order ... ok
[INFO] [stdout] test graph::analysis::tests::repeated_identity_group_emits_one_duplicate_diagnostic ... ok
[INFO] [stdout] test graph::analysis::tests::satisfied_nodes_are_inspectable_but_absent_from_the_plan ... ok
[INFO] [stdout] test graph::analysis::tests::self_cycle_renders_a_closed_path ... ok
[INFO] [stdout] test graph::analysis::tests::unresolved_dependencies_are_aggregated_in_stable_type_order ... ok
[INFO] [stdout] test graph::model::tests::immutable_graph_types_expose_stable_metadata ... ok
[INFO] [stdout] test lifecycle::tests::resource_preserves_hook_order_and_erases_the_native_value ... ok
[INFO] [stdout] test graph::model::tests::edges_and_steps_expose_stable_metadata ... ok
[INFO] [stderr]      Running tests/architecture.rs (/opt/rustwide/target/release/deps/architecture-a697f8d806ac1955)
[INFO] [stdout] test auto_configuration::analysis::tests::one_pass_does_not_turn_selected_outputs_into_new_requirements ... ok
[INFO] [stdout] test auto_configuration::analysis::tests::duplicate_identifiers_fail_without_calling_evaluators ... ok
[INFO] [stdout] 
[INFO] [stdout] test result: ok. 23 passed; 0 failed; 0 ignored; 0 measured; 0 filtered out; finished in 0.01s
[INFO] [stdout] 
[INFO] [stdout] 
[INFO] [stdout] running 3 tests
[INFO] [stdout] test dependency_name_families_are_forbidden ... ok
[INFO] [stdout] test core_configuration_has_no_direct_serialization_or_delivery_dependencies ... FAILED
[INFO] [stdout] test core_normal_dependencies_stay_inside_the_core_boundary ... FAILED
[INFO] [stdout] 
[INFO] [stdout] failures:
[INFO] [stdout] 
[INFO] [stdout] ---- core_configuration_has_no_direct_serialization_or_delivery_dependencies stdout ----
[INFO] [stdout] 
[INFO] [stdout] thread 'core_configuration_has_no_direct_serialization_or_delivery_dependencies' (1438) panicked at tests/architecture.rs:51:10:
[INFO] [stdout] workspace metadata should load: CargoMetadata { stderr: "error: manifest path `/opt/rustwide/workdir/../../Cargo.toml` does not exist\n" }
[INFO] [stdout] stack backtrace:
[INFO] [stdout]    0:     0x5835090bed01 - <<std[70759c8f55707aa4]::sys::backtrace::BacktraceLock>::print::DisplayBacktrace as core[df12db4294e9bfd3]::fmt::Display>::fmt
[INFO] [stdout]    1:     0x5835090d36aa - core[df12db4294e9bfd3]::fmt::write
[INFO] [stdout]    2:     0x5835090c319c - <alloc[2182bb758b4b3781]::vec::Vec<u8> as core[df12db4294e9bfd3]::io::write::Write>::write_fmt
[INFO] [stdout]    3:     0x58350909b116 - std[70759c8f55707aa4]::panicking::default_hook::{closure#0}
[INFO] [stdout]    4:     0x5835090b7469 - std[70759c8f55707aa4]::panicking::default_hook
[INFO] [stdout]    5:     0x58350901eb50 - test[9d35eded1c95d3be]::test_main_inner::<test[9d35eded1c95d3be]::test_main_static::{closure#0}>::{closure#0}
[INFO] [stdout]    6:     0x5835090b7622 - std[70759c8f55707aa4]::panicking::panic_with_hook
[INFO] [stdout]    7:     0x58350909b1c2 - std[70759c8f55707aa4]::panicking::panic_handler::{closure#0}
[INFO] [stdout]    8:     0x583509093f49 - std[70759c8f55707aa4]::sys::backtrace::__rust_end_short_backtrace::<std[70759c8f55707aa4]::panicking::panic_handler::{closure#0}, !>
[INFO] [stdout]    9:     0x58350909bdbd - __rustc[8fa7c3cbc660c2b3]::rust_begin_unwind
[INFO] [stdout]   10:     0x5835090d3ddc - core[df12db4294e9bfd3]::panicking::panic_fmt
[INFO] [stdout]   11:     0x5835090d3bb2 - core[df12db4294e9bfd3]::result::unwrap_failed
[INFO] [stdout]   12:     0x58350900afa7 - <architecture[b16ec1c6baa893a8]::core_configuration_has_no_direct_serialization_or_delivery_dependencies::{closure#0} as core[df12db4294e9bfd3]::ops::function::FnOnce<()>>::call_once
[INFO] [stdout]   13:     0x583509011e3b - test[9d35eded1c95d3be]::__rust_begin_short_backtrace::<core[df12db4294e9bfd3]::result::Result<(), alloc[2182bb758b4b3781]::string::String>, fn() -> core[df12db4294e9bfd3]::result::Result<(), alloc[2182bb758b4b3781]::string::String>>
[INFO] [stdout]   14:     0x58350901f4a5 - test[9d35eded1c95d3be]::run_test::{closure#0}
[INFO] [stdout]   15:     0x583509018d64 - std[70759c8f55707aa4]::sys::backtrace::__rust_begin_short_backtrace::<test[9d35eded1c95d3be]::run_test::{closure#1}, ()>
[INFO] [stdout]   16:     0x583509022602 - <std[70759c8f55707aa4]::thread::lifecycle::spawn_unchecked<test[9d35eded1c95d3be]::run_test::{closure#1}, ()>::{closure#1} as core[df12db4294e9bfd3]::ops::function::FnOnce<()>>::call_once::{shim:vtable#0}
[INFO] [stdout]   17:     0x5835090be5d9 - <std[70759c8f55707aa4]::sys::thread::unix::Thread>::new::thread_start
[INFO] [stdout]   18:     0x7d82a5754dfa - <unknown>
[INFO] [stdout]   19:     0x7d82a57e83d4 - clone
[INFO] [stdout]   20:                0x0 - <unknown>
[INFO] [stdout] 
[INFO] [stdout] ---- core_normal_dependencies_stay_inside_the_core_boundary stdout ----
[INFO] [stdout] 
[INFO] [stdout] thread 'core_normal_dependencies_stay_inside_the_core_boundary' (1439) panicked at tests/architecture.rs:79:10:
[INFO] [stdout] workspace metadata should load: CargoMetadata { stderr: "error: manifest path `/opt/rustwide/workdir/../../Cargo.toml` does not exist\n" }
[INFO] [stdout] stack backtrace:
[INFO] [stdout]    0:     0x5835090bed01 - <<std[70759c8f55707aa4]::sys::backtrace::BacktraceLock>::print::DisplayBacktrace as core[df12db4294e9bfd3]::fmt::Display>::fmt
[INFO] [stdout]    1:     0x5835090d36aa - core[df12db4294e9bfd3]::fmt::write
[INFO] [stdout]    2:     0x5835090c319c - <alloc[2182bb758b4b3781]::vec::Vec<u8> as core[df12db4294e9bfd3]::io::write::Write>::write_fmt
[INFO] [stdout]    3:     0x58350909b116 - std[70759c8f55707aa4]::panicking::default_hook::{closure#0}
[INFO] [stdout]    4:     0x5835090b7469 - std[70759c8f55707aa4]::panicking::default_hook
[INFO] [stdout]    5:     0x58350901eb50 - test[9d35eded1c95d3be]::test_main_inner::<test[9d35eded1c95d3be]::test_main_static::{closure#0}>::{closure#0}
[INFO] [stdout]    6:     0x5835090b7622 - std[70759c8f55707aa4]::panicking::panic_with_hook
[INFO] [stdout]    7:     0x58350909b1c2 - std[70759c8f55707aa4]::panicking::panic_handler::{closure#0}
[INFO] [stdout]    8:     0x583509093f49 - std[70759c8f55707aa4]::sys::backtrace::__rust_end_short_backtrace::<std[70759c8f55707aa4]::panicking::panic_handler::{closure#0}, !>
[INFO] [stdout]    9:     0x58350909bdbd - __rustc[8fa7c3cbc660c2b3]::rust_begin_unwind
[INFO] [stdout]   10:     0x5835090d3ddc - core[df12db4294e9bfd3]::panicking::panic_fmt
[INFO] [stdout]   11:     0x5835090d3bb2 - core[df12db4294e9bfd3]::result::unwrap_failed
[INFO] [stdout]   12:     0x58350900a52f - <architecture[b16ec1c6baa893a8]::core_normal_dependencies_stay_inside_the_core_boundary::{closure#0} as core[df12db4294e9bfd3]::ops::function::FnOnce<()>>::call_once
[INFO] [stdout]   13:     0x583509011e3b - test[9d35eded1c95d3be]::__rust_begin_short_backtrace::<core[df12db4294e9bfd3]::result::Result<(), alloc[2182bb758b4b3781]::string::String>, fn() -> core[df12db4294e9bfd3]::result::Result<(), alloc[2182bb758b4b3781]::string::String>>
[INFO] [stdout]   14:     0x58350901f4a5 - test[9d35eded1c95d3be]::run_test::{closure#0}
[INFO] [stdout]   15:     0x583509018d64 - std[70759c8f55707aa4]::sys::backtrace::__rust_begin_short_backtrace::<test[9d35eded1c95d3be]::run_test::{closure#1}, ()>
[INFO] [stdout]   16:     0x583509022602 - <std[70759c8f55707aa4]::thread::lifecycle::spawn_unchecked<test[9d35eded1c95d3be]::run_test::{closure#1}, ()>::{closure#1} as core[df12db4294e9bfd3]::ops::function::FnOnce<()>>::call_once::{shim:vtable#0}
[INFO] [stdout]   17:     0x5835090be5d9 - <std[70759c8f55707aa4]::sys::thread::unix::Thread>::new::thread_start
[INFO] [stdout]   18:     0x7d82a5754dfa - <unknown>
[INFO] [stdout]   19:     0x7d82a57e83d4 - clone
[INFO] [stdout]   20:                0x0 - <unknown>
[INFO] [stdout] 
[INFO] [stdout] 
[INFO] [stdout] failures:
[INFO] [stdout]     core_configuration_has_no_direct_serialization_or_delivery_dependencies
[INFO] [stdout]     core_normal_dependencies_stay_inside_the_core_boundary
[INFO] [stdout] 
[INFO] [stdout] test result: FAILED. 1 passed; 2 failed; 0 ignored; 0 measured; 0 filtered out; finished in 0.05s
[INFO] [stdout] 
[INFO] [stderr] error: test failed, to rerun pass `--test architecture`
[INFO] running `Command { std: "docker" "inspect" "8fff8c0b258ff9c206f0f2ca589f8329171767562154c34fa44407b039ae14ef", kill_on_drop: false }`
[INFO] running `Command { std: "docker" "rm" "-f" "8fff8c0b258ff9c206f0f2ca589f8329171767562154c34fa44407b039ae14ef", kill_on_drop: false }`
[INFO] [stdout] 8fff8c0b258ff9c206f0f2ca589f8329171767562154c34fa44407b039ae14ef
