[INFO] fetching crate madgit 0.5.0...
[INFO] testing madgit-0.5.0 against 1.99.0-beta.8+cargoflags=--release for beta-release-1.100-2
[INFO] extracting crate madgit 0.5.0 into /workspace/builds/worker-0-tc1/source
[INFO] started tweaking crates.io crate madgit 0.5.0
[INFO] removed 0 missing tests
[INFO] finished tweaking crates.io crate madgit 0.5.0
[INFO] tweaked toml for crates.io crate madgit 0.5.0 written to /workspace/builds/worker-0-tc1/source/Cargo.toml
[INFO] validating manifest of crates.io crate madgit 0.5.0 on toolchain 1.99.0-beta.8
[INFO] running `Command { std: CARGO_HOME="/workspace/cargo-home" RUSTUP_HOME="/workspace/rustup-home" "/workspace/cargo-home/bin/cargo" "+1.99.0-beta.8" "metadata" "--manifest-path" "Cargo.toml" "--no-deps", kill_on_drop: false }`
[INFO] crate crates.io crate madgit 0.5.0 already has a lockfile, it will not be regenerated
[INFO] running `Command { std: CARGO_HOME="/workspace/cargo-home" RUSTUP_HOME="/workspace/rustup-home" "/workspace/cargo-home/bin/cargo" "+1.99.0-beta.8" "fetch" "--manifest-path" "Cargo.toml", kill_on_drop: false }`
[INFO] running `Command { std: "docker" "create" "-v" "/var/lib/crater-agent-workspace/builds/worker-0-tc1/source:/opt/rustwide/workdir:ro,Z" "-v" "/var/lib/crater-agent-workspace/builds/worker-0-tc1/target:/opt/rustwide/target:rw,Z" "-v" "/var/lib/crater-agent-workspace/cargo-home:/opt/rustwide/cargo-home:ro,Z" "-v" "/var/lib/crater-agent-workspace/rustup-home:/opt/rustwide/rustup-home:ro,Z" "-m" "1610612736" "--network" "none" "ghcr.io/rust-lang/crates-build-env/linux@sha256:77db811e55d90add9212f6832c23229e3de5f1c1f9905e8cb07319ea15df73ac" "sleep" "infinity", kill_on_drop: false }`
[INFO] [stdout] 8900bf940baaf46eb53de8f0f1c57a7cbbea40e8345fcc665b950e4c971271d9
[INFO] running `Command { std: "docker" "start" "8900bf940baaf46eb53de8f0f1c57a7cbbea40e8345fcc665b950e4c971271d9", kill_on_drop: false }`
[INFO] running `Command { std: "docker" "inspect" "8900bf940baaf46eb53de8f0f1c57a7cbbea40e8345fcc665b950e4c971271d9", kill_on_drop: false }`
[INFO] running `Command { std: "docker" "exec" "-e" "SOURCE_DIR=/opt/rustwide/workdir" "-e" "CARGO_HOME=/opt/rustwide/cargo-home" "-e" "RUSTUP_HOME=/opt/rustwide/rustup-home" "-e" "CARGO_TARGET_DIR=/opt/rustwide/target" "-w" "/opt/rustwide/workdir" "--user" "0:0" "8900bf940baaf46eb53de8f0f1c57a7cbbea40e8345fcc665b950e4c971271d9" "/opt/rustwide/cargo-home/bin/cargo" "+1.99.0-beta.8" "metadata" "--no-deps" "--format-version=1", kill_on_drop: false }`
[INFO] running `Command { std: "docker" "inspect" "8900bf940baaf46eb53de8f0f1c57a7cbbea40e8345fcc665b950e4c971271d9", kill_on_drop: false }`
[INFO] running `Command { std: "docker" "exec" "-e" "SOURCE_DIR=/opt/rustwide/workdir" "-e" "CARGO_HOME=/opt/rustwide/cargo-home" "-e" "RUSTUP_HOME=/opt/rustwide/rustup-home" "-e" "CARGO_TARGET_DIR=/opt/rustwide/target" "-e" "CARGO_INCREMENTAL=0" "-e" "RUST_BACKTRACE=full" "-e" "RUSTFLAGS=--cap-lints=warn" "-e" "RUSTDOCFLAGS=--cap-lints=warn" "-w" "/opt/rustwide/workdir" "--user" "0:0" "8900bf940baaf46eb53de8f0f1c57a7cbbea40e8345fcc665b950e4c971271d9" "/opt/rustwide/cargo-home/bin/cargo" "+1.99.0-beta.8" "build" "--frozen" "--message-format=json" "--release", kill_on_drop: false }`
[INFO] [stderr]    Compiling zerofrom v0.1.7
[INFO] [stderr]    Compiling displaydoc v0.2.5
[INFO] [stderr]    Compiling futures-macro v0.3.32
[INFO] [stderr]    Compiling rustls v0.23.40
[INFO] [stderr]    Compiling tokio v1.52.3
[INFO] [stderr]    Compiling aws-lc-sys v0.40.0
[INFO] [stderr]    Compiling rustls-native-certs v0.8.3
[INFO] [stderr]    Compiling bitflags v2.11.1
[INFO] [stderr]    Compiling serde_json v1.0.149
[INFO] [stderr]    Compiling clap_derive v4.6.1
[INFO] [stderr]    Compiling console v0.16.3
[INFO] [stderr]    Compiling yoke v0.8.2
[INFO] [stderr]    Compiling zerovec v0.11.6
[INFO] [stderr]    Compiling zerotrie v0.2.4
[INFO] [stderr]    Compiling futures-util v0.3.32
[INFO] [stderr]    Compiling tinystr v0.8.3
[INFO] [stderr]    Compiling potential_utf v0.1.5
[INFO] [stderr]    Compiling icu_collections v2.2.0
[INFO] [stderr]    Compiling icu_locale_core v2.2.0
[INFO] [stderr]    Compiling clap v4.6.1
[INFO] [stderr]    Compiling icu_provider v2.2.0
[INFO] [stderr]    Compiling icu_normalizer v2.2.0
[INFO] [stderr]    Compiling icu_properties v2.2.0
[INFO] [stderr]    Compiling idna_adapter v1.2.2
[INFO] [stderr]    Compiling idna v1.1.0
[INFO] [stderr]    Compiling futures-executor v0.3.32
[INFO] [stderr]    Compiling tokio-util v0.7.18
[INFO] [stderr]    Compiling url v2.5.8
[INFO] [stderr]    Compiling tower v0.5.3
[INFO] [stderr]    Compiling futures v0.3.32
[INFO] [stderr]    Compiling tower-http v0.6.10
[INFO] [stderr]    Compiling h2 v0.4.14
[INFO] [stderr]    Compiling hyper v1.9.0
[INFO] [stderr]    Compiling hyper-util v0.1.20
[INFO] [stderr]    Compiling aws-lc-rs v1.16.3
[INFO] [stderr]    Compiling rustls-webpki v0.103.13
[INFO] [stderr]    Compiling tokio-rustls v0.26.4
[INFO] [stderr]    Compiling rustls-platform-verifier v0.7.0
[INFO] [stderr]    Compiling hyper-rustls v0.27.9
[INFO] [stderr]    Compiling reqwest v0.13.3
[INFO] [stderr]    Compiling madgit v0.5.0 (/opt/rustwide/workdir)
[INFO] [stderr]     Finished `release` profile [optimized] target(s) in 1m 18s
[INFO] running `Command { std: "docker" "inspect" "8900bf940baaf46eb53de8f0f1c57a7cbbea40e8345fcc665b950e4c971271d9", kill_on_drop: false }`
[INFO] running `Command { std: "docker" "exec" "-e" "SOURCE_DIR=/opt/rustwide/workdir" "-e" "CARGO_HOME=/opt/rustwide/cargo-home" "-e" "RUSTUP_HOME=/opt/rustwide/rustup-home" "-e" "CARGO_TARGET_DIR=/opt/rustwide/target" "-e" "CARGO_INCREMENTAL=0" "-e" "RUST_BACKTRACE=full" "-e" "RUSTFLAGS=--cap-lints=warn" "-e" "RUSTDOCFLAGS=--cap-lints=warn" "-w" "/opt/rustwide/workdir" "--user" "0:0" "8900bf940baaf46eb53de8f0f1c57a7cbbea40e8345fcc665b950e4c971271d9" "/opt/rustwide/cargo-home/bin/cargo" "+1.99.0-beta.8" "test" "--frozen" "--no-run" "--message-format=json" "--release", kill_on_drop: false }`
[INFO] [stderr]    Compiling tempfile v3.27.0
[INFO] [stderr]    Compiling tower-http v0.6.10
[INFO] [stderr]    Compiling reqwest v0.13.3
[INFO] [stderr]    Compiling madgit v0.5.0 (/opt/rustwide/workdir)
[INFO] [stderr]     Finished `release` profile [optimized] target(s) in 33.01s
[INFO] running `Command { std: "docker" "inspect" "8900bf940baaf46eb53de8f0f1c57a7cbbea40e8345fcc665b950e4c971271d9", kill_on_drop: false }`
[INFO] running `Command { std: "docker" "exec" "-e" "SOURCE_DIR=/opt/rustwide/workdir" "-e" "CARGO_HOME=/opt/rustwide/cargo-home" "-e" "RUSTUP_HOME=/opt/rustwide/rustup-home" "-e" "CARGO_TARGET_DIR=/opt/rustwide/target" "-e" "CARGO_INCREMENTAL=0" "-e" "RUST_BACKTRACE=full" "-e" "RUSTFLAGS=--cap-lints=warn" "-e" "RUSTDOCFLAGS=--cap-lints=warn" "-w" "/opt/rustwide/workdir" "--user" "0:0" "8900bf940baaf46eb53de8f0f1c57a7cbbea40e8345fcc665b950e4c971271d9" "/opt/rustwide/cargo-home/bin/cargo" "+1.99.0-beta.8" "test" "--frozen" "--release", kill_on_drop: false }`
[INFO] [stderr]     Finished `release` profile [optimized] target(s) in 0.20s
[INFO] [stderr]      Running unittests src/lib.rs (/opt/rustwide/target/release/deps/madgit-ae0cf927e468d92c)
[INFO] [stdout] 
[INFO] [stdout] running 75 tests
[INFO] [stdout] test git::tests::is_auth_error_matches_known_authentication_messages ... ok
[INFO] [stdout] test cli::tests::into_spec_returns_forgejo_when_only_forgejo_is_present ... ok
[INFO] [stdout] test cli::tests::into_spec_returns_github_when_only_github_is_present ... ok
[INFO] [stdout] test cli::tests::parses_clone_command_with_github_and_directory ... ok
[INFO] [stdout] test git::tests::is_auth_error_ignores_unrelated_errors ... ok
[INFO] [stdout] test mass::tests::categorize_error_detects_network_failures ... ok
[INFO] [stdout] test cli::tests::rejects_clone_without_source ... ok
[INFO] [stdout] test mass::tests::categorize_error_detects_authentication_failures ... ok
[INFO] [stdout] test mass::tests::categorize_error_detects_repository_failures ... ok
[INFO] [stdout] test cli::tests::parses_checkout_main_command ... ok
[INFO] [stdout] test cli::tests::into_spec_prefers_gitlab_when_multiple_values_are_present ... ok
[INFO] [stdout] test mass::tests::categorize_error_detects_missing_upstream_failures ... ok
[INFO] [stdout] test cli::tests::into_spec_returns_none_when_no_remote_is_selected ... ok
[INFO] [stdout] test mass::tests::categorize_error_falls_back_to_other_for_unknown_failures ... ok
[INFO] [stdout] test git::tests::exec_errors_when_no_command_is_provided ... ok
[INFO] [stdout] test remotes::client::tests::auth_header_errors_for_invalid_token_value ... ok
[INFO] [stdout] test remotes::client::tests::auth_header_returns_none_without_token ... ok
[INFO] [stdout] test mass::tests::error_category_helpers_are_stable ... ok
[INFO] [stdout] test remotes::client::tests::build_headers_sets_default_headers ... ok
[INFO] [stdout] test remotes::client::tests::auth_header_uses_provider_specific_formats ... ok
[INFO] [stdout] test cli::tests::parses_external_git_subcommand ... ok
[INFO] [stdout] test mass::tests::for_each_repo_returns_error_when_any_operation_fails ... ok
[INFO] [stdout] test mass::tests::for_each_repo_succeeds_when_directory_has_no_repositories ... ok
[INFO] [stdout] test mass::tests::for_each_repo_ignores_directories_without_git_metadata ... ok
[INFO] [stdout] test git::tests::run_command_reports_authentication_failures ... ok
[INFO] [stdout] test remotes::client::tests::normalize_base_url_adds_https_and_trims_trailing_slash ... ok
[INFO] [stdout] test git::tests::run_command_reports_non_auth_failures ... ok
[INFO] [stdout] test remotes::client::tests::normalize_base_url_falls_back_when_value_is_blank ... ok
[INFO] [stdout] test remotes::client::tests::parse_next_link_errors_on_invalid_next_link_format ... ok
[INFO] [stdout] test remotes::client::tests::parse_next_link_returns_none_when_header_is_missing ... ok
[INFO] [stdout] test remotes::client::tests::parse_next_link_returns_none_when_next_relation_is_absent ... ok
[INFO] [stdout] test remotes::client::tests::parse_next_link_returns_next_url_when_present ... ok
[INFO] [stdout] test mass::tests::clone_returns_error_when_any_repository_fails ... ok
[INFO] [stdout] test remotes::client::tests::get_json_surfaces_json_decode_failures ... ok
[INFO] [stdout] test remotes::forgejo::tests::repositories_collects_pages_until_empty ... ok
[INFO] [stdout] test remotes::client::tests::get_json_reads_a_json_response ... ok
[INFO] [stdout] test remotes::client::tests::get_json_surfaces_http_failures ... ok
[INFO] [stdout] test remotes::gitlab::tests::fetch_user_id_errors_when_owner_is_missing ... ok
[INFO] [stdout] test remotes::gitlab::tests::repositories_collects_all_pages ... ok
[INFO] [stdout] test remotes::client::tests::get_json_optional_surfaces_http_failures ... ok
[INFO] [stdout] test remotes::spec::tests::exposes_provider_specific_auth_environment_variables ... ok
[INFO] [stdout] test remotes::spec::tests::normalizes_provider_defaults ... ok
[INFO] [stdout] test remotes::gitlab::tests::fetch_user_id_returns_first_matching_user_id ... ok
[INFO] [stdout] test remotes::spec::tests::parses_gitlab_owner_with_host ... ok
[INFO] [stdout] test remotes::spec::tests::parses_forgejo_owner_with_https_host ... ok
[INFO] [stdout] test remotes::spec::tests::parses_self_hosted_owner_with_port ... ok
[INFO] [stdout] test remotes::spec::tests::rejects_empty_owner_values ... ok
[INFO] [stdout] test remotes::spec::tests::parses_gitlab_owner_without_host ... ok
[INFO] [stdout] test remotes::spec::tests::rejects_explicit_urls_without_owner ... ok
[INFO] [stdout] test remotes::spec::tests::trims_trailing_slash_from_remote_argument ... ok
[INFO] [stdout] test remotes::client::tests::get_json_optional_returns_none_for_not_found ... ok
[INFO] [stdout] test remotes::tests::repositories_dispatches_to_github_provider ... ok
[INFO] [stdout] test remotes::client::tests::get_json_optional_surfaces_json_decode_failures ... ok
[INFO] [stdout] test remotes::tests::repositories_dispatches_to_forgejo_provider ... ok
[INFO] [stdout] test tests::resolve_repositories_returns_empty_when_no_input_is_provided ... ok
[INFO] [stdout] test tests::resolve_repositories_returns_error_for_invalid_remote_spec ... ok
[INFO] [stdout] test git::tests::status_succeeds_for_a_git_repository ... ok
[INFO] [stdout] test tests::resolve_repositories_returns_error_for_missing_file ... ok
[INFO] [stdout] test tests::run_with_args_handles_no_git_command ... ok
[INFO] [stdout] test remotes::client::tests::get_json_with_headers_returns_response_headers ... ok
[INFO] [stdout] test remotes::tests::repositories_dispatches_to_gitlab_provider ... ok
[INFO] [stdout] test remotes::client::tests::get_json_with_headers_surfaces_json_decode_failures ... ok
[INFO] [stdout] test git::tests::checkout_default_prefers_main_branch ... ok
[INFO] [stdout] test git::tests::checkout_default_falls_back_to_master_branch ... ok
[INFO] [stdout] test remotes::client::tests::get_json_with_headers_surfaces_http_failures ... ok
[INFO] [stdout] test tests::resolve_repositories_reads_repositories_from_file ... ok
[INFO] [stdout] test remotes::github::tests::initial_url_uses_authenticated_user_endpoint_for_matching_viewer ... ok
[INFO] [stdout] test remotes::github::tests::initial_url_uses_org_endpoint_when_owner_is_an_organization ... ok
[INFO] [stdout] test remotes::github::tests::repositories_filters_results_and_follows_pagination ... ok
[INFO] [stdout] test remotes::github::tests::initial_url_uses_public_user_endpoint_without_auth ... ok
[INFO] [stdout] test remotes::spec::tests::ignores_blank_auth_token_values ... ok
[INFO] [stdout] test remotes::spec::tests::reports_auth_token_presence_from_environment ... ok
[INFO] [stdout] test tests::show_remote_auth_usage_runs_when_token_is_present ... ok
[INFO] [stdout] test tests::run_with_args_handles_empty_exec_command ... ok
[INFO] [stderr]      Running unittests src/bin/git-mad.rs (/opt/rustwide/target/release/deps/git_mad-8bff1cac91329948)
[INFO] [stdout] test git::tests::clone_clones_a_local_repository ... ok
[INFO] [stdout] 
[INFO] [stdout] test result: ok. 75 passed; 0 failed; 0 ignored; 0 measured; 0 filtered out; finished in 2.07s
[INFO] [stdout] 
[INFO] [stderr]      Running unittests src/bin/madgit.rs (/opt/rustwide/target/release/deps/madgit-3a5e44c273805806)
[INFO] [stdout] 
[INFO] [stderr]      Running tests/cli_integration.rs (/opt/rustwide/target/release/deps/cli_integration-50953da1529aa869)
[INFO] [stdout] running 0 tests
[INFO] [stdout] 
[INFO] [stdout] test result: ok. 0 passed; 0 failed; 0 ignored; 0 measured; 0 filtered out; finished in 0.00s
[INFO] [stdout] 
[INFO] [stdout] 
[INFO] [stdout] running 0 tests
[INFO] [stdout] 
[INFO] [stdout] test result: ok. 0 passed; 0 failed; 0 ignored; 0 measured; 0 filtered out; finished in 0.00s
[INFO] [stdout] 
[INFO] [stdout] 
[INFO] [stdout] running 19 tests
[INFO] [stdout] test nogit_lists_non_git_subdirectories ... ok
[INFO] [stdout] test nogit_reports_when_every_subdirectory_is_a_git_repository ... ok
[INFO] [stdout] test git_mad_help_succeeds ... ok
[INFO] [stdout] test madgit_help_succeeds ... ok
[INFO] [stdout] test repos_command_requires_a_remote_provider ... ok
[INFO] [stdout] test repos_command_prints_discovered_remote_repositories ... ok
[INFO] [stdout] test exec_command_runs_inside_each_repository ... ok
[INFO] [stdout] test stash_list_command_succeeds_for_local_repository_tree ... ok
[INFO] [stdout] test unsupported_top_level_command_is_forwarded_to_git ... ok
[INFO] [stdout] test git_mad_unsupported_command_is_forwarded_to_git ... ok
[INFO] [stdout] test status_command_succeeds_for_local_repository_tree ... ok
[INFO] [stdout] test checkout_main_command_falls_back_to_master_branch ... ok
[INFO] [stdout] test checkout_main_command_uses_main_branch_when_present ... ok
[INFO] [stdout] test checkout_command_is_forwarded_to_git_when_branch_exists ... ok
[INFO] [stdout] test clone_command_reads_repositories_from_file ... ok
[INFO] [stdout] test stash_defaults_to_push ... ok
[INFO] [stdout] test push_command_sends_local_commit_to_remote ... ok
[INFO] [stdout] test pull_command_brings_clone_up_to_date ... FAILED
[INFO] [stdout] test fetch_command_updates_remote_tracking_information ... ok
[INFO] [stdout] 
[INFO] [stdout] failures:
[INFO] [stdout] 
[INFO] [stdout] ---- pull_command_brings_clone_up_to_date stdout ----
[INFO] [stdout] 
[INFO] [stdout] thread 'pull_command_brings_clone_up_to_date' (2628) panicked at tests/cli_integration.rs:401:5:
[INFO] [stdout] assertion failed: output.status.success()
[INFO] [stdout] stack backtrace:
[INFO] [stdout]    0:     0x57f84d6ff341 - <<std[70759c8f55707aa4]::sys::backtrace::BacktraceLock>::print::DisplayBacktrace as core[df12db4294e9bfd3]::fmt::Display>::fmt
[INFO] [stdout]    1:     0x57f84d71444a - core[df12db4294e9bfd3]::fmt::write
[INFO] [stdout]    2:     0x57f84d703d7c - <alloc[2182bb758b4b3781]::vec::Vec<u8> as core[df12db4294e9bfd3]::io::write::Write>::write_fmt
[INFO] [stdout]    3:     0x57f84d6d9456 - std[70759c8f55707aa4]::panicking::default_hook::{closure#0}
[INFO] [stdout]    4:     0x57f84d6f6be9 - std[70759c8f55707aa4]::panicking::default_hook
[INFO] [stdout]    5:     0x57f84d690120 - test[9d35eded1c95d3be]::test_main_inner::<test[9d35eded1c95d3be]::test_main_static::{closure#0}>::{closure#0}
[INFO] [stdout]    6:     0x57f84d6f6da2 - std[70759c8f55707aa4]::panicking::panic_with_hook
[INFO] [stdout]    7:     0x57f84d6d9534 - std[70759c8f55707aa4]::panicking::panic_handler::{closure#0}
[INFO] [stdout]    8:     0x57f84d6d20b9 - std[70759c8f55707aa4]::sys::backtrace::__rust_end_short_backtrace::<std[70759c8f55707aa4]::panicking::panic_handler::{closure#0}, !>
[INFO] [stdout]    9:     0x57f84d6da2ed - __rustc[8fa7c3cbc660c2b3]::rust_begin_unwind
[INFO] [stdout]   10:     0x57f84d714b7c - core[df12db4294e9bfd3]::panicking::panic_fmt
[INFO] [stdout]   11:     0x57f84d714b42 - core[df12db4294e9bfd3]::panicking::panic
[INFO] [stdout]   12:     0x57f84d67570e - <cli_integration[aa931b0b8c59f04e]::pull_command_brings_clone_up_to_date::{closure#0} as core[df12db4294e9bfd3]::ops::function::FnOnce<()>>::call_once
[INFO] [stdout]   13:     0x57f84d68340b - test[9d35eded1c95d3be]::__rust_begin_short_backtrace::<core[df12db4294e9bfd3]::result::Result<(), alloc[2182bb758b4b3781]::string::String>, fn() -> core[df12db4294e9bfd3]::result::Result<(), alloc[2182bb758b4b3781]::string::String>>
[INFO] [stdout]   14:     0x57f84d690a75 - test[9d35eded1c95d3be]::run_test::{closure#0}
[INFO] [stdout]   15:     0x57f84d68a334 - std[70759c8f55707aa4]::sys::backtrace::__rust_begin_short_backtrace::<test[9d35eded1c95d3be]::run_test::{closure#1}, ()>
[INFO] [stdout]   16:     0x57f84d693bd2 - <std[70759c8f55707aa4]::thread::lifecycle::spawn_unchecked<test[9d35eded1c95d3be]::run_test::{closure#1}, ()>::{closure#1} as core[df12db4294e9bfd3]::ops::function::FnOnce<()>>::call_once::{shim:vtable#0}
[INFO] [stdout]   17:     0x57f84d6fe469 - <std[70759c8f55707aa4]::sys::thread::unix::Thread>::new::thread_start
[INFO] [stdout]   18:     0x76ad5dc69dfa - <unknown>
[INFO] [stdout]   19:     0x76ad5dcfd3d4 - clone
[INFO] [stdout]   20:                0x0 - <unknown>
[INFO] [stdout] 
[INFO] [stdout] 
[INFO] [stdout] failures:
[INFO] [stdout]     pull_command_brings_clone_up_to_date
[INFO] [stdout] 
[INFO] [stdout] test result: FAILED. 18 passed; 1 failed; 0 ignored; 0 measured; 0 filtered out; finished in 2.69s
[INFO] [stdout] 
[INFO] [stderr] error: test failed, to rerun pass `--test cli_integration`
[INFO] running `Command { std: "docker" "inspect" "8900bf940baaf46eb53de8f0f1c57a7cbbea40e8345fcc665b950e4c971271d9", kill_on_drop: false }`
[INFO] running `Command { std: "docker" "rm" "-f" "8900bf940baaf46eb53de8f0f1c57a7cbbea40e8345fcc665b950e4c971271d9", kill_on_drop: false }`
[INFO] [stdout] 8900bf940baaf46eb53de8f0f1c57a7cbbea40e8345fcc665b950e4c971271d9
