[INFO] fetching crate madato 0.8.0...
[INFO] testing madato-0.8.0 against 1.99.0-beta.8+cargoflags=--release for beta-release-1.100-2
[INFO] extracting crate madato 0.8.0 into /workspace/builds/worker-6-tc1/source
[INFO] started tweaking crates.io crate madato 0.8.0
[INFO] finished tweaking crates.io crate madato 0.8.0
[INFO] tweaked toml for crates.io crate madato 0.8.0 written to /workspace/builds/worker-6-tc1/source/Cargo.toml
[INFO] validating manifest of crates.io crate madato 0.8.0 on toolchain 1.99.0-beta.8
[INFO] running `Command { std: CARGO_HOME="/workspace/cargo-home" RUSTUP_HOME="/workspace/rustup-home" "/workspace/cargo-home/bin/cargo" "+1.99.0-beta.8" "metadata" "--manifest-path" "Cargo.toml" "--no-deps", kill_on_drop: false }`
[INFO] crate crates.io crate madato 0.8.0 already has a lockfile, it will not be regenerated
[INFO] running `Command { std: CARGO_HOME="/workspace/cargo-home" RUSTUP_HOME="/workspace/rustup-home" "/workspace/cargo-home/bin/cargo" "+1.99.0-beta.8" "fetch" "--manifest-path" "Cargo.toml", kill_on_drop: false }`
[INFO] [stderr]     Updating crates.io index
[INFO] [stderr]  Downloading crates ...
[INFO] [stderr]   Downloaded pythonize v0.25.0
[INFO] [stderr]   Downloaded pyo3-macros v0.25.1
[INFO] [stderr]   Downloaded pyo3-build-config v0.25.1
[INFO] [stderr]   Downloaded pyo3-macros-backend v0.25.1
[INFO] [stderr]   Downloaded codepage v0.1.2
[INFO] [stderr]   Downloaded infer v0.16.0
[INFO] [stderr]   Downloaded docopt v1.1.1
[INFO] [stderr]   Downloaded cfb v0.7.3
[INFO] [stderr]   Downloaded pyo3-ffi v0.25.1
[INFO] [stderr]   Downloaded calamine v0.24.0
[INFO] [stderr]   Downloaded python3-dll-a v0.2.14
[INFO] [stderr]   Downloaded pyo3 v0.25.1
[INFO] running `Command { std: "docker" "create" "-v" "/var/lib/crater-agent-workspace/builds/worker-6-tc1/source:/opt/rustwide/workdir:ro,Z" "-v" "/var/lib/crater-agent-workspace/builds/worker-6-tc1/target:/opt/rustwide/target:rw,Z" "-v" "/var/lib/crater-agent-workspace/cargo-home:/opt/rustwide/cargo-home:ro,Z" "-v" "/var/lib/crater-agent-workspace/rustup-home:/opt/rustwide/rustup-home:ro,Z" "-m" "1610612736" "--network" "none" "ghcr.io/rust-lang/crates-build-env/linux@sha256:77db811e55d90add9212f6832c23229e3de5f1c1f9905e8cb07319ea15df73ac" "sleep" "infinity", kill_on_drop: false }`
[INFO] [stdout] 841ead5f02eb34e70d6c55be1fbb1506ca7df5b5dc9b9c84ba1f9db9dc9549f4
[INFO] running `Command { std: "docker" "start" "841ead5f02eb34e70d6c55be1fbb1506ca7df5b5dc9b9c84ba1f9db9dc9549f4", kill_on_drop: false }`
[INFO] running `Command { std: "docker" "inspect" "841ead5f02eb34e70d6c55be1fbb1506ca7df5b5dc9b9c84ba1f9db9dc9549f4", kill_on_drop: false }`
[INFO] running `Command { std: "docker" "exec" "-e" "SOURCE_DIR=/opt/rustwide/workdir" "-e" "CARGO_HOME=/opt/rustwide/cargo-home" "-e" "RUSTUP_HOME=/opt/rustwide/rustup-home" "-e" "CARGO_TARGET_DIR=/opt/rustwide/target" "-w" "/opt/rustwide/workdir" "--user" "0:0" "841ead5f02eb34e70d6c55be1fbb1506ca7df5b5dc9b9c84ba1f9db9dc9549f4" "/opt/rustwide/cargo-home/bin/cargo" "+1.99.0-beta.8" "metadata" "--no-deps" "--format-version=1", kill_on_drop: false }`
[INFO] running `Command { std: "docker" "inspect" "841ead5f02eb34e70d6c55be1fbb1506ca7df5b5dc9b9c84ba1f9db9dc9549f4", kill_on_drop: false }`
[INFO] running `Command { std: "docker" "exec" "-e" "SOURCE_DIR=/opt/rustwide/workdir" "-e" "CARGO_HOME=/opt/rustwide/cargo-home" "-e" "RUSTUP_HOME=/opt/rustwide/rustup-home" "-e" "CARGO_TARGET_DIR=/opt/rustwide/target" "-e" "CARGO_INCREMENTAL=0" "-e" "RUST_BACKTRACE=full" "-e" "RUSTFLAGS=--cap-lints=warn" "-e" "RUSTDOCFLAGS=--cap-lints=warn" "-w" "/opt/rustwide/workdir" "--user" "0:0" "841ead5f02eb34e70d6c55be1fbb1506ca7df5b5dc9b9c84ba1f9db9dc9549f4" "/opt/rustwide/cargo-home/bin/cargo" "+1.99.0-beta.8" "build" "--frozen" "--message-format=json" "--release", kill_on_drop: false }`
[INFO] [stderr]    Compiling simd-adler32 v0.3.8
[INFO] [stderr]    Compiling syn v2.0.114
[INFO] [stderr]    Compiling indexmap v1.9.3
[INFO] [stderr]    Compiling hashbrown v0.12.3
[INFO] [stderr]    Compiling uuid v1.20.0
[INFO] [stderr]    Compiling quick-xml v0.31.0
[INFO] [stderr]    Compiling codepage v0.1.2
[INFO] [stderr]    Compiling strsim v0.10.0
[INFO] [stderr]    Compiling serde_json v1.0.149
[INFO] [stderr]    Compiling miniz_oxide v0.8.9
[INFO] [stderr]    Compiling cfb v0.7.3
[INFO] [stderr]    Compiling flate2 v1.1.9
[INFO] [stderr]    Compiling infer v0.16.0
[INFO] [stderr]    Compiling zip v0.6.6
[INFO] [stderr]    Compiling serde_derive v1.0.228
[INFO] [stderr]    Compiling thiserror-impl v1.0.69
[INFO] [stderr]    Compiling thiserror v1.0.69
[INFO] [stderr]    Compiling serde v1.0.228
[INFO] [stderr]    Compiling linked-hash-map v0.5.6
[INFO] [stderr]    Compiling docopt v1.1.1
[INFO] [stderr]    Compiling calamine v0.24.0
[INFO] [stderr]    Compiling yaml-rust v0.4.5
[INFO] [stderr]    Compiling serde_yaml v0.8.26
[INFO] [stderr]    Compiling madato v0.8.0 (/opt/rustwide/workdir)
[INFO] [stderr]     Finished `release` profile [optimized] target(s) in 27.22s
[INFO] running `Command { std: "docker" "inspect" "841ead5f02eb34e70d6c55be1fbb1506ca7df5b5dc9b9c84ba1f9db9dc9549f4", kill_on_drop: false }`
[INFO] running `Command { std: "docker" "exec" "-e" "SOURCE_DIR=/opt/rustwide/workdir" "-e" "CARGO_HOME=/opt/rustwide/cargo-home" "-e" "RUSTUP_HOME=/opt/rustwide/rustup-home" "-e" "CARGO_TARGET_DIR=/opt/rustwide/target" "-e" "CARGO_INCREMENTAL=0" "-e" "RUST_BACKTRACE=full" "-e" "RUSTFLAGS=--cap-lints=warn" "-e" "RUSTDOCFLAGS=--cap-lints=warn" "-w" "/opt/rustwide/workdir" "--user" "0:0" "841ead5f02eb34e70d6c55be1fbb1506ca7df5b5dc9b9c84ba1f9db9dc9549f4" "/opt/rustwide/cargo-home/bin/cargo" "+1.99.0-beta.8" "test" "--frozen" "--no-run" "--message-format=json" "--release", kill_on_drop: false }`
[INFO] [stderr]    Compiling tempfile v3.24.0
[INFO] [stderr]    Compiling madato v0.8.0 (/opt/rustwide/workdir)
[INFO] [stderr]     Finished `release` profile [optimized] target(s) in 7.28s
[INFO] running `Command { std: "docker" "inspect" "841ead5f02eb34e70d6c55be1fbb1506ca7df5b5dc9b9c84ba1f9db9dc9549f4", kill_on_drop: false }`
[INFO] running `Command { std: "docker" "exec" "-e" "SOURCE_DIR=/opt/rustwide/workdir" "-e" "CARGO_HOME=/opt/rustwide/cargo-home" "-e" "RUSTUP_HOME=/opt/rustwide/rustup-home" "-e" "CARGO_TARGET_DIR=/opt/rustwide/target" "-e" "CARGO_INCREMENTAL=0" "-e" "RUST_BACKTRACE=full" "-e" "RUSTFLAGS=--cap-lints=warn" "-e" "RUSTDOCFLAGS=--cap-lints=warn" "-w" "/opt/rustwide/workdir" "--user" "0:0" "841ead5f02eb34e70d6c55be1fbb1506ca7df5b5dc9b9c84ba1f9db9dc9549f4" "/opt/rustwide/cargo-home/bin/cargo" "+1.99.0-beta.8" "test" "--frozen" "--release", kill_on_drop: false }`
[INFO] [stderr]     Finished `release` profile [optimized] target(s) in 0.13s
[INFO] [stderr]      Running unittests src/lib.rs (/opt/rustwide/target/release/deps/madato-0ecf97802bd0fc1c)
[INFO] [stdout] 
[INFO] [stdout] running 21 tests
[INFO] [stdout] test can_make_table_all_cols ... ok
[INFO] [stdout] test can_mk_header ... ok
[INFO] [stdout] test csv::tests::test_mk_csv_from_table_result ... ok
[INFO] [stdout] test can_mk_table_with_value_regex ... ok
[INFO] [stdout] test csv::tests::test_csv_file_to_md ... ok
[INFO] [stdout] test can_mk_data_limiting_headers ... ok
[INFO] [stdout] test can_mk_data ... ok
[INFO] [stdout] test cal::tests::test_md_santise ... ok
[INFO] [stdout] test yaml::can_yaml_to_md ... ok
[INFO] [stdout] test yaml::can_yaml_to_md_with_headings ... ok
[INFO] [stdout] test cal::tests::test_spreadsheet_to_md_with_formula_and_value ... FAILED
[INFO] [stdout] test cal::tests::test_spreadsheet_to_md_without_formulas ... FAILED
[INFO] [stdout] test csv::tests::test_mk_md_table_from_csv ... ok
[INFO] [stdout] test can_mk_table_with_2_filter ... ok
[INFO] [stdout] test cal::tests::test_spreadsheet_to_md_with_formulas_only ... FAILED
[INFO] [stdout] test cal::tests::test_list_sheet_names ... FAILED
[INFO] [stdout] test can_extract_headers ... ok
[INFO] [stdout] test cal::tests::test_spreadsheet_to_named_table_with_formulas ... FAILED
[INFO] [stdout] test csv::tests::test_load_csv ... ok
[INFO] [stdout] test can_mk_table_with_1_filter ... ok
[INFO] [stderr] error: test failed, to rerun pass `--lib`
[INFO] [stdout] test can_make_table ... ok
[INFO] [stdout] 
[INFO] [stdout] failures:
[INFO] [stdout] 
[INFO] [stdout] ---- cal::tests::test_spreadsheet_to_md_with_formula_and_value stdout ----
[INFO] [stdout] 
[INFO] [stdout] thread 'cal::tests::test_spreadsheet_to_md_with_formula_and_value' (734) panicked at src/cal/mod.rs:62:53:
[INFO] [stdout] Cannot open file: Xlsx(Io(Os { code: 2, kind: NotFound, message: "No such file or directory" }))
[INFO] [stdout] stack backtrace:
[INFO] [stdout]    0:     0x55c1c27b5d31 - <<std[70759c8f55707aa4]::sys::backtrace::BacktraceLock>::print::DisplayBacktrace as core[df12db4294e9bfd3]::fmt::Display>::fmt
[INFO] [stdout]    1:     0x55c1c27cc6da - core[df12db4294e9bfd3]::fmt::write
[INFO] [stdout]    2:     0x55c1c27ba2dc - <alloc[2182bb758b4b3781]::vec::Vec<u8> as core[df12db4294e9bfd3]::io::write::Write>::write_fmt
[INFO] [stdout]    3:     0x55c1c2791e16 - std[70759c8f55707aa4]::panicking::default_hook::{closure#0}
[INFO] [stdout]    4:     0x55c1c27ae379 - std[70759c8f55707aa4]::panicking::default_hook
[INFO] [stdout]    5:     0x55c1c263a380 - test[9d35eded1c95d3be]::test_main_inner::<test[9d35eded1c95d3be]::test_main_static::{closure#0}>::{closure#0}
[INFO] [stdout]    6:     0x55c1c27ae532 - std[70759c8f55707aa4]::panicking::panic_with_hook
[INFO] [stdout]    7:     0x55c1c2791ec2 - std[70759c8f55707aa4]::panicking::panic_handler::{closure#0}
[INFO] [stdout]    8:     0x55c1c278ab99 - std[70759c8f55707aa4]::sys::backtrace::__rust_end_short_backtrace::<std[70759c8f55707aa4]::panicking::panic_handler::{closure#0}, !>
[INFO] [stdout]    9:     0x55c1c2792abd - __rustc[8fa7c3cbc660c2b3]::rust_begin_unwind
[INFO] [stdout]   10:     0x55c1c27ccebc - core[df12db4294e9bfd3]::panicking::panic_fmt
[INFO] [stdout]   11:     0x55c1c27ccc92 - core[df12db4294e9bfd3]::result::unwrap_failed
[INFO] [stdout]   12:     0x55c1c25ef962 - madato[b7e2840900039e55]::cal::spreadsheet_to_named_table_internal
[INFO] [stdout]   13:     0x55c1c25eed6c - madato[b7e2840900039e55]::cal::spreadsheet_to_md
[INFO] [stdout]   14:     0x55c1c25f40e4 - madato[b7e2840900039e55]::cal::tests::test_spreadsheet_to_md_with_formula_and_value
[INFO] [stdout]   15:     0x55c1c25e1df9 - <madato[b7e2840900039e55]::cal::tests::test_spreadsheet_to_md_with_formula_and_value::{closure#0} as core[df12db4294e9bfd3]::ops::function::FnOnce<()>>::call_once
[INFO] [stdout]   16:     0x55c1c262d66b - test[9d35eded1c95d3be]::__rust_begin_short_backtrace::<core[df12db4294e9bfd3]::result::Result<(), alloc[2182bb758b4b3781]::string::String>, fn() -> core[df12db4294e9bfd3]::result::Result<(), alloc[2182bb758b4b3781]::string::String>>
[INFO] [stdout]   17:     0x55c1c263acd5 - test[9d35eded1c95d3be]::run_test::{closure#0}
[INFO] [stdout]   18:     0x55c1c2634594 - std[70759c8f55707aa4]::sys::backtrace::__rust_begin_short_backtrace::<test[9d35eded1c95d3be]::run_test::{closure#1}, ()>
[INFO] [stdout]   19:     0x55c1c263de32 - <std[70759c8f55707aa4]::thread::lifecycle::spawn_unchecked<test[9d35eded1c95d3be]::run_test::{closure#1}, ()>::{closure#1} as core[df12db4294e9bfd3]::ops::function::FnOnce<()>>::call_once::{shim:vtable#0}
[INFO] [stdout]   20:     0x55c1c27b5609 - <std[70759c8f55707aa4]::sys::thread::unix::Thread>::new::thread_start
[INFO] [stdout]   21:     0x7dd606affdfa - <unknown>
[INFO] [stdout]   22:     0x7dd606b933d4 - clone
[INFO] [stdout]   23:                0x0 - <unknown>
[INFO] [stdout] 
[INFO] [stdout] ---- cal::tests::test_spreadsheet_to_md_without_formulas stdout ----
[INFO] [stdout] 
[INFO] [stdout] thread 'cal::tests::test_spreadsheet_to_md_without_formulas' (736) panicked at src/cal/mod.rs:62:53:
[INFO] [stdout] Cannot open file: Xlsx(Io(Os { code: 2, kind: NotFound, message: "No such file or directory" }))
[INFO] [stdout] stack backtrace:
[INFO] [stdout]    0:     0x55c1c27b5d31 - <<std[70759c8f55707aa4]::sys::backtrace::BacktraceLock>::print::DisplayBacktrace as core[df12db4294e9bfd3]::fmt::Display>::fmt
[INFO] [stdout]    1:     0x55c1c27cc6da - core[df12db4294e9bfd3]::fmt::write
[INFO] [stdout]    2:     0x55c1c27ba2dc - <alloc[2182bb758b4b3781]::vec::Vec<u8> as core[df12db4294e9bfd3]::io::write::Write>::write_fmt
[INFO] [stdout]    3:     0x55c1c2791e16 - std[70759c8f55707aa4]::panicking::default_hook::{closure#0}
[INFO] [stdout]    4:     0x55c1c27ae379 - std[70759c8f55707aa4]::panicking::default_hook
[INFO] [stdout]    5:     0x55c1c263a380 - test[9d35eded1c95d3be]::test_main_inner::<test[9d35eded1c95d3be]::test_main_static::{closure#0}>::{closure#0}
[INFO] [stdout]    6:     0x55c1c27ae532 - std[70759c8f55707aa4]::panicking::panic_with_hook
[INFO] [stdout]    7:     0x55c1c2791ec2 - std[70759c8f55707aa4]::panicking::panic_handler::{closure#0}
[INFO] [stdout]    8:     0x55c1c278ab99 - std[70759c8f55707aa4]::sys::backtrace::__rust_end_short_backtrace::<std[70759c8f55707aa4]::panicking::panic_handler::{closure#0}, !>
[INFO] [stdout]    9:     0x55c1c2792abd - __rustc[8fa7c3cbc660c2b3]::rust_begin_unwind
[INFO] [stdout]   10:     0x55c1c27ccebc - core[df12db4294e9bfd3]::panicking::panic_fmt
[INFO] [stdout]   11:     0x55c1c27ccc92 - core[df12db4294e9bfd3]::result::unwrap_failed
[INFO] [stdout]   12:     0x55c1c25ef962 - madato[b7e2840900039e55]::cal::spreadsheet_to_named_table_internal
[INFO] [stdout]   13:     0x55c1c25eed6c - madato[b7e2840900039e55]::cal::spreadsheet_to_md
[INFO] [stdout]   14:     0x55c1c25f3c94 - madato[b7e2840900039e55]::cal::tests::test_spreadsheet_to_md_without_formulas
[INFO] [stdout]   15:     0x55c1c25e1db9 - <madato[b7e2840900039e55]::cal::tests::test_spreadsheet_to_md_without_formulas::{closure#0} as core[df12db4294e9bfd3]::ops::function::FnOnce<()>>::call_once
[INFO] [stdout]   16:     0x55c1c262d66b - test[9d35eded1c95d3be]::__rust_begin_short_backtrace::<core[df12db4294e9bfd3]::result::Result<(), alloc[2182bb758b4b3781]::string::String>, fn() -> core[df12db4294e9bfd3]::result::Result<(), alloc[2182bb758b4b3781]::string::String>>
[INFO] [stdout]   17:     0x55c1c263acd5 - test[9d35eded1c95d3be]::run_test::{closure#0}
[INFO] [stdout]   18:     0x55c1c2634594 - std[70759c8f55707aa4]::sys::backtrace::__rust_begin_short_backtrace::<test[9d35eded1c95d3be]::run_test::{closure#1}, ()>
[INFO] [stdout]   19:     0x55c1c263de32 - <std[70759c8f55707aa4]::thread::lifecycle::spawn_unchecked<test[9d35eded1c95d3be]::run_test::{closure#1}, ()>::{closure#1} as core[df12db4294e9bfd3]::ops::function::FnOnce<()>>::call_once::{shim:vtable#0}
[INFO] [stdout]   20:     0x55c1c27b5609 - <std[70759c8f55707aa4]::sys::thread::unix::Thread>::new::thread_start
[INFO] [stdout]   21:     0x7dd606affdfa - <unknown>
[INFO] [stdout]   22:     0x7dd606b933d4 - clone
[INFO] [stdout]   23:                0x0 - <unknown>
[INFO] [stdout] 
[INFO] [stdout] ---- cal::tests::test_spreadsheet_to_md_with_formulas_only stdout ----
[INFO] [stdout] 
[INFO] [stdout] thread 'cal::tests::test_spreadsheet_to_md_with_formulas_only' (735) panicked at src/cal/mod.rs:62:53:
[INFO] [stdout] Cannot open file: Xlsx(Io(Os { code: 2, kind: NotFound, message: "No such file or directory" }))
[INFO] [stdout] stack backtrace:
[INFO] [stdout]    0:     0x55c1c27b5d31 - <<std[70759c8f55707aa4]::sys::backtrace::BacktraceLock>::print::DisplayBacktrace as core[df12db4294e9bfd3]::fmt::Display>::fmt
[INFO] [stdout]    1:     0x55c1c27cc6da - core[df12db4294e9bfd3]::fmt::write
[INFO] [stdout]    2:     0x55c1c27ba2dc - <alloc[2182bb758b4b3781]::vec::Vec<u8> as core[df12db4294e9bfd3]::io::write::Write>::write_fmt
[INFO] [stdout]    3:     0x55c1c2791e16 - std[70759c8f55707aa4]::panicking::default_hook::{closure#0}
[INFO] [stdout]    4:     0x55c1c27ae379 - std[70759c8f55707aa4]::panicking::default_hook
[INFO] [stdout]    5:     0x55c1c263a380 - test[9d35eded1c95d3be]::test_main_inner::<test[9d35eded1c95d3be]::test_main_static::{closure#0}>::{closure#0}
[INFO] [stdout]    6:     0x55c1c27ae532 - std[70759c8f55707aa4]::panicking::panic_with_hook
[INFO] [stdout]    7:     0x55c1c2791ec2 - std[70759c8f55707aa4]::panicking::panic_handler::{closure#0}
[INFO] [stdout]    8:     0x55c1c278ab99 - std[70759c8f55707aa4]::sys::backtrace::__rust_end_short_backtrace::<std[70759c8f55707aa4]::panicking::panic_handler::{closure#0}, !>
[INFO] [stdout]    9:     0x55c1c2792abd - __rustc[8fa7c3cbc660c2b3]::rust_begin_unwind
[INFO] [stdout]   10:     0x55c1c27ccebc - core[df12db4294e9bfd3]::panicking::panic_fmt
[INFO] [stdout]   11:     0x55c1c27ccc92 - core[df12db4294e9bfd3]::result::unwrap_failed
[INFO] [stdout]   12:     0x55c1c25ef962 - madato[b7e2840900039e55]::cal::spreadsheet_to_named_table_internal
[INFO] [stdout]   13:     0x55c1c25eed6c - madato[b7e2840900039e55]::cal::spreadsheet_to_md
[INFO] [stdout]   14:     0x55c1c25f3ed4 - madato[b7e2840900039e55]::cal::tests::test_spreadsheet_to_md_with_formulas_only
[INFO] [stdout]   15:     0x55c1c25e1dd9 - <madato[b7e2840900039e55]::cal::tests::test_spreadsheet_to_md_with_formulas_only::{closure#0} as core[df12db4294e9bfd3]::ops::function::FnOnce<()>>::call_once
[INFO] [stdout]   16:     0x55c1c262d66b - test[9d35eded1c95d3be]::__rust_begin_short_backtrace::<core[df12db4294e9bfd3]::result::Result<(), alloc[2182bb758b4b3781]::string::String>, fn() -> core[df12db4294e9bfd3]::result::Result<(), alloc[2182bb758b4b3781]::string::String>>
[INFO] [stdout]   17:     0x55c1c263acd5 - test[9d35eded1c95d3be]::run_test::{closure#0}
[INFO] [stdout]   18:     0x55c1c2634594 - std[70759c8f55707aa4]::sys::backtrace::__rust_begin_short_backtrace::<test[9d35eded1c95d3be]::run_test::{closure#1}, ()>
[INFO] [stdout]   19:     0x55c1c263de32 - <std[70759c8f55707aa4]::thread::lifecycle::spawn_unchecked<test[9d35eded1c95d3be]::run_test::{closure#1}, ()>::{closure#1} as core[df12db4294e9bfd3]::ops::function::FnOnce<()>>::call_once::{shim:vtable#0}
[INFO] [stdout]   20:     0x55c1c27b5609 - <std[70759c8f55707aa4]::sys::thread::unix::Thread>::new::thread_start
[INFO] [stdout]   21:     0x7dd606affdfa - <unknown>
[INFO] [stdout]   22:     0x7dd606b933d4 - clone
[INFO] [stdout]   23:                0x0 - <unknown>
[INFO] [stdout] 
[INFO] [stdout] ---- cal::tests::test_list_sheet_names stdout ----
[INFO] [stdout] 
[INFO] [stdout] thread 'cal::tests::test_list_sheet_names' (732) panicked at src/cal/mod.rs:276:9:
[INFO] [stdout] assertion failed: result.is_ok()
[INFO] [stdout] stack backtrace:
[INFO] [stdout]    0:     0x55c1c27b5d31 - <<std[70759c8f55707aa4]::sys::backtrace::BacktraceLock>::print::DisplayBacktrace as core[df12db4294e9bfd3]::fmt::Display>::fmt
[INFO] [stdout]    1:     0x55c1c27cc6da - core[df12db4294e9bfd3]::fmt::write
[INFO] [stdout]    2:     0x55c1c27ba2dc - <alloc[2182bb758b4b3781]::vec::Vec<u8> as core[df12db4294e9bfd3]::io::write::Write>::write_fmt
[INFO] [stdout]    3:     0x55c1c2791e16 - std[70759c8f55707aa4]::panicking::default_hook::{closure#0}
[INFO] [stdout]    4:     0x55c1c27ae379 - std[70759c8f55707aa4]::panicking::default_hook
[INFO] [stdout]    5:     0x55c1c263a380 - test[9d35eded1c95d3be]::test_main_inner::<test[9d35eded1c95d3be]::test_main_static::{closure#0}>::{closure#0}
[INFO] [stdout]    6:     0x55c1c27ae532 - std[70759c8f55707aa4]::panicking::panic_with_hook
[INFO] [stdout]    7:     0x55c1c2791ef4 - std[70759c8f55707aa4]::panicking::panic_handler::{closure#0}
[INFO] [stdout]    8:     0x55c1c278ab99 - std[70759c8f55707aa4]::sys::backtrace::__rust_end_short_backtrace::<std[70759c8f55707aa4]::panicking::panic_handler::{closure#0}, !>
[INFO] [stdout]    9:     0x55c1c2792abd - __rustc[8fa7c3cbc660c2b3]::rust_begin_unwind
[INFO] [stdout]   10:     0x55c1c27ccebc - core[df12db4294e9bfd3]::panicking::panic_fmt
[INFO] [stdout]   11:     0x55c1c27cce82 - core[df12db4294e9bfd3]::panicking::panic
[INFO] [stdout]   12:     0x55c1c25f3ad0 - madato[b7e2840900039e55]::cal::tests::test_list_sheet_names
[INFO] [stdout]   13:     0x55c1c25e1d99 - <madato[b7e2840900039e55]::cal::tests::test_list_sheet_names::{closure#0} as core[df12db4294e9bfd3]::ops::function::FnOnce<()>>::call_once
[INFO] [stdout]   14:     0x55c1c262d66b - test[9d35eded1c95d3be]::__rust_begin_short_backtrace::<core[df12db4294e9bfd3]::result::Result<(), alloc[2182bb758b4b3781]::string::String>, fn() -> core[df12db4294e9bfd3]::result::Result<(), alloc[2182bb758b4b3781]::string::String>>
[INFO] [stdout]   15:     0x55c1c263acd5 - test[9d35eded1c95d3be]::run_test::{closure#0}
[INFO] [stdout]   16:     0x55c1c2634594 - std[70759c8f55707aa4]::sys::backtrace::__rust_begin_short_backtrace::<test[9d35eded1c95d3be]::run_test::{closure#1}, ()>
[INFO] [stdout]   17:     0x55c1c263de32 - <std[70759c8f55707aa4]::thread::lifecycle::spawn_unchecked<test[9d35eded1c95d3be]::run_test::{closure#1}, ()>::{closure#1} as core[df12db4294e9bfd3]::ops::function::FnOnce<()>>::call_once::{shim:vtable#0}
[INFO] [stdout]   18:     0x55c1c27b5609 - <std[70759c8f55707aa4]::sys::thread::unix::Thread>::new::thread_start
[INFO] [stdout]   19:     0x7dd606affdfa - <unknown>
[INFO] [stdout]   20:     0x7dd606b933d4 - clone
[INFO] [stdout]   21:                0x0 - <unknown>
[INFO] [stdout] 
[INFO] [stdout] ---- cal::tests::test_spreadsheet_to_named_table_with_formulas stdout ----
[INFO] [stdout] 
[INFO] [stdout] thread 'cal::tests::test_spreadsheet_to_named_table_with_formulas' (737) panicked at src/cal/mod.rs:62:53:
[INFO] [stdout] Cannot open file: Xlsx(Io(Os { code: 2, kind: NotFound, message: "No such file or directory" }))
[INFO] [stdout] stack backtrace:
[INFO] [stdout]    0:     0x55c1c27b5d31 - <<std[70759c8f55707aa4]::sys::backtrace::BacktraceLock>::print::DisplayBacktrace as core[df12db4294e9bfd3]::fmt::Display>::fmt
[INFO] [stdout]    1:     0x55c1c27cc6da - core[df12db4294e9bfd3]::fmt::write
[INFO] [stdout]    2:     0x55c1c27ba2dc - <alloc[2182bb758b4b3781]::vec::Vec<u8> as core[df12db4294e9bfd3]::io::write::Write>::write_fmt
[INFO] [stdout]    3:     0x55c1c2791e16 - std[70759c8f55707aa4]::panicking::default_hook::{closure#0}
[INFO] [stdout]    4:     0x55c1c27ae379 - std[70759c8f55707aa4]::panicking::default_hook
[INFO] [stdout]    5:     0x55c1c263a380 - test[9d35eded1c95d3be]::test_main_inner::<test[9d35eded1c95d3be]::test_main_static::{closure#0}>::{closure#0}
[INFO] [stdout]    6:     0x55c1c27ae532 - std[70759c8f55707aa4]::panicking::panic_with_hook
[INFO] [stdout]    7:     0x55c1c2791ec2 - std[70759c8f55707aa4]::panicking::panic_handler::{closure#0}
[INFO] [stdout]    8:     0x55c1c278ab99 - std[70759c8f55707aa4]::sys::backtrace::__rust_end_short_backtrace::<std[70759c8f55707aa4]::panicking::panic_handler::{closure#0}, !>
[INFO] [stdout]    9:     0x55c1c2792abd - __rustc[8fa7c3cbc660c2b3]::rust_begin_unwind
[INFO] [stdout]   10:     0x55c1c27ccebc - core[df12db4294e9bfd3]::panicking::panic_fmt
[INFO] [stdout]   11:     0x55c1c27ccc92 - core[df12db4294e9bfd3]::result::unwrap_failed
[INFO] [stdout]   12:     0x55c1c25ef962 - madato[b7e2840900039e55]::cal::spreadsheet_to_named_table_internal
[INFO] [stdout]   13:     0x55c1c25ef41e - madato[b7e2840900039e55]::cal::spreadsheet_to_named_table
[INFO] [stdout]   14:     0x55c1c25f42cd - madato[b7e2840900039e55]::cal::tests::test_spreadsheet_to_named_table_with_formulas
[INFO] [stdout]   15:     0x55c1c25e1e19 - <madato[b7e2840900039e55]::cal::tests::test_spreadsheet_to_named_table_with_formulas::{closure#0} as core[df12db4294e9bfd3]::ops::function::FnOnce<()>>::call_once
[INFO] [stdout]   16:     0x55c1c262d66b - test[9d35eded1c95d3be]::__rust_begin_short_backtrace::<core[df12db4294e9bfd3]::result::Result<(), alloc[2182bb758b4b3781]::string::String>, fn() -> core[df12db4294e9bfd3]::result::Result<(), alloc[2182bb758b4b3781]::string::String>>
[INFO] [stdout]   17:     0x55c1c263acd5 - test[9d35eded1c95d3be]::run_test::{closure#0}
[INFO] [stdout]   18:     0x55c1c2634594 - std[70759c8f55707aa4]::sys::backtrace::__rust_begin_short_backtrace::<test[9d35eded1c95d3be]::run_test::{closure#1}, ()>
[INFO] [stdout]   19:     0x55c1c263de32 - <std[70759c8f55707aa4]::thread::lifecycle::spawn_unchecked<test[9d35eded1c95d3be]::run_test::{closure#1}, ()>::{closure#1} as core[df12db4294e9bfd3]::ops::function::FnOnce<()>>::call_once::{shim:vtable#0}
[INFO] [stdout]   20:     0x55c1c27b5609 - <std[70759c8f55707aa4]::sys::thread::unix::Thread>::new::thread_start
[INFO] [stdout]   21:     0x7dd606affdfa - <unknown>
[INFO] [stdout]   22:     0x7dd606b933d4 - clone
[INFO] [stdout]   23:                0x0 - <unknown>
[INFO] [stdout] 
[INFO] [stdout] 
[INFO] [stdout] failures:
[INFO] [stdout]     cal::tests::test_list_sheet_names
[INFO] [stdout]     cal::tests::test_spreadsheet_to_md_with_formula_and_value
[INFO] [stdout]     cal::tests::test_spreadsheet_to_md_with_formulas_only
[INFO] [stdout]     cal::tests::test_spreadsheet_to_md_without_formulas
[INFO] [stdout]     cal::tests::test_spreadsheet_to_named_table_with_formulas
[INFO] [stdout] 
[INFO] [stdout] test result: FAILED. 16 passed; 5 failed; 0 ignored; 0 measured; 0 filtered out; finished in 0.14s
[INFO] [stdout] 
[INFO] running `Command { std: "docker" "inspect" "841ead5f02eb34e70d6c55be1fbb1506ca7df5b5dc9b9c84ba1f9db9dc9549f4", kill_on_drop: false }`
[INFO] running `Command { std: "docker" "rm" "-f" "841ead5f02eb34e70d6c55be1fbb1506ca7df5b5dc9b9c84ba1f9db9dc9549f4", kill_on_drop: false }`
[INFO] [stdout] 841ead5f02eb34e70d6c55be1fbb1506ca7df5b5dc9b9c84ba1f9db9dc9549f4
