[INFO] fetching crate macula-rust 0.11.0-rc.1...
[INFO] testing macula-rust-0.11.0-rc.1 against 1.99.0-beta.8+cargoflags=--release for beta-release-1.100-2
[INFO] extracting crate macula-rust 0.11.0-rc.1 into /workspace/builds/worker-6-tc1/source
[INFO] removed /workspace/builds/worker-6-tc1/source/rust-toolchain.toml
[INFO] started tweaking crates.io crate macula-rust 0.11.0-rc.1
[INFO] removed 0 missing examples
[INFO] removed 0 missing tests
[INFO] finished tweaking crates.io crate macula-rust 0.11.0-rc.1
[INFO] tweaked toml for crates.io crate macula-rust 0.11.0-rc.1 written to /workspace/builds/worker-6-tc1/source/Cargo.toml
[INFO] validating manifest of crates.io crate macula-rust 0.11.0-rc.1 on toolchain 1.99.0-beta.8
[INFO] running `Command { std: CARGO_HOME="/workspace/cargo-home" RUSTUP_HOME="/workspace/rustup-home" "/workspace/cargo-home/bin/cargo" "+1.99.0-beta.8" "metadata" "--manifest-path" "Cargo.toml" "--no-deps", kill_on_drop: false }`
[INFO] crate crates.io crate macula-rust 0.11.0-rc.1 already has a lockfile, it will not be regenerated
[INFO] running `Command { std: CARGO_HOME="/workspace/cargo-home" RUSTUP_HOME="/workspace/rustup-home" "/workspace/cargo-home/bin/cargo" "+1.99.0-beta.8" "fetch" "--manifest-path" "Cargo.toml", kill_on_drop: false }`
[INFO] [stderr]     Updating crates.io index
[INFO] [stderr]  Downloading crates ...
[INFO] [stderr]   Downloaded windows-native-keyring-store v1.1.0
[INFO] [stderr]   Downloaded keyring-core v1.0.0
[INFO] [stderr]   Downloaded macula-mldsa v0.3.0
[INFO] [stderr]   Downloaded macula-pqc v0.3.0
[INFO] [stderr]   Downloaded macula-pqc-kx v0.3.0
[INFO] [stderr]   Downloaded linux-keyutils-keyring-store v1.0.0
[INFO] [stderr]   Downloaded zbus-secret-service-keyring-store v1.0.1
[INFO] [stderr]   Downloaded linux-keyutils v0.2.5
[INFO] [stderr]   Downloaded keyring v4.2.0
[INFO] [stderr]   Downloaded android-native-keyring-store v1.0.0
[INFO] [stderr]   Downloaded apple-native-keyring-store v1.0.2
[INFO] [stderr]   Downloaded secret-service v5.2.0
[INFO] [stderr]   Downloaded macula-mlkem v0.3.0
[INFO] [stderr]   Downloaded macula-keccak v0.3.0
[INFO] running `Command { std: "docker" "create" "-v" "/var/lib/crater-agent-workspace/builds/worker-6-tc1/source:/opt/rustwide/workdir:ro,Z" "-v" "/var/lib/crater-agent-workspace/builds/worker-6-tc1/target:/opt/rustwide/target:rw,Z" "-v" "/var/lib/crater-agent-workspace/cargo-home:/opt/rustwide/cargo-home:ro,Z" "-v" "/var/lib/crater-agent-workspace/rustup-home:/opt/rustwide/rustup-home:ro,Z" "-m" "1610612736" "--network" "none" "ghcr.io/rust-lang/crates-build-env/linux@sha256:77db811e55d90add9212f6832c23229e3de5f1c1f9905e8cb07319ea15df73ac" "sleep" "infinity", kill_on_drop: false }`
[INFO] [stdout] 75db471d18be5a966e0d154aed06089b382c30618f64f14082e897f09ae6aa35
[INFO] running `Command { std: "docker" "start" "75db471d18be5a966e0d154aed06089b382c30618f64f14082e897f09ae6aa35", kill_on_drop: false }`
[INFO] running `Command { std: "docker" "inspect" "75db471d18be5a966e0d154aed06089b382c30618f64f14082e897f09ae6aa35", kill_on_drop: false }`
[INFO] running `Command { std: "docker" "exec" "-e" "SOURCE_DIR=/opt/rustwide/workdir" "-e" "CARGO_HOME=/opt/rustwide/cargo-home" "-e" "RUSTUP_HOME=/opt/rustwide/rustup-home" "-e" "CARGO_TARGET_DIR=/opt/rustwide/target" "-w" "/opt/rustwide/workdir" "--user" "0:0" "75db471d18be5a966e0d154aed06089b382c30618f64f14082e897f09ae6aa35" "/opt/rustwide/cargo-home/bin/cargo" "+1.99.0-beta.8" "metadata" "--no-deps" "--format-version=1", kill_on_drop: false }`
[INFO] running `Command { std: "docker" "inspect" "75db471d18be5a966e0d154aed06089b382c30618f64f14082e897f09ae6aa35", kill_on_drop: false }`
[INFO] running `Command { std: "docker" "exec" "-e" "SOURCE_DIR=/opt/rustwide/workdir" "-e" "CARGO_HOME=/opt/rustwide/cargo-home" "-e" "RUSTUP_HOME=/opt/rustwide/rustup-home" "-e" "CARGO_TARGET_DIR=/opt/rustwide/target" "-e" "CARGO_INCREMENTAL=0" "-e" "RUST_BACKTRACE=full" "-e" "RUSTFLAGS=--cap-lints=warn" "-e" "RUSTDOCFLAGS=--cap-lints=warn" "-w" "/opt/rustwide/workdir" "--user" "0:0" "75db471d18be5a966e0d154aed06089b382c30618f64f14082e897f09ae6aa35" "/opt/rustwide/cargo-home/bin/cargo" "+1.99.0-beta.8" "build" "--frozen" "--message-format=json" "--release", kill_on_drop: false }`
[INFO] [stderr]    Compiling syn v3.0.6
[INFO] [stderr]    Compiling syn v2.0.119
[INFO] [stderr]    Compiling crossbeam-utils v0.8.23
[INFO] [stderr]    Compiling aws-lc-rs v1.18.1
[INFO] [stderr]    Compiling cc v1.5.1
[INFO] [stderr]    Compiling toml_edit v0.25.15+spec-1.1.0
[INFO] [stderr]    Compiling getrandom v0.4.3
[INFO] [stderr]    Compiling rustix v1.1.5
[INFO] [stderr]    Compiling futures-lite v2.6.1
[INFO] [stderr]    Compiling event-listener-strategy v0.5.4
[INFO] [stderr]    Compiling proc-macro2 v1.0.107
[INFO] [stderr]    Compiling linux-raw-sys v0.12.1
[INFO] [stderr]    Compiling untrusted v0.7.1
[INFO] [stderr]    Compiling async-io v2.6.0
[INFO] [stderr]    Compiling getrandom v0.2.17
[INFO] [stderr]    Compiling num-integer v0.1.47
[INFO] [stderr]    Compiling block-padding v0.4.2
[INFO] [stderr]    Compiling rustls v0.23.46
[INFO] [stderr]    Compiling endi v1.1.1
[INFO] [stderr]    Compiling digest v0.11.3
[INFO] [stderr]    Compiling inout v0.2.2
[INFO] [stderr]    Compiling piper v0.2.5
[INFO] [stderr]    Compiling async-lock v3.4.2
[INFO] [stderr]    Compiling cipher v0.5.2
[INFO] [stderr]    Compiling portable-atomic v1.15.0
[INFO] [stderr]    Compiling hmac v0.13.0
[INFO] [stderr]    Compiling async-broadcast v0.7.2
[INFO] [stderr]    Compiling uuid v1.26.1
[INFO] [stderr]    Compiling concurrent-queue v2.5.0
[INFO] [stderr]    Compiling num-bigint v0.4.8
[INFO] [stderr]    Compiling num-iter v0.1.46
[INFO] [stderr]    Compiling macula-keccak v0.3.0
[INFO] [stderr]    Compiling async-channel v2.5.0
[INFO] [stderr]    Compiling ordered-stream v0.2.0
[INFO] [stderr]    Compiling cpubits v0.1.1
[INFO] [stderr]    Compiling time v0.3.55
[INFO] [stderr]    Compiling aes v0.9.3
[INFO] [stderr]    Compiling cbc v0.2.1
[INFO] [stderr]    Compiling quote v1.0.47
[INFO] [stderr]    Compiling proc-macro-crate v3.5.0
[INFO] [stderr]    Compiling hkdf v0.13.0
[INFO] [stderr]    Compiling sha2 v0.11.0
[INFO] [stderr]    Compiling async-executor v1.14.0
[INFO] [stderr]    Compiling cmake v0.1.58
[INFO] [stderr]    Compiling blocking v1.7.0
[INFO] [stderr]    Compiling quinn-udp v0.5.15
[INFO] [stderr]    Compiling chacha20 v0.10.2
[INFO] [stderr]    Compiling keyring-core v1.0.0
[INFO] [stderr]    Compiling siphasher v1.0.4
[INFO] [stderr]    Compiling yasna v0.6.0
[INFO] [stderr]    Compiling macula-mlkem v0.3.0
[INFO] [stderr]    Compiling rand v0.10.3
[INFO] [stderr]    Compiling fastbloom v0.17.0
[INFO] [stderr]    Compiling quinn v0.11.12
[INFO] [stderr]    Compiling rand_pcg v0.10.2
[INFO] [stderr]    Compiling rustc-hash v2.1.3
[INFO] [stderr]    Compiling lru-slab v0.1.3
[INFO] [stderr]    Compiling macula-mldsa v0.3.0
[INFO] [stderr]    Compiling linux-keyutils v0.2.5
[INFO] [stderr]    Compiling aws-lc-sys v0.45.0
[INFO] [stderr]    Compiling ring v0.17.14
[INFO] [stderr]    Compiling num-rational v0.4.2
[INFO] [stderr]    Compiling serde_json v1.0.151
[INFO] [stderr]    Compiling num v0.4.3
[INFO] [stderr]    Compiling linux-keyutils-keyring-store v1.0.0
[INFO] [stderr]    Compiling serde_derive v1.0.229
[INFO] [stderr]    Compiling serde_repr v0.1.21
[INFO] [stderr]    Compiling async-trait v0.1.92
[INFO] [stderr]    Compiling futures-macro v0.3.34
[INFO] [stderr]    Compiling thiserror-impl v2.0.21
[INFO] [stderr]    Compiling tokio-macros v2.7.2
[INFO] [stderr]    Compiling futures-util v0.3.34
[INFO] [stderr]    Compiling tokio v1.53.1
[INFO] [stderr]    Compiling thiserror v2.0.21
[INFO] [stderr]    Compiling enumflags2_derive v0.7.12
[INFO] [stderr]    Compiling tracing-attributes v0.1.31
[INFO] [stderr]    Compiling async-recursion v1.1.1
[INFO] [stderr]    Compiling tracing v0.1.44
[INFO] [stderr]    Compiling serde v1.0.229
[INFO] [stderr]    Compiling polling v3.11.0
[INFO] [stderr]    Compiling zvariant_utils v4.2.0
[INFO] [stderr]    Compiling zcheapstr v1.1.0
[INFO] [stderr]    Compiling enumflags2 v0.7.12
[INFO] [stderr]    Compiling zvariant_derive v5.15.0
[INFO] [stderr]    Compiling zvariant v5.15.0
[INFO] [stderr]    Compiling async-signal v0.2.14
[INFO] [stderr]    Compiling async-process v2.5.0
[INFO] [stderr]    Compiling zbus_names v4.3.4
[INFO] [stderr]    Compiling zbus_macros v5.19.0
[INFO] [stderr]    Compiling zbus v5.19.0
[INFO] [stderr]    Compiling secret-service v5.2.0
[INFO] [stderr]    Compiling zbus-secret-service-keyring-store v1.0.1
[INFO] [stderr]    Compiling keyring v4.2.0
[INFO] [stderr]    Compiling rustls-webpki v0.103.15
[INFO] [stderr]    Compiling rcgen v0.14.10
[INFO] [stderr]    Compiling rustls-platform-verifier v0.7.1
[INFO] [stderr]    Compiling macula-pqc-kx v0.3.0
[INFO] [stderr]    Compiling quinn-proto v0.11.18
[INFO] [stderr]    Compiling macula-pqc v0.3.0
[INFO] [stderr]    Compiling macula-rust v0.11.0-rc.1 (/opt/rustwide/workdir)
[INFO] [stderr]     Finished `release` profile [optimized] target(s) in 3m 46s
[INFO] running `Command { std: "docker" "inspect" "75db471d18be5a966e0d154aed06089b382c30618f64f14082e897f09ae6aa35", kill_on_drop: false }`
[INFO] running `Command { std: "docker" "exec" "-e" "SOURCE_DIR=/opt/rustwide/workdir" "-e" "CARGO_HOME=/opt/rustwide/cargo-home" "-e" "RUSTUP_HOME=/opt/rustwide/rustup-home" "-e" "CARGO_TARGET_DIR=/opt/rustwide/target" "-e" "CARGO_INCREMENTAL=0" "-e" "RUST_BACKTRACE=full" "-e" "RUSTFLAGS=--cap-lints=warn" "-e" "RUSTDOCFLAGS=--cap-lints=warn" "-w" "/opt/rustwide/workdir" "--user" "0:0" "75db471d18be5a966e0d154aed06089b382c30618f64f14082e897f09ae6aa35" "/opt/rustwide/cargo-home/bin/cargo" "+1.99.0-beta.8" "test" "--frozen" "--no-run" "--message-format=json" "--release", kill_on_drop: false }`
[INFO] [stderr]    Compiling base64 v0.23.1
[INFO] [stderr]    Compiling tempfile v3.27.0
[INFO] [stderr]    Compiling pem v4.0.0
[INFO] [stderr]    Compiling rcgen v0.14.10
[INFO] [stderr]    Compiling macula-pqc v0.3.0
[INFO] [stderr]    Compiling macula-rust v0.11.0-rc.1 (/opt/rustwide/workdir)
[INFO] [stderr]     Finished `release` profile [optimized] target(s) in 2m 10s
[INFO] running `Command { std: "docker" "inspect" "75db471d18be5a966e0d154aed06089b382c30618f64f14082e897f09ae6aa35", kill_on_drop: false }`
[INFO] running `Command { std: "docker" "exec" "-e" "SOURCE_DIR=/opt/rustwide/workdir" "-e" "CARGO_HOME=/opt/rustwide/cargo-home" "-e" "RUSTUP_HOME=/opt/rustwide/rustup-home" "-e" "CARGO_TARGET_DIR=/opt/rustwide/target" "-e" "CARGO_INCREMENTAL=0" "-e" "RUST_BACKTRACE=full" "-e" "RUSTFLAGS=--cap-lints=warn" "-e" "RUSTDOCFLAGS=--cap-lints=warn" "-w" "/opt/rustwide/workdir" "--user" "0:0" "75db471d18be5a966e0d154aed06089b382c30618f64f14082e897f09ae6aa35" "/opt/rustwide/cargo-home/bin/cargo" "+1.99.0-beta.8" "test" "--frozen" "--release", kill_on_drop: false }`
[INFO] [stderr]     Finished `release` profile [optimized] target(s) in 0.37s
[INFO] [stderr]      Running unittests src/lib.rs (/opt/rustwide/target/release/deps/macula_rust-a13940b95822e068)
[INFO] [stdout] 
[INFO] [stdout] running 138 tests
[INFO] [stdout] test cbor::tests::decode_rejects_trailing_bytes ... ok
[INFO] [stdout] test cbor::tests::get_on_a_non_map_is_none ... ok
[INFO] [stdout] test cbor::tests::integer_out_of_range_is_rejected ... ok
[INFO] [stdout] test cbor::tests::integers_non_negative_minimal_length ... ok
[INFO] [stdout] test cbor::tests::text_and_atom_equivalent_encoding ... ok
[INFO] [stdout] test cbor::tests::nested_structure_with_null ... ok
[INFO] [stdout] test cbor::tests::byte_strings ... ok
[INFO] [stdout] test cbor::tests::map_keys_sorted_by_encoded_bytes_not_input_order ... ok
[INFO] [stdout] test cbor::tests::floats_always_binary64 ... ok
[INFO] [stdout] test cbor::tests::map_keys_shorter_sorts_first_when_prefix ... ok
[INFO] [stdout] test cbor::tests::map_keys_sorted_lexicographically_same_length ... ok
[INFO] [stdout] test cbor::tests::frame_shaped_map ... ok
[INFO] [stdout] test cbor::tests::empty_map ... ok
[INFO] [stdout] test cbor::tests::lists ... ok
[INFO] [stdout] test cbor::tests::with_field_appends_a_new_key ... ok
[INFO] [stdout] test cbor::tests::null_alone ... ok
[INFO] [stdout] test cbor::tests::with_field_replaces_an_existing_key_in_place ... ok
[INFO] [stdout] test cbor::tests::without_removes_only_the_named_keys ... ok
[INFO] [stdout] test frame::sealed::tests::a_sealed_map_with_a_key_the_table_cannot_name_is_not_one ... ok
[INFO] [stdout] test frame::sealed::tests::a_map_of_another_scheme_reads_with_its_layout_unjudged ... ok
[INFO] [stdout] test frame::publication::tests::a_sealed_publication_of_the_wrong_shape_is_refused ... ok
[INFO] [stdout] test cbor::tests::integers_negative_minimal_length ... ok
[INFO] [stdout] test frame::publication::tests::a_publication_carries_exactly_one_of_the_two ... ok
[INFO] [stdout] test frame::sealed::tests::each_frame_takes_only_its_own_sealed_shape ... ok
[INFO] [stdout] test frame::sealed::tests::a_group_event_takes_a_carried_nonce_and_no_kem_ct ... ok
[INFO] [stdout] test cbor::tests::get_finds_a_field_by_text_key ... ok
[INFO] [stdout] test frame::publication::tests::a_sealed_publication_signs_and_verifies_as_one ... ok
[INFO] [stdout] test frame::wire_counters::tests::a_counter_keeps_64_names_apart_and_the_rest_under_other ... ok
[INFO] [stdout] test group::epoch::tests::a_group_prefix_is_realm_and_org ... ok
[INFO] [stdout] test group::epoch::tests::an_epoch_never_prints_its_key ... ok
[INFO] [stdout] test group::epoch::tests::publishing_picks_the_newest_live_epoch ... ok
[INFO] [stdout] test group::epoch::tests::an_epoch_is_acceptable_to_its_life_plus_the_tolerance ... ok
[INFO] [stdout] test group::keyring::tests::a_malformed_reply_is_no_distributor ... ok
[INFO] [stdout] test group::keyring::tests::a_reply_never_lowers_the_policy ... ok
[INFO] [stdout] test group::keyring::tests::a_failed_pull_backs_off_and_doubles ... ok
[INFO] [stdout] test group::keyring::tests::a_join_pulls_the_current_epoch_and_holds_it ... ok
[INFO] [stdout] test group::keyring::tests::a_pull_in_flight_does_not_lift_the_policy ... ok
[INFO] [stdout] test group::keyring::tests::an_epoch_the_distributor_does_not_know_is_not_asked_again ... ok
[INFO] [stdout] test group::keyring::tests::an_unknown_epoch_is_pulled_by_id_three_times_a_publisher ... ok
[INFO] [stdout] test group::keyring::tests::an_epoch_past_its_life_is_refused_and_erased ... ok
[INFO] [stdout] test group::keyring::tests::publishing_picks_a_held_epoch_and_pulls_only_without_one ... ok
[INFO] [stdout] test group::tests::a_refusal_reads_as_its_reason ... ok
[INFO] [stdout] test group::keyring::tests::leaving_a_group_erases_its_keys ... ok
[INFO] [stdout] test group::tests::the_reasons_are_the_design_s_closed_set ... ok
[INFO] [stdout] test group::wire::tests::a_reply_off_the_protocol_is_refused_whole ... ok
[INFO] [stdout] test frame::wire_1_0_tests::the_wire_1_0_frame_vectors ... ok
[INFO] [stdout] test group::wire::tests::an_epoch_off_the_protocol_refuses_the_whole_reply ... ok
[INFO] [stdout] test group::keyring::tests::a_refusal_reaches_the_caller_as_its_reason ... ok
[INFO] [stdout] test group::keyring::tests::the_answering_node_is_pinned_and_unpinned ... ok
[INFO] [stdout] test group::vectors::the_call_payloads_reach_macula_s_bytes ... ok
[INFO] [stdout] test group::vectors::the_result_reads_and_re_encodes_byte_for_byte ... ok
[INFO] [stdout] test group::wire::tests::a_reply_reads_and_re_encodes_as_it_arrived ... ok
[INFO] [stdout] test group::wire::tests::the_policy_is_monotonic ... ok
[INFO] [stdout] test group::epoch::tests::the_ahead_window_is_the_last_third ... ok
[INFO] [stdout] test group::vectors::the_refusals_are_the_closed_set ... ok
[INFO] [stdout] test handshake::wire_1_0_tests::the_wire_1_0_refusal_code_vectors ... ok
[INFO] [stdout] test keystore::tests::delete_is_idempotent ... FAILED
[INFO] [stdout] test keystore::tests::save_then_load_returns_the_same_key ... FAILED
[INFO] [stdout] test keystore::tests::load_before_any_save_reports_not_found ... FAILED
[INFO] [stdout] test cbor::tests::decode_map_with_many_distinct_keys_is_not_quadratic ... ok
[INFO] [stdout] test petname::tests::petname_is_deterministic_and_shaped ... ok
[INFO] [stdout] test pool::call::tests::a_provider_that_names_a_key_is_not_called_through_its_older_keyless_ad ... ok
[INFO] [stdout] test pool::call::tests::a_refused_call_is_sealed_again_only_to_the_key_named ... ok
[INFO] [stdout] test node_key::seed_form::tests::a_key_kept_in_the_0_7_0_form_is_refused_naming_the_fix ... ok
[INFO] [stdout] test pool::call::tests::confidential_parses_and_off_is_refused_for_a_pool_call ... ok
[INFO] [stdout] test pool::call::tests::preferred_seals_to_a_keyed_provider_and_calls_a_keyless_one_in_the_clear ... ok
[INFO] [stdout] test frame::wire_1_0_tests::a_signed_object_acts_on_the_ext_in_its_tbs ... ok
[INFO] [stdout] test pool::call::tests::required_calls_only_keyed_providers_and_refuses_when_there_are_none ... ok
[INFO] [stdout] test pool::group::tests::a_plain_subscription_takes_a_clear_event_under_a_preferred_group ... ok
[INFO] [stdout] test frame::session::tests::liveness_frames_carry_their_nonce ... ok
[INFO] [stdout] test pool::group::tests::a_pull_in_flight_does_not_let_a_clear_event_through_a_plain_subscription ... ok
[INFO] [stdout] test frame::control::tests::a_frame_with_a_field_its_type_does_not_have_is_malformed ... ok
[INFO] [stdout] test pool::group::tests::a_clear_event_is_delivered_under_a_preferred_group ... ok
[INFO] [stdout] test frame::control::tests::every_control_frame_built_here_reads_back ... ok
[INFO] [stdout] test pool::group::tests::a_sealed_event_that_does_not_open_is_delivered_unopened ... ok
[INFO] [stdout] test pool::group::tests::a_required_group_refuses_a_clear_event_on_a_plain_subscription ... ok
[INFO] [stdout] test pool::group::tests::a_clear_event_is_refused_under_a_required_group ... ok
[INFO] [stdout] test pool::group::tests::a_pool_without_a_group_marks_a_sealed_event_only ... ok
[INFO] [stdout] test pool::group::tests::a_sealed_event_is_opened_and_names_its_epoch ... ok
[INFO] [stdout] test seal::keyring::tests::a_keyring_rotates_and_forgets ... ok
[INFO] [stdout] test seal::vectors::a_key_that_is_not_one_is_refused ... ok
[INFO] [stdout] test seal::vectors::every_refusal_vector_is_refused ... ok
[INFO] [stdout] test seal::keyring::tests::a_keyring_is_of_its_profile_and_shows_no_key ... ok
[INFO] [stdout] test seal::vectors::a_sender_s_secret_is_the_one_its_recipient_recovers ... ok
[INFO] [stdout] test handshake::tests::a_client_detects_a_downgraded_choice_and_a_version_below_its_floor ... ok
[INFO] [stdout] test seal::vectors::the_event_key_and_aad_reach_macula_s_bytes ... ok
[INFO] [stdout] test seal::vectors::the_recipients_keys_are_carried_hashed_and_named_as_macula_names_them ... ok
[INFO] [stdout] test seal::vectors::every_call_and_stream_vector_reaches_macula_s_bytes ... ok
[INFO] [stdout] test frame::wire_1_0_tests::the_wire_1_0_enum_vectors ... ok
[INFO] [stdout] test station_link::confidential::tests::a_forged_clear_frame_on_a_sealed_stream_is_refused ... ok
[INFO] [stdout] test station_link::confidential::tests::a_provider_opens_what_a_caller_sealed_and_its_answer_opens_to_the_caller ... ok
[INFO] [stdout] test station_link::confidential::tests::a_sealed_request_this_node_cannot_open_is_refused_naming_its_key ... ok
[INFO] [stdout] test station_link::confidential::tests::a_keyed_procedure_takes_clear_calls_only_within_its_keyless_window ... ok
[INFO] [stdout] test station_link::confidential::tests::a_forged_clear_answer_to_a_sealed_call_is_refused ... ok
[INFO] [stdout] test station_link::confidential::tests::a_refusal_names_a_key_only_as_sixteen_lowercase_hex_digits ... ok
[INFO] [stdout] test station_link::confidential::tests::a_request_sealed_under_an_unknown_scheme_is_refused ... ok
[INFO] [stdout] test station_link::tests::a_burst_of_pings_starts_one_pong_at_a_time ... ok
[INFO] [stdout] test station_link::confidential::tests::each_side_of_a_sealed_stream_opens_what_the_other_sealed ... ok
[INFO] [stdout] test station_link::dht::tests::the_wire_1_0_dht_vectors ... ok
[INFO] [stdout] test station_link::tests::the_wire_1_0_envelope_vectors ... ok
[INFO] [stdout] test station_link::tests::a_refused_subscribe_of_another_subscriber_is_not_ours ... ok
[INFO] [stdout] test station_link::serve::tests::a_sealed_answer_that_does_not_sign_does_not_panic ... ok
[INFO] [stdout] test station_link::versions::tests::the_floor_is_raised_by_a_completed_handshake_and_never_lowered ... ok
[INFO] [stdout] test station_link::versions::tests::the_counters_name_every_handshake_outcome ... ok
[INFO] [stdout] test transport::tests::a_dial_offers_secp384r1mlkem1024_alone ... ok
[INFO] [stdout] test station_link::serve::tests::only_a_result_over_the_frame_cap_is_payload_too_large ... ok
[INFO] [stdout] test handshake::tests::a_station_signs_the_session_proof_only_after_every_check ... ok
[INFO] [stdout] test transport::tests::a_classical_only_station_is_refused ... ok
[INFO] [stdout] test transport::tests::a_station_with_a_classical_certificate_is_refused ... ok
[INFO] [stdout] test transport::tests::a_station_that_offers_only_secp256r1mlkem768_is_refused ... ok
[INFO] [stdout] test ucan::capability::tests::a_with_is_one_of_three_mris ... ok
[INFO] [stdout] test transport::tests::a_target_without_an_expected_node_id_is_refused_before_dialing ... ok
[INFO] [stdout] test ucan::did_key::tests::a_did_key_of_another_shape_carries_no_key ... ok
[INFO] [stdout] test ucan::did_key::tests::base58btc_round_trips_and_keeps_leading_zeros ... ok
[INFO] [stdout] test ucan::did_key::tests::the_key_types_are_leb128_varints ... ok
[INFO] [stdout] test ucan::first_wins::tests::a_key_written_twice_keeps_its_first_value_at_every_depth ... ok
[INFO] [stdout] test ucan::first_wins::tests::only_one_object_is_a_part ... ok
[INFO] [stdout] test ucan::tests::a_window_beyond_the_max_lifetime_or_never_open_is_not_minted ... ok
[INFO] [stdout] test ucan::tests::the_max_lifetime_is_ten_years_of_365_25_days ... ok
[INFO] [stdout] test ucan::token::tests::a_header_of_another_algorithm_or_none_is_refused_by_name ... ok
[INFO] [stdout] test ucan::token::tests::a_token_is_three_parts_of_json_objects ... ok
[INFO] [stdout] test ucan::token::tests::an_exp_or_nbf_is_an_integer_as_written ... ok
[INFO] [stdout] test transport::tests::a_station_that_does_not_speak_macula_is_refused ... ok
[INFO] [stdout] test ucan::capability::tests::a_realm_name_is_dotted_lowercase_segments ... ok
[INFO] [stdout] test ucan::chain::tests::prf_names_at_most_one_parent_by_text ... ok
[INFO] [stdout] test transport::tests::a_station_that_offers_only_secp384r1mlkem1024_is_reached ... ok
[INFO] [stdout] test transport::tests::a_macula_12_station_is_reached_and_its_leaf_handed_back ... ok
[INFO] [stdout] test wire_vectors::tests::every_class_loads_with_unique_ids ... ok
[INFO] [stdout] test handshake::tests::a_station_refuses_an_opener_it_shares_nothing_with_and_names_its_ranges ... ok
[INFO] [stdout] test signed_object::wire_1_0_tests::the_wire_1_0_tbs_vectors ... ok
[INFO] [stdout] test handshake::tests::a_station_refuses_a_connect_whose_ranges_changed_or_whose_proof_does_not_hold ... ok
[INFO] [stdout] test group::vectors::every_org_grant_case_reaches_macula_s_verdict ... ok
[INFO] [stdout] test handshake::wire_1_0_tests::the_wire_1_0_handshake_vectors ... ok
[INFO] [stdout] test record::wire_1_0_tests::the_wire_1_0_reader_vectors ... ok
[INFO] [stdout] test record::wire_1_0_tests::the_wire_1_0_custodian_vectors ... ok
[INFO] [stdout] test node_key::seed_form::tests::a_kept_key_fits_credential_manager_at_the_worst_rsa_size ... ok
[INFO] [stdout] test handshake::tests::a_whole_handshake_connects_both_sides_in_version_5 ... ok
[INFO] [stdout] test handshake::tests::a_client_refuses_a_hello_that_does_not_prove_this_session ... ok
[INFO] [stdout] 
[INFO] [stdout] failures:
[INFO] [stdout] 
[INFO] [stdout] ---- keystore::tests::delete_is_idempotent stdout ----
[INFO] [stdout] 
[INFO] [stdout] thread 'keystore::tests::delete_is_idempotent' (5189) panicked at src/keystore.rs:290:14:
[INFO] [stdout] Store::new/build should succeed -- keyutils is always available on Linux: Backend(NoStorageAccess(PermissionDenied))
[INFO] [stdout] stack backtrace:
[INFO] [stdout]    0:     0x5b09dfcd6111 - <<std[70759c8f55707aa4]::sys::backtrace::BacktraceLock>::print::DisplayBacktrace as core[df12db4294e9bfd3]::fmt::Display>::fmt
[INFO] [stdout]    1:     0x5b09dfced0fa - core[df12db4294e9bfd3]::fmt::write
[INFO] [stdout]    2:     0x5b09dfcdaefc - <alloc[2182bb758b4b3781]::vec::Vec<u8> as core[df12db4294e9bfd3]::io::write::Write>::write_fmt
[INFO] [stdout]    3:     0x5b09dfcb1406 - std[70759c8f55707aa4]::panicking::default_hook::{closure#0}
[INFO] [stdout]    4:     0x5b09dfccdc59 - std[70759c8f55707aa4]::panicking::default_hook
[INFO] [stdout]    5:     0x5b09df8b2160 - test[9d35eded1c95d3be]::test_main_inner::<test[9d35eded1c95d3be]::test_main_static::{closure#0}>::{closure#0}
[INFO] [stdout]    6:     0x5b09dfccdf82 - std[70759c8f55707aa4]::panicking::panic_with_hook
[INFO] [stdout]    7:     0x5b09dfcb14b2 - std[70759c8f55707aa4]::panicking::panic_handler::{closure#0}
[INFO] [stdout]    8:     0x5b09dfca9ff9 - std[70759c8f55707aa4]::sys::backtrace::__rust_end_short_backtrace::<std[70759c8f55707aa4]::panicking::panic_handler::{closure#0}, !>
[INFO] [stdout]    9:     0x5b09dfcb229d - __rustc[8fa7c3cbc660c2b3]::rust_begin_unwind
[INFO] [stdout]   10:     0x5b09dfced85c - core[df12db4294e9bfd3]::panicking::panic_fmt
[INFO] [stdout]   11:     0x5b09dfced632 - core[df12db4294e9bfd3]::result::unwrap_failed
[INFO] [stdout]   12:     0x5b09df87703f - macula_rust[2f306416ba50a617]::keystore::tests::delete_is_idempotent
[INFO] [stdout]   13:     0x5b09df7e19b9 - <macula_rust[2f306416ba50a617]::keystore::tests::delete_is_idempotent::{closure#0} as core[df12db4294e9bfd3]::ops::function::FnOnce<()>>::call_once
[INFO] [stdout]   14:     0x5b09df8a544b - test[9d35eded1c95d3be]::__rust_begin_short_backtrace::<core[df12db4294e9bfd3]::result::Result<(), alloc[2182bb758b4b3781]::string::String>, fn() -> core[df12db4294e9bfd3]::result::Result<(), alloc[2182bb758b4b3781]::string::String>>
[INFO] [stdout]   15:     0x5b09df8b2ab5 - test[9d35eded1c95d3be]::run_test::{closure#0}
[INFO] [stdout]   16:     0x5b09df8ac374 - std[70759c8f55707aa4]::sys::backtrace::__rust_begin_short_backtrace::<test[9d35eded1c95d3be]::run_test::{closure#1}, ()>
[INFO] [stdout]   17:     0x5b09df8b5c12 - <std[70759c8f55707aa4]::thread::lifecycle::spawn_unchecked<test[9d35eded1c95d3be]::run_test::{closure#1}, ()>::{closure#1} as core[df12db4294e9bfd3]::ops::function::FnOnce<()>>::call_once::{shim:vtable#0}
[INFO] [stdout]   18:     0x5b09dfcd5159 - <std[70759c8f55707aa4]::sys::thread::unix::Thread>::new::thread_start
[INFO] [stdout]   19:     0x761fd6749dfa - <unknown>
[INFO] [stdout]   20:     0x761fd67dd3d4 - clone
[INFO] [stdout]   21:                0x0 - <unknown>
[INFO] [stdout] 
[INFO] [stdout] ---- keystore::tests::save_then_load_returns_the_same_key stdout ----
[INFO] [stdout] 
[INFO] [stdout] thread 'keystore::tests::save_then_load_returns_the_same_key' (5191) panicked at src/keystore.rs:290:14:
[INFO] [stdout] Store::new/build should succeed -- keyutils is always available on Linux: Backend(NoStorageAccess(PermissionDenied))
[INFO] [stdout] stack backtrace:
[INFO] [stdout]    0:     0x5b09dfcd6111 - <<std[70759c8f55707aa4]::sys::backtrace::BacktraceLock>::print::DisplayBacktrace as core[df12db4294e9bfd3]::fmt::Display>::fmt
[INFO] [stdout]    1:     0x5b09dfced0fa - core[df12db4294e9bfd3]::fmt::write
[INFO] [stdout]    2:     0x5b09dfcdaefc - <alloc[2182bb758b4b3781]::vec::Vec<u8> as core[df12db4294e9bfd3]::io::write::Write>::write_fmt
[INFO] [stdout]    3:     0x5b09dfcb1406 - std[70759c8f55707aa4]::panicking::default_hook::{closure#0}
[INFO] [stdout]    4:     0x5b09dfccdc59 - std[70759c8f55707aa4]::panicking::default_hook
[INFO] [stdout]    5:     0x5b09df8b2160 - test[9d35eded1c95d3be]::test_main_inner::<test[9d35eded1c95d3be]::test_main_static::{closure#0}>::{closure#0}
[INFO] [stdout]    6:     0x5b09dfccdf82 - std[70759c8f55707aa4]::panicking::panic_with_hook
[INFO] [stdout]    7:     0x5b09dfcb14b2 - std[70759c8f55707aa4]::panicking::panic_handler::{closure#0}
[INFO] [stdout]    8:     0x5b09dfca9ff9 - std[70759c8f55707aa4]::sys::backtrace::__rust_end_short_backtrace::<std[70759c8f55707aa4]::panicking::panic_handler::{closure#0}, !>
[INFO] [stdout]    9:     0x5b09dfcb229d - __rustc[8fa7c3cbc660c2b3]::rust_begin_unwind
[INFO] [stdout]   10:     0x5b09dfced85c - core[df12db4294e9bfd3]::panicking::panic_fmt
[INFO] [stdout]   11:     0x5b09dfced632 - core[df12db4294e9bfd3]::result::unwrap_failed
[INFO] [stdout]   12:     0x5b09df8777c5 - macula_rust[2f306416ba50a617]::keystore::tests::save_then_load_returns_the_same_key
[INFO] [stdout]   13:     0x5b09df7e19d9 - <macula_rust[2f306416ba50a617]::keystore::tests::save_then_load_returns_the_same_key::{closure#0} as core[df12db4294e9bfd3]::ops::function::FnOnce<()>>::call_once
[INFO] [stdout]   14:     0x5b09df8a544b - test[9d35eded1c95d3be]::__rust_begin_short_backtrace::<core[df12db4294e9bfd3]::result::Result<(), alloc[2182bb758b4b3781]::string::String>, fn() -> core[df12db4294e9bfd3]::result::Result<(), alloc[2182bb758b4b3781]::string::String>>
[INFO] [stdout]   15:     0x5b09df8b2ab5 - test[9d35eded1c95d3be]::run_test::{closure#0}
[INFO] [stdout]   16:     0x5b09df8ac374 - std[70759c8f55707aa4]::sys::backtrace::__rust_begin_short_backtrace::<test[9d35eded1c95d3be]::run_test::{closure#1}, ()>
[INFO] [stdout]   17:     0x5b09df8b5c12 - <std[70759c8f55707aa4]::thread::lifecycle::spawn_unchecked<test[9d35eded1c95d3be]::run_test::{closure#1}, ()>::{closure#1} as core[df12db4294e9bfd3]::ops::function::FnOnce<()>>::call_once::{shim:vtable#0}
[INFO] [stdout]   18:     0x5b09dfcd5159 - <std[70759c8f55707aa4]::sys::thread::unix::Thread>::new::thread_start
[INFO] [stdout]   19:     0x761fd6749dfa - <unknown>
[INFO] [stdout]   20:     0x761fd67dd3d4 - clone
[INFO] [stdout]   21:                0x0 - <unknown>
[INFO] [stdout] 
[INFO] [stdout] ---- keystore::tests::load_before_any_save_reports_not_found stdout ----
[INFO] [stdout] 
[INFO] [stdout] thread 'keystore::tests::load_before_any_save_reports_not_found' (5190) panicked at src/keystore.rs:290:14:
[INFO] [stdout] Store::new/build should succeed -- keyutils is always available on Linux: Backend(NoStorageAccess(PermissionDenied))
[INFO] [stdout] stack backtrace:
[INFO] [stdout]    0:     0x5b09dfcd6111 - <<std[70759c8f55707aa4]::sys::backtrace::BacktraceLock>::print::DisplayBacktrace as core[df12db4294e9bfd3]::fmt::Display>::fmt
[INFO] [stdout]    1:     0x5b09dfced0fa - core[df12db4294e9bfd3]::fmt::write
[INFO] [stdout]    2:     0x5b09dfcdaefc - <alloc[2182bb758b4b3781]::vec::Vec<u8> as core[df12db4294e9bfd3]::io::write::Write>::write_fmt
[INFO] [stdout]    3:     0x5b09dfcb1406 - std[70759c8f55707aa4]::panicking::default_hook::{closure#0}
[INFO] [stdout]    4:     0x5b09dfccdc59 - std[70759c8f55707aa4]::panicking::default_hook
[INFO] [stdout]    5:     0x5b09df8b2160 - test[9d35eded1c95d3be]::test_main_inner::<test[9d35eded1c95d3be]::test_main_static::{closure#0}>::{closure#0}
[INFO] [stdout]    6:     0x5b09dfccdf82 - std[70759c8f55707aa4]::panicking::panic_with_hook
[INFO] [stdout]    7:     0x5b09dfcb14b2 - std[70759c8f55707aa4]::panicking::panic_handler::{closure#0}
[INFO] [stdout]    8:     0x5b09dfca9ff9 - std[70759c8f55707aa4]::sys::backtrace::__rust_end_short_backtrace::<std[70759c8f55707aa4]::panicking::panic_handler::{closure#0}, !>
[INFO] [stdout]    9:     0x5b09dfcb229d - __rustc[8fa7c3cbc660c2b3]::rust_begin_unwind
[INFO] [stdout]   10:     0x5b09dfced85c - core[df12db4294e9bfd3]::panicking::panic_fmt
[INFO] [stdout]   11:     0x5b09dfced632 - core[df12db4294e9bfd3]::result::unwrap_failed
[INFO] [stdout]   12:     0x5b09df877c75 - macula_rust[2f306416ba50a617]::keystore::tests::load_before_any_save_reports_not_found
[INFO] [stdout]   13:     0x5b09df7e19f9 - <macula_rust[2f306416ba50a617]::keystore::tests::load_before_any_save_reports_not_found::{closure#0} as core[df12db4294e9bfd3]::ops::function::FnOnce<()>>::call_once
[INFO] [stdout]   14:     0x5b09df8a544b - test[9d35eded1c95d3be]::__rust_begin_short_backtrace::<core[df12db4294e9bfd3]::result::Result<(), alloc[2182bb758b4b3781]::string::String>, fn() -> core[df12db4294e9bfd3]::result::Result<(), alloc[2182bb758b4b3781]::string::String>>
[INFO] [stdout]   15:     0x5b09df8b2ab5 - test[9d35eded1c95d3be]::run_test::{closure#0}
[INFO] [stdout]   16:     0x5b09df8ac374 - std[70759c8f55707aa4]::sys::backtrace::__rust_begin_short_backtrace::<test[9d35eded1c95d3be]::run_test::{closure#1}, ()>
[INFO] [stdout]   17:     0x5b09df8b5c12 - <std[70759c8f55707aa4]::thread::lifecycle::spawn_unchecked<test[9d35eded1c95d3be]::run_test::{closure#1}, ()>::{closure#1} as core[df12db4294e9bfd3]::ops::function::FnOnce<()>>::call_once::{shim:vtable#0}
[INFO] [stdout]   18:     0x5b09dfcd5159 - <std[70759c8f55707aa4]::sys::thread::unix::Thread>::new::thread_start
[INFO] [stdout]   19:     0x761fd6749dfa - <unknown>
[INFO] [stdout]   20:     0x761fd67dd3d4 - clone
[INFO] [stdout]   21:                0x0 - <unknown>
[INFO] [stdout] 
[INFO] [stdout] 
[INFO] [stdout] failures:
[INFO] [stdout]     keystore::tests::delete_is_idempotent
[INFO] [stdout]     keystore::tests::load_before_any_save_reports_not_found
[INFO] [stdout]     keystore::tests::save_then_load_returns_the_same_key
[INFO] [stdout] 
[INFO] [stdout] test result: FAILED. 135 passed; 3 failed; 0 ignored; 0 measured; 0 filtered out; finished in 2.72s
[INFO] [stdout] 
[INFO] [stderr] error: test failed, to rerun pass `--lib`
[INFO] running `Command { std: "docker" "inspect" "75db471d18be5a966e0d154aed06089b382c30618f64f14082e897f09ae6aa35", kill_on_drop: false }`
[INFO] running `Command { std: "docker" "rm" "-f" "75db471d18be5a966e0d154aed06089b382c30618f64f14082e897f09ae6aa35", kill_on_drop: false }`
[INFO] [stdout] 75db471d18be5a966e0d154aed06089b382c30618f64f14082e897f09ae6aa35
